This is the mail archive of the gcc-testresults@gcc.gnu.org mailing list for the GCC project.
Index Nav: | [Date Index] [Subject Index] [Author Index] [Thread Index] | |
---|---|---|
Message Nav: | [Date Prev] [Date Next] | [Thread Prev] [Thread Next] |
Other format: | [Raw text] |
LAST_UPDATED: Thu Feb 3 02:47:37 UTC 2005 Native configuration is sparc-sun-solaris2.9 === g++ tests === Running target unix/-m64 WARNING: g++.old-deja/g++.mike/p10769a.C compilation failed to produce executable === g++ Summary for unix/-m64 === # of expected passes 10481 # of expected failures 72 # of unsupported tests 143 Running target unix WARNING: g++.old-deja/g++.mike/p10769a.C compilation failed to produce executable === g++ Summary for unix === # of expected passes 10513 # of expected failures 72 # of unsupported tests 141 === g++ Summary === # of expected passes 20994 # of expected failures 144 # of unsupported tests 284 /export/users/lucier/programs/gcc/mainline/objdir/gcc/testsuite/../g++ version 4.0.0 20050203 (experimental) === gcc tests === Running target unix/-m64 XPASS: gcc.dg/vect/vect-85.c scan-tree-dump-times vectorized 1 loops 1 XPASS: gcc.dg/vect/vect-86.c scan-tree-dump-times vectorized 1 loops 1 XPASS: gcc.dg/vect/vect-87.c scan-tree-dump-times vectorized 1 loops 1 XPASS: gcc.dg/vect/vect-87.c scan-tree-dump-times Alignment of access forced using peeling 1 XPASS: gcc.dg/vect/vect-88.c scan-tree-dump-times vectorized 1 loops 1 XPASS: gcc.dg/vect/vect-88.c scan-tree-dump-times Alignment of access forced using peeling 1 === gcc Summary for unix/-m64 === # of expected passes 33566 # of unexpected successes 6 # of expected failures 93 # of untested testcases 28 # of unsupported tests 507 Running target unix XPASS: gcc.dg/vect/vect-85.c scan-tree-dump-times vectorized 1 loops 1 XPASS: gcc.dg/vect/vect-86.c scan-tree-dump-times vectorized 1 loops 1 XPASS: gcc.dg/vect/vect-87.c scan-tree-dump-times vectorized 1 loops 1 XPASS: gcc.dg/vect/vect-87.c scan-tree-dump-times Alignment of access forced using peeling 1 XPASS: gcc.dg/vect/vect-88.c scan-tree-dump-times vectorized 1 loops 1 XPASS: gcc.dg/vect/vect-88.c scan-tree-dump-times Alignment of access forced using peeling 1 === gcc Summary for unix === # of expected passes 33571 # of unexpected successes 6 # of expected failures 93 # of untested testcases 28 # of unsupported tests 505 === gcc Summary === # of expected passes 67137 # of unexpected successes 12 # of expected failures 186 # of untested testcases 56 # of unsupported tests 1012 /export/users/lucier/programs/gcc/mainline/objdir/gcc/xgcc version 4.0.0 20050203 (experimental) === objc tests === Running target unix/-m64 === objc Summary for unix/-m64 === # of expected passes 1534 # of unsupported tests 10 Running target unix === objc Summary for unix === # of expected passes 1534 # of unsupported tests 10 === objc Summary === # of expected passes 3068 # of unsupported tests 20 /export/users/lucier/programs/gcc/mainline/objdir/gcc/xgcc version 4.0.0 20050203 (experimental) === libffi tests === Running target unix/-m64 === libffi Summary for unix/-m64 === # of expected passes 216 # of unsupported tests 2 Running target unix === libffi Summary for unix === # of expected passes 216 # of unsupported tests 2 === libffi Summary === # of expected passes 432 # of unsupported tests 4 === libjava tests === Running target unix/-m64 FAIL: Array_3 execution - gij test FAIL: Array_3 execution - gij test FAIL: FileHandleGcTest execution - source compiled test FAIL: FileHandleGcTest execution - gij test FAIL: FileHandleGcTest execution - bytecode->native test FAIL: FileHandleGcTest -O3 execution - source compiled test FAIL: FileHandleGcTest execution - gij test FAIL: FileHandleGcTest -O3 execution - bytecode->native test WARNING: program timed out. FAIL: Process_1 execution - source compiled test WARNING: program timed out. FAIL: Process_1 execution - gij test WARNING: program timed out. FAIL: Process_1 execution - bytecode->native test WARNING: program timed out. FAIL: Process_1 -O3 execution - source compiled test WARNING: program timed out. FAIL: Process_1 execution - gij test WARNING: program timed out. FAIL: Process_1 -O3 execution - bytecode->native test WARNING: program timed out. FAIL: Process_2 execution - source compiled test WARNING: program timed out. FAIL: Process_2 execution - gij test WARNING: program timed out. FAIL: Process_2 execution - bytecode->native test WARNING: program timed out. FAIL: Process_2 -O3 execution - source compiled test WARNING: program timed out. FAIL: Process_2 execution - gij test WARNING: program timed out. FAIL: Process_2 -O3 execution - bytecode->native test WARNING: program timed out. FAIL: Process_3 execution - source compiled test WARNING: program timed out. FAIL: Process_3 execution - gij test WARNING: program timed out. FAIL: Process_3 execution - bytecode->native test WARNING: program timed out. FAIL: Process_3 -O3 execution - source compiled test WARNING: program timed out. FAIL: Process_3 execution - gij test WARNING: program timed out. FAIL: Process_3 -O3 execution - bytecode->native test WARNING: program timed out. FAIL: Process_4 execution - source compiled test WARNING: program timed out. FAIL: Process_4 execution - gij test WARNING: program timed out. FAIL: Process_4 execution - bytecode->native test WARNING: program timed out. FAIL: Process_4 -O3 execution - source compiled test WARNING: program timed out. FAIL: Process_4 execution - gij test WARNING: program timed out. FAIL: Process_4 -O3 execution - bytecode->native test WARNING: program timed out. FAIL: Process_5 execution - source compiled test WARNING: program timed out. FAIL: Process_5 execution - gij test WARNING: program timed out. FAIL: Process_5 execution - bytecode->native test WARNING: program timed out. FAIL: Process_5 -O3 execution - source compiled test WARNING: program timed out. FAIL: Process_5 execution - gij test WARNING: program timed out. FAIL: Process_5 -O3 execution - bytecode->native test FAIL: Throw_2 execution - gij test FAIL: Throw_2 execution - gij test === libjava Summary for unix/-m64 === # of expected passes 3646 # of unexpected failures 40 # of expected failures 14 # of untested testcases 56 Running target unix FAIL: Array_3 execution - gij test FAIL: Array_3 execution - gij test FAIL: FileHandleGcTest execution - source compiled test FAIL: FileHandleGcTest execution - gij test FAIL: FileHandleGcTest execution - bytecode->native test FAIL: FileHandleGcTest -O3 execution - source compiled test FAIL: FileHandleGcTest execution - gij test FAIL: FileHandleGcTest -O3 execution - bytecode->native test WARNING: program timed out. FAIL: Process_1 execution - source compiled test WARNING: program timed out. FAIL: Process_1 execution - gij test WARNING: program timed out. FAIL: Process_1 execution - bytecode->native test WARNING: program timed out. FAIL: Process_1 -O3 execution - source compiled test WARNING: program timed out. FAIL: Process_1 execution - gij test WARNING: program timed out. FAIL: Process_1 -O3 execution - bytecode->native test WARNING: program timed out. FAIL: Process_2 execution - source compiled test WARNING: program timed out. FAIL: Process_2 execution - gij test WARNING: program timed out. FAIL: Process_2 execution - bytecode->native test WARNING: program timed out. FAIL: Process_2 -O3 execution - source compiled test WARNING: program timed out. FAIL: Process_2 execution - gij test WARNING: program timed out. FAIL: Process_2 -O3 execution - bytecode->native test WARNING: program timed out. FAIL: Process_3 execution - source compiled test WARNING: program timed out. FAIL: Process_3 execution - gij test WARNING: program timed out. FAIL: Process_3 execution - bytecode->native test WARNING: program timed out. FAIL: Process_3 -O3 execution - source compiled test WARNING: program timed out. FAIL: Process_3 execution - gij test WARNING: program timed out. FAIL: Process_3 -O3 execution - bytecode->native test WARNING: program timed out. FAIL: Process_4 execution - source compiled test WARNING: program timed out. FAIL: Process_4 execution - gij test WARNING: program timed out. FAIL: Process_4 execution - bytecode->native test WARNING: program timed out. FAIL: Process_4 -O3 execution - source compiled test WARNING: program timed out. FAIL: Process_4 execution - gij test WARNING: program timed out. FAIL: Process_4 -O3 execution - bytecode->native test WARNING: program timed out. FAIL: Process_5 execution - source compiled test WARNING: program timed out. FAIL: Process_5 execution - gij test WARNING: program timed out. FAIL: Process_5 execution - bytecode->native test WARNING: program timed out. FAIL: Process_5 -O3 execution - source compiled test WARNING: program timed out. FAIL: Process_5 execution - gij test WARNING: program timed out. FAIL: Process_5 -O3 execution - bytecode->native test === libjava Summary for unix === # of expected passes 3650 # of unexpected failures 38 # of expected failures 14 # of untested testcases 54 === libjava Summary === # of expected passes 7296 # of unexpected failures 78 # of expected failures 28 # of untested testcases 110 === libstdc++ tests === Running target unix/-m64 FAIL: 22_locale/locale/cons/12658_thread-1.cc execution test === libstdc++ Summary for unix/-m64 === # of expected passes 3477 # of unexpected failures 1 # of expected failures 7 Running target unix FAIL: 22_locale/num_put/put/char/14220.cc execution test === libstdc++ Summary for unix === # of expected passes 3477 # of unexpected failures 1 # of expected failures 7 === libstdc++ Summary === # of expected passes 6954 # of unexpected failures 2 # of expected failures 14 Compiler version: 4.0.0 20050203 (experimental) Platform: sparc-sun-solaris2.9 configure flags: --prefix=/export/users/lucier/local/gcc-mainline --enable-languages=c,c++,java,objc BOOT_CFLAGS=-g -O2 Counting all warnings, there are 23 warnings in stage3 of this bootstrap. Number of warnings per file: 8 gcc/unwind-dw2.c 7 /pkgs/gnu/share/bison.simple 3 gengtype-lex.c 2 gcc/objc/lang-specs.h 2 gcc/gcc.c 1 gcc/java/jvspec.c Number of warning types: 8 old-style function definition 4 missing braces around initializer 4 (near initialization for 'once_regsizes.__pthread_once_pad') 2 comparison between signed and unsigned 1 string length '844' is greater than the length '509' ISO C89 compilers are required to support 1 string length '834' is greater than the length '509' ISO C89 compilers are required to support 1 string length '783' is greater than the length '509' ISO C89 compilers are required to support 1 string length '643' is greater than the length '509' ISO C89 compilers are required to support 1 string length '608' is greater than the length '509' ISO C89 compilers are required to support
Index Nav: | [Date Index] [Subject Index] [Author Index] [Thread Index] | |
---|---|---|
Message Nav: | [Date Prev] [Date Next] | [Thread Prev] [Thread Next] |