This is the mail archive of the
gcc-testresults@gcc.gnu.org
mailing list for the GCC project.
Results for 4.0.0 20050203 (experimental) testsuite on powerpc-unknown-linux-gnu
- From: Aldy Hernandez <aldyh at cure81 dot build dot redhat dot com>
- To: aldyh at redhat dot com, gcc-testresults at gcc dot gnu dot org
- Date: Fri, 4 Feb 2005 05:20:51 -0500
- Subject: Results for 4.0.0 20050203 (experimental) testsuite on powerpc-unknown-linux-gnu
LAST_UPDATED:
Native configuration is powerpc-unknown-linux-gnu
=== g++ tests ===
Running target unix
WARNING: g++.old-deja/g++.mike/p10769a.C compilation failed to produce executable
FAIL: g++.old-deja/g++.other/init5.C execution test
=== g++ Summary ===
# of expected passes 10734
# of unexpected failures 1
# of expected failures 71
# of unsupported tests 80
/tmp/aldyh/nightly-builds/powerpc-linux-gnu/cure81.build.redhat.com/gcc/testsuite/../g++ version 4.0.0 20050203 (experimental)
=== gcc tests ===
Running target unix
FAIL: gcc.dg/20020103-1.c scan-assembler-not LC
FAIL: gcc.dg/cleanup-10.c execution test
FAIL: gcc.dg/cleanup-11.c execution test
FAIL: gcc.dg/cleanup-9.c execution test
XPASS: gcc.dg/vect/vect-85.c scan-tree-dump-times vectorized 1 loops 1
XPASS: gcc.dg/vect/vect-86.c scan-tree-dump-times vectorized 1 loops 1
XPASS: gcc.dg/vect/vect-87.c scan-tree-dump-times vectorized 1 loops 1
XPASS: gcc.dg/vect/vect-87.c scan-tree-dump-times Alignment of access forced using peeling 1
XPASS: gcc.dg/vect/vect-88.c scan-tree-dump-times vectorized 1 loops 1
XPASS: gcc.dg/vect/vect-88.c scan-tree-dump-times Alignment of access forced using peeling 1
=== gcc Summary ===
# of expected passes 34535
# of unexpected failures 4
# of unexpected successes 6
# of expected failures 89
# of untested testcases 28
# of unsupported tests 419
/tmp/aldyh/nightly-builds/powerpc-linux-gnu/cure81.build.redhat.com/gcc/xgcc version 4.0.0 20050203 (experimental)
=== libmudflap tests ===
Running target unix
=== libmudflap Summary ===
# of expected passes 1280
=== libstdc++-v3 check-abi Summary ===
# of added symbols: 63
# of missing symbols: 0
# of incompatible symbols: 0
using: /tmp/aldyh/untainted-sources/gcc/libstdc++-v3/config/abi/powerpc-linux-gnu/baseline_symbols.txt
=== libstdc++ tests ===
Running target unix
XPASS: 22_locale/locale/cons/12658_thread-1.cc execution test
XPASS: 26_numerics/cmath/c99_classification_macros_c.cc (test for excess errors)
FAIL: ext/array_allocator/2.cc execution test
=== libstdc++ Summary ===
# of expected passes 3477
# of unexpected failures 1
# of unexpected successes 2
# of expected failures 5
Compiler version: 4.0.0 20050203 (experimental)
Platform: powerpc-unknown-linux-gnu
configure flags: --host=powerpc-linux-gnu --enable-languages=c,c++