This is the mail archive of the
gcc-testresults@gcc.gnu.org
mailing list for the GCC project.
Results for 3.3.5 (Debian 1:3.3.5-8) testsuite on sparc-linux
- From: Matthias Klose <doko at debian dot org>
- To: gcc-testresults at gcc dot gnu dot org
- Cc: debian-gcc at lists dot debian dot org
- Date: Mon, 31 Jan 2005 17:54:49 -0700
- Subject: Results for 3.3.5 (Debian 1:3.3.5-8) testsuite on sparc-linux
- Reply-to: Matthias Klose <doko at debian dot org>
LAST_UPDATED: Sun Jan 30 17:58:51 UTC 2005
Native configuration is sparc-linux (vore)
=== gpc tests ===
Running target any
=== gpc Summary ===
# of tests 3910
# of expected passes 3905
# of unsupported tests 5
/build/buildd/gcc-3.3-3.3.5/build/gcc/xgpc version 20040516, based on gcc-3.3.5 (Debian 1:3.3.5-8)
=== g++ tests ===
Running target unix
XPASS: g++.other/init5.C Execution test
=== g++ Summary ===
# of expected passes 8195
# of unexpected successes 1
# of expected failures 98
# of untested testcases 22
# of unsupported tests 28
/build/buildd/gcc-3.3-3.3.5/build/gcc/testsuite/../g++ version 3.3.5 (Debian 1:3.3.5-8)
=== g77 tests ===
Running target unix
=== g77 Summary ===
# of expected passes 1720
# of unsupported tests 8
/build/buildd/gcc-3.3-3.3.5/build/gcc/testsuite/../g77 version 3.3.5 (Debian 1:3.3.5-8)
=== gcc tests ===
Running target unix
FAIL: gcc.dg/duff-2.c (test for excess errors)
=== gcc Summary ===
# of expected passes 21222
# of unexpected failures 1
# of expected failures 67
# of unsupported tests 180
/build/buildd/gcc-3.3-3.3.5/build/gcc/xgcc version 3.3.5 (Debian 1:3.3.5-8)
=== objc tests ===
Running target unix
=== objc Summary ===
# of expected passes 1166
/build/buildd/gcc-3.3-3.3.5/build/gcc/xgcc version 3.3.5 (Debian 1:3.3.5-8)
=== treelang tests ===
Running target unix
=== treelang Summary ===
# of expected passes 1
=== libjava tests ===
Running target unix
WARNING: program timed out.
FAIL: SyncTest execution - gij test
FAIL: SyncTest execution - bytecode->native test
FAIL: SyncTest execution - gij test
WARNING: program timed out.
FAIL: SyncTest -O execution - bytecode->native test
=== libjava Summary ===
# of expected passes 2983
# of unexpected failures 4
# of expected failures 16
# of untested testcases 16
=== libstdc++-v3 check-abi Summary ===
# of added symbols: 51
# of missing symbols: 134
# of incompatible symbols: 134
using: /build/buildd/gcc-3.3-3.3.5/src/libstdc++-v3/config/abi/sparc-linux-gnu/baseline_symbols.txt
=== libstdc++-v3 tests ===
Running target unix
XPASS: 22_locale/collate_byname.cc execution test
XPASS: 22_locale/collate_members_char.cc execution test
XPASS: 22_locale/collate_members_wchar_t.cc execution test
XPASS: 22_locale/ctype_is_char.cc execution test
XPASS: 22_locale/ctype_is_wchar_t.cc execution test
XPASS: 22_locale/members.cc execution test
XPASS: 22_locale/messages_byname.cc execution test
XPASS: 22_locale/messages_members_char.cc execution test
XPASS: 22_locale/money_get_members_char.cc execution test
XPASS: 22_locale/money_get_members_wchar_t.cc execution test
XPASS: 22_locale/money_put_members_char.cc execution test
XPASS: 22_locale/money_put_members_wchar_t.cc execution test
XPASS: 22_locale/moneypunct_byname.cc execution test
XPASS: 22_locale/moneypunct_members_char.cc execution test
XPASS: 22_locale/moneypunct_members_wchar_t.cc execution test
XPASS: 22_locale/num_get_members_char.cc execution test
XPASS: 22_locale/num_get_members_wchar_t.cc execution test
XPASS: 22_locale/num_put_members_char.cc execution test
XPASS: 22_locale/num_put_members_wchar_t.cc execution test
XPASS: 22_locale/numpunct_byname.cc execution test
XPASS: 22_locale/numpunct_members_char.cc execution test
XPASS: 22_locale/numpunct_members_wchar_t.cc execution test
XPASS: 22_locale/time_get_members_char.cc execution test
XPASS: 22_locale/time_get_members_wchar_t.cc execution test
XPASS: 22_locale/time_put_members_char.cc execution test
XPASS: 22_locale/time_put_members_wchar_t.cc execution test
WARNING: program timed out.
FAIL: 27_io/filebuf_members.cc execution test
=== libstdc++-v3 Summary ===
# of expected passes 452
# of unexpected failures 1
# of unexpected successes 26
# of expected failures 2
Compiler version: 3.3.5 (Debian 1:3.3.5-8)
Platform: sparc-linux
configure flags: --host=sparc-linux -v --enable-languages=c,c++,java,f77,pascal,objc,ada,treelang --prefix=/usr --mandir=/usr/share/man --infodir=/usr/share/info --with-gxx-include-dir=/usr/include/c++/3.3 --enable-shared --with-system-zlib --enable-nls --without-included-gettext --enable-__cxa_atexit --enable-clocale=gnu --enable-debug --enable-java-gc=boehm --enable-java-awt=xlib --with-cpu=v7 --enable-objc-gc
BOOT_CFLAGS=-g -O2
Build Dependencies:
Desired=Unknown/Install/Remove/Purge/Hold
| Status=Not/Installed/Config-files/Unpacked/Failed-config/Half-installed
|/ Err?=(none)/Hold/Reinst-required/X=both-problems (Status,Err: uppercase=bad)
||/ Name Version Description
+++-==============-==============-============================================
ii binutils 2.15-5 The GNU assembler, linker and binary utiliti
ii libc6-dev 2.3.2.ds1-20 GNU C Library: Development Libraries and Hea
Patches that Debian applied in this version:
cvs-updates:
CVS updates from the 3.3 branch upto 20050130
pr14925:
Backport of PR14925 to the gcc-3.3 branch
pr17684:
Backport of PR17684 to the gcc-3.3 branch
pr18153:
Backport of PR18153 to the gcc-3.3 branch
pr18380:
Backport of PR18380 to the gcc-3.3 branch
pr18508:
Backport of PR18508 to the gcc-3.3 branch
pr10692:
2005-01-05 Richard Henderson <rth@redhat.com>
PR rtl-opt/10692
* reload1.c (do_input_reload): Restrict the optimization deleteing
a previous output reload to RELOAD_FOR_INPUT.
gcc-version:
Add "(Debian <package version>)" to the gcc version string
rename-info-files:
Allow transformations on info file names. Reference the
transformed info file names in the texinfo files.
libf2c-update:
libf2c update taken from the 3.4.1 release.
libobjc-update:
libobjc update taken from the 3.4.1 release.
libstdc++-pic:
Build and install libstdc++_pic.a library.
libstdc++-doclink:
link local libstdc++ documentation to local source-level documentation
gccbug:
Use sensible-editor instead of vi as fallback editor
gccbug-posix:
Make gccbug POSIX compliant (patch by David Weinehall)
http://www.opengroup.org/onlinepubs/009695399/utilities/test.html
hppa-libffi:
libffi support for hppa
hppa-libjava:
Enable libjava support for hppa
libffi-config:
ffi.h.in: correctly #define ffi_type_[us]long on 32bit archs
i386-mtune:
2004-07-08 Paolo Bonzini <bonzini@gnu.org>
Jakub Jelinek <jakub@redhat.com>
* config/i386/i386.c (override_options): Enable
SSE prefetches with -mtune, as long as we are
compiling for i686 or higher. All i686 processors
accept SSE prefetches as NOPS, some i586's don't.
link-libs:
gcc-doc-locale:
gcc/doc/invoke.texi: Fix locale name.
libtool-rpath:
2003-03-10 Andreas Schwab <schwab at suse dot de>
With the introduction of multi-os-directory the libdir specification in
*.la files have /. appended to \$(libdir). This confuses libtool when it
tries to find out whether to add -rpath, because it only matches literally
against sys_lib_dlsearch_path members. Tested on i386-linux.
gcj-without-rpath:
don't define runtime link path for java binaries and libraries
libffi-install:
Allows libffi to be installed
libffi-no-debug:
Do not build libffi with debug information, although configuring
with --enable-debug
deb-protoize:
build protoize/unprotoize by default
libobjc:
Find gc.h header in /usr/include/gc for --enable-objc-gc enabled builds.
ada-gcc-name:
use gcc-3.3 instead of gcc and gnatXXX-3.15 instead of gnatXXX
as the command names.
gpc-20040516-patch-update:
update the gpc diffs to recent gcc sources, fix build failure on powerpc
gpc-update11:
Fix gpc build error for bootstrap target
gpc-driver:
Update gpc driver to recognize recent specs options
gpc-3.x:
The gpc patch from the gpc tarball.
gpc-names:
versioned gpc names
sparc64-build:
Allows sparc64 to build more simply
sparc-config-ml:
disable some biarch libraries for sparc64 build
reporting:
Add Debian URL for bug reporting isntructions.
autoreconf:
autoreconf several directories for proper mipsen libtool support
Counting all warnings,
there are 447 warnings in stage3 of this bootstrap.
Number of warnings per file:
225 SYSCALLS.c
69 gcc/p/gpc.c
49 parse.c
28 pascal-lex.c
13 pascal-lex.l
9 gcc/p/lang.c
6 gcc/f//ffe.texi
5 op13667.c
5 gcc/treelang/parse.c
5 gcc/gcc.c
5 c-p6933.c
4 gcc/p/lang-specs.h
4 gcc/f//intdoc.texi
3 gcc/tlink.c
2 gcc/p/rts/endian.pas
2 gcc/p/gpc-lex.c
2 gcc/objc/lang-specs.h
2 gcc/diagnostic.c
2 gcc/crtstuff.c
1 libiberty/choose-temp.c
1 gt-ada-utils.h
1 gt-ada-decl.h
1 gengtype-yacc.c
1 gcc/java/jvspec.c
1 gcc/collect2.c
1 ada/b_gnatb.c
Number of warning types:
226 function declaration isn't a prototype
166 traditional C rejects ISO C style function definitions
11 string length `???' is greater than the length `???' ISO C89 compilers are required to support
6 undefined flag: srcdir.
6 traditional C rejects string concatenation
4 unused parameter `???'
4 comparison of unsigned expression < 0 is always false
3 assignment makes pointer from integer without a cast
2 unused variable `???'
2 unlikely character ) in @var.
2 unlikely character ( in @var.
2 too many arguments for format
2 statement with no effect
2 passing arg ??? of `???' discards qualifiers from pointer target type
2 conflicting types for built-in function `???'
2 comparison between signed and unsigned
1 the use of `???' is dangerous, better use `???'
1 static declaration for `???' follows non-static
1 initialization makes pointer from integer without a cast
1 implicit declaration of function `???'
1 `???' defined but not used