This is the mail archive of the gcc-testresults@gcc.gnu.org mailing list for the GCC project.
Index Nav: | [Date Index] [Subject Index] [Author Index] [Thread Index] | |
---|---|---|
Message Nav: | [Date Prev] [Date Next] | [Thread Prev] [Thread Next] |
Other format: | [Raw text] |
LAST_UPDATED: Sun Jan 30 05:33:15 UTC 2005 Native configuration is sparc-sun-solaris2.5.1 === g++ tests === Running target unix FAIL: g++.dg/pch/externc-1.C -g assembly comparison FAIL: g++.dg/pch/externc-1.C -O2 -g assembly comparison FAIL: g++.dg/pch/static-1.C -g assembly comparison FAIL: g++.dg/pch/static-1.C -O2 -g assembly comparison FAIL: g++.dg/pch/system-1.C -g assembly comparison FAIL: g++.dg/pch/system-1.C -O2 -g assembly comparison FAIL: g++.dg/pch/system-2.C -g assembly comparison FAIL: g++.dg/pch/system-2.C -O2 -g assembly comparison FAIL: g++.dg/pch/uninst.C -g assembly comparison FAIL: g++.dg/pch/uninst.C -O2 -g assembly comparison FAIL: g++.dg/pch/wchar-1.C -g assembly comparison FAIL: g++.dg/pch/wchar-1.C -O2 -g assembly comparison WARNING: g++.old-deja/g++.mike/p10769a.C compilation failed to produce executable === g++ Summary === # of expected passes 10293 # of unexpected failures 12 # of expected failures 72 # of unsupported tests 117 /opt/build/eric/gcc/gcc/testsuite/../g++ version 4.0.0 20050130 (experimental) === gcc tests === Running target unix FAIL: gcc.c-torture/execute/ieee/copysign1.c compilation, -O0 UNRESOLVED: gcc.c-torture/execute/ieee/copysign1.c execution, -O0 FAIL: gcc.c-torture/execute/ieee/copysign1.c compilation, -O1 UNRESOLVED: gcc.c-torture/execute/ieee/copysign1.c execution, -O1 FAIL: gcc.c-torture/execute/ieee/copysign1.c compilation, -O2 UNRESOLVED: gcc.c-torture/execute/ieee/copysign1.c execution, -O2 FAIL: gcc.c-torture/execute/ieee/copysign1.c compilation, -O3 -fomit-frame-pointer UNRESOLVED: gcc.c-torture/execute/ieee/copysign1.c execution, -O3 -fomit-frame-pointer FAIL: gcc.c-torture/execute/ieee/copysign1.c compilation, -O3 -fomit-frame-pointer -funroll-loops UNRESOLVED: gcc.c-torture/execute/ieee/copysign1.c execution, -O3 -fomit-frame-pointer -funroll-loops FAIL: gcc.c-torture/execute/ieee/copysign1.c compilation, -O3 -fomit-frame-pointer -funroll-all-loops -finline-functions UNRESOLVED: gcc.c-torture/execute/ieee/copysign1.c execution, -O3 -fomit-frame-pointer -funroll-all-loops -finline-functions FAIL: gcc.c-torture/execute/ieee/copysign1.c compilation, -O3 -g UNRESOLVED: gcc.c-torture/execute/ieee/copysign1.c execution, -O3 -g FAIL: gcc.c-torture/execute/ieee/copysign1.c compilation, -Os UNRESOLVED: gcc.c-torture/execute/ieee/copysign1.c execution, -Os === gcc Summary === # of expected passes 31991 # of unexpected failures 8 # of expected failures 99 # of unresolved testcases 8 # of untested testcases 28 # of unsupported tests 504 /opt/build/eric/gcc/gcc/xgcc version 4.0.0 20050130 (experimental) === gfortran tests === Running target unix XPASS: gfortran.dg/ret_pointer_1.f90 -O0 execution test XPASS: gfortran.dg/ret_pointer_1.f90 -O1 execution test XPASS: gfortran.dg/ret_pointer_1.f90 -O2 execution test XPASS: gfortran.dg/ret_pointer_1.f90 -O3 -fomit-frame-pointer execution test XPASS: gfortran.dg/ret_pointer_1.f90 -O3 -fomit-frame-pointer -funroll-loops execution test XPASS: gfortran.dg/ret_pointer_1.f90 -O3 -fomit-frame-pointer -funroll-all-loops -finline-functions execution test XPASS: gfortran.dg/ret_pointer_1.f90 -O3 -g execution test FAIL: gfortran.fortran-torture/execute/forall_3.f90 execution, -O1 FAIL: gfortran.fortran-torture/execute/intrinsic_nearest.f90 execution, -O0 FAIL: gfortran.fortran-torture/execute/intrinsic_nearest.f90 execution, -O1 FAIL: gfortran.fortran-torture/execute/intrinsic_nearest.f90 execution, -O2 FAIL: gfortran.fortran-torture/execute/intrinsic_nearest.f90 execution, -O3 -fomit-frame-pointer FAIL: gfortran.fortran-torture/execute/intrinsic_nearest.f90 execution, -O3 -fomit-frame-pointer -funroll-loops FAIL: gfortran.fortran-torture/execute/intrinsic_nearest.f90 execution, -O3 -fomit-frame-pointer -funroll-all-loops -finline-functions FAIL: gfortran.fortran-torture/execute/intrinsic_nearest.f90 execution, -O3 -g FAIL: gfortran.fortran-torture/execute/intrinsic_nearest.f90 execution, -Os === gfortran Summary === # of expected passes 5195 # of unexpected failures 9 # of unexpected successes 7 # of expected failures 19 # of unsupported tests 8 /opt/build/eric/gcc/gcc/testsuite/../gfortran version 4.0.0 20050130 (experimental) === objc tests === Running target unix === objc Summary === # of expected passes 1534 # of unsupported tests 10 /opt/build/eric/gcc/gcc/xgcc version 4.0.0 20050130 (experimental) === libffi tests === Running target unix === libffi Summary === # of expected passes 216 # of unsupported tests 2 === libjava tests === Running target unix WARNING: program timed out. FAIL: Array_3 execution - gij test WARNING: program timed out. FAIL: Array_3 execution - gij test FAIL: FileHandleGcTest execution - source compiled test FAIL: FileHandleGcTest execution - gij test FAIL: FileHandleGcTest execution - bytecode->native test FAIL: FileHandleGcTest -O3 execution - source compiled test FAIL: FileHandleGcTest execution - gij test FAIL: FileHandleGcTest -O3 execution - bytecode->native test WARNING: program timed out. FAIL: LargeFile execution - source compiled test WARNING: program timed out. FAIL: LargeFile execution - gij test WARNING: program timed out. FAIL: LargeFile execution - bytecode->native test WARNING: program timed out. FAIL: LargeFile -O3 execution - source compiled test WARNING: program timed out. FAIL: LargeFile execution - gij test WARNING: program timed out. FAIL: LargeFile -O3 execution - bytecode->native test WARNING: program timed out. FAIL: Process_1 execution - source compiled test WARNING: program timed out. FAIL: Process_1 execution - gij test WARNING: program timed out. FAIL: Process_1 execution - bytecode->native test WARNING: program timed out. FAIL: Process_1 -O3 execution - source compiled test WARNING: program timed out. FAIL: Process_1 execution - gij test WARNING: program timed out. FAIL: Process_1 -O3 execution - bytecode->native test WARNING: program timed out. FAIL: Process_2 execution - source compiled test WARNING: program timed out. FAIL: Process_2 execution - gij test WARNING: program timed out. FAIL: Process_2 execution - bytecode->native test WARNING: program timed out. FAIL: Process_2 -O3 execution - source compiled test WARNING: program timed out. FAIL: Process_2 execution - gij test WARNING: program timed out. FAIL: Process_2 -O3 execution - bytecode->native test WARNING: program timed out. FAIL: Process_3 execution - source compiled test WARNING: program timed out. FAIL: Process_3 execution - gij test WARNING: program timed out. FAIL: Process_3 execution - bytecode->native test WARNING: program timed out. FAIL: Process_3 -O3 execution - source compiled test WARNING: program timed out. FAIL: Process_3 execution - gij test WARNING: program timed out. FAIL: Process_3 -O3 execution - bytecode->native test WARNING: program timed out. FAIL: Process_4 execution - source compiled test WARNING: program timed out. FAIL: Process_4 execution - gij test WARNING: program timed out. FAIL: Process_4 execution - bytecode->native test WARNING: program timed out. FAIL: Process_4 -O3 execution - source compiled test WARNING: program timed out. FAIL: Process_4 execution - gij test WARNING: program timed out. FAIL: Process_4 -O3 execution - bytecode->native test WARNING: program timed out. FAIL: Process_5 execution - source compiled test WARNING: program timed out. FAIL: Process_5 execution - gij test WARNING: program timed out. FAIL: Process_5 execution - bytecode->native test WARNING: program timed out. FAIL: Process_5 -O3 execution - source compiled test WARNING: program timed out. FAIL: Process_5 execution - gij test WARNING: program timed out. FAIL: Process_5 -O3 execution - bytecode->native test WARNING: program timed out. FAIL: Process_6 execution - source compiled test WARNING: program timed out. FAIL: Process_6 execution - gij test WARNING: program timed out. FAIL: Process_6 execution - bytecode->native test WARNING: program timed out. FAIL: Process_6 -O3 execution - source compiled test WARNING: program timed out. FAIL: Process_6 execution - gij test WARNING: program timed out. FAIL: Process_6 -O3 execution - bytecode->native test FAIL: Thread_Interrupt output - source compiled test FAIL: Thread_Interrupt output - gij test FAIL: Thread_Interrupt output - bytecode->native test FAIL: Thread_Interrupt -O3 output - source compiled test FAIL: Thread_Interrupt output - gij test FAIL: Thread_Interrupt -O3 output - bytecode->native test === libjava Summary === # of expected passes 3620 # of unexpected failures 56 # of expected failures 14 # of untested testcases 66 === libstdc++ tests === Running target unix FAIL: 22_locale/ctype/is/char/3.cc execution test FAIL: 23_containers/set/modifiers/16728.cc (test for excess errors) WARNING: 23_containers/set/modifiers/16728.cc compilation failed to produce executable FAIL: 23_containers/vector/resize/1.cc execution test FAIL: 27_io/basic_filebuf/sgetn/char/1-in.cc execution test FAIL: 27_io/basic_filebuf/sgetn/char/1-io.cc execution test FAIL: 27_io/basic_filebuf/sgetn/char/2-in.cc execution test FAIL: 27_io/basic_filebuf/sgetn/char/2-io.cc execution test FAIL: 27_io/basic_istream/readsome/char/6746-2.cc execution test FAIL: 27_io/ios_base/storage/2.cc execution test FAIL: thread/pthread1.cc (test for excess errors) WARNING: thread/pthread1.cc compilation failed to produce executable FAIL: thread/pthread2.cc (test for excess errors) WARNING: thread/pthread2.cc compilation failed to produce executable FAIL: thread/pthread3.cc (test for excess errors) WARNING: thread/pthread3.cc compilation failed to produce executable FAIL: thread/pthread4.cc (test for excess errors) WARNING: thread/pthread4.cc compilation failed to produce executable FAIL: thread/pthread5.cc (test for excess errors) WARNING: thread/pthread5.cc compilation failed to produce executable FAIL: thread/pthread6.cc (test for excess errors) WARNING: thread/pthread6.cc compilation failed to produce executable FAIL: thread/pthread7-rope.cc (test for excess errors) WARNING: thread/pthread7-rope.cc compilation failed to produce executable === libstdc++ Summary === # of expected passes 2386 # of unexpected failures 16 # of expected failures 5 Compiler version: 4.0.0 20050130 (experimental) Platform: sparc-sun-solaris2.5.1 configure flags: --prefix=/opt/build/eric/local/gcc-4.0 --with-gmp=/opt/build/eric/local --with-mpfr=/opt/build/eric/local --with-local-prefix=/opt/build/eric/local --enable-checking=release --enable-languages=c,c++,f95,java,objc BOOT_CFLAGS=-g -O2
Index Nav: | [Date Index] [Subject Index] [Author Index] [Thread Index] | |
---|---|---|
Message Nav: | [Date Prev] [Date Next] | [Thread Prev] [Thread Next] |