This is the mail archive of the
gcc-testresults@gcc.gnu.org
mailing list for the GCC project.
Results for 4.0.0 20050128 (experimental) testsuite on x86_64-suse-linux-gnu
- From: Andreas Jaeger <aj at suse dot de>
- To: gcc-testresults at gcc dot gnu dot org
- Date: Sat, 29 Jan 2005 01:54:16 UT
- Subject: Results for 4.0.0 20050128 (experimental) testsuite on x86_64-suse-linux-gnu
Bootstrap and regtesting on x86_64-suse-linux-gnu.
CVS sources: mainline.
LAST_UPDATED: Fri Jan 28 18:44:38 UTC 2005
=== acats tests ===
FAIL: c330001
FAIL: c37402a
FAIL: c43214c
FAIL: c64105d
FAIL: cc1221d
FAIL: cd10002
FAIL: cdd2a02
=== acats Summary ===
# of expected passes 2315
# of unexpected failures 7
Native configuration is x86_64-suse-linux-gnu
=== gcc tests ===
Running target unix/-m32
FAIL: gcc.c-torture/execute/builtins/strlen-3.c compilation, -O1
UNRESOLVED: gcc.c-torture/execute/builtins/strlen-3.c execution, -O1
FAIL: gcc.c-torture/execute/ieee/20010114-2.c execution, -O1
FAIL: gcc.c-torture/execute/ieee/20010114-2.c execution, -O2
FAIL: gcc.c-torture/execute/ieee/20010114-2.c execution, -Os
FAIL: gcc.c-torture/execute/ieee/20030331-1.c execution, -O1
FAIL: gcc.c-torture/execute/ieee/20030331-1.c execution, -O2
FAIL: gcc.c-torture/execute/ieee/20030331-1.c execution, -O3 -fomit-frame-pointer
FAIL: gcc.c-torture/execute/ieee/20030331-1.c execution, -O3 -g
FAIL: gcc.c-torture/execute/ieee/20030331-1.c execution, -Os
FAIL: gcc.c-torture/execute/ieee/980619-1.c execution, -O1
FAIL: gcc.c-torture/execute/ieee/980619-1.c execution, -O2
FAIL: gcc.c-torture/execute/ieee/980619-1.c execution, -O3 -fomit-frame-pointer
FAIL: gcc.c-torture/execute/ieee/980619-1.c execution, -O3 -fomit-frame-pointer -funroll-loops
FAIL: gcc.c-torture/execute/ieee/980619-1.c execution, -O3 -fomit-frame-pointer -funroll-all-loops -finline-functions
FAIL: gcc.c-torture/execute/ieee/980619-1.c execution, -O3 -g
FAIL: gcc.c-torture/execute/ieee/980619-1.c execution, -Os
XPASS: gcc.dg/cpp/cmdlne-dI-M.c scan-file (^|\\\\n)cmdlne-dI-M.*:[^\\\\n]*cmdlne-dI-M.c
XPASS: gcc.dg/cpp/cmdlne-dM-M.c scan-file (^|\\\\n)cmdlne-dM-M[^\\\\n]*:[^\\\\n]*cmdlne-dM-M.c
XPASS: gcc.dg/vect/vect-22.c scan-tree-dump-times vectorized 3 loops 1
=== gcc Summary for unix/-m32 ===
# of expected passes 32507
# of unexpected failures 16
# of unexpected successes 3
# of expected failures 93
# of unresolved testcases 1
# of untested testcases 28
# of unsupported tests 417
Running target unix
FAIL: gcc.c-torture/execute/builtins/strlen-3.c compilation, -O1
UNRESOLVED: gcc.c-torture/execute/builtins/strlen-3.c execution, -O1
XPASS: gcc.dg/cpp/cmdlne-dI-M.c scan-file (^|\\\\n)cmdlne-dI-M.*:[^\\\\n]*cmdlne-dI-M.c
XPASS: gcc.dg/cpp/cmdlne-dM-M.c scan-file (^|\\\\n)cmdlne-dM-M[^\\\\n]*:[^\\\\n]*cmdlne-dM-M.c
XPASS: gcc.dg/vect/vect-22.c scan-tree-dump-times vectorized 3 loops 1
WARNING: program timed out.
FAIL: gcc.misc-tests/gcov-7.c execution test
WARNING: program timed out.
FAIL: gcc.misc-tests/gcov-8.c (test for excess errors)
WARNING: program timed out.
FAIL: gcc.misc-tests/gcov-8.c execution test
WARNING: program timed out.
FAIL: gcc.misc-tests/gcov-8.c gcov failed:
WARNING: program timed out.
FAIL: gcc.misc-tests/gcov-9.c (test for excess errors)
WARNING: program timed out.
FAIL: gcc.misc-tests/gcov-9.c execution test
WARNING: program timed out.
FAIL: gcc.misc-tests/gcov-9.c gcov failed:
WARNING: program timed out.
FAIL: gcc.misc-tests/linkage.c compile
WARNING: program timed out.
FAIL: gcc.misc-tests/mg.c
WARNING: program timed out.
FAIL: gcc.target/i386/vect-args.c (test for excess errors)
WARNING: program timed out.
FAIL: gcc.target/i386/vect-args.c -O (test for excess errors)
WARNING: program timed out.
FAIL: gcc.target/i386/vect-args.c -mmmx (test for excess errors)
WARNING: program timed out.
FAIL: gcc.target/i386/vect-args.c -mmmx -O (test for excess errors)
WARNING: program timed out.
FAIL: gcc.target/i386/vect-args.c -m3dnow (test for excess errors)
WARNING: program timed out.
FAIL: gcc.target/i386/vect-args.c -m3dnow -O (test for excess errors)
WARNING: program timed out.
FAIL: gcc.target/i386/vect-args.c -msse (test for excess errors)
WARNING: program timed out.
FAIL: gcc.target/i386/vect-args.c -msse -O (test for excess errors)
WARNING: program timed out.
FAIL: gcc.target/i386/vect-args.c -msse2 (test for excess errors)
WARNING: program timed out.
FAIL: gcc.target/i386/vect-args.c -msse2 -O (test for excess errors)
WARNING: program timed out.
FAIL: gcc.target/i386/abi-1.c (test for excess errors)
WARNING: program timed out.
FAIL: gcc.target/i386/amd64-abi-1.c (test for errors, line 5)
FAIL: gcc.target/i386/amd64-abi-1.c (test for excess errors)
WARNING: program timed out.
FAIL: gcc.target/i386/defines-1.c (test for excess errors)
WARNING: program timed out.
FAIL: gcc.target/i386/defines-2.c (test for excess errors)
WARNING: program timed out.
FAIL: gcc.target/i386/pr13366.c (test for excess errors)
WARNING: program timed out.
FAIL: gcc.target/i386/sse-1.c (test for excess errors)
=== gcc Summary for unix ===
# of expected passes 32493
# of unexpected failures 27
# of unexpected successes 3
# of expected failures 97
# of unresolved testcases 1
# of untested testcases 28
# of unsupported tests 417
=== gcc Summary ===
# of expected passes 65000
# of unexpected failures 43
# of unexpected successes 6
# of expected failures 190
# of unresolved testcases 2
# of untested testcases 56
# of unsupported tests 834
WARNING: program timed out.
=== gfortran tests ===
Running target unix/-m32
XPASS: gfortran.dg/ret_pointer_1.f90 -O0 execution test
XPASS: gfortran.dg/ret_pointer_1.f90 -O1 execution test
XPASS: gfortran.dg/ret_pointer_1.f90 -O2 execution test
XPASS: gfortran.dg/ret_pointer_1.f90 -O3 -fomit-frame-pointer execution test
XPASS: gfortran.dg/ret_pointer_1.f90 -O3 -fomit-frame-pointer -funroll-loops execution test
XPASS: gfortran.dg/ret_pointer_1.f90 -O3 -fomit-frame-pointer -funroll-all-loops -finline-functions execution test
XPASS: gfortran.dg/ret_pointer_1.f90 -O3 -g execution test
XPASS: gfortran.dg/ret_pointer_1.f90 -Os execution test
FAIL: gfortran.fortran-torture/execute/forall_3.f90 execution, -O1
FAIL: gfortran.fortran-torture/execute/intrinsic_rrspacing.f90 execution, -O0
FAIL: gfortran.fortran-torture/execute/intrinsic_rrspacing.f90 execution, -O1
FAIL: gfortran.fortran-torture/execute/intrinsic_rrspacing.f90 execution, -O2
FAIL: gfortran.fortran-torture/execute/intrinsic_rrspacing.f90 execution, -O3 -fomit-frame-pointer
FAIL: gfortran.fortran-torture/execute/intrinsic_rrspacing.f90 execution, -O3 -fomit-frame-pointer -funroll-loops
FAIL: gfortran.fortran-torture/execute/intrinsic_rrspacing.f90 execution, -O3 -fomit-frame-pointer -funroll-all-loops -finline-functions
FAIL: gfortran.fortran-torture/execute/intrinsic_rrspacing.f90 execution, -O3 -g
FAIL: gfortran.fortran-torture/execute/intrinsic_rrspacing.f90 execution, -Os
=== gfortran Summary for unix/-m32 ===
# of expected passes 5192
# of unexpected failures 9
# of unexpected successes 8
# of expected failures 18
# of unsupported tests 8
Running target unix
XPASS: gfortran.dg/ret_pointer_1.f90 -O0 execution test
XPASS: gfortran.dg/ret_pointer_1.f90 -O1 execution test
XPASS: gfortran.dg/ret_pointer_1.f90 -O2 execution test
XPASS: gfortran.dg/ret_pointer_1.f90 -O3 -fomit-frame-pointer execution test
XPASS: gfortran.dg/ret_pointer_1.f90 -O3 -fomit-frame-pointer -funroll-loops execution test
XPASS: gfortran.dg/ret_pointer_1.f90 -O3 -fomit-frame-pointer -funroll-all-loops -finline-functions execution test
XPASS: gfortran.dg/ret_pointer_1.f90 -O3 -g execution test
XPASS: gfortran.dg/ret_pointer_1.f90 -Os execution test
FAIL: gfortran.fortran-torture/execute/forall_3.f90 execution, -O0
FAIL: gfortran.fortran-torture/execute/forall_3.f90 execution, -O2
FAIL: gfortran.fortran-torture/execute/forall_3.f90 execution, -O3 -fomit-frame-pointer
FAIL: gfortran.fortran-torture/execute/forall_3.f90 execution, -O3 -fomit-frame-pointer -funroll-loops
FAIL: gfortran.fortran-torture/execute/forall_3.f90 execution, -O3 -fomit-frame-pointer -funroll-all-loops -finline-functions
FAIL: gfortran.fortran-torture/execute/forall_3.f90 execution, -O3 -g
FAIL: gfortran.fortran-torture/execute/forall_3.f90 execution, -Os
=== gfortran Summary for unix ===
# of expected passes 5194
# of unexpected failures 7
# of unexpected successes 8
# of expected failures 18
# of unsupported tests 8
=== gfortran Summary ===
# of expected passes 10386
# of unexpected failures 16
# of unexpected successes 16
# of expected failures 36
# of unsupported tests 16
/builds/gcc/misc/gcc/testsuite/../gfortran version 4.0.0 20050128 (experimental)
=== g++ tests ===
Running target unix/-m32
FAIL: g++.dg/eh/simd-1.C (test for excess errors)
FAIL: g++.dg/eh/simd-2.C (test for excess errors)
WARNING: g++.old-deja/g++.mike/p10769a.C compilation failed to produce executable
XPASS: g++.old-deja/g++.other/init5.C execution test
=== g++ Summary for unix/-m32 ===
# of expected passes 10556
# of unexpected failures 2
# of unexpected successes 1
# of expected failures 71
# of unsupported tests 88
Running target unix
WARNING: g++.old-deja/g++.mike/p10769a.C compilation failed to produce executable
XPASS: g++.old-deja/g++.other/init5.C execution test
=== g++ Summary for unix ===
# of expected passes 10526
# of unexpected successes 1
# of expected failures 71
# of unsupported tests 90
=== g++ Summary ===
# of expected passes 21082
# of unexpected failures 2
# of unexpected successes 2
# of expected failures 142
# of unsupported tests 178
/builds/gcc/misc/gcc/testsuite/../g++ version 4.0.0 20050128 (experimental)
=== objc tests ===
Running target unix/-m32
=== objc Summary for unix/-m32 ===
# of expected passes 1534
# of unsupported tests 10
Running target unix
=== objc Summary for unix ===
# of expected passes 1534
# of unsupported tests 10
=== objc Summary ===
# of expected passes 3068
# of unsupported tests 20
/builds/gcc/misc/gcc/xgcc version 4.0.0 20050128 (experimental)
=== treelang tests ===
Running target unix/-m32
=== treelang Summary for unix/-m32 ===
# of expected passes 22
Running target unix
=== treelang Summary for unix ===
=== treelang Summary ===
# of expected passes 22
=== libffi tests ===
Running target unix/-m32
=== libffi Summary for unix/-m32 ===
# of expected passes 216
# of unsupported tests 2
Running target unix
=== libffi Summary for unix ===
# of expected passes 216
# of unsupported tests 2
=== libffi Summary ===
# of expected passes 432
# of unsupported tests 4
=== libjava tests ===
Running target unix/-m32
=== libjava Summary for unix/-m32 ===
# of expected passes 3726
# of expected failures 14
# of untested testcases 16
Running target unix
=== libjava Summary for unix ===
# of expected passes 3726
# of expected failures 14
# of untested testcases 16
=== libjava Summary ===
# of expected passes 7452
# of expected failures 28
# of untested testcases 32
=== libmudflap tests ===
Running target unix/-m32
FAIL: libmudflap.cth/pass40-frag.c execution test
FAIL: libmudflap.cth/pass40-frag.c output pattern test
FAIL: libmudflap.cth/pass40-frag.c (-O2) execution test
FAIL: libmudflap.cth/pass40-frag.c (-O2) output pattern test
FAIL: libmudflap.cth/pass40-frag.c (-O3) execution test
FAIL: libmudflap.cth/pass40-frag.c (-O3) output pattern test
=== libmudflap Summary for unix/-m32 ===
# of expected passes 1274
# of unexpected failures 6
Running target unix
=== libmudflap Summary for unix ===
# of expected passes 1280
=== libmudflap Summary ===
# of expected passes 2554
# of unexpected failures 6
=== libstdc++-v3 check-abi Summary ===
# of added symbols: 54
# of missing symbols: 0
# of incompatible symbols: 0
using: /cvs/gcc/libstdc++-v3/config/abi/x86_64-linux-gnu/baseline_symbols.txt
=== libstdc++ tests ===
Running target unix/-m32
XPASS: 22_locale/locale/cons/12658_thread-1.cc execution test
FAIL: 22_locale/messages/members/char/1.cc execution test
FAIL: 22_locale/messages/members/char/2.cc execution test
FAIL: 22_locale/messages/members/char/wrapped_env.cc execution test
FAIL: 22_locale/messages/members/char/wrapped_locale.cc execution test
FAIL: 22_locale/messages_byname/named_equivalence.cc execution test
FAIL: 23_containers/bitset/operations/2.cc execution test
XPASS: 26_numerics/cmath/c99_classification_macros_c.cc (test for excess errors)
=== libstdc++ Summary for unix/-m32 ===
# of expected passes 3472
# of unexpected failures 6
# of unexpected successes 2
# of expected failures 5
Running target unix
XPASS: 22_locale/locale/cons/12658_thread-1.cc execution test
XPASS: 26_numerics/cmath/c99_classification_macros_c.cc (test for excess errors)
XPASS: 27_io/fpos/14320-1.cc execution test
=== libstdc++ Summary for unix ===
# of expected passes 3478
# of unexpected successes 3
# of expected failures 4
=== libstdc++ Summary ===
# of expected passes 6950
# of unexpected failures 6
# of unexpected successes 5
# of expected failures 9
Compiler version: 4.0.0 20050128 (experimental)
Platform: x86_64-suse-linux-gnu
configure flags: --prefix=/opt/gcc/4.0-devel --enable-checking=misc,tree,gc,rtl,rtlflag,assert --enable-threads=posix --enable-clocale=gnu --enable-__cxa_atexit --enable-shared --with-system-zlib x86_64-suse-linux-gnu --enable-languages=c,ada,c++,f95,java,objc,treelang
Version of binutils: GNU ld version 2.15.94.0.1 20041121 (SuSE Linux)
Version of glibc (/lib/libc.so.6): 2.3.3 (20040917)
Version of glibc (/lib64/libc.so.6): 2.3.3 (20040917)