This is the mail archive of the
gcc-testresults@gcc.gnu.org
mailing list for the GCC project.
Results for 3.4.3 20041022 (prerelease) testsuite on s390x-ibm-linux-gnu
- From: Ulrich Weigand <uweigand at de dot ibm dot com>
- To: gcc-testresults at gcc dot gnu dot org
- Date: Fri, 28 Jan 2005 00:47:54 +0100
- Subject: Results for 3.4.3 20041022 (prerelease) testsuite on s390x-ibm-linux-gnu
LAST_UPDATED:
=== acats tests ===
FAIL: ad8011a
FAIL: c37213f
FAIL: c37215f
FAIL: cd2a83c
FAIL: cd2a91c
=== acats Summary ===
# of expected passes 1961
# of unexpected failures 5
# of unsupported tests 356
Native configuration is s390x-ibm-linux-gnu
=== g++ tests ===
Running target unix
FAIL: g++.dg/abi/empty6.C (test for warnings, line 6)
XPASS: g++.dg/rtti/tinfo1.C scan-assembler _ZTIP9CTemplateIhE:
XPASS: g++.dg/rtti/tinfo1.C scan-assembler-not .globl[ \\t]+_ZTIP9CTemplateIhE
WARNING: g++.old-deja/g++.mike/p10769a.C compilation failed to produce executable
WARNING: g++.old-deja/g++.other/enum5.C compilation failed to produce executable
XPASS: g++.old-deja/g++.other/init5.C execution test
WARNING: g++.old-deja/g++.pt/friend44.C compilation failed to produce executable
=== g++ Summary ===
# of expected passes 9646
# of unexpected failures 1
# of unexpected successes 3
# of expected failures 71
# of unsupported tests 82
/mnt/dasdc1/fsf/gcc-3_4-build/gcc/testsuite/../g++ version 3.4.3 20041022 (prerelease)
=== g77 tests ===
Running target unix
=== g77 Summary ===
# of expected passes 1812
# of unsupported tests 6
/mnt/dasdc1/fsf/gcc-3_4-build/gcc/testsuite/../g77 version 3.4.3 20041022 (prerelease)
=== gcc tests ===
Running target unix
XPASS: gcc.dg/sibcall-3.c execution test
XPASS: gcc.dg/sibcall-4.c execution test
=== gcc Summary ===
# of expected passes 25182
# of unexpected successes 2
# of expected failures 70
# of untested testcases 7
# of unsupported tests 345
/mnt/dasdc1/fsf/gcc-3_4-build/gcc/xgcc version 3.4.3 20041022 (prerelease)
=== objc tests ===
Running target unix
=== objc Summary ===
# of expected passes 1352
# of unsupported tests 8
/mnt/dasdc1/fsf/gcc-3_4-build/gcc/xgcc version 3.4.3 20041022 (prerelease)
=== libffi tests ===
Running target unix
=== libffi Summary ===
# of expected passes 212
# of unsupported tests 2
=== libjava tests ===
Running target unix
FAIL: linking simple
=== libjava Summary ===
# of expected passes 3260
# of unexpected failures 1
# of expected failures 11
# of untested testcases 8
=== libstdc++-v3 check-abi Summary ===
# of added symbols: 18
# of missing symbols: 0
# of incompatible symbols: 0
using: /home/weigand/fsf/gcc-3_4/libstdc++-v3/config/abi/s390x-linux-gnu/baseline_symbols.txt
=== libstdc++ tests ===
Running target unix
XPASS: 22_locale/locale/cons/12658_thread.cc execution test
XPASS: 26_numerics/c99_classification_macros_c.cc (test for excess errors)
XPASS: 27_io/fpos/14320-1.cc execution test
=== libstdc++ Summary ===
# of expected passes 2721
# of unexpected successes 3
# of expected failures 4
Compiler version: 3.4.3 20041022 (prerelease)
Platform: s390x-ibm-linux-gnu
configure flags: --prefix=/home/weigand/fsf/gcc-3_4-install --enable-__cxa_atexit --disable-multilib