This is the mail archive of the
gcc-testresults@gcc.gnu.org
mailing list for the GCC project.
Results for 4.0.0 20050126 (experimental) testsuite on sparc-unknown-linux-gnu
- From: Christian Joensson <chj at foi dot se>
- To: gcc-testresults at gcc dot gnu dot org
- Date: Thu, 27 Jan 2005 20:01:39 +0100
- Subject: Results for 4.0.0 20050126 (experimental) testsuite on sparc-unknown-linux-gnu
Aurora SPARC Linux release 2.0 (Kashmir FC3) UltraSparc IIi (Sabre) sun4u:
binutils-2.15.92.0.2-5 - sparc
bison-1.875c-2 - sparc
dejagnu-1.4.4-2 - noarch
expect-5.42.1-1 - sparc
gcc-3.4.2-6.fc3 - sparc
gcc4-4.0.0-0.8sparc - sparc
glibc-2.3.3-99 - sparc64
glibc-2.3.3-99 - sparcv9
glibc-headers-2.3.3-99 - sparc64
glibc-kernheaders-2.6-17sparc - sparc
kernel-2.6.10-1.1063sp2 - sparc64
kernel-2.6.10-1.1063sp1 - sparc64
package kernel-smp is not installed
make-3.80-5 - sparc
nptl-devel-2.3.3-99 - sparcv9
tcl-8.4.7-2 - sparc
LAST_UPDATED: Wed Jan 26 17:06:20 UTC 2005
=== acats tests ===
FAIL: c32001e
FAIL: c330001
FAIL: c39006e
FAIL: c43214c
FAIL: c52011a
FAIL: c62003a
FAIL: c62003b
FAIL: c64103e
FAIL: c64103f
FAIL: c64104j
FAIL: c64104k
FAIL: c64104l
FAIL: c64104m
FAIL: c64104n
FAIL: c64105b
FAIL: c95086b
FAIL: c96005d
FAIL: cb3004a
FAIL: cb4001a
FAIL: cc1221d
FAIL: cc3017c
FAIL: cc3120a
FAIL: cd2b11a
FAIL: cd2b11b
=== acats Summary ===
# of expected passes 1943
# of unexpected failures 24
# of unsupported tests 355
Native configuration is sparc-unknown-linux-gnu
=== gcc tests ===
Running target unix
FAIL: gcc.c-torture/execute/simd-2.c execution, -O3 -fomit-frame-pointer
FAIL: gcc.c-torture/execute/simd-2.c execution, -O3 -g
=== gcc Summary ===
# of expected passes 32275
# of unexpected failures 2
# of expected failures 94
# of untested testcases 28
# of unsupported tests 482
/usr/local/src/trunk/objdir32/gcc/xgcc version 4.0.0 20050126 (experimental)
=== gfortran tests ===
Running target unix
XPASS: gfortran.dg/ret_pointer_1.f90 -O0 execution test
XPASS: gfortran.dg/ret_pointer_1.f90 -O1 execution test
XPASS: gfortran.dg/ret_pointer_1.f90 -O2 execution test
XPASS: gfortran.dg/ret_pointer_1.f90 -O3 -fomit-frame-pointer execution test
XPASS: gfortran.dg/ret_pointer_1.f90 -O3 -fomit-frame-pointer -funroll-loops execution test
XPASS: gfortran.dg/ret_pointer_1.f90 -O3 -fomit-frame-pointer -funroll-all-loops -finline-functions execution test
XPASS: gfortran.dg/ret_pointer_1.f90 -O3 -g execution test
FAIL: gfortran.fortran-torture/execute/forall_3.f90 execution, -O1
=== gfortran Summary ===
# of expected passes 5200
# of unexpected failures 1
# of unexpected successes 7
# of expected failures 19
# of unsupported tests 8
/usr/local/src/trunk/objdir32/gcc/testsuite/../gfortran version 4.0.0 20050126 (experimental)
=== g++ tests ===
Running target unix
FAIL: g++.dg/pch/empty.C -g (test for excess errors)
FAIL: g++.dg/pch/empty.C -O2 -g (test for excess errors)
FAIL: g++.dg/pch/empty.C -O2 (test for excess errors)
FAIL: g++.dg/pch/externc-1.C -g (test for excess errors)
FAIL: g++.dg/pch/externc-1.C -O2 -g (test for excess errors)
FAIL: g++.dg/pch/externc-1.C -O2 (test for excess errors)
FAIL: g++.dg/pch/static-1.C -g (test for excess errors)
FAIL: g++.dg/pch/static-1.C -O2 -g (test for excess errors)
FAIL: g++.dg/pch/static-1.C -O2 (test for excess errors)
FAIL: g++.dg/pch/system-1.C -g (test for excess errors)
FAIL: g++.dg/pch/system-1.C -O2 -g (test for excess errors)
FAIL: g++.dg/pch/system-1.C -O2 (test for excess errors)
FAIL: g++.dg/pch/system-2.C -g (test for excess errors)
FAIL: g++.dg/pch/system-2.C -O2 -g (test for excess errors)
FAIL: g++.dg/pch/system-2.C -O2 (test for excess errors)
FAIL: g++.dg/pch/uninst.C -g (test for excess errors)
FAIL: g++.dg/pch/uninst.C -O2 -g (test for excess errors)
FAIL: g++.dg/pch/uninst.C -O2 (test for excess errors)
FAIL: g++.dg/pch/wchar-1.C -g (test for excess errors)
FAIL: g++.dg/pch/wchar-1.C -O2 -g (test for excess errors)
FAIL: g++.dg/pch/wchar-1.C -O2 (test for excess errors)
WARNING: g++.old-deja/g++.mike/p10769a.C compilation failed to produce executable
XPASS: g++.old-deja/g++.other/init5.C execution test
FAIL: g++.old-deja/g++.robertl/eb132.C (test for excess errors)
FAIL: g++.old-deja/g++.robertl/eb73.C (test for excess errors)
=== g++ Summary ===
# of expected passes 10493
# of unexpected failures 23
# of unexpected successes 1
# of expected failures 71
# of untested testcases 21
# of unsupported tests 89
/usr/local/src/trunk/objdir32/gcc/testsuite/../g++ version 4.0.0 20050126 (experimental)
=== objc tests ===
Running target unix
=== objc Summary ===
# of expected passes 1532
# of unsupported tests 10
/usr/local/src/trunk/objdir32/gcc/xgcc version 4.0.0 20050126 (experimental)
=== treelang tests ===
Running target unix
=== treelang Summary ===
# of expected passes 22
=== libffi tests ===
Running target unix
=== libffi Summary ===
# of expected passes 216
# of unsupported tests 2
=== libjava tests ===
Running target unix
=== libjava Summary ===
# of expected passes 3726
# of expected failures 14
# of untested testcases 16
=== libmudflap tests ===
Running target unix
FAIL: libmudflap.c/pass54-frag.c execution test
FAIL: libmudflap.c/pass54-frag.c (-static) execution test
=== libmudflap Summary ===
# of expected passes 1278
# of unexpected failures 2
=== libstdc++-v3 check-abi Summary ===
# of added symbols: 63
# of missing symbols: 0
# of incompatible symbols: 0
using: /usr/local/src/trunk/gcc/libstdc++-v3/config/abi/sparc-linux-gnu/baseline_symbols.txt
=== libstdc++ tests ===
Running target unix
XPASS: 22_locale/locale/cons/12658_thread-1.cc execution test
FAIL: ext/array_allocator/2.cc execution test
=== libstdc++ Summary ===
# of expected passes 3471
# of unexpected failures 1
# of unexpected successes 1
# of expected failures 6
Compiler version: 4.0.0 20050126 (experimental)
Platform: sparc-unknown-linux-gnu
configure flags: sparc-linux --enable-__cxa_atexit --enable-shared --enable-languages=c,ada,c++,f95,java,objc,treelang
Counting all warnings,
there are 271 warnings in stage0 of this bootstrap.
Number of warnings per file:
37 include/ext/bitmap_allocator.h
28 libmudflap/mf-hooks1.c
25 libiberty/concat.c
24 include/bits/locale_facets.tcc
15 libiberty/regex.c
14 include/bits/basic_string.h
10 include/bits/fstream.tcc
8 include/bits/basic_ios.tcc
6 libmudflap/mf-runtime.c
6 libmudflap/mf-hooks3.c
6 include/xregex2.h
4 libjava/java/lang/strtod.c
4 libjava/java/lang/dtoa.c
4 include/gc_config.h
4 include/config.h
4 include/bits/istream.tcc
3 libstdc++-v3/src/bitmap_allocator.cc
3 libjava/java/lang/e_exp.c
3 include/ext/pool_allocator.h
2 libstdc++-v3/src/locale_init.cc
2 libstdc++-v3/src/istream.cc
2 libjava/prims.cc
2 libiberty/pex-unix.c
2 libgfortran/generated/matmul_r8.c
2 libgfortran/generated/matmul_r4.c
2 libgfortran/generated/matmul_i8.c
2 libgfortran/generated/matmul_i4.c
2 libgfortran/generated/matmul_c8.c
2 libgfortran/generated/matmul_c4.c
2 libcpp/macro.c
2 include/sstream
2 include/ext/stdio_filebuf.h
2 include/ext/mt_allocator.h
2 include/bits/ostream.tcc
2 include/bits/basic_string.tcc
2 gcc/boehm-gc/os_dep.c
2 fastjar/shift.c
2 basic_file.cc
1 raise.c
1 libstdc++-v3/src/ios_init.cc
1 libstdc++-v3/src/ios.cc
1 libstdc++-v3/src/ctype.cc
1 libobjc/thr.c
1 libobjc/sendmsg.c
1 libmath/stubs.c
1 libjava/java/lang/e_rem_pio2.c
1 libjava/java/lang/e_asin.c
1 libjava/gnu/gcj/io/shs.cc
1 libgfortran/generated/transpose_i8.c
1 libgfortran/generated/transpose_i4.c
1 libgfortran/generated/transpose_c8.c
1 libgfortran/generated/transpose_c4.c
1 libgfortran/generated/matmul_l8.c
1 libgfortran/generated/matmul_l4.c
1 libcpp/pch.c
1 java/net/natNetworkInterface.cc
1 java/io/natFile.cc
1 gnu/java/nio/natPipeImpl.cc
1 gnu/java/nio/channels/natFileChannelImpl.cc
1 gcc/coretypes.h
1 gcc/boehm-gc/mark_rts.c
1 fastjar/jartool.c
1 fastjar/compress.c
Number of warning types:
25 traditional C rejects ISO C style function definitions
18 passing argument 1 of 'size0' from incompatible pointer type
15 signed and unsigned type in conditional expression
7 control may reach end of non-void function '_CharT* std::basic_string<_CharT, _Traits, _Alloc>::_Rep::_M_refdata() [with _CharT = char, _Traits = std::char_traits<char>, _Alloc = std::allocator<char>]' being inlined
6 control may reach end of non-void function 'void* operator new(size_t, void*)' being inlined
5 this is the location of the previous definition
5 control may reach end of non-void function '_CharT* std::basic_string<_CharT, _Traits, _Alloc>::_Rep::_M_refdata() [with _CharT = wchar_t, _Traits = std::char_traits<wchar_t>, _Alloc = std::allocator<wchar_t>]' being inlined
4 ISO C90 does not support \`static' or type qualifiers in parameter array declarators
4 control may reach end of non-void function 'static int std::numeric_limits<int>::max()' being inlined
2 '__wrap_realloc' aliased to undefined symbol 'realloc'
2 '__wrap_munmap' aliased to undefined symbol 'munmap'
2 '__wrap_mmap' aliased to undefined symbol 'mmap'
2 '__wrap_malloc' aliased to undefined symbol 'malloc'
2 '__wrap_free' aliased to undefined symbol 'free'
2 '__wrap_calloc' aliased to undefined symbol 'calloc'
2 '__wrap_alloca' aliased to undefined symbol 'alloca'
2 variable 'out' might be clobbered by 'longjmp' or 'vfork'
2 'sigsetmask' is deprecated (declared at /usr/include/signal.h:184)
2 '__real_realloc' aliased to undefined symbol 'realloc'
2 '__real_munmap' aliased to undefined symbol 'munmap'
2 '__real_mmap' aliased to undefined symbol 'mmap'
2 '__real_malloc' aliased to undefined symbol 'malloc'
2 '__real_free' aliased to undefined symbol 'free'
2 '__real_calloc' aliased to undefined symbol 'calloc'
2 '__real_alloca' aliased to undefined symbol 'alloca'
2 ISO C90 does not support 'static' or type qualifiers in parameter array declarators
2 format '%06lu' expects type 'long unsigned int', but argument 6 has type '__suseconds_t'
2 format '%06lu' expects type 'long unsigned int', but argument 4 has type '__suseconds_t'
2 format '%06lu' expects type 'long unsigned int', but argument 15 has type '__suseconds_t'
2 control may reach end of non-void function 'static unsigned int std::numeric_limits<unsigned int>::min()' being inlined
2 control may reach end of non-void function 'static unsigned int std::numeric_limits<unsigned int>::max()' being inlined
2 control may reach end of non-void function 'static short unsigned int std::numeric_limits<short unsigned int>::min()' being inlined
2 control may reach end of non-void function 'static short unsigned int std::numeric_limits<short unsigned int>::max()' being inlined
2 control may reach end of non-void function 'static long unsigned int std::numeric_limits<long unsigned int>::min()' being inlined
2 control may reach end of non-void function 'static long unsigned int std::numeric_limits<long unsigned int>::max()' being inlined
2 control may reach end of non-void function 'static long long unsigned int std::numeric_limits<long long unsigned int>::min()' being inlined
2 control may reach end of non-void function 'static long long unsigned int std::numeric_limits<long long unsigned int>::max()' being inlined
2 control may reach end of non-void function 'static long long int std::numeric_limits<long long int>::min()' being inlined
2 control may reach end of non-void function 'static long long int std::numeric_limits<long long int>::max()' being inlined
2 control may reach end of non-void function 'static long int std::numeric_limits<long int>::min()' being inlined
2 control may reach end of non-void function 'static long int std::numeric_limits<long int>::max()' being inlined
2 control may reach end of non-void function 'static int std::numeric_limits<int>::min()' being inlined
2 control may reach end of non-void function 'bool std::basic_filebuf<_CharT, _Traits>::is_open() const [with _CharT = wchar_t, _Traits = std::char_traits<wchar_t>]' being inlined
2 control may reach end of non-void function 'bool std::basic_filebuf<_CharT, _Traits>::is_open() const [with _CharT = char, _Traits = std::char_traits<char>]' being inlined
2 comparison between signed and unsigned
1 'z' is used uninitialized in this function
1 '__wrap_pthread_join' aliased to undefined symbol 'pthread_join'
1 '__wrap_pthread_exit' aliased to undefined symbol 'pthread_exit'
1 '__wrap_pthread_create' aliased to undefined symbol 'pthread_create'
1 'void byteReverse()' declared 'static' but never defined
1 unused parameter 'ze'
1 unused parameter 'self'
1 unused parameter '_p'
1 't' may be used uninitialized in this function
1 string length \`???' is greater than the length \`???' ISO C89 compilers are required to support
1 'spec_case' may be used uninitialized in this function
1 \`rtx' redefined
1 '__real_pthread_join' aliased to undefined symbol 'pthread_join'
1 '__real_pthread_exit' aliased to undefined symbol 'pthread_exit'
1 '__real_pthread_create' aliased to undefined symbol 'pthread_create'
1 pointer targets in passing arg ??? of \`???' differ in signedness
1 pointer targets in assignment differ in signedness
1 \`PACKAGE_VERSION' redefined
1 \`PACKAGE_TARNAME' redefined
1 \`PACKAGE_STRING' redefined
1 \`PACKAGE_NAME' redefined
1 'noreturn' function does return
1 'mlo' may be used uninitialized in this function
1 'lo' may be used uninitialized in this function
1 'k' may be used uninitialized in this function
1 incompatible implicit declaration of built-in function 'fabsl'
1 'ilim' may be used uninitialized in this function
1 'ilim1' may be used uninitialized in this function
1 'hi' may be used uninitialized in this function
1 function returns address of local variable
1 'delta' may be used uninitialized in this function
1 control may reach end of non-void function 'void* operator new [](size_t, void*)' being inlined
1 control may reach end of non-void function 'typename __gnu_cxx::balloc::__mini_vector<std::pair<_Tp, _Tp> >::size_type __gnu_cxx::balloc::_Bitmap_counter<_Tp>::_M_where() const [with _Tp = __gnu_cxx::bitmap_allocator<wchar_t>::_Alloc_block*]' being inlined
1 control may reach end of non-void function 'typename __gnu_cxx::balloc::__mini_vector<std::pair<_Tp, _Tp> >::size_type __gnu_cxx::balloc::_Bitmap_counter<_Tp>::_M_where() const [with _Tp = __gnu_cxx::bitmap_allocator<char>::_Alloc_block*]' being inlined
1 control may reach end of non-void function 'typename __gnu_cxx::balloc::__mini_vector<std::pair<_Tp, _Tp> >::size_type __gnu_cxx::balloc::_Bitmap_counter<_Tp>::_M_offset() const [with _Tp = __gnu_cxx::bitmap_allocator<wchar_t>::_Alloc_block*]' being inlined
1 control may reach end of non-void function 'typename __gnu_cxx::balloc::__mini_vector<std::pair<_Tp, _Tp> >::size_type __gnu_cxx::balloc::_Bitmap_counter<_Tp>::_M_offset() const [with _Tp = __gnu_cxx::bitmap_allocator<char>::_Alloc_block*]' being inlined
1 control may reach end of non-void function 'typename __gnu_cxx::balloc::__mini_vector<std::pair<_Tp, _Tp> >::difference_type __gnu_cxx::balloc::_Ffit_finder<_Tp>::_M_offset() const [with _Tp = __gnu_cxx::bitmap_allocator<wchar_t>::_Alloc_block*]' being inlined
1 control may reach end of non-void function 'typename __gnu_cxx::balloc::__mini_vector<std::pair<_Tp, _Tp> >::difference_type __gnu_cxx::balloc::_Ffit_finder<_Tp>::_M_offset() const [with _Tp = __gnu_cxx::bitmap_allocator<char>::_Alloc_block*]' being inlined
1 control may reach end of non-void function '_Tp& __gnu_cxx::balloc::__mini_vector<_Tp>::operator[](size_t) const [with _Tp = std::pair<__gnu_cxx::bitmap_allocator<wchar_t>::_Alloc_block*, __gnu_cxx::bitmap_allocator<wchar_t>::_Alloc_block*>]' being inlined
1 control may reach end of non-void function '_Tp& __gnu_cxx::balloc::__mini_vector<_Tp>::operator[](size_t) const [with _Tp = std::pair<__gnu_cxx::bitmap_allocator<char>::_Alloc_block*, __gnu_cxx::bitmap_allocator<char>::_Alloc_block*>]' being inlined
1 control may reach end of non-void function '_Tp* __gnu_cxx::balloc::__mini_vector<_Tp>::end() const [with _Tp = std::pair<__gnu_cxx::bitmap_allocator<wchar_t>::_Alloc_block*, __gnu_cxx::bitmap_allocator<wchar_t>::_Alloc_block*>]' being inlined
1 control may reach end of non-void function '_Tp* __gnu_cxx::balloc::__mini_vector<_Tp>::end() const [with _Tp = std::pair<__gnu_cxx::bitmap_allocator<char>::_Alloc_block*, __gnu_cxx::bitmap_allocator<char>::_Alloc_block*>]' being inlined
1 control may reach end of non-void function '_Tp* __gnu_cxx::balloc::__mini_vector<_Tp>::end() const [with _Tp = size_t*]' being inlined
1 control may reach end of non-void function '_Tp* __gnu_cxx::balloc::__mini_vector<_Tp>::begin() const [with _Tp = std::pair<__gnu_cxx::bitmap_allocator<wchar_t>::_Alloc_block*, __gnu_cxx::bitmap_allocator<wchar_t>::_Alloc_block*>]' being inlined
1 control may reach end of non-void function '_Tp* __gnu_cxx::balloc::__mini_vector<_Tp>::begin() const [with _Tp = std::pair<__gnu_cxx::bitmap_allocator<char>::_Alloc_block*, __gnu_cxx::bitmap_allocator<char>::_Alloc_block*>]' being inlined
1 control may reach end of non-void function '_Tp* __gnu_cxx::balloc::__mini_vector<_Tp>::begin() const [with _Tp = size_t*]' being inlined
1 control may reach end of non-void function '_Tp& __gnu_cxx::balloc::__mini_vector<_Tp>::back() const [with _Tp = size_t*]' being inlined
1 control may reach end of non-void function '_Tp __gnu_cxx::balloc::_Bitmap_counter<_Tp>::_M_base() const [with _Tp = __gnu_cxx::bitmap_allocator<wchar_t>::_Alloc_block*]' being inlined
1 control may reach end of non-void function '_Tp __gnu_cxx::balloc::_Bitmap_counter<_Tp>::_M_base() const [with _Tp = __gnu_cxx::bitmap_allocator<char>::_Alloc_block*]' being inlined
1 control may reach end of non-void function 'std::locale std::basic_streambuf<_CharT, _Traits>::pubimbue(const std::locale&) [with _CharT = wchar_t, _Traits = std::char_traits<wchar_t>]' being inlined
1 control may reach end of non-void function 'std::locale std::basic_streambuf<_CharT, _Traits>::pubimbue(const std::locale&) [with _CharT = char, _Traits = std::char_traits<char>]' being inlined
1 control may reach end of non-void function 'std::basic_string<_CharT, _Traits, _Alloc> std::basic_stringbuf<_CharT, _Traits, _Alloc>::str() const [with _CharT = wchar_t, _Traits = std::char_traits<wchar_t>, _Alloc = std::allocator<wchar_t>]' being inlined
1 control may reach end of non-void function 'std::basic_string<_CharT, _Traits, _Alloc> std::basic_stringbuf<_CharT, _Traits, _Alloc>::str() const [with _CharT = char, _Traits = std::char_traits<char>, _Alloc = std::allocator<char>]' being inlined
1 control may reach end of non-void function 'static short int std::numeric_limits<short int>::min()' being inlined
1 control may reach end of non-void function 'static short int std::numeric_limits<short int>::max()' being inlined
1 control may reach end of non-void function 'size_t __gnu_cxx::__pool_alloc<_Tp>::max_size() const [with _Tp = wchar_t]' being inlined
1 control may reach end of non-void function 'size_t __gnu_cxx::__pool_alloc<_Tp>::max_size() const [with _Tp = char]' being inlined
1 control may reach end of non-void function 'size_t __gnu_cxx::__mt_alloc_base<_Tp>::max_size() const [with _Tp = wchar_t]' being inlined
1 control may reach end of non-void function 'size_t __gnu_cxx::__mt_alloc_base<_Tp>::max_size() const [with _Tp = char]' being inlined
1 control may reach end of non-void function 'size_t __gnu_cxx::bitmap_allocator<_Tp>::max_size() const [with _Tp = wchar_t]' being inlined
1 control may reach end of non-void function 'size_t __gnu_cxx::bitmap_allocator<_Tp>::max_size() const [with _Tp = char]' being inlined
1 control may reach end of non-void function 'size_t __gnu_cxx::balloc::__mini_vector<_Tp>::size() const [with _Tp = std::pair<__gnu_cxx::bitmap_allocator<wchar_t>::_Alloc_block*, __gnu_cxx::bitmap_allocator<wchar_t>::_Alloc_block*>]' being inlined
1 control may reach end of non-void function 'size_t __gnu_cxx::balloc::__mini_vector<_Tp>::size() const [with _Tp = std::pair<__gnu_cxx::bitmap_allocator<char>::_Alloc_block*, __gnu_cxx::bitmap_allocator<char>::_Alloc_block*>]' being inlined
1 control may reach end of non-void function 'size_t __gnu_cxx::balloc::__mini_vector<_Tp>::size() const [with _Tp = size_t*]' being inlined
1 control may reach end of non-void function 'size_t __gnu_cxx::balloc::__mini_vector<_Tp>::_M_space_left() const [with _Tp = std::pair<__gnu_cxx::bitmap_allocator<wchar_t>::_Alloc_block*, __gnu_cxx::bitmap_allocator<wchar_t>::_Alloc_block*>]' being inlined
1 control may reach end of non-void function 'size_t __gnu_cxx::balloc::__mini_vector<_Tp>::_M_space_left() const [with _Tp = std::pair<__gnu_cxx::bitmap_allocator<char>::_Alloc_block*, __gnu_cxx::bitmap_allocator<char>::_Alloc_block*>]' being inlined
1 control may reach end of non-void function 'size_t __gnu_cxx::balloc::__mini_vector<_Tp>::_M_space_left() const [with _Tp = size_t*]' being inlined
1 control may reach end of non-void function 'size_t* __gnu_cxx::balloc::_Ffit_finder<_Tp>::_M_get() const [with _Tp = __gnu_cxx::bitmap_allocator<wchar_t>::_Alloc_block*]' being inlined
1 control may reach end of non-void function 'size_t* __gnu_cxx::balloc::_Ffit_finder<_Tp>::_M_get() const [with _Tp = __gnu_cxx::bitmap_allocator<char>::_Alloc_block*]' being inlined
1 control may reach end of non-void function 'size_t* __gnu_cxx::balloc::_Bitmap_counter<_Tp>::_M_get() const [with _Tp = __gnu_cxx::bitmap_allocator<wchar_t>::_Alloc_block*]' being inlined
1 control may reach end of non-void function 'size_t* __gnu_cxx::balloc::_Bitmap_counter<_Tp>::_M_get() const [with _Tp = __gnu_cxx::bitmap_allocator<char>::_Alloc_block*]' being inlined
1 control may reach end of non-void function 'long unsigned int strtoul(const char*, char**, int)' being inlined
1 control may reach end of non-void function 'int std::__codecvt_abstract_base<_InternT, _ExternT, _StateT>::max_length() const [with _InternT = wchar_t, _ExternT = char, _StateT = mbstate_t]' being inlined
1 control may reach end of non-void function 'int std::__codecvt_abstract_base<_InternT, _ExternT, _StateT>::max_length() const [with _InternT = char, _ExternT = char, _StateT = mbstate_t]' being inlined
1 control may reach end of non-void function 'int std::__codecvt_abstract_base<_InternT, _ExternT, _StateT>::encoding() const [with _InternT = wchar_t, _ExternT = char, _StateT = mbstate_t]' being inlined
1 control may reach end of non-void function 'int std::__codecvt_abstract_base<_InternT, _ExternT, _StateT>::encoding() const [with _InternT = char, _ExternT = char, _StateT = mbstate_t]' being inlined
1 control may reach end of non-void function 'int stat(const char*, stat*)' being inlined
1 control may reach end of non-void function 'int fstat(int, stat*)' being inlined
1 control may reach end of non-void function 'int fstat64(int, stat64*)' being inlined
1 control may reach end of non-void function '__gnu_cxx::balloc::_Bitmap_counter<_Tp>& __gnu_cxx::balloc::_Bitmap_counter<_Tp>::operator++() [with _Tp = __gnu_cxx::bitmap_allocator<wchar_t>::_Alloc_block*]' being inlined
1 control may reach end of non-void function '__gnu_cxx::balloc::_Bitmap_counter<_Tp>& __gnu_cxx::balloc::_Bitmap_counter<_Tp>::operator++() [with _Tp = __gnu_cxx::bitmap_allocator<char>::_Alloc_block*]' being inlined
1 control may reach end of non-void function 'const short unsigned int* std::ctype<char>::table() const' being inlined
1 control may reach end of non-void function '_CharT* std::basic_string<_CharT, _Traits, _Alloc>::_Rep::_M_refcopy() [with _CharT = wchar_t, _Traits = std::char_traits<wchar_t>, _Alloc = std::allocator<wchar_t>]' being inlined
1 control may reach end of non-void function '_CharT* std::basic_string<_CharT, _Traits, _Alloc>::_Rep::_M_refcopy() [with _CharT = char, _Traits = std::char_traits<char>, _Alloc = std::allocator<char>]' being inlined
1 control may reach end of non-void function 'bool std::ostreambuf_iterator<_CharT, _Traits>::failed() const [with _CharT = wchar_t, _Traits = std::char_traits<wchar_t>]' being inlined
1 control may reach end of non-void function 'bool std::ostreambuf_iterator<_CharT, _Traits>::failed() const [with _CharT = char, _Traits = std::char_traits<char>]' being inlined
1 control may reach end of non-void function 'bool std::has_facet(const std::locale&) [with _Facet = std::num_put<wchar_t, std::ostreambuf_iterator<wchar_t, std::char_traits<wchar_t> > >]' being inlined
1 control may reach end of non-void function 'bool std::has_facet(const std::locale&) [with _Facet = std::num_put<char, std::ostreambuf_iterator<char, std::char_traits<char> > >]' being inlined
1 control may reach end of non-void function 'bool std::has_facet(const std::locale&) [with _Facet = std::num_get<wchar_t, std::istreambuf_iterator<wchar_t, std::char_traits<wchar_t> > >]' being inlined
1 control may reach end of non-void function 'bool std::has_facet(const std::locale&) [with _Facet = std::num_get<char, std::istreambuf_iterator<char, std::char_traits<char> > >]' being inlined
1 control may reach end of non-void function 'bool std::has_facet(const std::locale&) [with _Facet = std::ctype<wchar_t>]' being inlined
1 control may reach end of non-void function 'bool std::has_facet(const std::locale&) [with _Facet = std::ctype<char>]' being inlined
1 control may reach end of non-void function 'bool std::has_facet(const std::locale&) [with _Facet = std::codecvt<wchar_t, char, mbstate_t>]' being inlined
1 control may reach end of non-void function 'bool std::has_facet(const std::locale&) [with _Facet = std::codecvt<char, char, mbstate_t>]' being inlined
1 control may reach end of non-void function 'bool std::__codecvt_abstract_base<_InternT, _ExternT, _StateT>::always_noconv() const [with _InternT = wchar_t, _ExternT = char, _StateT = mbstate_t]' being inlined
1 control may reach end of non-void function 'bool std::__codecvt_abstract_base<_InternT, _ExternT, _StateT>::always_noconv() const [with _InternT = char, _ExternT = char, _StateT = mbstate_t]' being inlined
1 control may reach end of non-void function 'bool __gnu_cxx::free_list::_M_should_i_give(size_t, size_t)' being inlined
1 control may reach end of non-void function 'bool __gnu_cxx::free_list::_LT_pointer_compare::operator()(const size_t*, size_t) const' being inlined
1 control may reach end of non-void function 'bool __gnu_cxx::balloc::_Inclusive_between<_Tp>::operator()(std::pair<_Tp, _Tp>) const [with _Tp = __gnu_cxx::bitmap_allocator<wchar_t>::_Alloc_block*]' being inlined
1 control may reach end of non-void function 'bool __gnu_cxx::balloc::_Inclusive_between<_Tp>::operator()(std::pair<_Tp, _Tp>) const [with _Tp = __gnu_cxx::bitmap_allocator<char>::_Alloc_block*]' being inlined
1 control may reach end of non-void function 'bool __gnu_cxx::balloc::_Ffit_finder<_Tp>::operator()(std::pair<_Tp, _Tp>) [with _Tp = __gnu_cxx::bitmap_allocator<wchar_t>::_Alloc_block*]' being inlined
1 control may reach end of non-void function 'bool __gnu_cxx::balloc::_Ffit_finder<_Tp>::operator()(std::pair<_Tp, _Tp>) [with _Tp = __gnu_cxx::bitmap_allocator<char>::_Alloc_block*]' being inlined
1 control may reach end of non-void function 'bool __gnu_cxx::balloc::_Bitmap_counter<_Tp>::_M_finished() const [with _Tp = __gnu_cxx::bitmap_allocator<wchar_t>::_Alloc_block*]' being inlined
1 control may reach end of non-void function 'bool __gnu_cxx::balloc::_Bitmap_counter<_Tp>::_M_finished() const [with _Tp = __gnu_cxx::bitmap_allocator<char>::_Alloc_block*]' being inlined
1 comparison between signed and unsigned integer expressions
1 'bs' may be used uninitialized in this function
1 'bd' may be used uninitialized in this function
1 'bb' may be used uninitialized in this function
1 assignment from incompatible pointer type
1 assignment discards qualifiers from pointer target type
Counting all warnings,
there are 21 warnings in stage3 of this bootstrap.
Number of warnings per file:
3 treelang/lex.c
3 gengtype-lex.c
3 gcc/gcc.c
2 gcc/objc/lang-specs.h
2 gcc/java/jcf-io.c
1 include/line-map.h
1 gcc/treelang/parse.y
1 gcc/treelang/lex.l
1 gcc/java/jvspec.c
1 gcc/fortran/trans-common.c
1 gcc/fortran/simplify.c
1 gcc/fortran/resolve.c
1 gcc/fortran/expr.c
Number of warning types:
6 old-style function definition
4 control may reach end of non-void function '__gmpz_get_ui' being inlined
1 this is the location of the previous definition
1 string length '844' is greater than the length '509' ISO C89 compilers are required to support
1 string length '834' is greater than the length '509' ISO C89 compilers are required to support
1 string length '783' is greater than the length '509' ISO C89 compilers are required to support
1 string length '709' is greater than the length '509' ISO C89 compilers are required to support
1 string length '643' is greater than the length '509' ISO C89 compilers are required to support
1 string length '608' is greater than the length '509' ISO C89 compilers are required to support
1 \`LINEMAP_POSITION_FOR_COLUMN' redefined
1 ISO C forbids passing argument 3 of 'scandir' between function pointer and 'void *'
1 ISO C forbids conversion of function pointer to object pointer type
1 control may reach end of non-void function 'check_type_match' being inlined