This is the mail archive of the
gcc-testresults@gcc.gnu.org
mailing list for the GCC project.
Results for 4.0.0 20050120 (experimental) testsuite on mips-sgi-irix6.5
- From: Richard Sandiford <rsandifo at redhat dot com>
- To: gcc-testresults at gcc dot gnu dot org
- Date: Mon, 24 Jan 2005 21:07:26 +0000
- Subject: Results for 4.0.0 20050120 (experimental) testsuite on mips-sgi-irix6.5
Tested on a 4-way R10000 box running IRIX 6.5.12m
Bootstrapped using MIPSpro 7.3
Configured to use binutils CVS
Native configuration is mips-sgi-irix6.5
=== g++ tests ===
Running target unix
WARNING: g++.old-deja/g++.mike/p10769a.C compilation failed to produce executable
=== g++ Summary for unix ===
# of expected passes 10503
# of expected failures 72
# of unsupported tests 103
Running target unix/-mabi=32
WARNING: g++.old-deja/g++.mike/p10769a.C compilation failed to produce executable
=== g++ Summary for unix/-mabi=32 ===
# of expected passes 10503
# of expected failures 72
# of unsupported tests 103
Running target unix/-mabi=64
FAIL: g++.dg/gcov/gcov-3.C gcov failed: gcov-3.C.gcov does not exist
WARNING: g++.old-deja/g++.mike/p10769a.C compilation failed to produce executable
=== g++ Summary for unix/-mabi=64 ===
# of expected passes 10470
# of unexpected failures 1
# of expected failures 72
# of unsupported tests 105
=== g++ Summary ===
# of expected passes 31476
# of unexpected failures 1
# of expected failures 216
# of unsupported tests 311
/es/scratch/rsandifo/gcc/HEAD/mips-sgi-irix6.5/mips-sgi-irix6.5/gcc/testsuite/../g++ version 4.0.0 20050120 (experimental)
=== gcc tests ===
Running target unix
FAIL: gcc.dg/noncompile/920507-1.c -O1 (test for excess errors)
FAIL: gcc.dg/noncompile/920507-1.c -O2 (test for excess errors)
FAIL: gcc.dg/noncompile/920507-1.c -O3 -fomit-frame-pointer (test for excess errors)
FAIL: gcc.dg/noncompile/920507-1.c -O3 -g (test for excess errors)
FAIL: gcc.dg/noncompile/920507-1.c -Os (test for excess errors)
FAIL: gcc.dg/pch/struct-1.c -O1 assembly comparison
FAIL: gcc.dg/tree-ssa/20040703-1.c scan-tree-dump-times 0.0 0
=== gcc Summary for unix ===
# of expected passes 31939
# of unexpected failures 7
# of expected failures 65
# of untested testcases 28
# of unsupported tests 437
Running target unix/-mabi=32
FAIL: gcc.dg/tree-ssa/loop-1.c scan-assembler-times foo 5
=== gcc Summary for unix/-mabi=32 ===
# of expected passes 31940
# of unexpected failures 1
# of expected failures 65
# of untested testcases 28
# of unsupported tests 437
Running target unix/-mabi=64
FAIL: gcc.dg/tree-ssa/20040703-1.c scan-tree-dump-times 0.0 0
=== gcc Summary for unix/-mabi=64 ===
# of expected passes 31939
# of unexpected failures 1
# of expected failures 65
# of untested testcases 28
# of unsupported tests 438
=== gcc Summary ===
# of expected passes 95818
# of unexpected failures 9
# of expected failures 195
# of untested testcases 84
# of unsupported tests 1312
/es/scratch/rsandifo/gcc/HEAD/mips-sgi-irix6.5/mips-sgi-irix6.5/gcc/xgcc version 4.0.0 20050120 (experimental)
=== objc tests ===
Running target unix
FAIL: objc.dg/stabs-1.m scan-assembler .text"?\\n\\t.stabs.*100,0,0,(\\\\.)?L?Letext[0-9]*\\n(\\\\.)?L?Letext
=== objc Summary for unix ===
# of expected passes 1530
# of unexpected failures 1
# of unsupported tests 10
Running target unix/-mabi=32
FAIL: objc.dg/stabs-1.m scan-assembler .text"?\\n\\t.stabs.*100,0,0,(\\\\.)?L?Letext[0-9]*\\n(\\\\.)?L?Letext
=== objc Summary for unix/-mabi=32 ===
# of expected passes 1530
# of unexpected failures 1
# of unsupported tests 10
Running target unix/-mabi=64
FAIL: objc.dg/stabs-1.m scan-assembler .text"?\\n\\t.stabs.*100,0,0,(\\\\.)?L?Letext[0-9]*\\n(\\\\.)?L?Letext
=== objc Summary for unix/-mabi=64 ===
# of expected passes 1530
# of unexpected failures 1
# of unsupported tests 10
=== objc Summary ===
# of expected passes 4590
# of unexpected failures 3
# of unsupported tests 30
/es/scratch/rsandifo/gcc/HEAD/mips-sgi-irix6.5/mips-sgi-irix6.5/gcc/xgcc version 4.0.0 20050120 (experimental)
=== libstdc++ tests ===
Running target unix
FAIL: 18_support/numeric_limits.cc execution test
FAIL: 22_locale/ctype/cons/char/1.cc execution test
FAIL: 26_numerics/complex/13450.cc (test for excess errors)
WARNING: 26_numerics/complex/13450.cc compilation failed to produce executable
FAIL: 26_numerics/complex/complex_value.cc (test for excess errors)
WARNING: 26_numerics/complex/complex_value.cc compilation failed to produce executable
FAIL: 26_numerics/complex/pow.cc (test for excess errors)
WARNING: 26_numerics/complex/pow.cc compilation failed to produce executable
=== libstdc++ Summary for unix ===
# of expected passes 2359
# of unexpected failures 5
# of expected failures 4
Running target unix/-mabi=32
FAIL: 22_locale/ctype/cons/char/1.cc execution test
FAIL: 26_numerics/complex/13450.cc (test for excess errors)
WARNING: 26_numerics/complex/13450.cc compilation failed to produce executable
FAIL: 26_numerics/complex/complex_value.cc (test for excess errors)
WARNING: 26_numerics/complex/complex_value.cc compilation failed to produce executable
FAIL: 26_numerics/complex/pow.cc (test for excess errors)
WARNING: 26_numerics/complex/pow.cc compilation failed to produce executable
FAIL: 27_io/basic_istream/extractors_arithmetic/char/12.cc execution test
=== libstdc++ Summary for unix/-mabi=32 ===
# of expected passes 2359
# of unexpected failures 5
# of expected failures 4
Running target unix/-mabi=64
FAIL: 18_support/numeric_limits.cc execution test
FAIL: 22_locale/ctype/cons/char/1.cc execution test
FAIL: 26_numerics/complex/13450.cc (test for excess errors)
WARNING: 26_numerics/complex/13450.cc compilation failed to produce executable
FAIL: 26_numerics/complex/complex_value.cc (test for excess errors)
WARNING: 26_numerics/complex/complex_value.cc compilation failed to produce executable
FAIL: 26_numerics/complex/pow.cc (test for excess errors)
WARNING: 26_numerics/complex/pow.cc compilation failed to produce executable
=== libstdc++ Summary for unix/-mabi=64 ===
# of expected passes 2359
# of unexpected failures 5
# of expected failures 4
=== libstdc++ Summary ===
# of expected passes 7077
# of unexpected failures 15
# of expected failures 12
Compiler version: 4.0.0 20050120 (experimental)
Platform: mips-sgi-irix6.5
configure flags: --prefix=/es/scratch/rsandifo/usr/gcc --exec-prefix=/es/scratch/rsandifo/usr/gcc/H-mips-sgi-irix6.5 --build=mips-sgi-irix6.5 --host=mips-sgi-irix6.5 --target=mips-sgi-irix6.5 --enable-checking --disable-gdbtk --enable-serial-configure --disable-nls --enable-languages=c,c++,java,objc