This is the mail archive of the gcc-testresults@gcc.gnu.org mailing list for the GCC project.
Index Nav: | [Date Index] [Subject Index] [Author Index] [Thread Index] | |
---|---|---|
Message Nav: | [Date Prev] [Date Next] | [Thread Prev] [Thread Next] |
Other format: | [Raw text] |
LAST_UPDATED: Thu Jan 20 19:00:13 UTC 2005 Native configuration is ia64-unknown-linux-gnu === g++ tests === Running target unix WARNING: program timed out. FAIL: g++.dg/opt/longbranch1.C (test for excess errors) WARNING: g++.old-deja/g++.mike/p10769a.C compilation failed to produce executable === g++ Summary === # of expected passes 10162 # of unexpected failures 1 # of expected failures 72 # of unsupported tests 90 /export/build/gnu/gcc/build-ia64-linux/gcc/testsuite/../g++ version 4.0.0 20050120 (experimental) === gcc tests === Running target unix XPASS: gcc.dg/tree-ssa/loop-1.c scan-assembler-times foo 5 XPASS: gcc.dg/vect/vect-22.c scan-tree-dump-times vectorized 3 loops 1 XPASS: gcc.dg/vect/vect-44.c scan-tree-dump-times Alignment of access forced using peeling 1 XPASS: gcc.dg/vect/vect-50.c scan-tree-dump-times Alignment of access forced using peeling 1 XPASS: gcc.dg/vect/vect-54.c scan-tree-dump-times Alignment of access forced using peeling 1 XPASS: gcc.dg/vect/vect-58.c scan-tree-dump-times Alignment of access forced using peeling 1 === gcc Summary === # of expected passes 31721 # of unexpected successes 6 # of expected failures 125 # of untested testcases 28 # of unsupported tests 451 /export/build/gnu/gcc/build-ia64-linux/gcc/xgcc version 4.0.0 20050120 (experimental) === objc tests === Running target unix === objc Summary === # of expected passes 1529 # of unsupported tests 11 /export/build/gnu/gcc/build-ia64-linux/gcc/xgcc version 4.0.0 20050120 (experimental) === libffi tests === Running target unix === libffi Summary === # of expected passes 216 # of unsupported tests 2 === libjava tests === Running target unix === libjava Summary === # of expected passes 3720 # of expected failures 14 # of untested testcases 16 === libmudflap tests === Running target unix === libmudflap Summary === # of expected passes 1280 === libstdc++ tests === Running target unix XPASS: 22_locale/locale/cons/12658_thread-1.cc execution test XPASS: 26_numerics/cmath/c99_classification_macros_c.cc (test for excess errors) XPASS: 27_io/fpos/14320-1.cc execution test === libstdc++ Summary === # of expected passes 3372 # of unexpected successes 3 # of expected failures 4 Compiler version: 4.0.0 20050120 (experimental) Platform: ia64-unknown-linux-gnu configure flags: --enable-clocale=gnu --with-system-zlib --with-demangler-in-ld --enable-threads=posix --enable-haifa --disable-checking --prefix=/usr/gcc-4.0 --with-local-prefix=/usr/local --enable-languages=c,c++,java,objc
Index Nav: | [Date Index] [Subject Index] [Author Index] [Thread Index] | |
---|---|---|
Message Nav: | [Date Prev] [Date Next] | [Thread Prev] [Thread Next] |