This is the mail archive of the
gcc-testresults@gcc.gnu.org
mailing list for the GCC project.
Results for 4.0.0 20050117 (experimental) testsuite on sparc-sun-solaris2.9
- From: coudert at clipper dot ens dot fr (Francois-Xavier Coudert)
- To: gcc-testresults at gcc dot gnu dot org
- Date: Mon, 17 Jan 2005 09:23:11 +0100 (MET)
- Subject: Results for 4.0.0 20050117 (experimental) testsuite on sparc-sun-solaris2.9
LAST_UPDATED:
Native configuration is sparc-sun-solaris2.9
=== gcc tests ===
Running target unix
FAIL: gcc.dg/debug/20000503-1.c -gxcoff+1 (test for excess errors)
FAIL: gcc.dg/debug/20000503-1.c -gxcoff+1 -O (test for excess errors)
FAIL: gcc.dg/debug/20000503-1.c -gxcoff+1 -O3 (test for excess errors)
FAIL: gcc.dg/debug/20000503-1.c -gxcoff+ (test for excess errors)
FAIL: gcc.dg/debug/20000503-1.c -gxcoff+ -O (test for excess errors)
FAIL: gcc.dg/debug/20000503-1.c -gxcoff+ -O3 (test for excess errors)
FAIL: gcc.dg/debug/20000503-1.c -gxcoff+3 (test for excess errors)
FAIL: gcc.dg/debug/20000503-1.c -gxcoff+3 -O (test for excess errors)
FAIL: gcc.dg/debug/20000503-1.c -gxcoff+3 -O3 (test for excess errors)
FAIL: gcc.dg/debug/20010207-1.c -gxcoff+1 (test for excess errors)
FAIL: gcc.dg/debug/20010207-1.c -gxcoff+1 -O (test for excess errors)
FAIL: gcc.dg/debug/20010207-1.c -gxcoff+1 -O3 (test for excess errors)
FAIL: gcc.dg/debug/20010207-1.c -gxcoff+ (test for excess errors)
FAIL: gcc.dg/debug/20010207-1.c -gxcoff+ -O (test for excess errors)
FAIL: gcc.dg/debug/20010207-1.c -gxcoff+ -O3 (test for excess errors)
FAIL: gcc.dg/debug/20010207-1.c -gxcoff+3 (test for excess errors)
FAIL: gcc.dg/debug/20010207-1.c -gxcoff+3 -O (test for excess errors)
FAIL: gcc.dg/debug/20010207-1.c -gxcoff+3 -O3 (test for excess errors)
FAIL: gcc.dg/debug/20011223-1.c -gxcoff+1 (test for excess errors)
FAIL: gcc.dg/debug/20011223-1.c -gxcoff+1 -O (test for excess errors)
FAIL: gcc.dg/debug/20011223-1.c -gxcoff+1 -O3 (test for excess errors)
FAIL: gcc.dg/debug/20011223-1.c -gxcoff+ (test for excess errors)
FAIL: gcc.dg/debug/20011223-1.c -gxcoff+ -O (test for excess errors)
FAIL: gcc.dg/debug/20011223-1.c -gxcoff+ -O3 (test for excess errors)
FAIL: gcc.dg/debug/20011223-1.c -gxcoff+3 (test for excess errors)
FAIL: gcc.dg/debug/20011223-1.c -gxcoff+3 -O (test for excess errors)
FAIL: gcc.dg/debug/20011223-1.c -gxcoff+3 -O3 (test for excess errors)
FAIL: gcc.dg/debug/20020104-2.c -gxcoff+1 (test for excess errors)
FAIL: gcc.dg/debug/20020104-2.c -gxcoff+1 -O (test for excess errors)
FAIL: gcc.dg/debug/20020104-2.c -gxcoff+1 -O3 (test for excess errors)
FAIL: gcc.dg/debug/20020104-2.c -gxcoff+ (test for excess errors)
FAIL: gcc.dg/debug/20020104-2.c -gxcoff+ -O (test for excess errors)
FAIL: gcc.dg/debug/20020104-2.c -gxcoff+ -O3 (test for excess errors)
FAIL: gcc.dg/debug/20020104-2.c -gxcoff+3 (test for excess errors)
FAIL: gcc.dg/debug/20020104-2.c -gxcoff+3 -O (test for excess errors)
FAIL: gcc.dg/debug/20020104-2.c -gxcoff+3 -O3 (test for excess errors)
FAIL: gcc.dg/debug/20020220-1.c -gxcoff+1 (test for excess errors)
WARNING: gcc.dg/debug/20020220-1.c -gxcoff+1 compilation failed to produce executable
FAIL: gcc.dg/debug/20020220-1.c -gxcoff+1 -O (test for excess errors)
WARNING: gcc.dg/debug/20020220-1.c -gxcoff+1 -O compilation failed to produce executable
FAIL: gcc.dg/debug/20020220-1.c -gxcoff+1 -O3 (test for excess errors)
WARNING: gcc.dg/debug/20020220-1.c -gxcoff+1 -O3 compilation failed to produce executable
FAIL: gcc.dg/debug/20020220-1.c -gxcoff+ (test for excess errors)
WARNING: gcc.dg/debug/20020220-1.c -gxcoff+ compilation failed to produce executable
FAIL: gcc.dg/debug/20020220-1.c -gxcoff+ -O (test for excess errors)
WARNING: gcc.dg/debug/20020220-1.c -gxcoff+ -O compilation failed to produce executable
FAIL: gcc.dg/debug/20020220-1.c -gxcoff+ -O3 (test for excess errors)
WARNING: gcc.dg/debug/20020220-1.c -gxcoff+ -O3 compilation failed to produce executable
FAIL: gcc.dg/debug/20020220-1.c -gxcoff+3 (test for excess errors)
WARNING: gcc.dg/debug/20020220-1.c -gxcoff+3 compilation failed to produce executable
FAIL: gcc.dg/debug/20020220-1.c -gxcoff+3 -O (test for excess errors)
WARNING: gcc.dg/debug/20020220-1.c -gxcoff+3 -O compilation failed to produce executable
FAIL: gcc.dg/debug/20020220-1.c -gxcoff+3 -O3 (test for excess errors)
WARNING: gcc.dg/debug/20020220-1.c -gxcoff+3 -O3 compilation failed to produce executable
FAIL: gcc.dg/debug/20020224-1.c -gxcoff+1 (test for excess errors)
FAIL: gcc.dg/debug/20020224-1.c -gxcoff+1 -O (test for excess errors)
FAIL: gcc.dg/debug/20020224-1.c -gxcoff+1 -O3 (test for excess errors)
FAIL: gcc.dg/debug/20020224-1.c -gxcoff+ (test for excess errors)
FAIL: gcc.dg/debug/20020224-1.c -gxcoff+ -O (test for excess errors)
FAIL: gcc.dg/debug/20020224-1.c -gxcoff+ -O3 (test for excess errors)
FAIL: gcc.dg/debug/20020224-1.c -gxcoff+3 (test for excess errors)
FAIL: gcc.dg/debug/20020224-1.c -gxcoff+3 -O (test for excess errors)
FAIL: gcc.dg/debug/20020224-1.c -gxcoff+3 -O3 (test for excess errors)
FAIL: gcc.dg/debug/20020327-1.c -gxcoff+1 (test for excess errors)
FAIL: gcc.dg/debug/20020327-1.c -gxcoff+1 -O (test for excess errors)
FAIL: gcc.dg/debug/20020327-1.c -gxcoff+1 -O3 (test for excess errors)
FAIL: gcc.dg/debug/20020327-1.c -gxcoff+ (test for excess errors)
FAIL: gcc.dg/debug/20020327-1.c -gxcoff+ -O (test for excess errors)
FAIL: gcc.dg/debug/20020327-1.c -gxcoff+ -O3 (test for excess errors)
FAIL: gcc.dg/debug/20020327-1.c -gxcoff+3 (test for excess errors)
FAIL: gcc.dg/debug/20020327-1.c -gxcoff+3 -O (test for excess errors)
FAIL: gcc.dg/debug/20020327-1.c -gxcoff+3 -O3 (test for excess errors)
FAIL: gcc.dg/debug/20030605-1.c -gxcoff+1 (test for excess errors)
FAIL: gcc.dg/debug/20030605-1.c -gxcoff+1 -O (test for excess errors)
FAIL: gcc.dg/debug/20030605-1.c -gxcoff+1 -O3 (test for excess errors)
FAIL: gcc.dg/debug/20030605-1.c -gxcoff+ (test for excess errors)
FAIL: gcc.dg/debug/20030605-1.c -gxcoff+ -O (test for excess errors)
FAIL: gcc.dg/debug/20030605-1.c -gxcoff+ -O3 (test for excess errors)
FAIL: gcc.dg/debug/20030605-1.c -gxcoff+3 (test for excess errors)
FAIL: gcc.dg/debug/20030605-1.c -gxcoff+3 -O (test for excess errors)
FAIL: gcc.dg/debug/20030605-1.c -gxcoff+3 -O3 (test for excess errors)
FAIL: gcc.dg/debug/20031231-1.c -gxcoff+1 (test for excess errors)
FAIL: gcc.dg/debug/20031231-1.c -gxcoff+1 -O (test for excess errors)
FAIL: gcc.dg/debug/20031231-1.c -gxcoff+1 -O3 (test for excess errors)
FAIL: gcc.dg/debug/20031231-1.c -gxcoff+ (test for excess errors)
FAIL: gcc.dg/debug/20031231-1.c -gxcoff+ -O (test for excess errors)
FAIL: gcc.dg/debug/20031231-1.c -gxcoff+ -O3 (test for excess errors)
FAIL: gcc.dg/debug/20031231-1.c -gxcoff+3 (test for excess errors)
FAIL: gcc.dg/debug/20031231-1.c -gxcoff+3 -O (test for excess errors)
FAIL: gcc.dg/debug/20031231-1.c -gxcoff+3 -O3 (test for excess errors)
FAIL: gcc.dg/debug/20041023-1.c -gxcoff+1 (test for excess errors)
FAIL: gcc.dg/debug/20041023-1.c -gxcoff+1 -O (test for excess errors)
FAIL: gcc.dg/debug/20041023-1.c -gxcoff+1 -O3 (test for excess errors)
FAIL: gcc.dg/debug/20041023-1.c -gxcoff+ (test for excess errors)
FAIL: gcc.dg/debug/20041023-1.c -gxcoff+ -O (test for excess errors)
FAIL: gcc.dg/debug/20041023-1.c -gxcoff+ -O3 (test for excess errors)
FAIL: gcc.dg/debug/20041023-1.c -gxcoff+3 (test for excess errors)
FAIL: gcc.dg/debug/20041023-1.c -gxcoff+3 -O (test for excess errors)
FAIL: gcc.dg/debug/20041023-1.c -gxcoff+3 -O3 (test for excess errors)
FAIL: gcc.dg/debug/20041219-1.c -gxcoff+1 (test for excess errors)
FAIL: gcc.dg/debug/20041219-1.c -gxcoff+1 -O (test for excess errors)
FAIL: gcc.dg/debug/20041219-1.c -gxcoff+1 -O3 (test for excess errors)
FAIL: gcc.dg/debug/20041219-1.c -gxcoff+ (test for excess errors)
FAIL: gcc.dg/debug/20041219-1.c -gxcoff+ -O (test for excess errors)
FAIL: gcc.dg/debug/20041219-1.c -gxcoff+ -O3 (test for excess errors)
FAIL: gcc.dg/debug/20041219-1.c -gxcoff+3 (test for excess errors)
FAIL: gcc.dg/debug/20041219-1.c -gxcoff+3 -O (test for excess errors)
FAIL: gcc.dg/debug/20041219-1.c -gxcoff+3 -O3 (test for excess errors)
FAIL: gcc.dg/debug/crash1.c -gxcoff+1 (test for excess errors)
FAIL: gcc.dg/debug/crash1.c -gxcoff+1 -O (test for excess errors)
FAIL: gcc.dg/debug/crash1.c -gxcoff+1 -O3 (test for excess errors)
FAIL: gcc.dg/debug/crash1.c -gxcoff+ (test for excess errors)
FAIL: gcc.dg/debug/crash1.c -gxcoff+ -O (test for excess errors)
FAIL: gcc.dg/debug/crash1.c -gxcoff+ -O3 (test for excess errors)
FAIL: gcc.dg/debug/crash1.c -gxcoff+3 (test for excess errors)
FAIL: gcc.dg/debug/crash1.c -gxcoff+3 -O (test for excess errors)
FAIL: gcc.dg/debug/crash1.c -gxcoff+3 -O3 (test for excess errors)
FAIL: gcc.dg/debug/debug-1.c -gxcoff+ (test for excess errors)
ERROR: gcc.dg/debug/debug-1.c -gxcoff+: error executing dg-final: couldn't open "debug-1.s": no such file or directory
UNRESOLVED: gcc.dg/debug/debug-1.c -gxcoff+: error executing dg-final: couldn't open "debug-1.s": no such file or directory
FAIL: gcc.dg/debug/debug-1.c -gxcoff+3 (test for excess errors)
ERROR: gcc.dg/debug/debug-1.c -gxcoff+3: error executing dg-final: couldn't open "debug-1.s": no such file or directory
UNRESOLVED: gcc.dg/debug/debug-1.c -gxcoff+3: error executing dg-final: couldn't open "debug-1.s": no such file or directory
FAIL: gcc.dg/debug/debug-2.c -gxcoff+ (test for excess errors)
ERROR: gcc.dg/debug/debug-2.c -gxcoff+: error executing dg-final: couldn't open "debug-2.s": no such file or directory
UNRESOLVED: gcc.dg/debug/debug-2.c -gxcoff+: error executing dg-final: couldn't open "debug-2.s": no such file or directory
FAIL: gcc.dg/debug/debug-2.c -gxcoff+3 (test for excess errors)
ERROR: gcc.dg/debug/debug-2.c -gxcoff+3: error executing dg-final: couldn't open "debug-2.s": no such file or directory
UNRESOLVED: gcc.dg/debug/debug-2.c -gxcoff+3: error executing dg-final: couldn't open "debug-2.s": no such file or directory
FAIL: gcc.dg/debug/debug-3.c -gxcoff+1 (test for excess errors)
FAIL: gcc.dg/debug/debug-3.c -gxcoff+1 -O (test for excess errors)
FAIL: gcc.dg/debug/debug-3.c -gxcoff+1 -O3 (test for excess errors)
FAIL: gcc.dg/debug/debug-3.c -gxcoff+ (test for excess errors)
FAIL: gcc.dg/debug/debug-3.c -gxcoff+ -O (test for excess errors)
FAIL: gcc.dg/debug/debug-3.c -gxcoff+ -O3 (test for excess errors)
FAIL: gcc.dg/debug/debug-3.c -gxcoff+3 (test for excess errors)
FAIL: gcc.dg/debug/debug-3.c -gxcoff+3 -O (test for excess errors)
FAIL: gcc.dg/debug/debug-3.c -gxcoff+3 -O3 (test for excess errors)
FAIL: gcc.dg/debug/debug-4.c -gxcoff+1 (test for excess errors)
FAIL: gcc.dg/debug/debug-4.c -gxcoff+1 -O (test for excess errors)
FAIL: gcc.dg/debug/debug-4.c -gxcoff+1 -O3 (test for excess errors)
FAIL: gcc.dg/debug/debug-4.c -gxcoff+ (test for excess errors)
FAIL: gcc.dg/debug/debug-4.c -gxcoff+ -O (test for excess errors)
FAIL: gcc.dg/debug/debug-4.c -gxcoff+ -O3 (test for excess errors)
FAIL: gcc.dg/debug/debug-4.c -gxcoff+3 (test for excess errors)
FAIL: gcc.dg/debug/debug-4.c -gxcoff+3 -O (test for excess errors)
FAIL: gcc.dg/debug/debug-4.c -gxcoff+3 -O3 (test for excess errors)
FAIL: gcc.dg/debug/debug-5.c -gxcoff+1 (test for excess errors)
FAIL: gcc.dg/debug/debug-5.c -gxcoff+1 -O (test for excess errors)
FAIL: gcc.dg/debug/debug-5.c -gxcoff+1 -O3 (test for excess errors)
FAIL: gcc.dg/debug/debug-5.c -gxcoff+ (test for excess errors)
FAIL: gcc.dg/debug/debug-5.c -gxcoff+ -O (test for excess errors)
FAIL: gcc.dg/debug/debug-5.c -gxcoff+ -O3 (test for excess errors)
FAIL: gcc.dg/debug/debug-5.c -gxcoff+3 (test for excess errors)
FAIL: gcc.dg/debug/debug-5.c -gxcoff+3 -O (test for excess errors)
FAIL: gcc.dg/debug/debug-5.c -gxcoff+3 -O3 (test for excess errors)
FAIL: gcc.dg/debug/debug-6.c -gxcoff+ (test for excess errors)
ERROR: gcc.dg/debug/debug-6.c -gxcoff+: error executing dg-final: couldn't open "debug-6.s": no such file or directory
UNRESOLVED: gcc.dg/debug/debug-6.c -gxcoff+: error executing dg-final: couldn't open "debug-6.s": no such file or directory
FAIL: gcc.dg/debug/debug-6.c -gxcoff+ -O (test for excess errors)
ERROR: gcc.dg/debug/debug-6.c -gxcoff+ -O: error executing dg-final: couldn't open "debug-6.s": no such file or directory
UNRESOLVED: gcc.dg/debug/debug-6.c -gxcoff+ -O: error executing dg-final: couldn't open "debug-6.s": no such file or directory
FAIL: gcc.dg/debug/debug-6.c -gxcoff+ -O3 (test for excess errors)
ERROR: gcc.dg/debug/debug-6.c -gxcoff+ -O3: error executing dg-final: couldn't open "debug-6.s": no such file or directory
UNRESOLVED: gcc.dg/debug/debug-6.c -gxcoff+ -O3: error executing dg-final: couldn't open "debug-6.s": no such file or directory
FAIL: gcc.dg/debug/debug-6.c -gxcoff+3 (test for excess errors)
ERROR: gcc.dg/debug/debug-6.c -gxcoff+3: error executing dg-final: couldn't open "debug-6.s": no such file or directory
UNRESOLVED: gcc.dg/debug/debug-6.c -gxcoff+3: error executing dg-final: couldn't open "debug-6.s": no such file or directory
FAIL: gcc.dg/debug/debug-6.c -gxcoff+3 -O (test for excess errors)
ERROR: gcc.dg/debug/debug-6.c -gxcoff+3 -O: error executing dg-final: couldn't open "debug-6.s": no such file or directory
UNRESOLVED: gcc.dg/debug/debug-6.c -gxcoff+3 -O: error executing dg-final: couldn't open "debug-6.s": no such file or directory
FAIL: gcc.dg/debug/debug-6.c -gxcoff+3 -O3 (test for excess errors)
ERROR: gcc.dg/debug/debug-6.c -gxcoff+3 -O3: error executing dg-final: couldn't open "debug-6.s": no such file or directory
UNRESOLVED: gcc.dg/debug/debug-6.c -gxcoff+3 -O3: error executing dg-final: couldn't open "debug-6.s": no such file or directory
FAIL: gcc.dg/debug/debug-7.c -gxcoff+1 (test for excess errors)
FAIL: gcc.dg/debug/debug-7.c -gxcoff+1 -O (test for excess errors)
FAIL: gcc.dg/debug/debug-7.c -gxcoff+1 -O3 (test for excess errors)
FAIL: gcc.dg/debug/debug-7.c -gxcoff+ (test for excess errors)
FAIL: gcc.dg/debug/debug-7.c -gxcoff+ -O (test for excess errors)
FAIL: gcc.dg/debug/debug-7.c -gxcoff+ -O3 (test for excess errors)
FAIL: gcc.dg/debug/debug-7.c -gxcoff+3 (test for excess errors)
FAIL: gcc.dg/debug/debug-7.c -gxcoff+3 -O (test for excess errors)
FAIL: gcc.dg/debug/debug-7.c -gxcoff+3 -O3 (test for excess errors)
FAIL: gcc.dg/debug/dwarf2-1.c -gxcoff+1 (test for excess errors)
FAIL: gcc.dg/debug/dwarf2-1.c -gxcoff+1 -O (test for excess errors)
FAIL: gcc.dg/debug/dwarf2-1.c -gxcoff+1 -O3 (test for excess errors)
FAIL: gcc.dg/debug/dwarf2-1.c -gxcoff+ (test for excess errors)
FAIL: gcc.dg/debug/dwarf2-1.c -gxcoff+ -O (test for excess errors)
FAIL: gcc.dg/debug/dwarf2-1.c -gxcoff+ -O3 (test for excess errors)
FAIL: gcc.dg/debug/dwarf2-1.c -gxcoff+3 (test for excess errors)
FAIL: gcc.dg/debug/dwarf2-1.c -gxcoff+3 -O (test for excess errors)
FAIL: gcc.dg/debug/dwarf2-1.c -gxcoff+3 -O3 (test for excess errors)
FAIL: gcc.dg/debug/dwarf2-2.c -gxcoff+1 (test for excess errors)
FAIL: gcc.dg/debug/dwarf2-2.c -gxcoff+1 -O (test for excess errors)
FAIL: gcc.dg/debug/dwarf2-2.c -gxcoff+1 -O3 (test for excess errors)
FAIL: gcc.dg/debug/dwarf2-2.c -gxcoff+ (test for excess errors)
FAIL: gcc.dg/debug/dwarf2-2.c -gxcoff+ -O (test for excess errors)
FAIL: gcc.dg/debug/dwarf2-2.c -gxcoff+ -O3 (test for excess errors)
FAIL: gcc.dg/debug/dwarf2-2.c -gxcoff+3 (test for excess errors)
FAIL: gcc.dg/debug/dwarf2-2.c -gxcoff+3 -O (test for excess errors)
FAIL: gcc.dg/debug/dwarf2-2.c -gxcoff+3 -O3 (test for excess errors)
FAIL: gcc.dg/debug/dwarf2-3.c -gxcoff+1 (test for excess errors)
FAIL: gcc.dg/debug/dwarf2-3.c -gxcoff+1 -O (test for excess errors)
FAIL: gcc.dg/debug/dwarf2-3.c -gxcoff+1 -O3 (test for excess errors)
FAIL: gcc.dg/debug/dwarf2-3.c -gxcoff+ (test for excess errors)
FAIL: gcc.dg/debug/dwarf2-3.c -gxcoff+ -O (test for excess errors)
FAIL: gcc.dg/debug/dwarf2-3.c -gxcoff+ -O3 (test for excess errors)
FAIL: gcc.dg/debug/dwarf2-3.c -gxcoff+3 (test for excess errors)
FAIL: gcc.dg/debug/dwarf2-3.c -gxcoff+3 -O (test for excess errors)
FAIL: gcc.dg/debug/dwarf2-3.c -gxcoff+3 -O3 (test for excess errors)
FAIL: gcc.dg/debug/redecl-1.c -gxcoff+1 (test for excess errors)
FAIL: gcc.dg/debug/redecl-1.c -gxcoff+1 -O (test for excess errors)
FAIL: gcc.dg/debug/redecl-1.c -gxcoff+1 -O3 (test for excess errors)
FAIL: gcc.dg/debug/redecl-1.c -gxcoff+ (test for excess errors)
FAIL: gcc.dg/debug/redecl-1.c -gxcoff+ -O (test for excess errors)
FAIL: gcc.dg/debug/redecl-1.c -gxcoff+ -O3 (test for excess errors)
FAIL: gcc.dg/debug/redecl-1.c -gxcoff+3 (test for excess errors)
FAIL: gcc.dg/debug/redecl-1.c -gxcoff+3 -O (test for excess errors)
FAIL: gcc.dg/debug/redecl-1.c -gxcoff+3 -O3 (test for excess errors)
FAIL: gcc.dg/debug/redecl-2.c -gxcoff+1 (test for excess errors)
FAIL: gcc.dg/debug/redecl-2.c -gxcoff+1 -O (test for excess errors)
FAIL: gcc.dg/debug/redecl-2.c -gxcoff+1 -O3 (test for excess errors)
FAIL: gcc.dg/debug/redecl-2.c -gxcoff+ (test for excess errors)
FAIL: gcc.dg/debug/redecl-2.c -gxcoff+ -O (test for excess errors)
FAIL: gcc.dg/debug/redecl-2.c -gxcoff+ -O3 (test for excess errors)
FAIL: gcc.dg/debug/redecl-2.c -gxcoff+3 (test for excess errors)
FAIL: gcc.dg/debug/redecl-2.c -gxcoff+3 -O (test for excess errors)
FAIL: gcc.dg/debug/redecl-2.c -gxcoff+3 -O3 (test for excess errors)
FAIL: gcc.dg/debug/redecl-3.c -gxcoff+1 (test for excess errors)
FAIL: gcc.dg/debug/redecl-3.c -gxcoff+1 -O (test for excess errors)
FAIL: gcc.dg/debug/redecl-3.c -gxcoff+1 -O3 (test for excess errors)
FAIL: gcc.dg/debug/redecl-3.c -gxcoff+ (test for excess errors)
FAIL: gcc.dg/debug/redecl-3.c -gxcoff+ -O (test for excess errors)
FAIL: gcc.dg/debug/redecl-3.c -gxcoff+ -O3 (test for excess errors)
FAIL: gcc.dg/debug/redecl-3.c -gxcoff+3 (test for excess errors)
FAIL: gcc.dg/debug/redecl-3.c -gxcoff+3 -O (test for excess errors)
FAIL: gcc.dg/debug/redecl-3.c -gxcoff+3 -O3 (test for excess errors)
FAIL: gcc.dg/debug/redecl-4.c -gxcoff+1 (test for excess errors)
FAIL: gcc.dg/debug/redecl-4.c -gxcoff+1 -O (test for excess errors)
FAIL: gcc.dg/debug/redecl-4.c -gxcoff+1 -O3 (test for excess errors)
FAIL: gcc.dg/debug/redecl-4.c -gxcoff+ (test for excess errors)
FAIL: gcc.dg/debug/redecl-4.c -gxcoff+ -O (test for excess errors)
FAIL: gcc.dg/debug/redecl-4.c -gxcoff+ -O3 (test for excess errors)
FAIL: gcc.dg/debug/redecl-4.c -gxcoff+3 (test for excess errors)
FAIL: gcc.dg/debug/redecl-4.c -gxcoff+3 -O (test for excess errors)
FAIL: gcc.dg/debug/redecl-4.c -gxcoff+3 -O3 (test for excess errors)
FAIL: gcc.dg/debug/redecl-5.c -gxcoff+1 (test for excess errors)
FAIL: gcc.dg/debug/redecl-5.c -gxcoff+1 -O (test for excess errors)
FAIL: gcc.dg/debug/redecl-5.c -gxcoff+1 -O3 (test for excess errors)
FAIL: gcc.dg/debug/redecl-5.c -gxcoff+ (test for excess errors)
FAIL: gcc.dg/debug/redecl-5.c -gxcoff+ -O (test for excess errors)
FAIL: gcc.dg/debug/redecl-5.c -gxcoff+ -O3 (test for excess errors)
FAIL: gcc.dg/debug/redecl-5.c -gxcoff+3 (test for excess errors)
FAIL: gcc.dg/debug/redecl-5.c -gxcoff+3 -O (test for excess errors)
FAIL: gcc.dg/debug/redecl-5.c -gxcoff+3 -O3 (test for excess errors)
FAIL: gcc.dg/debug/trivial.c -gxcoff+1 (test for excess errors)
WARNING: gcc.dg/debug/trivial.c -gxcoff+1 compilation failed to produce executable
FAIL: gcc.dg/debug/trivial.c -gxcoff+1 -O (test for excess errors)
WARNING: gcc.dg/debug/trivial.c -gxcoff+1 -O compilation failed to produce executable
FAIL: gcc.dg/debug/trivial.c -gxcoff+1 -O3 (test for excess errors)
WARNING: gcc.dg/debug/trivial.c -gxcoff+1 -O3 compilation failed to produce executable
FAIL: gcc.dg/debug/trivial.c -gxcoff+ (test for excess errors)
WARNING: gcc.dg/debug/trivial.c -gxcoff+ compilation failed to produce executable
FAIL: gcc.dg/debug/trivial.c -gxcoff+ -O (test for excess errors)
WARNING: gcc.dg/debug/trivial.c -gxcoff+ -O compilation failed to produce executable
FAIL: gcc.dg/debug/trivial.c -gxcoff+ -O3 (test for excess errors)
WARNING: gcc.dg/debug/trivial.c -gxcoff+ -O3 compilation failed to produce executable
FAIL: gcc.dg/debug/trivial.c -gxcoff+3 (test for excess errors)
WARNING: gcc.dg/debug/trivial.c -gxcoff+3 compilation failed to produce executable
FAIL: gcc.dg/debug/trivial.c -gxcoff+3 -O (test for excess errors)
WARNING: gcc.dg/debug/trivial.c -gxcoff+3 -O compilation failed to produce executable
FAIL: gcc.dg/debug/trivial.c -gxcoff+3 -O3 (test for excess errors)
WARNING: gcc.dg/debug/trivial.c -gxcoff+3 -O3 compilation failed to produce executable
FAIL: gcc.dg/20000926-1.c (test for warnings, line 25)
FAIL: gcc.dg/c90-fordecl-1.c declaration in for loop (test for errors, line 10)
FAIL: gcc.dg/c90-fordecl-1.c (test for excess errors)
FAIL: gcc.dg/decl-7.c (test for warnings, line 6)
FAIL: gcc.dg/decl-nospec-3.c (test for errors, line 8)
FAIL: gcc.dg/decl-nospec-3.c (test for excess errors)
FAIL: gcc.dg/declspec-3.c (test for warnings, line 34)
FAIL: gcc.dg/struct-empty-3.c (test for errors, line 7)
FAIL: gcc.dg/struct-empty-3.c (test for errors, line 8)
FAIL: gcc.dg/struct-empty-3.c (test for errors, line 9)
FAIL: gcc.dg/struct-empty-3.c (test for errors, line 10)
FAIL: gcc.dg/struct-empty-3.c (test for excess errors)
FAIL: gcc.dg/format/c90-strftime-1.c 2-digit year (test for warnings, line 15)
FAIL: gcc.dg/format/c90-strftime-1.c 2-digit year (test for warnings, line 17)
FAIL: gcc.dg/format/c90-strftime-1.c 2-digit year (test for warnings, line 18)
FAIL: gcc.dg/noncompile/20030818-1.c -O0 (test for errors, line 3)
FAIL: gcc.dg/noncompile/20030818-1.c -O0 (test for excess errors)
FAIL: gcc.dg/noncompile/930301-1.c -O0 (test for errors, line 4)
FAIL: gcc.dg/noncompile/930301-1.c -O0 (test for excess errors)
FAIL: gcc.dg/pch/valid-2.c -O3 -g (test for errors, line 3)
FAIL: gcc.dg/pch/valid-2.c -O3 -g (test for excess errors)
FAIL: gcc.dg/pch/valid-4.c -O3 -fomit-frame-pointer (test for errors, line 5)
FAIL: gcc.dg/vect/vect-66.c scan-tree-dump-times Alignment of access forced using peeling 1
XPASS: gcc.dg/vect/vect-85.c scan-tree-dump-times vectorized 1 loops 1
=== gcc Summary ===
# of expected passes32070
# of unexpected failures258
# of unexpected successes1
# of expected failures103
# of unresolved testcases10
# of untested testcases28
# of unsupported tests503
/tmp/gfortran-20050117/ibin/gcc/xgcc version 4.0.0 20050117 (experimental)
=== gfortran tests ===
Running target unix
FAIL: gfortran.dg/assign_1.f90 -O (test for errors, line 5)
FAIL: gfortran.dg/assign_1.f90 -O (test for excess errors)
XPASS: gfortran.dg/ret_pointer_1.f90 -O0 execution test
XPASS: gfortran.dg/ret_pointer_1.f90 -O1 execution test
XPASS: gfortran.dg/ret_pointer_1.f90 -O2 execution test
XPASS: gfortran.dg/ret_pointer_1.f90 -O3 -fomit-frame-pointer execution test
XPASS: gfortran.dg/ret_pointer_1.f90 -O3 -fomit-frame-pointer -funroll-loops execution test
XPASS: gfortran.dg/ret_pointer_1.f90 -O3 -fomit-frame-pointer -funroll-all-loops -finline-functions execution test
XPASS: gfortran.dg/ret_pointer_1.f90 -O3 -g execution test
FAIL: gfortran.dg/write_to_null.f90 -O0 execution test
FAIL: gfortran.dg/write_to_null.f90 -O1 execution test
FAIL: gfortran.dg/write_to_null.f90 -O2 execution test
FAIL: gfortran.dg/write_to_null.f90 -O3 -fomit-frame-pointer execution test
FAIL: gfortran.dg/write_to_null.f90 -O3 -fomit-frame-pointer -funroll-loops execution test
FAIL: gfortran.dg/write_to_null.f90 -O3 -fomit-frame-pointer -funroll-all-loops -finline-functions execution test
FAIL: gfortran.dg/write_to_null.f90 -O3 -g execution test
FAIL: gfortran.dg/write_to_null.f90 -Os execution test
FAIL: gfortran.dg/g77/pr9258.f -O (test for warnings, line 16)
FAIL: gfortran.dg/g77/pr9258.f -O (test for warnings, line 17)
FAIL: gfortran.fortran-torture/execute/forall_3.f90 execution, -O1
FAIL: gfortran.fortran-torture/execute/intrinsic_nearest.f90 execution, -O0
FAIL: gfortran.fortran-torture/execute/intrinsic_nearest.f90 execution, -O1
FAIL: gfortran.fortran-torture/execute/intrinsic_nearest.f90 execution, -O2
FAIL: gfortran.fortran-torture/execute/intrinsic_nearest.f90 execution, -O3 -fomit-frame-pointer
FAIL: gfortran.fortran-torture/execute/intrinsic_nearest.f90 execution, -O3 -fomit-frame-pointer -funroll-loops
FAIL: gfortran.fortran-torture/execute/intrinsic_nearest.f90 execution, -O3 -fomit-frame-pointer -funroll-all-loops -finline-functions
FAIL: gfortran.fortran-torture/execute/intrinsic_nearest.f90 execution, -O3 -g
FAIL: gfortran.fortran-torture/execute/intrinsic_nearest.f90 execution, -Os
FAIL: gfortran.fortran-torture/execute/intrinsic_transpose.f90 execution, -O1
=== gfortran Summary ===
# of expected passes4989
# of unexpected failures22
# of unexpected successes7
# of expected failures19
# of unsupported tests8
/tmp/gfortran-20050117/ibin/gcc/testsuite/../gfortran version 4.0.0 20050117 (experimental)
Compiler version: 4.0.0 20050117 (experimental)
Platform: sparc-sun-solaris2.9
configure flags: --prefix=/tmp/gfortran-20050117/irun --enable-languages=c,f95,;t t