This is the mail archive of the
gcc-testresults@gcc.gnu.org
mailing list for the GCC project.
[Fwd: Results for 4.0.0 20050112 (experimental) testsuite on sh-unknown-elf]
- From: Joern RENNECKE <joern dot rennecke at st dot com>
- To: gcc-testresults at gcc dot gnu dot org
- Date: Thu, 13 Jan 2005 12:32:52 +0000
- Subject: [Fwd: Results for 4.0.0 20050112 (experimental) testsuite on sh-unknown-elf]
Someone must have messed up the configuration again; the bprob tests
used to work:
http://gcc.gnu.org/ml/gcc-testresults/2004-12/msg00025.html
-------- Original Message --------
Subject: Results for 4.0.0 20050112 (experimental) testsuite on
sh-unknown-elf
Date: Wed, 12 Jan 2005 22:30:54 +0000
From: Joern Rennecke <renneckej@bristol.st.com>
To: joern.rennecke@st.com
LAST_UPDATED:
Target is sh-unknown-elf
Host is i686-pc-linux-gnu
=== g++ tests ===
Running target sh-hms-sim
FAIL: g++.dg/bprob/g++-bprob-1.C execution: file g++-bprob-1.gcda does not exist, -g -fprofile-arcs
UNRESOLVED: g++.dg/bprob/g++-bprob-1.C compilation, -g -fbranch-probabilities
UNRESOLVED: g++.dg/bprob/g++-bprob-1.C execution, -g -fbranch-probabilities
FAIL: g++.dg/bprob/g++-bprob-1.C execution: file g++-bprob-1.gcda does not exist, -O0 -fprofile-arcs
UNRESOLVED: g++.dg/bprob/g++-bprob-1.C compilation, -O0 -fbranch-probabilities
UNRESOLVED: g++.dg/bprob/g++-bprob-1.C execution, -O0 -fbranch-probabilities
FAIL: g++.dg/bprob/g++-bprob-1.C execution: file g++-bprob-1.gcda does not exist, -O1 -fprofile-arcs
UNRESOLVED: g++.dg/bprob/g++-bprob-1.C compilation, -O1 -fbranch-probabilities
UNRESOLVED: g++.dg/bprob/g++-bprob-1.C execution, -O1 -fbranch-probabilities
FAIL: g++.dg/bprob/g++-bprob-1.C execution: file g++-bprob-1.gcda does not exist, -O2 -fprofile-arcs
UNRESOLVED: g++.dg/bprob/g++-bprob-1.C compilation, -O2 -fbranch-probabilities
UNRESOLVED: g++.dg/bprob/g++-bprob-1.C execution, -O2 -fbranch-probabilities
FAIL: g++.dg/bprob/g++-bprob-1.C execution: file g++-bprob-1.gcda does not exist, -O3 -fprofile-arcs
UNRESOLVED: g++.dg/bprob/g++-bprob-1.C compilation, -O3 -fbranch-probabilities
UNRESOLVED: g++.dg/bprob/g++-bprob-1.C execution, -O3 -fbranch-probabilities
FAIL: g++.dg/bprob/g++-bprob-1.C execution: file g++-bprob-1.gcda does not exist, -O3 -g -fprofile-arcs
UNRESOLVED: g++.dg/bprob/g++-bprob-1.C compilation, -O3 -g -fbranch-probabilities
UNRESOLVED: g++.dg/bprob/g++-bprob-1.C execution, -O3 -g -fbranch-probabilities
FAIL: g++.dg/bprob/g++-bprob-1.C execution: file g++-bprob-1.gcda does not exist, -Os -fprofile-arcs
UNRESOLVED: g++.dg/bprob/g++-bprob-1.C compilation, -Os -fbranch-probabilities
UNRESOLVED: g++.dg/bprob/g++-bprob-1.C execution, -Os -fbranch-probabilities
FAIL: g++.dg/bprob/g++-bprob-1.C execution: file g++-bprob-1.gcda does not exist, -g -ftree-based-profiling -fprofile-arcs
UNRESOLVED: g++.dg/bprob/g++-bprob-1.C compilation, -g -ftree-based-profiling -fbranch-probabilities
UNRESOLVED: g++.dg/bprob/g++-bprob-1.C execution, -g -ftree-based-profiling -fbranch-probabilities
FAIL: g++.dg/bprob/g++-bprob-1.C execution: file g++-bprob-1.gcda does not exist, -O0 -ftree-based-profiling -fprofile-arcs
UNRESOLVED: g++.dg/bprob/g++-bprob-1.C compilation, -O0 -ftree-based-profiling -fbranch-probabilities
UNRESOLVED: g++.dg/bprob/g++-bprob-1.C execution, -O0 -ftree-based-profiling -fbranch-probabilities
FAIL: g++.dg/bprob/g++-bprob-1.C execution: file g++-bprob-1.gcda does not exist, -O1 -ftree-based-profiling -fprofile-arcs
UNRESOLVED: g++.dg/bprob/g++-bprob-1.C compilation, -O1 -ftree-based-profiling -fbranch-probabilities
UNRESOLVED: g++.dg/bprob/g++-bprob-1.C execution, -O1 -ftree-based-profiling -fbranch-probabilities
FAIL: g++.dg/bprob/g++-bprob-1.C execution: file g++-bprob-1.gcda does not exist, -O2 -ftree-based-profiling -fprofile-arcs
UNRESOLVED: g++.dg/bprob/g++-bprob-1.C compilation, -O2 -ftree-based-profiling -fbranch-probabilities
UNRESOLVED: g++.dg/bprob/g++-bprob-1.C execution, -O2 -ftree-based-profiling -fbranch-probabilities
FAIL: g++.dg/bprob/g++-bprob-1.C execution: file g++-bprob-1.gcda does not exist, -O3 -ftree-based-profiling -fprofile-arcs
UNRESOLVED: g++.dg/bprob/g++-bprob-1.C compilation, -O3 -ftree-based-profiling -fbranch-probabilities
UNRESOLVED: g++.dg/bprob/g++-bprob-1.C execution, -O3 -ftree-based-profiling -fbranch-probabilities
FAIL: g++.dg/bprob/g++-bprob-1.C execution: file g++-bprob-1.gcda does not exist, -O3 -g -ftree-based-profiling -fprofile-arcs
UNRESOLVED: g++.dg/bprob/g++-bprob-1.C compilation, -O3 -g -ftree-based-profiling -fbranch-probabilities
UNRESOLVED: g++.dg/bprob/g++-bprob-1.C execution, -O3 -g -ftree-based-profiling -fbranch-probabilities
FAIL: g++.dg/bprob/g++-bprob-1.C execution: file g++-bprob-1.gcda does not exist, -Os -ftree-based-profiling -fprofile-arcs
UNRESOLVED: g++.dg/bprob/g++-bprob-1.C compilation, -Os -ftree-based-profiling -fbranch-probabilities
UNRESOLVED: g++.dg/bprob/g++-bprob-1.C execution, -Os -ftree-based-profiling -fbranch-probabilities
FAIL: g++.dg/eh/crossjump1.C (test for excess errors)
WARNING: g++.dg/eh/crossjump1.C compilation failed to produce executable
FAIL: g++.dg/eh/omit-frame-pointer.C (test for excess errors)
WARNING: g++.dg/eh/omit-frame-pointer.C compilation failed to produce executable
FAIL: g++.dg/init/array15.C (test for excess errors)
WARNING: g++.dg/init/array15.C compilation failed to produce executable
FAIL: g++.dg/init/array16.C (test for excess errors)
WARNING: g++.dg/init/array16.C compilation failed to produce executable
FAIL: g++.dg/opt/pr15551.C (test for excess errors)
WARNING: g++.dg/opt/pr15551.C compilation failed to produce executable
XPASS: g++.dg/other/packed1.C execution test
FAIL: g++.dg/other/profile1.C (test for excess errors)
WARNING: g++.dg/other/profile1.C compilation failed to produce executable
FAIL: g++.dg/parse/varmod1.C (test for errors, line 5)
FAIL: g++.dg/rtti/typeid4.C (test for excess errors)
WARNING: g++.dg/rtti/typeid4.C compilation failed to produce executable
FAIL: g++.dg/template/friend10.C (test for excess errors)
WARNING: g++.dg/template/friend10.C compilation failed to produce executable
FAIL: g++.old-deja/g++.benjamin/15071.C (test for excess errors)
WARNING: g++.old-deja/g++.benjamin/15071.C compilation failed to produce executable
FAIL: g++.old-deja/g++.brendan/copy9.C (test for excess errors)
WARNING: g++.old-deja/g++.brendan/copy9.C compilation failed to produce executable
FAIL: g++.old-deja/g++.brendan/nest21.C (test for excess errors)
WARNING: g++.old-deja/g++.brendan/nest21.C compilation failed to produce executable
FAIL: g++.old-deja/g++.brendan/ptolemy2.C (test for excess errors)
WARNING: g++.old-deja/g++.brendan/ptolemy2.C compilation failed to produce executable
FAIL: g++.old-deja/g++.bugs/900322_01.C (test for errors, line 46)
FAIL: g++.old-deja/g++.bugs/900322_01.C (test for errors, line 51)
FAIL: g++.old-deja/g++.bugs/900322_01.C (test for errors, line 52)
FAIL: g++.old-deja/g++.jason/2371.C (test for excess errors)
WARNING: g++.old-deja/g++.jason/2371.C compilation failed to produce executable
XPASS: g++.old-deja/g++.jason/rfg16.C (test for bogus messages, line 5)
FAIL: g++.old-deja/g++.jason/template24.C (test for excess errors)
WARNING: g++.old-deja/g++.jason/template24.C compilation failed to produce executable
FAIL: g++.old-deja/g++.jason/template31.C (test for excess errors)
WARNING: g++.old-deja/g++.jason/template31.C compilation failed to produce executable
XPASS: g++.old-deja/g++.jason/thunk3.C execution test
FAIL: g++.old-deja/g++.law/arg8.C (test for excess errors)
WARNING: g++.old-deja/g++.law/arg8.C compilation failed to produce executable
FAIL: g++.old-deja/g++.law/code-gen5.C (test for excess errors)
WARNING: g++.old-deja/g++.law/code-gen5.C compilation failed to produce executable
FAIL: g++.old-deja/g++.law/ctors12.C (test for excess errors)
WARNING: g++.old-deja/g++.law/ctors12.C compilation failed to produce executable
FAIL: g++.old-deja/g++.law/cvt2.C (test for excess errors)
WARNING: g++.old-deja/g++.law/cvt2.C compilation failed to produce executable
FAIL: g++.old-deja/g++.law/virtual3.C (test for excess errors)
WARNING: g++.old-deja/g++.law/virtual3.C compilation failed to produce executable
FAIL: g++.old-deja/g++.mike/eh2.C (test for excess errors)
WARNING: g++.old-deja/g++.mike/eh2.C compilation failed to produce executable
FAIL: g++.old-deja/g++.mike/net34.C (test for excess errors)
WARNING: g++.old-deja/g++.mike/net34.C compilation failed to produce executable
FAIL: g++.old-deja/g++.mike/net46.C (test for excess errors)
WARNING: g++.old-deja/g++.mike/net46.C compilation failed to produce executable
WARNING: g++.old-deja/g++.mike/p10769a.C compilation failed to produce executable
FAIL: g++.old-deja/g++.mike/p658.C (test for excess errors)
WARNING: g++.old-deja/g++.mike/p658.C compilation failed to produce executable
FAIL: g++.old-deja/g++.other/headers1.C (test for excess errors)
WARNING: g++.old-deja/g++.other/headers1.C compilation failed to produce executable
FAIL: g++.old-deja/g++.other/sibcall1.C (test for excess errors)
WARNING: g++.old-deja/g++.other/sibcall1.C compilation failed to produce executable
FAIL: g++.old-deja/g++.other/unchanging1.C (test for excess errors)
WARNING: g++.old-deja/g++.other/unchanging1.C compilation failed to produce executable
FAIL: g++.old-deja/g++.robertl/eb115.C (test for excess errors)
WARNING: g++.old-deja/g++.robertl/eb115.C compilation failed to produce executable
FAIL: g++.old-deja/g++.robertl/eb21.C (test for excess errors)
WARNING: g++.old-deja/g++.robertl/eb21.C compilation failed to produce executable
FAIL: g++.old-deja/g++.robertl/eb31.C (test for excess errors)
WARNING: g++.old-deja/g++.robertl/eb31.C compilation failed to produce executable
FAIL: g++.old-deja/g++.robertl/eb41.C (test for excess errors)
WARNING: g++.old-deja/g++.robertl/eb41.C compilation failed to produce executable
FAIL: g++.old-deja/g++.robertl/eb46.C (test for excess errors)
WARNING: g++.old-deja/g++.robertl/eb46.C compilation failed to produce executable
FAIL: g++.old-deja/g++.robertl/eb54.C (test for excess errors)
WARNING: g++.old-deja/g++.robertl/eb54.C compilation failed to produce executable
FAIL: g++.old-deja/g++.robertl/eb66.C (test for excess errors)
WARNING: g++.old-deja/g++.robertl/eb66.C compilation failed to produce executable
FAIL: g++.old-deja/g++.robertl/eb73.C (test for excess errors)
WARNING: g++.old-deja/g++.robertl/eb73.C compilation failed to produce executable
FAIL: g++.old-deja/g++.robertl/eb77.C (test for excess errors)
WARNING: g++.old-deja/g++.robertl/eb77.C compilation failed to produce executable
=== g++ Summary for sh-hms-sim ===
# of expected passes 10362
# of unexpected failures 54
# of unexpected successes 3
# of expected failures 71
# of unresolved testcases 28
# of unsupported tests 110
Running target sh-hms-sim/-m4/-ml
FAIL: g++.dg/bprob/g++-bprob-1.C execution: file g++-bprob-1.gcda does not exist, -g -fprofile-arcs
UNRESOLVED: g++.dg/bprob/g++-bprob-1.C compilation, -g -fbranch-probabilities
UNRESOLVED: g++.dg/bprob/g++-bprob-1.C execution, -g -fbranch-probabilities
FAIL: g++.dg/bprob/g++-bprob-1.C execution: file g++-bprob-1.gcda does not exist, -O0 -fprofile-arcs
UNRESOLVED: g++.dg/bprob/g++-bprob-1.C compilation, -O0 -fbranch-probabilities
UNRESOLVED: g++.dg/bprob/g++-bprob-1.C execution, -O0 -fbranch-probabilities
FAIL: g++.dg/bprob/g++-bprob-1.C execution: file g++-bprob-1.gcda does not exist, -O1 -fprofile-arcs
UNRESOLVED: g++.dg/bprob/g++-bprob-1.C compilation, -O1 -fbranch-probabilities
UNRESOLVED: g++.dg/bprob/g++-bprob-1.C execution, -O1 -fbranch-probabilities
FAIL: g++.dg/bprob/g++-bprob-1.C execution: file g++-bprob-1.gcda does not exist, -O2 -fprofile-arcs
UNRESOLVED: g++.dg/bprob/g++-bprob-1.C compilation, -O2 -fbranch-probabilities
UNRESOLVED: g++.dg/bprob/g++-bprob-1.C execution, -O2 -fbranch-probabilities
FAIL: g++.dg/bprob/g++-bprob-1.C execution: file g++-bprob-1.gcda does not exist, -O3 -fprofile-arcs
UNRESOLVED: g++.dg/bprob/g++-bprob-1.C compilation, -O3 -fbranch-probabilities
UNRESOLVED: g++.dg/bprob/g++-bprob-1.C execution, -O3 -fbranch-probabilities
FAIL: g++.dg/bprob/g++-bprob-1.C execution: file g++-bprob-1.gcda does not exist, -O3 -g -fprofile-arcs
UNRESOLVED: g++.dg/bprob/g++-bprob-1.C compilation, -O3 -g -fbranch-probabilities
UNRESOLVED: g++.dg/bprob/g++-bprob-1.C execution, -O3 -g -fbranch-probabilities
FAIL: g++.dg/bprob/g++-bprob-1.C execution: file g++-bprob-1.gcda does not exist, -Os -fprofile-arcs
UNRESOLVED: g++.dg/bprob/g++-bprob-1.C compilation, -Os -fbranch-probabilities
UNRESOLVED: g++.dg/bprob/g++-bprob-1.C execution, -Os -fbranch-probabilities
FAIL: g++.dg/bprob/g++-bprob-1.C execution: file g++-bprob-1.gcda does not exist, -g -ftree-based-profiling -fprofile-arcs
UNRESOLVED: g++.dg/bprob/g++-bprob-1.C compilation, -g -ftree-based-profiling -fbranch-probabilities
UNRESOLVED: g++.dg/bprob/g++-bprob-1.C execution, -g -ftree-based-profiling -fbranch-probabilities
FAIL: g++.dg/bprob/g++-bprob-1.C execution: file g++-bprob-1.gcda does not exist, -O0 -ftree-based-profiling -fprofile-arcs
UNRESOLVED: g++.dg/bprob/g++-bprob-1.C compilation, -O0 -ftree-based-profiling -fbranch-probabilities
UNRESOLVED: g++.dg/bprob/g++-bprob-1.C execution, -O0 -ftree-based-profiling -fbranch-probabilities
FAIL: g++.dg/bprob/g++-bprob-1.C execution: file g++-bprob-1.gcda does not exist, -O1 -ftree-based-profiling -fprofile-arcs
UNRESOLVED: g++.dg/bprob/g++-bprob-1.C compilation, -O1 -ftree-based-profiling -fbranch-probabilities
UNRESOLVED: g++.dg/bprob/g++-bprob-1.C execution, -O1 -ftree-based-profiling -fbranch-probabilities
FAIL: g++.dg/bprob/g++-bprob-1.C execution: file g++-bprob-1.gcda does not exist, -O2 -ftree-based-profiling -fprofile-arcs
UNRESOLVED: g++.dg/bprob/g++-bprob-1.C compilation, -O2 -ftree-based-profiling -fbranch-probabilities
UNRESOLVED: g++.dg/bprob/g++-bprob-1.C execution, -O2 -ftree-based-profiling -fbranch-probabilities
FAIL: g++.dg/bprob/g++-bprob-1.C execution: file g++-bprob-1.gcda does not exist, -O3 -ftree-based-profiling -fprofile-arcs
UNRESOLVED: g++.dg/bprob/g++-bprob-1.C compilation, -O3 -ftree-based-profiling -fbranch-probabilities
UNRESOLVED: g++.dg/bprob/g++-bprob-1.C execution, -O3 -ftree-based-profiling -fbranch-probabilities
FAIL: g++.dg/bprob/g++-bprob-1.C execution: file g++-bprob-1.gcda does not exist, -O3 -g -ftree-based-profiling -fprofile-arcs
UNRESOLVED: g++.dg/bprob/g++-bprob-1.C compilation, -O3 -g -ftree-based-profiling -fbranch-probabilities
UNRESOLVED: g++.dg/bprob/g++-bprob-1.C execution, -O3 -g -ftree-based-profiling -fbranch-probabilities
FAIL: g++.dg/bprob/g++-bprob-1.C execution: file g++-bprob-1.gcda does not exist, -Os -ftree-based-profiling -fprofile-arcs
UNRESOLVED: g++.dg/bprob/g++-bprob-1.C compilation, -Os -ftree-based-profiling -fbranch-probabilities
UNRESOLVED: g++.dg/bprob/g++-bprob-1.C execution, -Os -ftree-based-profiling -fbranch-probabilities
FAIL: g++.dg/eh/crossjump1.C (test for excess errors)
WARNING: g++.dg/eh/crossjump1.C compilation failed to produce executable
FAIL: g++.dg/eh/omit-frame-pointer.C (test for excess errors)
WARNING: g++.dg/eh/omit-frame-pointer.C compilation failed to produce executable
FAIL: g++.dg/init/array15.C (test for excess errors)
WARNING: g++.dg/init/array15.C compilation failed to produce executable
FAIL: g++.dg/init/array16.C (test for excess errors)
WARNING: g++.dg/init/array16.C compilation failed to produce executable
FAIL: g++.dg/opt/pr15551.C (test for excess errors)
WARNING: g++.dg/opt/pr15551.C compilation failed to produce executable
XPASS: g++.dg/other/packed1.C execution test
FAIL: g++.dg/other/profile1.C (test for excess errors)
WARNING: g++.dg/other/profile1.C compilation failed to produce executable
FAIL: g++.dg/parse/varmod1.C (test for errors, line 5)
FAIL: g++.dg/rtti/typeid4.C (test for excess errors)
WARNING: g++.dg/rtti/typeid4.C compilation failed to produce executable
FAIL: g++.dg/template/friend10.C (test for excess errors)
WARNING: g++.dg/template/friend10.C compilation failed to produce executable
FAIL: g++.old-deja/g++.benjamin/15071.C (test for excess errors)
WARNING: g++.old-deja/g++.benjamin/15071.C compilation failed to produce executable
FAIL: g++.old-deja/g++.brendan/copy9.C (test for excess errors)
WARNING: g++.old-deja/g++.brendan/copy9.C compilation failed to produce executable
FAIL: g++.old-deja/g++.brendan/nest21.C (test for excess errors)
WARNING: g++.old-deja/g++.brendan/nest21.C compilation failed to produce executable
FAIL: g++.old-deja/g++.brendan/ptolemy2.C (test for excess errors)
WARNING: g++.old-deja/g++.brendan/ptolemy2.C compilation failed to produce executable
FAIL: g++.old-deja/g++.bugs/900322_01.C (test for errors, line 46)
FAIL: g++.old-deja/g++.bugs/900322_01.C (test for errors, line 51)
FAIL: g++.old-deja/g++.bugs/900322_01.C (test for errors, line 52)
FAIL: g++.old-deja/g++.jason/2371.C (test for excess errors)
WARNING: g++.old-deja/g++.jason/2371.C compilation failed to produce executable
XPASS: g++.old-deja/g++.jason/rfg16.C (test for bogus messages, line 5)
FAIL: g++.old-deja/g++.jason/template24.C (test for excess errors)
WARNING: g++.old-deja/g++.jason/template24.C compilation failed to produce executable
FAIL: g++.old-deja/g++.jason/template31.C (test for excess errors)
WARNING: g++.old-deja/g++.jason/template31.C compilation failed to produce executable
XPASS: g++.old-deja/g++.jason/thunk3.C execution test
FAIL: g++.old-deja/g++.law/arg8.C (test for excess errors)
WARNING: g++.old-deja/g++.law/arg8.C compilation failed to produce executable
FAIL: g++.old-deja/g++.law/code-gen5.C (test for excess errors)
WARNING: g++.old-deja/g++.law/code-gen5.C compilation failed to produce executable
FAIL: g++.old-deja/g++.law/ctors12.C (test for excess errors)
WARNING: g++.old-deja/g++.law/ctors12.C compilation failed to produce executable
FAIL: g++.old-deja/g++.law/cvt2.C (test for excess errors)
WARNING: g++.old-deja/g++.law/cvt2.C compilation failed to produce executable
FAIL: g++.old-deja/g++.law/virtual3.C (test for excess errors)
WARNING: g++.old-deja/g++.law/virtual3.C compilation failed to produce executable
FAIL: g++.old-deja/g++.mike/eh2.C (test for excess errors)
WARNING: g++.old-deja/g++.mike/eh2.C compilation failed to produce executable
FAIL: g++.old-deja/g++.mike/net34.C (test for excess errors)
WARNING: g++.old-deja/g++.mike/net34.C compilation failed to produce executable
FAIL: g++.old-deja/g++.mike/net46.C (test for excess errors)
WARNING: g++.old-deja/g++.mike/net46.C compilation failed to produce executable
WARNING: g++.old-deja/g++.mike/p10769a.C compilation failed to produce executable
FAIL: g++.old-deja/g++.mike/p658.C (test for excess errors)
WARNING: g++.old-deja/g++.mike/p658.C compilation failed to produce executable
FAIL: g++.old-deja/g++.other/headers1.C (test for excess errors)
WARNING: g++.old-deja/g++.other/headers1.C compilation failed to produce executable
FAIL: g++.old-deja/g++.other/sibcall1.C (test for excess errors)
WARNING: g++.old-deja/g++.other/sibcall1.C compilation failed to produce executable
FAIL: g++.old-deja/g++.other/unchanging1.C (test for excess errors)
WARNING: g++.old-deja/g++.other/unchanging1.C compilation failed to produce executable
FAIL: g++.old-deja/g++.robertl/eb115.C (test for excess errors)
WARNING: g++.old-deja/g++.robertl/eb115.C compilation failed to produce executable
FAIL: g++.old-deja/g++.robertl/eb21.C (test for excess errors)
WARNING: g++.old-deja/g++.robertl/eb21.C compilation failed to produce executable
FAIL: g++.old-deja/g++.robertl/eb31.C (test for excess errors)
WARNING: g++.old-deja/g++.robertl/eb31.C compilation failed to produce executable
FAIL: g++.old-deja/g++.robertl/eb41.C (test for excess errors)
WARNING: g++.old-deja/g++.robertl/eb41.C compilation failed to produce executable
FAIL: g++.old-deja/g++.robertl/eb46.C (test for excess errors)
WARNING: g++.old-deja/g++.robertl/eb46.C compilation failed to produce executable
FAIL: g++.old-deja/g++.robertl/eb54.C (test for excess errors)
WARNING: g++.old-deja/g++.robertl/eb54.C compilation failed to produce executable
FAIL: g++.old-deja/g++.robertl/eb66.C (test for excess errors)
WARNING: g++.old-deja/g++.robertl/eb66.C compilation failed to produce executable
FAIL: g++.old-deja/g++.robertl/eb73.C (test for excess errors)
WARNING: g++.old-deja/g++.robertl/eb73.C compilation failed to produce executable
FAIL: g++.old-deja/g++.robertl/eb77.C (test for excess errors)
WARNING: g++.old-deja/g++.robertl/eb77.C compilation failed to produce executable
=== g++ Summary for sh-hms-sim/-m4/-ml ===
# of expected passes 10362
# of unexpected failures 54
# of unexpected successes 3
# of expected failures 71
# of unresolved testcases 28
# of unsupported tests 110
=== g++ Summary ===
# of expected passes 20724
# of unexpected failures 108
# of unexpected successes 6
# of expected failures 142
# of unresolved testcases 56
# of unsupported tests 220
/mnt/scratch/nightly/2005-01-12/sh-elf/gcc/testsuite/../g++ version 4.0.0 20050112 (experimental)
Host is i686-pc-linux-gnu
=== gcc tests ===
Running target sh-hms-sim
UNRESOLVED: gcc.c-torture/execute/20020720-1.c execution, -O1
UNRESOLVED: gcc.c-torture/execute/20020720-1.c execution, -O2
UNRESOLVED: gcc.c-torture/execute/20020720-1.c execution, -O3 -fomit-frame-pointer
UNRESOLVED: gcc.c-torture/execute/20020720-1.c execution, -O3 -g
UNRESOLVED: gcc.c-torture/execute/20020720-1.c execution, -Os
FAIL: tmpdir-gcc.dg-struct-layout-1/t001 c_compat_x_tst.o-c_compat_y_tst.o link
UNRESOLVED: tmpdir-gcc.dg-struct-layout-1/t001 c_compat_x_tst.o-c_compat_y_tst.o execute
FAIL: tmpdir-gcc.dg-struct-layout-1/t002 c_compat_x_tst.o-c_compat_y_tst.o link
UNRESOLVED: tmpdir-gcc.dg-struct-layout-1/t002 c_compat_x_tst.o-c_compat_y_tst.o execute
FAIL: tmpdir-gcc.dg-struct-layout-1/t003 c_compat_x_tst.o-c_compat_y_tst.o link
UNRESOLVED: tmpdir-gcc.dg-struct-layout-1/t003 c_compat_x_tst.o-c_compat_y_tst.o execute
FAIL: tmpdir-gcc.dg-struct-layout-1/t022 c_compat_x_tst.o-c_compat_y_tst.o link
UNRESOLVED: tmpdir-gcc.dg-struct-layout-1/t022 c_compat_x_tst.o-c_compat_y_tst.o execute
FAIL: tmpdir-gcc.dg-struct-layout-1/t023 c_compat_x_tst.o-c_compat_y_tst.o link
UNRESOLVED: tmpdir-gcc.dg-struct-layout-1/t023 c_compat_x_tst.o-c_compat_y_tst.o execute
FAIL: tmpdir-gcc.dg-struct-layout-1/t024 c_compat_x_tst.o-c_compat_y_tst.o link
UNRESOLVED: tmpdir-gcc.dg-struct-layout-1/t024 c_compat_x_tst.o-c_compat_y_tst.o execute
FAIL: tmpdir-gcc.dg-struct-layout-1/t025 c_compat_x_tst.o-c_compat_y_tst.o link
UNRESOLVED: tmpdir-gcc.dg-struct-layout-1/t025 c_compat_x_tst.o-c_compat_y_tst.o execute
FAIL: tmpdir-gcc.dg-struct-layout-1/t026 c_compat_x_tst.o-c_compat_y_tst.o link
UNRESOLVED: tmpdir-gcc.dg-struct-layout-1/t026 c_compat_x_tst.o-c_compat_y_tst.o execute
FAIL: tmpdir-gcc.dg-struct-layout-1/t027 c_compat_x_tst.o-c_compat_y_tst.o link
UNRESOLVED: tmpdir-gcc.dg-struct-layout-1/t027 c_compat_x_tst.o-c_compat_y_tst.o execute
FAIL: tmpdir-gcc.dg-struct-layout-1/t028 c_compat_x_tst.o-c_compat_y_tst.o link
UNRESOLVED: tmpdir-gcc.dg-struct-layout-1/t028 c_compat_x_tst.o-c_compat_y_tst.o execute
FAIL: gcc.dg/asm-wide-1.c register (test for errors, line 23)
FAIL: gcc.dg/asm-wide-1.c register (test for errors, line 25)
FAIL: gcc.dg/intmax_t-1.c (test for excess errors)
FAIL: gcc.dg/sh-relax.c (test for excess errors)
FAIL: gcc.dg/tls/opt-3.c (test for excess errors)
FAIL: gcc.dg/tls/pic-1.c (test for excess errors)
FAIL: gcc.dg/tls/struct-1.c (test for excess errors)
FAIL: gcc.dg/tree-ssa/loop-1.c scan-assembler-times foo 5
FAIL: gcc.misc-tests/bprob-1.c execution: file bprob-1.gcda does not exist, -g -fprofile-arcs
UNRESOLVED: gcc.misc-tests/bprob-1.c compilation, -g -fbranch-probabilities
UNRESOLVED: gcc.misc-tests/bprob-1.c execution, -g -fbranch-probabilities
FAIL: gcc.misc-tests/bprob-1.c execution: file bprob-1.gcda does not exist, -O0 -fprofile-arcs
UNRESOLVED: gcc.misc-tests/bprob-1.c compilation, -O0 -fbranch-probabilities
UNRESOLVED: gcc.misc-tests/bprob-1.c execution, -O0 -fbranch-probabilities
FAIL: gcc.misc-tests/bprob-1.c execution: file bprob-1.gcda does not exist, -O1 -fprofile-arcs
UNRESOLVED: gcc.misc-tests/bprob-1.c compilation, -O1 -fbranch-probabilities
UNRESOLVED: gcc.misc-tests/bprob-1.c execution, -O1 -fbranch-probabilities
FAIL: gcc.misc-tests/bprob-1.c execution: file bprob-1.gcda does not exist, -O2 -DPERFTIME -fprofile-arcs
UNRESOLVED: gcc.misc-tests/bprob-1.c compilation, -O2 -DPERFTIME -fbranch-probabilities
UNRESOLVED: gcc.misc-tests/bprob-1.c execution, -O2 -DPERFTIME -fbranch-probabilities
FAIL: gcc.misc-tests/bprob-1.c execution: file bprob-1.gcda does not exist, -O3 -DPERFTIME -fprofile-arcs
UNRESOLVED: gcc.misc-tests/bprob-1.c compilation, -O3 -DPERFTIME -fbranch-probabilities
UNRESOLVED: gcc.misc-tests/bprob-1.c execution, -O3 -DPERFTIME -fbranch-probabilities
FAIL: gcc.misc-tests/bprob-1.c execution: file bprob-1.gcda does not exist, -O3 -g -DPERFTIME -fprofile-arcs
UNRESOLVED: gcc.misc-tests/bprob-1.c compilation, -O3 -g -DPERFTIME -fbranch-probabilities
UNRESOLVED: gcc.misc-tests/bprob-1.c execution, -O3 -g -DPERFTIME -fbranch-probabilities
FAIL: gcc.misc-tests/bprob-1.c execution: file bprob-1.gcda does not exist, -Os -fprofile-arcs
UNRESOLVED: gcc.misc-tests/bprob-1.c compilation, -Os -fbranch-probabilities
UNRESOLVED: gcc.misc-tests/bprob-1.c execution, -Os -fbranch-probabilities
FAIL: gcc.misc-tests/bprob-2.c execution: file bprob-2.gcda does not exist, -g -fprofile-arcs
UNRESOLVED: gcc.misc-tests/bprob-2.c compilation, -g -fbranch-probabilities
UNRESOLVED: gcc.misc-tests/bprob-2.c execution, -g -fbranch-probabilities
FAIL: gcc.misc-tests/bprob-2.c execution: file bprob-2.gcda does not exist, -O0 -fprofile-arcs
UNRESOLVED: gcc.misc-tests/bprob-2.c compilation, -O0 -fbranch-probabilities
UNRESOLVED: gcc.misc-tests/bprob-2.c execution, -O0 -fbranch-probabilities
FAIL: gcc.misc-tests/bprob-2.c execution: file bprob-2.gcda does not exist, -O1 -fprofile-arcs
UNRESOLVED: gcc.misc-tests/bprob-2.c compilation, -O1 -fbranch-probabilities
UNRESOLVED: gcc.misc-tests/bprob-2.c execution, -O1 -fbranch-probabilities
FAIL: gcc.misc-tests/bprob-2.c execution: file bprob-2.gcda does not exist, -O2 -DPERFTIME -fprofile-arcs
UNRESOLVED: gcc.misc-tests/bprob-2.c compilation, -O2 -DPERFTIME -fbranch-probabilities
UNRESOLVED: gcc.misc-tests/bprob-2.c execution, -O2 -DPERFTIME -fbranch-probabilities
FAIL: gcc.misc-tests/bprob-2.c execution: file bprob-2.gcda does not exist, -O3 -DPERFTIME -fprofile-arcs
UNRESOLVED: gcc.misc-tests/bprob-2.c compilation, -O3 -DPERFTIME -fbranch-probabilities
UNRESOLVED: gcc.misc-tests/bprob-2.c execution, -O3 -DPERFTIME -fbranch-probabilities
FAIL: gcc.misc-tests/bprob-2.c execution: file bprob-2.gcda does not exist, -O3 -g -DPERFTIME -fprofile-arcs
UNRESOLVED: gcc.misc-tests/bprob-2.c compilation, -O3 -g -DPERFTIME -fbranch-probabilities
UNRESOLVED: gcc.misc-tests/bprob-2.c execution, -O3 -g -DPERFTIME -fbranch-probabilities
FAIL: gcc.misc-tests/bprob-2.c execution: file bprob-2.gcda does not exist, -Os -fprofile-arcs
UNRESOLVED: gcc.misc-tests/bprob-2.c compilation, -Os -fbranch-probabilities
UNRESOLVED: gcc.misc-tests/bprob-2.c execution, -Os -fbranch-probabilities
FAIL: gcc.misc-tests/bprob-1.c execution: file bprob-1.gcda does not exist, -g -ftree-based-profiling -fprofile-arcs
UNRESOLVED: gcc.misc-tests/bprob-1.c compilation, -g -ftree-based-profiling -fbranch-probabilities
UNRESOLVED: gcc.misc-tests/bprob-1.c execution, -g -ftree-based-profiling -fbranch-probabilities
FAIL: gcc.misc-tests/bprob-1.c execution: file bprob-1.gcda does not exist, -O0 -ftree-based-profiling -fprofile-arcs
UNRESOLVED: gcc.misc-tests/bprob-1.c compilation, -O0 -ftree-based-profiling -fbranch-probabilities
UNRESOLVED: gcc.misc-tests/bprob-1.c execution, -O0 -ftree-based-profiling -fbranch-probabilities
FAIL: gcc.misc-tests/bprob-1.c execution: file bprob-1.gcda does not exist, -O1 -ftree-based-profiling -fprofile-arcs
UNRESOLVED: gcc.misc-tests/bprob-1.c compilation, -O1 -ftree-based-profiling -fbranch-probabilities
UNRESOLVED: gcc.misc-tests/bprob-1.c execution, -O1 -ftree-based-profiling -fbranch-probabilities
FAIL: gcc.misc-tests/bprob-1.c execution: file bprob-1.gcda does not exist, -O2 -DPERFTIME -ftree-based-profiling -fprofile-arcs
UNRESOLVED: gcc.misc-tests/bprob-1.c compilation, -O2 -DPERFTIME -ftree-based-profiling -fbranch-probabilities
UNRESOLVED: gcc.misc-tests/bprob-1.c execution, -O2 -DPERFTIME -ftree-based-profiling -fbranch-probabilities
FAIL: gcc.misc-tests/bprob-1.c execution: file bprob-1.gcda does not exist, -O3 -DPERFTIME -ftree-based-profiling -fprofile-arcs
UNRESOLVED: gcc.misc-tests/bprob-1.c compilation, -O3 -DPERFTIME -ftree-based-profiling -fbranch-probabilities
UNRESOLVED: gcc.misc-tests/bprob-1.c execution, -O3 -DPERFTIME -ftree-based-profiling -fbranch-probabilities
FAIL: gcc.misc-tests/bprob-1.c execution: file bprob-1.gcda does not exist, -O3 -g -DPERFTIME -ftree-based-profiling -fprofile-arcs
UNRESOLVED: gcc.misc-tests/bprob-1.c compilation, -O3 -g -DPERFTIME -ftree-based-profiling -fbranch-probabilities
UNRESOLVED: gcc.misc-tests/bprob-1.c execution, -O3 -g -DPERFTIME -ftree-based-profiling -fbranch-probabilities
FAIL: gcc.misc-tests/bprob-1.c execution: file bprob-1.gcda does not exist, -Os -ftree-based-profiling -fprofile-arcs
UNRESOLVED: gcc.misc-tests/bprob-1.c compilation, -Os -ftree-based-profiling -fbranch-probabilities
UNRESOLVED: gcc.misc-tests/bprob-1.c execution, -Os -ftree-based-profiling -fbranch-probabilities
FAIL: gcc.misc-tests/bprob-2.c execution: file bprob-2.gcda does not exist, -g -ftree-based-profiling -fprofile-arcs
UNRESOLVED: gcc.misc-tests/bprob-2.c compilation, -g -ftree-based-profiling -fbranch-probabilities
UNRESOLVED: gcc.misc-tests/bprob-2.c execution, -g -ftree-based-profiling -fbranch-probabilities
FAIL: gcc.misc-tests/bprob-2.c execution: file bprob-2.gcda does not exist, -O0 -ftree-based-profiling -fprofile-arcs
UNRESOLVED: gcc.misc-tests/bprob-2.c compilation, -O0 -ftree-based-profiling -fbranch-probabilities
UNRESOLVED: gcc.misc-tests/bprob-2.c execution, -O0 -ftree-based-profiling -fbranch-probabilities
FAIL: gcc.misc-tests/bprob-2.c execution: file bprob-2.gcda does not exist, -O1 -ftree-based-profiling -fprofile-arcs
UNRESOLVED: gcc.misc-tests/bprob-2.c compilation, -O1 -ftree-based-profiling -fbranch-probabilities
UNRESOLVED: gcc.misc-tests/bprob-2.c execution, -O1 -ftree-based-profiling -fbranch-probabilities
FAIL: gcc.misc-tests/bprob-2.c execution: file bprob-2.gcda does not exist, -O2 -DPERFTIME -ftree-based-profiling -fprofile-arcs
UNRESOLVED: gcc.misc-tests/bprob-2.c compilation, -O2 -DPERFTIME -ftree-based-profiling -fbranch-probabilities
UNRESOLVED: gcc.misc-tests/bprob-2.c execution, -O2 -DPERFTIME -ftree-based-profiling -fbranch-probabilities
FAIL: gcc.misc-tests/bprob-2.c execution: file bprob-2.gcda does not exist, -O3 -DPERFTIME -ftree-based-profiling -fprofile-arcs
UNRESOLVED: gcc.misc-tests/bprob-2.c compilation, -O3 -DPERFTIME -ftree-based-profiling -fbranch-probabilities
UNRESOLVED: gcc.misc-tests/bprob-2.c execution, -O3 -DPERFTIME -ftree-based-profiling -fbranch-probabilities
FAIL: gcc.misc-tests/bprob-2.c execution: file bprob-2.gcda does not exist, -O3 -g -DPERFTIME -ftree-based-profiling -fprofile-arcs
UNRESOLVED: gcc.misc-tests/bprob-2.c compilation, -O3 -g -DPERFTIME -ftree-based-profiling -fbranch-probabilities
UNRESOLVED: gcc.misc-tests/bprob-2.c execution, -O3 -g -DPERFTIME -ftree-based-profiling -fbranch-probabilities
FAIL: gcc.misc-tests/bprob-2.c execution: file bprob-2.gcda does not exist, -Os -ftree-based-profiling -fprofile-arcs
UNRESOLVED: gcc.misc-tests/bprob-2.c compilation, -Os -ftree-based-profiling -fbranch-probabilities
UNRESOLVED: gcc.misc-tests/bprob-2.c execution, -Os -ftree-based-profiling -fbranch-probabilities
=== gcc Summary for sh-hms-sim ===
# of expected passes 31640
# of unexpected failures 46
# of expected failures 80
# of unresolved testcases 71
# of untested testcases 28
# of unsupported tests 481
Running target sh-hms-sim/-m4/-ml
FAIL: gcc.c-torture/compile/simd-2.c -O1 (test for excess errors)
FAIL: gcc.c-torture/compile/simd-2.c -O2 (test for excess errors)
FAIL: gcc.c-torture/compile/simd-2.c -O3 -fomit-frame-pointer (test for excess errors)
FAIL: gcc.c-torture/compile/simd-2.c -O3 -g (test for excess errors)
FAIL: gcc.c-torture/compile/simd-2.c -Os (test for excess errors)
UNRESOLVED: gcc.c-torture/execute/20020720-1.c execution, -O1
UNRESOLVED: gcc.c-torture/execute/20020720-1.c execution, -O2
UNRESOLVED: gcc.c-torture/execute/20020720-1.c execution, -O3 -fomit-frame-pointer
UNRESOLVED: gcc.c-torture/execute/20020720-1.c execution, -O3 -g
UNRESOLVED: gcc.c-torture/execute/20020720-1.c execution, -Os
FAIL: gcc.dg/compat/struct-by-value-15 c_compat_y_tst.o compile
UNRESOLVED: gcc.dg/compat/struct-by-value-15 c_compat_x_tst.o-c_compat_y_tst.o link
UNRESOLVED: gcc.dg/compat/struct-by-value-15 c_compat_x_tst.o-c_compat_y_tst.o execute
FAIL: gcc.dg/compat/struct-by-value-17 c_compat_y_tst.o compile
UNRESOLVED: gcc.dg/compat/struct-by-value-17 c_compat_x_tst.o-c_compat_y_tst.o link
UNRESOLVED: gcc.dg/compat/struct-by-value-17 c_compat_x_tst.o-c_compat_y_tst.o execute
FAIL: gcc.dg/compat/struct-by-value-18 c_compat_y_tst.o compile
UNRESOLVED: gcc.dg/compat/struct-by-value-18 c_compat_x_tst.o-c_compat_y_tst.o link
UNRESOLVED: gcc.dg/compat/struct-by-value-18 c_compat_x_tst.o-c_compat_y_tst.o execute
FAIL: gcc.dg/compat/struct-by-value-19 c_compat_x_tst.o-c_compat_y_tst.o execute
FAIL: gcc.dg/compat/struct-return-19 c_compat_x_tst.o-c_compat_y_tst.o execute
FAIL: tmpdir-gcc.dg-struct-layout-1/t001 c_compat_y_tst.o compile
UNRESOLVED: tmpdir-gcc.dg-struct-layout-1/t001 c_compat_x_tst.o-c_compat_y_tst.o link
UNRESOLVED: tmpdir-gcc.dg-struct-layout-1/t001 c_compat_x_tst.o-c_compat_y_tst.o execute
FAIL: tmpdir-gcc.dg-struct-layout-1/t002 c_compat_x_tst.o-c_compat_y_tst.o link
UNRESOLVED: tmpdir-gcc.dg-struct-layout-1/t002 c_compat_x_tst.o-c_compat_y_tst.o execute
FAIL: tmpdir-gcc.dg-struct-layout-1/t003 c_compat_x_tst.o-c_compat_y_tst.o link
UNRESOLVED: tmpdir-gcc.dg-struct-layout-1/t003 c_compat_x_tst.o-c_compat_y_tst.o execute
FAIL: tmpdir-gcc.dg-struct-layout-1/t011 c_compat_x_tst.o-c_compat_y_tst.o execute
FAIL: tmpdir-gcc.dg-struct-layout-1/t022 c_compat_y_tst.o compile
UNRESOLVED: tmpdir-gcc.dg-struct-layout-1/t022 c_compat_x_tst.o-c_compat_y_tst.o link
UNRESOLVED: tmpdir-gcc.dg-struct-layout-1/t022 c_compat_x_tst.o-c_compat_y_tst.o execute
FAIL: tmpdir-gcc.dg-struct-layout-1/t023 c_compat_x_tst.o-c_compat_y_tst.o link
UNRESOLVED: tmpdir-gcc.dg-struct-layout-1/t023 c_compat_x_tst.o-c_compat_y_tst.o execute
FAIL: tmpdir-gcc.dg-struct-layout-1/t024 c_compat_y_tst.o compile
UNRESOLVED: tmpdir-gcc.dg-struct-layout-1/t024 c_compat_x_tst.o-c_compat_y_tst.o link
UNRESOLVED: tmpdir-gcc.dg-struct-layout-1/t024 c_compat_x_tst.o-c_compat_y_tst.o execute
FAIL: tmpdir-gcc.dg-struct-layout-1/t025 c_compat_x_tst.o-c_compat_y_tst.o link
UNRESOLVED: tmpdir-gcc.dg-struct-layout-1/t025 c_compat_x_tst.o-c_compat_y_tst.o execute
FAIL: tmpdir-gcc.dg-struct-layout-1/t026 c_compat_x_tst.o-c_compat_y_tst.o link
UNRESOLVED: tmpdir-gcc.dg-struct-layout-1/t026 c_compat_x_tst.o-c_compat_y_tst.o execute
FAIL: tmpdir-gcc.dg-struct-layout-1/t027 c_compat_y_tst.o compile
UNRESOLVED: tmpdir-gcc.dg-struct-layout-1/t027 c_compat_x_tst.o-c_compat_y_tst.o link
UNRESOLVED: tmpdir-gcc.dg-struct-layout-1/t027 c_compat_x_tst.o-c_compat_y_tst.o execute
FAIL: tmpdir-gcc.dg-struct-layout-1/t028 c_compat_y_tst.o compile
UNRESOLVED: tmpdir-gcc.dg-struct-layout-1/t028 c_compat_x_tst.o-c_compat_y_tst.o link
UNRESOLVED: tmpdir-gcc.dg-struct-layout-1/t028 c_compat_x_tst.o-c_compat_y_tst.o execute
FAIL: gcc.dg/align-2.c (test for excess errors)
FAIL: gcc.dg/asm-wide-1.c register (test for errors, line 23)
FAIL: gcc.dg/asm-wide-1.c register (test for errors, line 25)
FAIL: gcc.dg/intmax_t-1.c (test for excess errors)
FAIL: gcc.dg/sh-relax.c (test for excess errors)
FAIL: gcc.dg/simd-2.c (test for excess errors)
FAIL: gcc.dg/tls/opt-3.c (test for excess errors)
FAIL: gcc.dg/tls/pic-1.c (test for excess errors)
FAIL: gcc.dg/tls/struct-1.c (test for excess errors)
FAIL: gcc.dg/tree-ssa/loop-1.c scan-assembler-times foo 5
FAIL: gcc.misc-tests/bprob-1.c execution: file bprob-1.gcda does not exist, -g -fprofile-arcs
UNRESOLVED: gcc.misc-tests/bprob-1.c compilation, -g -fbranch-probabilities
UNRESOLVED: gcc.misc-tests/bprob-1.c execution, -g -fbranch-probabilities
FAIL: gcc.misc-tests/bprob-1.c execution: file bprob-1.gcda does not exist, -O0 -fprofile-arcs
UNRESOLVED: gcc.misc-tests/bprob-1.c compilation, -O0 -fbranch-probabilities
UNRESOLVED: gcc.misc-tests/bprob-1.c execution, -O0 -fbranch-probabilities
FAIL: gcc.misc-tests/bprob-1.c execution: file bprob-1.gcda does not exist, -O1 -fprofile-arcs
UNRESOLVED: gcc.misc-tests/bprob-1.c compilation, -O1 -fbranch-probabilities
UNRESOLVED: gcc.misc-tests/bprob-1.c execution, -O1 -fbranch-probabilities
FAIL: gcc.misc-tests/bprob-1.c execution: file bprob-1.gcda does not exist, -O2 -DPERFTIME -fprofile-arcs
UNRESOLVED: gcc.misc-tests/bprob-1.c compilation, -O2 -DPERFTIME -fbranch-probabilities
UNRESOLVED: gcc.misc-tests/bprob-1.c execution, -O2 -DPERFTIME -fbranch-probabilities
FAIL: gcc.misc-tests/bprob-1.c execution: file bprob-1.gcda does not exist, -O3 -DPERFTIME -fprofile-arcs
UNRESOLVED: gcc.misc-tests/bprob-1.c compilation, -O3 -DPERFTIME -fbranch-probabilities
UNRESOLVED: gcc.misc-tests/bprob-1.c execution, -O3 -DPERFTIME -fbranch-probabilities
FAIL: gcc.misc-tests/bprob-1.c execution: file bprob-1.gcda does not exist, -O3 -g -DPERFTIME -fprofile-arcs
UNRESOLVED: gcc.misc-tests/bprob-1.c compilation, -O3 -g -DPERFTIME -fbranch-probabilities
UNRESOLVED: gcc.misc-tests/bprob-1.c execution, -O3 -g -DPERFTIME -fbranch-probabilities
FAIL: gcc.misc-tests/bprob-1.c execution: file bprob-1.gcda does not exist, -Os -fprofile-arcs
UNRESOLVED: gcc.misc-tests/bprob-1.c compilation, -Os -fbranch-probabilities
UNRESOLVED: gcc.misc-tests/bprob-1.c execution, -Os -fbranch-probabilities
FAIL: gcc.misc-tests/bprob-2.c execution: file bprob-2.gcda does not exist, -g -fprofile-arcs
UNRESOLVED: gcc.misc-tests/bprob-2.c compilation, -g -fbranch-probabilities
UNRESOLVED: gcc.misc-tests/bprob-2.c execution, -g -fbranch-probabilities
FAIL: gcc.misc-tests/bprob-2.c execution: file bprob-2.gcda does not exist, -O0 -fprofile-arcs
UNRESOLVED: gcc.misc-tests/bprob-2.c compilation, -O0 -fbranch-probabilities
UNRESOLVED: gcc.misc-tests/bprob-2.c execution, -O0 -fbranch-probabilities
FAIL: gcc.misc-tests/bprob-2.c execution: file bprob-2.gcda does not exist, -O1 -fprofile-arcs
UNRESOLVED: gcc.misc-tests/bprob-2.c compilation, -O1 -fbranch-probabilities
UNRESOLVED: gcc.misc-tests/bprob-2.c execution, -O1 -fbranch-probabilities
FAIL: gcc.misc-tests/bprob-2.c execution: file bprob-2.gcda does not exist, -O2 -DPERFTIME -fprofile-arcs
UNRESOLVED: gcc.misc-tests/bprob-2.c compilation, -O2 -DPERFTIME -fbranch-probabilities
UNRESOLVED: gcc.misc-tests/bprob-2.c execution, -O2 -DPERFTIME -fbranch-probabilities
FAIL: gcc.misc-tests/bprob-2.c execution: file bprob-2.gcda does not exist, -O3 -DPERFTIME -fprofile-arcs
UNRESOLVED: gcc.misc-tests/bprob-2.c compilation, -O3 -DPERFTIME -fbranch-probabilities
UNRESOLVED: gcc.misc-tests/bprob-2.c execution, -O3 -DPERFTIME -fbranch-probabilities
FAIL: gcc.misc-tests/bprob-2.c execution: file bprob-2.gcda does not exist, -O3 -g -DPERFTIME -fprofile-arcs
UNRESOLVED: gcc.misc-tests/bprob-2.c compilation, -O3 -g -DPERFTIME -fbranch-probabilities
UNRESOLVED: gcc.misc-tests/bprob-2.c execution, -O3 -g -DPERFTIME -fbranch-probabilities
FAIL: gcc.misc-tests/bprob-2.c execution: file bprob-2.gcda does not exist, -Os -fprofile-arcs
UNRESOLVED: gcc.misc-tests/bprob-2.c compilation, -Os -fbranch-probabilities
UNRESOLVED: gcc.misc-tests/bprob-2.c execution, -Os -fbranch-probabilities
FAIL: gcc.misc-tests/bprob-1.c execution: file bprob-1.gcda does not exist, -g -ftree-based-profiling -fprofile-arcs
UNRESOLVED: gcc.misc-tests/bprob-1.c compilation, -g -ftree-based-profiling -fbranch-probabilities
UNRESOLVED: gcc.misc-tests/bprob-1.c execution, -g -ftree-based-profiling -fbranch-probabilities
FAIL: gcc.misc-tests/bprob-1.c execution: file bprob-1.gcda does not exist, -O0 -ftree-based-profiling -fprofile-arcs
UNRESOLVED: gcc.misc-tests/bprob-1.c compilation, -O0 -ftree-based-profiling -fbranch-probabilities
UNRESOLVED: gcc.misc-tests/bprob-1.c execution, -O0 -ftree-based-profiling -fbranch-probabilities
FAIL: gcc.misc-tests/bprob-1.c execution: file bprob-1.gcda does not exist, -O1 -ftree-based-profiling -fprofile-arcs
UNRESOLVED: gcc.misc-tests/bprob-1.c compilation, -O1 -ftree-based-profiling -fbranch-probabilities
UNRESOLVED: gcc.misc-tests/bprob-1.c execution, -O1 -ftree-based-profiling -fbranch-probabilities
FAIL: gcc.misc-tests/bprob-1.c execution: file bprob-1.gcda does not exist, -O2 -DPERFTIME -ftree-based-profiling -fprofile-arcs
UNRESOLVED: gcc.misc-tests/bprob-1.c compilation, -O2 -DPERFTIME -ftree-based-profiling -fbranch-probabilities
UNRESOLVED: gcc.misc-tests/bprob-1.c execution, -O2 -DPERFTIME -ftree-based-profiling -fbranch-probabilities
FAIL: gcc.misc-tests/bprob-1.c execution: file bprob-1.gcda does not exist, -O3 -DPERFTIME -ftree-based-profiling -fprofile-arcs
UNRESOLVED: gcc.misc-tests/bprob-1.c compilation, -O3 -DPERFTIME -ftree-based-profiling -fbranch-probabilities
UNRESOLVED: gcc.misc-tests/bprob-1.c execution, -O3 -DPERFTIME -ftree-based-profiling -fbranch-probabilities
FAIL: gcc.misc-tests/bprob-1.c execution: file bprob-1.gcda does not exist, -O3 -g -DPERFTIME -ftree-based-profiling -fprofile-arcs
UNRESOLVED: gcc.misc-tests/bprob-1.c compilation, -O3 -g -DPERFTIME -ftree-based-profiling -fbranch-probabilities
UNRESOLVED: gcc.misc-tests/bprob-1.c execution, -O3 -g -DPERFTIME -ftree-based-profiling -fbranch-probabilities
FAIL: gcc.misc-tests/bprob-1.c execution: file bprob-1.gcda does not exist, -Os -ftree-based-profiling -fprofile-arcs
UNRESOLVED: gcc.misc-tests/bprob-1.c compilation, -Os -ftree-based-profiling -fbranch-probabilities
UNRESOLVED: gcc.misc-tests/bprob-1.c execution, -Os -ftree-based-profiling -fbranch-probabilities
FAIL: gcc.misc-tests/bprob-2.c execution: file bprob-2.gcda does not exist, -g -ftree-based-profiling -fprofile-arcs
UNRESOLVED: gcc.misc-tests/bprob-2.c compilation, -g -ftree-based-profiling -fbranch-probabilities
UNRESOLVED: gcc.misc-tests/bprob-2.c execution, -g -ftree-based-profiling -fbranch-probabilities
FAIL: gcc.misc-tests/bprob-2.c execution: file bprob-2.gcda does not exist, -O0 -ftree-based-profiling -fprofile-arcs
UNRESOLVED: gcc.misc-tests/bprob-2.c compilation, -O0 -ftree-based-profiling -fbranch-probabilities
UNRESOLVED: gcc.misc-tests/bprob-2.c execution, -O0 -ftree-based-profiling -fbranch-probabilities
FAIL: gcc.misc-tests/bprob-2.c execution: file bprob-2.gcda does not exist, -O1 -ftree-based-profiling -fprofile-arcs
UNRESOLVED: gcc.misc-tests/bprob-2.c compilation, -O1 -ftree-based-profiling -fbranch-probabilities
UNRESOLVED: gcc.misc-tests/bprob-2.c execution, -O1 -ftree-based-profiling -fbranch-probabilities
FAIL: gcc.misc-tests/bprob-2.c execution: file bprob-2.gcda does not exist, -O2 -DPERFTIME -ftree-based-profiling -fprofile-arcs
UNRESOLVED: gcc.misc-tests/bprob-2.c compilation, -O2 -DPERFTIME -ftree-based-profiling -fbranch-probabilities
UNRESOLVED: gcc.misc-tests/bprob-2.c execution, -O2 -DPERFTIME -ftree-based-profiling -fbranch-probabilities
FAIL: gcc.misc-tests/bprob-2.c execution: file bprob-2.gcda does not exist, -O3 -DPERFTIME -ftree-based-profiling -fprofile-arcs
UNRESOLVED: gcc.misc-tests/bprob-2.c compilation, -O3 -DPERFTIME -ftree-based-profiling -fbranch-probabilities
UNRESOLVED: gcc.misc-tests/bprob-2.c execution, -O3 -DPERFTIME -ftree-based-profiling -fbranch-probabilities
FAIL: gcc.misc-tests/bprob-2.c execution: file bprob-2.gcda does not exist, -O3 -g -DPERFTIME -ftree-based-profiling -fprofile-arcs
UNRESOLVED: gcc.misc-tests/bprob-2.c compilation, -O3 -g -DPERFTIME -ftree-based-profiling -fbranch-probabilities
UNRESOLVED: gcc.misc-tests/bprob-2.c execution, -O3 -g -DPERFTIME -ftree-based-profiling -fbranch-probabilities
FAIL: gcc.misc-tests/bprob-2.c execution: file bprob-2.gcda does not exist, -Os -ftree-based-profiling -fprofile-arcs
UNRESOLVED: gcc.misc-tests/bprob-2.c compilation, -Os -ftree-based-profiling -fbranch-probabilities
UNRESOLVED: gcc.misc-tests/bprob-2.c execution, -Os -ftree-based-profiling -fbranch-probabilities
=== gcc Summary for sh-hms-sim/-m4/-ml ===
# of expected passes 31616
# of unexpected failures 59
# of expected failures 80
# of unresolved testcases 82
# of untested testcases 28
# of unsupported tests 481
=== gcc Summary ===
# of expected passes 63256
# of unexpected failures 105
# of expected failures 160
# of unresolved testcases 153
# of untested testcases 56
# of unsupported tests 962
/mnt/scratch/nightly/2005-01-12/sh-elf/gcc/xgcc version 4.0.0 20050112 (experimental)
Host is i686-pc-linux-gnu
=== objc tests ===
Running target sh-hms-sim
=== objc Summary for sh-hms-sim ===
# of expected passes 1528
# of unsupported tests 10
Running target sh-hms-sim/-m4/-ml
=== objc Summary for sh-hms-sim/-m4/-ml ===
# of expected passes 1528
# of unsupported tests 10
=== objc Summary ===
# of expected passes 3056
# of unsupported tests 20
/mnt/scratch/nightly/2005-01-12/sh-elf/gcc/xgcc version 4.0.0 20050112 (experimental)
Compiler version: 4.0.0 20050112 (experimental)
Platform: sh-unknown-elf
configure flags: --target=sh-elf --with-headers --with-newlib,;t t