This is the mail archive of the
gcc-testresults@gcc.gnu.org
mailing list for the GCC project.
Results for 4.0.0 20050113 (experimental) testsuite on sparc-sun-solaris2.9
- From: coudert at quatramaran dot ens dot fr (François-Xavier Coudert)
- To: gcc-testresults at gcc dot gnu dot org
- Date: Thu, 13 Jan 2005 09:57:09 +0100 (CET)
- Subject: Results for 4.0.0 20050113 (experimental) testsuite on sparc-sun-solaris2.9
LAST_UPDATED:
Native configuration is sparc-sun-solaris2.9
=== gcc tests ===
Running target unix
FAIL: gcc.dg/cpp/Wtrigraphs-2.c (test for warnings, line 8)
FAIL: gcc.dg/cpp/Wtrigraphs-2.c (test for warnings, line 13)
FAIL: gcc.dg/cpp/Wtrigraphs-2.c (test for warnings, line 16)
FAIL: gcc.dg/cpp/Wunused.c (test for warnings, line 18)
FAIL: gcc.dg/cpp/Wunused.c (test for warnings, line 19)
FAIL: gcc.dg/cpp/Wunused.c (test for warnings, line 20)
FAIL: gcc.dg/noncompile/old-style-parm-1.c -O3 -fomit-frame-pointer (test for errors, line 9)
FAIL: gcc.dg/noncompile/old-style-parm-1.c -O3 -fomit-frame-pointer (test for excess errors)
FAIL: gcc.dg/noncompile/old-style-parm-2.c -O1 (test for errors, line 9)
FAIL: gcc.dg/noncompile/old-style-parm-2.c -O1 (test for excess errors)
FAIL: gcc.dg/vect/vect-66.c scan-tree-dump-times Alignment of access forced using peeling 1
=== gcc Summary ===
# of expected passes 32045
# of unexpected failures 11
# of expected failures 104
# of untested testcases 28
# of unsupported tests 502
/tmp/gfortran-20050113/ibin/gcc/xgcc version 4.0.0 20050113 (experimental)
=== gfortran tests ===
Running target unix
XPASS: gfortran.dg/ret_pointer_1.f90 -O0 execution test
XPASS: gfortran.dg/ret_pointer_1.f90 -O1 execution test
XPASS: gfortran.dg/ret_pointer_1.f90 -O2 execution test
XPASS: gfortran.dg/ret_pointer_1.f90 -O3 -fomit-frame-pointer execution test
XPASS: gfortran.dg/ret_pointer_1.f90 -O3 -fomit-frame-pointer -funroll-loops execution test
XPASS: gfortran.dg/ret_pointer_1.f90 -O3 -fomit-frame-pointer -funroll-all-loops -finline-functions execution test
XPASS: gfortran.dg/ret_pointer_1.f90 -O3 -g execution test
FAIL: gfortran.dg/g77/980628-10.f -O0 execution test
FAIL: gfortran.dg/g77/980628-10.f -O1 execution test
FAIL: gfortran.dg/g77/980628-10.f -O2 execution test
FAIL: gfortran.dg/g77/980628-10.f -O3 -fomit-frame-pointer execution test
FAIL: gfortran.dg/g77/980628-10.f -O3 -fomit-frame-pointer -funroll-loops execution test
FAIL: gfortran.dg/g77/980628-10.f -O3 -fomit-frame-pointer -funroll-all-loops -finline-functions execution test
FAIL: gfortran.dg/g77/980628-10.f -O3 -g execution test
FAIL: gfortran.dg/g77/980628-10.f -Os execution test
FAIL: gfortran.dg/g77/980628-7.f -O0 execution test
FAIL: gfortran.dg/g77/980628-7.f -O1 execution test
FAIL: gfortran.dg/g77/980628-7.f -O2 execution test
FAIL: gfortran.dg/g77/980628-7.f -O3 -fomit-frame-pointer execution test
FAIL: gfortran.dg/g77/980628-7.f -O3 -fomit-frame-pointer -funroll-loops execution test
FAIL: gfortran.dg/g77/980628-7.f -O3 -fomit-frame-pointer -funroll-all-loops -finline-functions execution test
FAIL: gfortran.dg/g77/980628-7.f -O3 -g execution test
FAIL: gfortran.dg/g77/980628-7.f -Os execution test
FAIL: gfortran.dg/g77/980628-8.f -O0 execution test
FAIL: gfortran.dg/g77/980628-8.f -O1 execution test
FAIL: gfortran.dg/g77/980628-8.f -O2 execution test
FAIL: gfortran.dg/g77/980628-8.f -O3 -fomit-frame-pointer execution test
FAIL: gfortran.dg/g77/980628-8.f -O3 -fomit-frame-pointer -funroll-loops execution test
FAIL: gfortran.dg/g77/980628-8.f -O3 -fomit-frame-pointer -funroll-all-loops -finline-functions execution test
FAIL: gfortran.dg/g77/980628-8.f -O3 -g execution test
FAIL: gfortran.dg/g77/980628-8.f -Os execution test
FAIL: gfortran.dg/g77/980628-9.f -O0 execution test
FAIL: gfortran.dg/g77/980628-9.f -O1 execution test
FAIL: gfortran.dg/g77/980628-9.f -O2 execution test
FAIL: gfortran.dg/g77/980628-9.f -O3 -g execution test
FAIL: gfortran.dg/g77/980628-9.f -Os execution test
FAIL: gfortran.dg/g77/980701-1.f -O0 execution test
FAIL: gfortran.dg/g77/980701-1.f -O1 execution test
FAIL: gfortran.dg/g77/980701-1.f -O2 execution test
FAIL: gfortran.dg/g77/980701-1.f -O3 -fomit-frame-pointer execution test
FAIL: gfortran.dg/g77/980701-1.f -O3 -fomit-frame-pointer -funroll-loops execution test
FAIL: gfortran.dg/g77/980701-1.f -O3 -fomit-frame-pointer -funroll-all-loops -finline-functions execution test
FAIL: gfortran.dg/g77/980701-1.f -O3 -g execution test
FAIL: gfortran.dg/g77/980701-1.f -Os execution test
FAIL: gfortran.fortran-torture/execute/forall_3.f90 execution, -O1
FAIL: gfortran.fortran-torture/execute/intrinsic_nearest.f90 execution, -O0
FAIL: gfortran.fortran-torture/execute/intrinsic_nearest.f90 execution, -O1
FAIL: gfortran.fortran-torture/execute/intrinsic_nearest.f90 execution, -O2
FAIL: gfortran.fortran-torture/execute/intrinsic_nearest.f90 execution, -O3 -fomit-frame-pointer
FAIL: gfortran.fortran-torture/execute/intrinsic_nearest.f90 execution, -O3 -fomit-frame-pointer -funroll-loops
FAIL: gfortran.fortran-torture/execute/intrinsic_nearest.f90 execution, -O3 -fomit-frame-pointer -funroll-all-loops -finline-functions
FAIL: gfortran.fortran-torture/execute/intrinsic_nearest.f90 execution, -O3 -g
FAIL: gfortran.fortran-torture/execute/intrinsic_nearest.f90 execution, -Os
FAIL: gfortran.fortran-torture/execute/intrinsic_transpose.f90 execution, -O1
=== gfortran Summary ===
# of expected passes 4885
# of unexpected failures 50
# of unexpected successes 7
# of expected failures 19
# of unsupported tests 8
/tmp/gfortran-20050113/ibin/gcc/testsuite/../gfortran version 4.0.0 20050113 (experimental)
Compiler version: 4.0.0 20050113 (experimental)
Platform: sparc-sun-solaris2.9
configure flags: --prefix=/tmp/gfortran-20050113/irun --enable-languages=c,f95,;t t