This is the mail archive of the
gcc-testresults@gcc.gnu.org
mailing list for the GCC project.
Results for 4.0.0 20050112 (experimental) testsuite on powerpc-apple-darwin7.7.0
- From: Andrew Pinski <pinskia at physics dot uc dot edu>
- To: gcc-testresults at gcc dot gnu dot org
- Date: Wed, 12 Jan 2005 11:11:45 -0500
- Subject: Results for 4.0.0 20050112 (experimental) testsuite on powerpc-apple-darwin7.7.0
LAST_UPDATED: xxxx
one patch, to enable ZCX on ppc-darwin.
=== acats tests ===
FAIL: c250002
FAIL: c32001e
FAIL: c34002a
FAIL: c391002
FAIL: c3a0004
FAIL: c43214c
FAIL: c460007
FAIL: c52011a
FAIL: c64105b
FAIL: c940005
FAIL: c95086b
FAIL: c953003
FAIL: c954a03
FAIL: c980002
FAIL: cc1221d
FAIL: cd10002
FAIL: cd2b11a
FAIL: cd2b11b
FAIL: cdd2a02
FAIL: cxaca01
=== acats Summary ===
# of expected passes 2292
# of unexpected failures 20
Native configuration is powerpc-apple-darwin7.7.0
=== gcc tests ===
Running target unix
FAIL: tmpdir-gcc.dg-struct-layout-1/t001
c_compat_x_tst.o-c_compat_y_tst.o execute
FAIL: tmpdir-gcc.dg-struct-layout-1/t024
c_compat_x_tst.o-c_compat_y_tst.o execute
FAIL: tmpdir-gcc.dg-struct-layout-1/t025
c_compat_x_tst.o-c_compat_y_tst.o execute
FAIL: tmpdir-gcc.dg-struct-layout-1/t026
c_compat_x_tst.o-c_compat_y_tst.o execute
FAIL: tmpdir-gcc.dg-struct-layout-1/t027
c_compat_x_tst.o-c_compat_y_tst.o execute
FAIL: tmpdir-gcc.dg-struct-layout-1/t028
c_compat_x_tst.o-c_compat_y_tst.o execute
FAIL: gcc.dg/darwin-longlong.c execution test
FAIL: gcc.dg/rs6000-power2-2.c scan-assembler-not lfd
FAIL: gcc.dg/rs6000-power2-2.c scan-assembler lfq
FAIL: gcc.dg/rs6000-power2-2.c scan-assembler stfq
XPASS: gcc.dg/tree-ssa/20040204-1.c scan-tree-dump-times link_error 0
FAIL: gcc.dg/vect/vect-82_64.c execution test
FAIL: gcc.dg/vect/vect-83_64.c execution test
FAIL: gcc.dg/vmx/darwin-abi-3.c -O0 execution test
FAIL: gcc.dg/vmx/darwin-abi-3.c -O1 execution test
FAIL: gcc.dg/vmx/darwin-abi-3.c -O2 execution test
FAIL: gcc.dg/vmx/darwin-abi-3.c -O3 -fomit-frame-pointer execution
test
FAIL: gcc.dg/vmx/darwin-abi-3.c -O3 -g execution test
FAIL: gcc.dg/vmx/darwin-abi-3.c -Os execution test
=== gcc Summary ===
# of expected passes 32835
# of unexpected failures 18
# of unexpected successes 1
# of expected failures 99
# of untested testcases 28
# of unsupported tests 421
/Users/pinskia/src/local2/gcc/objdir/gcc/xgcc version 4.0.0 20050112
(experimental)
Compiler version: 4.0.0 20050112 (experimental)
Platform: powerpc-apple-darwin7.7.0
configure flags: --prefix=/Users/pinskia/local2 --enable-languages=c,ada