This is the mail archive of the
gcc-testresults@gcc.gnu.org
mailing list for the GCC project.
Results for 4.0.0 20050108 (experimental) testsuite onmips-sgi-irix6.5
- From: Richard Sandiford <rsandifo at redhat dot com>
- To: gcc-testresults at gcc dot gnu dot org
- Date: Sun, 09 Jan 2005 07:59:20 +0000
- Subject: Results for 4.0.0 20050108 (experimental) testsuite onmips-sgi-irix6.5
Tested on a 4-way R10000 box running IRIX 6.5.12m
Bootstrapped using MIPSpro 7.3
Configured to use binutils 2.15 (assembler and linker)
Native configuration is mips-sgi-irix6.5
=== g++ tests ===
Running target unix
XPASS: g++.dg/warn/Wunused-9.C (test for warnings, line 32)
WARNING: g++.old-deja/g++.mike/p10769a.C compilation failed to produce executable
=== g++ Summary for unix ===
# of expected passes 10470
# of unexpected successes 1
# of expected failures 72
# of unsupported tests 103
Running target unix/-mabi=32
XPASS: g++.dg/warn/Wunused-9.C (test for warnings, line 32)
WARNING: g++.old-deja/g++.mike/p10769a.C compilation failed to produce executable
=== g++ Summary for unix/-mabi=32 ===
# of expected passes 10470
# of unexpected successes 1
# of expected failures 72
# of unsupported tests 103
Running target unix/-mabi=64
XPASS: g++.dg/warn/Wunused-9.C (test for warnings, line 32)
WARNING: g++.old-deja/g++.mike/p10769a.C compilation failed to produce executable
=== g++ Summary for unix/-mabi=64 ===
# of expected passes 10438
# of unexpected successes 1
# of expected failures 72
# of unsupported tests 105
=== g++ Summary ===
# of expected passes 31378
# of unexpected successes 3
# of expected failures 216
# of unsupported tests 311
/es/scratch/rsandifo/gcc/HEAD/mips-sgi-irix6.5/mips-sgi-irix6.5/gcc/testsuite/../g++ version 4.0.0 20050108 (experimental)
=== gcc tests ===
Running target unix
FAIL: gcc.c-torture/execute/strct-pack-3.c execution, -O1
FAIL: gcc.c-torture/execute/strct-pack-3.c execution, -O2
FAIL: gcc.c-torture/execute/strct-pack-3.c execution, -O3 -fomit-frame-pointer
FAIL: gcc.c-torture/execute/strct-pack-3.c execution, -O3 -g
FAIL: gcc.c-torture/execute/strct-pack-3.c execution, -Os
FAIL: gcc.c-torture/execute/ieee/mul-subnormal-single-1.c execution, -O0
FAIL: gcc.c-torture/execute/ieee/mul-subnormal-single-1.c execution, -O1
FAIL: gcc.c-torture/execute/ieee/mul-subnormal-single-1.c execution, -O2
FAIL: gcc.c-torture/execute/ieee/mul-subnormal-single-1.c execution, -O3 -fomit-frame-pointer
FAIL: gcc.c-torture/execute/ieee/mul-subnormal-single-1.c execution, -O3 -fomit-frame-pointer -funroll-loops
FAIL: gcc.c-torture/execute/ieee/mul-subnormal-single-1.c execution, -O3 -fomit-frame-pointer -funroll-all-loops -finline-functions
FAIL: gcc.c-torture/execute/ieee/mul-subnormal-single-1.c execution, -O3 -g
FAIL: gcc.c-torture/execute/ieee/mul-subnormal-single-1.c execution, -Os
FAIL: gcc.dg/noncompile/920507-1.c -O1 (test for excess errors)
FAIL: gcc.dg/noncompile/920507-1.c -O2 (test for excess errors)
FAIL: gcc.dg/noncompile/920507-1.c -O3 -fomit-frame-pointer (test for excess errors)
FAIL: gcc.dg/noncompile/920507-1.c -O3 -g (test for excess errors)
FAIL: gcc.dg/noncompile/920507-1.c -Os (test for excess errors)
FAIL: gcc.dg/special/gcsec-1.c (test for excess errors)
FAIL: gcc.dg/special/gcsec-1.c execution test
FAIL: gcc.dg/tree-ssa/20040703-1.c scan-tree-dump-times 0.0 0
=== gcc Summary for unix ===
# of expected passes 31845
# of unexpected failures 21
# of expected failures 74
# of untested testcases 28
# of unsupported tests 434
Running target unix/-mabi=32
FAIL: gcc.c-torture/execute/strct-pack-3.c execution, -O1
FAIL: gcc.c-torture/execute/strct-pack-3.c execution, -O2
FAIL: gcc.c-torture/execute/strct-pack-3.c execution, -O3 -fomit-frame-pointer
FAIL: gcc.c-torture/execute/strct-pack-3.c execution, -O3 -g
FAIL: gcc.c-torture/execute/strct-pack-3.c execution, -Os
FAIL: gcc.dg/special/gcsec-1.c (test for excess errors)
FAIL: gcc.dg/special/gcsec-1.c execution test
FAIL: gcc.dg/tree-ssa/loop-1.c scan-assembler-times foo 5
=== gcc Summary for unix/-mabi=32 ===
# of expected passes 31853
# of unexpected failures 8
# of expected failures 74
# of untested testcases 28
# of unsupported tests 434
Running target unix/-mabi=64
FAIL: gcc.c-torture/execute/strct-pack-3.c execution, -O1
FAIL: gcc.c-torture/execute/strct-pack-3.c execution, -O2
FAIL: gcc.c-torture/execute/strct-pack-3.c execution, -O3 -fomit-frame-pointer
FAIL: gcc.c-torture/execute/strct-pack-3.c execution, -O3 -g
FAIL: gcc.c-torture/execute/strct-pack-3.c execution, -Os
FAIL: gcc.c-torture/execute/ieee/mul-subnormal-single-1.c execution, -O0
FAIL: gcc.c-torture/execute/ieee/mul-subnormal-single-1.c execution, -O1
FAIL: gcc.c-torture/execute/ieee/mul-subnormal-single-1.c execution, -O2
FAIL: gcc.c-torture/execute/ieee/mul-subnormal-single-1.c execution, -O3 -fomit-frame-pointer
FAIL: gcc.c-torture/execute/ieee/mul-subnormal-single-1.c execution, -O3 -fomit-frame-pointer -funroll-loops
FAIL: gcc.c-torture/execute/ieee/mul-subnormal-single-1.c execution, -O3 -fomit-frame-pointer -funroll-all-loops -finline-functions
FAIL: gcc.c-torture/execute/ieee/mul-subnormal-single-1.c execution, -O3 -g
FAIL: gcc.c-torture/execute/ieee/mul-subnormal-single-1.c execution, -Os
FAIL: gcc.dg/special/gcsec-1.c (test for excess errors)
FAIL: gcc.dg/special/gcsec-1.c execution test
FAIL: gcc.dg/tree-ssa/20040703-1.c scan-tree-dump-times 0.0 0
=== gcc Summary for unix/-mabi=64 ===
# of expected passes 31845
# of unexpected failures 16
# of expected failures 74
# of untested testcases 28
# of unsupported tests 434
=== gcc Summary ===
# of expected passes 95543
# of unexpected failures 45
# of expected failures 222
# of untested testcases 84
# of unsupported tests 1302
/es/scratch/rsandifo/gcc/HEAD/mips-sgi-irix6.5/mips-sgi-irix6.5/gcc/xgcc version 4.0.0 20050108 (experimental)
=== objc tests ===
Running target unix
FAIL: objc.dg/stabs-1.m scan-assembler .text"?\\n\\t.stabs.*100,0,0,(\\\\.)?L?Letext[0-9]*\\n(\\\\.)?L?Letext
=== objc Summary for unix ===
# of expected passes 1527
# of unexpected failures 1
# of unsupported tests 10
Running target unix/-mabi=32
FAIL: objc.dg/stabs-1.m scan-assembler .text"?\\n\\t.stabs.*100,0,0,(\\\\.)?L?Letext[0-9]*\\n(\\\\.)?L?Letext
=== objc Summary for unix/-mabi=32 ===
# of expected passes 1527
# of unexpected failures 1
# of unsupported tests 10
Running target unix/-mabi=64
FAIL: objc.dg/stabs-1.m scan-assembler .text"?\\n\\t.stabs.*100,0,0,(\\\\.)?L?Letext[0-9]*\\n(\\\\.)?L?Letext
=== objc Summary for unix/-mabi=64 ===
# of expected passes 1527
# of unexpected failures 1
# of unsupported tests 10
=== objc Summary ===
# of expected passes 4581
# of unexpected failures 3
# of unsupported tests 30
/es/scratch/rsandifo/gcc/HEAD/mips-sgi-irix6.5/mips-sgi-irix6.5/gcc/xgcc version 4.0.0 20050108 (experimental)
=== libstdc++ tests ===
Running target unix
FAIL: 18_support/numeric_limits.cc execution test
FAIL: 22_locale/ctype/cons/char/1.cc execution test
FAIL: 26_numerics/complex/13450.cc (test for excess errors)
WARNING: 26_numerics/complex/13450.cc compilation failed to produce executable
FAIL: 26_numerics/complex/complex_value.cc (test for excess errors)
WARNING: 26_numerics/complex/complex_value.cc compilation failed to produce executable
FAIL: 26_numerics/complex/pow.cc (test for excess errors)
WARNING: 26_numerics/complex/pow.cc compilation failed to produce executable
=== libstdc++ Summary for unix ===
# of expected passes 2345
# of unexpected failures 5
# of expected failures 4
Running target unix/-mabi=32
FAIL: 22_locale/ctype/cons/char/1.cc execution test
FAIL: 26_numerics/complex/13450.cc (test for excess errors)
WARNING: 26_numerics/complex/13450.cc compilation failed to produce executable
FAIL: 26_numerics/complex/complex_value.cc (test for excess errors)
WARNING: 26_numerics/complex/complex_value.cc compilation failed to produce executable
FAIL: 26_numerics/complex/pow.cc (test for excess errors)
WARNING: 26_numerics/complex/pow.cc compilation failed to produce executable
FAIL: 27_io/basic_istream/extractors_arithmetic/char/12.cc execution test
=== libstdc++ Summary for unix/-mabi=32 ===
# of expected passes 2345
# of unexpected failures 5
# of expected failures 4
Running target unix/-mabi=64
FAIL: 18_support/numeric_limits.cc execution test
FAIL: 22_locale/ctype/cons/char/1.cc execution test
FAIL: 26_numerics/complex/13450.cc (test for excess errors)
WARNING: 26_numerics/complex/13450.cc compilation failed to produce executable
FAIL: 26_numerics/complex/complex_value.cc (test for excess errors)
WARNING: 26_numerics/complex/complex_value.cc compilation failed to produce executable
FAIL: 26_numerics/complex/pow.cc (test for excess errors)
WARNING: 26_numerics/complex/pow.cc compilation failed to produce executable
=== libstdc++ Summary for unix/-mabi=64 ===
# of expected passes 2345
# of unexpected failures 5
# of expected failures 4
=== libstdc++ Summary ===
# of expected passes 7035
# of unexpected failures 15
# of expected failures 12
Compiler version: 4.0.0 20050108 (experimental)
Platform: mips-sgi-irix6.5
configure flags: --prefix=/es/scratch/rsandifo/usr/gcc --exec-prefix=/es/scratch/rsandifo/usr/gcc/H-mips-sgi-irix6.5 --build=mips-sgi-irix6.5 --host=mips-sgi-irix6.5 --target=mips-sgi-irix6.5 --enable-checking --disable-gdbtk --enable-serial-configure --with-gnu-as --with-as=/es/scratch/rsandifo/usr/binutils-2.15/H-mips-sgi-irix6.5/bin/as --with-gnu-ld --with-ld=/es/scratch/rsandifo/usr/binutils-2.15/H-mips-sgi-irix6.5/bin/ld --disable-nls --enable-languages=c,c++,java,objc