This is the mail archive of the gcc-testresults@gcc.gnu.org mailing list for the GCC project.


Index Nav: [Date Index] [Subject Index] [Author Index] [Thread Index]
Message Nav: [Date Prev] [Date Next] [Thread Prev] [Thread Next]
Other format: [Raw text]

Results for 3.4.4 20050108 (prerelease) testsuite on sparc-unknown-linux-gnu


Aurora SPARC Linux Corona (FC3-ish) UltraSparc IIi (Sabre) sun4u:

binutils-2.15.92.0.2-5 - sparc
bison-1.875c-2 - sparc
dejagnu-1.4.4-2 - noarch
expect-5.42.1-1 - sparc
gcc-3.4.2-6.fc3 - sparc
gcc4-4.0.0-0.8sparc - sparc
glibc-2.3.3-99 - sparcv9
glibc-2.3.3-99 - sparc64
glibc-headers-2.3.3-99 - sparc64
glibc-kernheaders-2.6-17sparc - sparc
kernel-2.6.8-1.571sp1 - sparc64
kernel-2.6.9-1.1032sp1 - sparc64
kernel-2.6.10-1.1063sp1 - sparc64
package kernel-smp is not installed
make-3.80-3 - sparc
nptl-devel-2.3.3-99 - sparcv9
tcl-8.4.5-7 - sparc

LAST_UPDATED: Sat Jan  8 13:42:49 UTC 2005

Native configuration is sparc-unknown-linux-gnu

		=== gcc tests ===


Running target unix
UNRESOLVED: gcc.c-torture/execute/simd-4.c execution,  -O0 
UNRESOLVED: gcc.dg/compat/vector-1 c_compat_x_tst.o-c_compat_y_tst.o link 
UNRESOLVED: gcc.dg/compat/vector-1 c_compat_x_tst.o-c_compat_y_tst.o execute 
UNRESOLVED: gcc.dg/compat/vector-2 c_compat_x_tst.o-c_compat_y_tst.o link 
UNRESOLVED: gcc.dg/compat/vector-2 c_compat_x_tst.o-c_compat_y_tst.o execute 
FAIL: gcc.dg/cleanup-8.c execution test
FAIL: gcc.dg/cleanup-9.c execution test
FAIL: gcc.dg/titype-1.c (test for excess errors)
WARNING: gcc.dg/titype-1.c compilation failed to produce executable
XPASS: gcc.dg/uninit-4.c uninitialized variable warning (test for bogus messages, line 26)
FAIL: gcc.dg/uninit-C.c (test for excess errors)

		=== gcc Summary ===

# of expected passes		24644
# of unexpected failures	4
# of unexpected successes	1
# of expected failures		73
# of unresolved testcases	5
# of untested testcases		7
# of unsupported tests		330
/usr/local/src/branch/objdir32/gcc/xgcc version 3.4.4 20050108 (prerelease)

		=== g++ tests ===


Running target unix
WARNING: g++.dg/eh/simd-1.C compilation failed to produce executable
WARNING: g++.dg/eh/simd-2.C compilation failed to produce executable
XPASS: g++.dg/rtti/tinfo1.C scan-assembler _ZTIP9CTemplateIhE:
XPASS: g++.dg/rtti/tinfo1.C scan-assembler-not .globl[ \\t]+_ZTIP9CTemplateIhE
WARNING: g++.old-deja/g++.mike/p10769a.C compilation failed to produce executable
WARNING: g++.old-deja/g++.other/enum5.C compilation failed to produce executable
XPASS: g++.old-deja/g++.other/init5.C execution test
WARNING: g++.old-deja/g++.pt/friend44.C compilation failed to produce executable

		=== g++ Summary ===

# of expected passes		9706
# of unexpected successes	3
# of expected failures		72
# of unsupported tests		80
/usr/local/src/branch/objdir32/gcc/testsuite/../g++ version 3.4.4 20050108 (prerelease)


		=== libstdc++-v3 check-abi Summary ===

# of added symbols:		 20
# of missing symbols:		 0
# of incompatible symbols:	 0

using: /usr/local/src/branch/gcc/libstdc++-v3/config/abi/sparc-linux-gnu/baseline_symbols.txt

		=== libstdc++ tests ===


Running target unix
XPASS: 22_locale/locale/cons/12658_thread.cc execution test
XPASS: 26_numerics/c99_classification_macros_c.cc (test for excess errors)

		=== libstdc++ Summary ===

# of expected passes		2731
# of unexpected successes	2
# of expected failures		5

Compiler version: 3.4.4 20050108 (prerelease) 
Platform: sparc-unknown-linux-gnu
configure flags: sparc-linux --enable-__cxa_atexit --enable-shared --enable-languages=c,c++
Counting all warnings,
there are 44 warnings in stage0 of this bootstrap.

Number of warnings per file:
     20 libiberty/regex.c
     20 libiberty/concat.c
      4 include/xregex2.h

Number of warning types:
     20 traditional C rejects ISO C style function definitions
     16 signed and unsigned type in conditional expression
      4 unused parameter 'preg'
      4 ISO C90 does not support \`static' or type qualifiers in parameter array declarators
Counting all warnings,
there are 7 warnings in stage3 of this bootstrap.

Number of warnings per file:
      3 gengtype-lex.c
      3 gcc/gcc.c
      1 gcc/libgcc2.c

Number of warning types:
      3 string length \`???' is greater than the length \`???' ISO C89 compilers are required to support
      3 old-style parameter declaration
      1 no previous prototype for '__enable_execute_stack'


Index Nav: [Date Index] [Subject Index] [Author Index] [Thread Index]
Message Nav: [Date Prev] [Date Next] [Thread Prev] [Thread Next]