This is the mail archive of the
gcc-testresults@gcc.gnu.org
mailing list for the GCC project.
Results for 4.0.0 20050106 (experimental) testsuite on i686-pc-linux-gnu
- From: Christian Joensson <chj at j-son dot org>
- To: gcc-testresults at gcc dot gnu dot org
- Date: Fri, 7 Jan 2005 15:50:26 +0100
- Subject: Results for 4.0.0 20050106 (experimental) testsuite on i686-pc-linux-gnu
Fedora Core release 3 (Heidelberg) ia32 pentium II single i686:
binutils-2.15.92.0.2-5 - i386
bison-1.875c-2 - i386
dejagnu-1.4.4-2 - noarch
expect-5.42.1-1 - i386
gcc-3.4.2-6.fc3 - i386
gcc4-4.0.0-0.8 - i386
glibc-2.3.4-2.fc3 - i686
glibc-headers-2.3.4-2.fc3 - i386
glibc-kernheaders-2.4-9.1.87 - i386
kernel-2.6.9-1.681_FC3 - i686
package kernel-smp is not installed
make-3.80-5 - i386
nptl-devel-2.3.4-2.fc3 - i686
tcl-8.4.7-2 - i386
LAST_UPDATED: Thu Jan 6 20:25:26 UTC 2005
=== acats tests ===
FAIL: c32001e
FAIL: c37402a
FAIL: c380004
FAIL: c43214c
FAIL: c52011a
FAIL: c64105b
FAIL: c95086b
FAIL: c953002
FAIL: c953003
FAIL: c980002
FAIL: cc1221d
FAIL: cd10002
FAIL: cd2b11a
FAIL: cd2b11b
FAIL: cdd2a02
FAIL: cxb3012
=== acats Summary ===
# of expected passes 2306
# of unexpected failures 16
Native configuration is i686-pc-linux-gnu
=== gcc tests ===
Running target unix
=== gcc Summary ===
# of expected passes 32487
# of expected failures 104
# of untested testcases 28
# of unsupported tests 304
/usr/local/src/trunk/objdir32/gcc/xgcc version 4.0.0 20050106 (experimental)
=== gfortran tests ===
Running target unix
XPASS: gfortran.dg/ret_pointer_1.f90 -O0 execution test
XPASS: gfortran.dg/ret_pointer_1.f90 -O1 execution test
XPASS: gfortran.dg/ret_pointer_1.f90 -O3 -fomit-frame-pointer execution test
XPASS: gfortran.dg/ret_pointer_1.f90 -O3 -fomit-frame-pointer -funroll-loops execution test
XPASS: gfortran.dg/ret_pointer_1.f90 -O3 -fomit-frame-pointer -funroll-all-loops -finline-functions execution test
FAIL: gfortran.fortran-torture/execute/forall_3.f90 execution, -O1
=== gfortran Summary ===
# of expected passes 4860
# of unexpected failures 1
# of unexpected successes 5
# of expected failures 21
/usr/local/src/trunk/objdir32/gcc/testsuite/../gfortran version 4.0.0 20050106 (experimental)
=== g++ tests ===
Running target unix
XPASS: g++.dg/warn/Wunused-9.C (test for warnings, line 32)
WARNING: g++.old-deja/g++.mike/p10769a.C compilation failed to produce executable
XPASS: g++.old-deja/g++.other/init5.C execution test
=== g++ Summary ===
# of expected passes 10583
# of unexpected successes 2
# of expected failures 71
# of unsupported tests 56
/usr/local/src/trunk/objdir32/gcc/testsuite/../g++ version 4.0.0 20050106 (experimental)
=== objc tests ===
Running target unix
=== objc Summary ===
# of expected passes 1528
# of unsupported tests 10
/usr/local/src/trunk/objdir32/gcc/xgcc version 4.0.0 20050106 (experimental)
=== treelang tests ===
Running target unix
=== treelang Summary ===
# of expected passes 22
=== libffi tests ===
Running target unix
=== libffi Summary ===
# of expected passes 216
# of unsupported tests 2
=== libjava tests ===
Running target unix
XPASS: pr13107_3 compilation from bytecode
XPASS: pr13107_3 -O3 compilation from bytecode
=== libjava Summary ===
# of expected passes 3706
# of unexpected successes 2
# of expected failures 12
# of untested testcases 12
=== libmudflap tests ===
Running target unix
FAIL: libmudflap.cth/pass40-frag.c execution test
FAIL: libmudflap.cth/pass40-frag.c output pattern test
FAIL: libmudflap.cth/pass40-frag.c (-O2) execution test
FAIL: libmudflap.cth/pass40-frag.c (-O2) output pattern test
FAIL: libmudflap.cth/pass40-frag.c (-O3) execution test
FAIL: libmudflap.cth/pass40-frag.c (-O3) output pattern test
=== libmudflap Summary ===
# of expected passes 1274
# of unexpected failures 6
=== libstdc++-v3 check-abi Summary ===
# of added symbols: 54
# of missing symbols: 0
# of incompatible symbols: 0
using: /usr/local/src/trunk/gcc/libstdc++-v3/config/abi/i486-linux-gnu/baseline_symbols.txt
=== libstdc++ tests ===
Running target unix
WARNING: program timed out.
FAIL: 22_locale/ctype/scan/char/1.cc (test for excess errors)
WARNING: 22_locale/ctype/scan/char/1.cc compilation failed to produce executable
XPASS: 22_locale/locale/cons/12658_thread-1.cc execution test
XPASS: 26_numerics/cmath/c99_classification_macros_c.cc (test for excess errors)
=== libstdc++ Summary ===
# of expected passes 3358
# of unexpected failures 1
# of unexpected successes 2
# of expected failures 5
Compiler version: 4.0.0 20050106 (experimental)
Platform: i686-pc-linux-gnu
configure flags: --enable-__cxa_atexit --enable-shared --enable-languages=c,ada,c++,f95,java,objc,treelang
Counting all warnings,
there are 155 warnings in stage0 of this bootstrap.
Number of warnings per file:
28 libmudflap/mf-hooks1.c
25 libiberty/concat.c
15 libiberty/regex.c
8 g-spipat.adb
6 libmudflap/mf-hooks3.c
6 include/xregex2.h
4 libjava/java/lang/strtod.c
4 libjava/java/lang/dtoa.c
4 include/gc_config.h
4 include/config.h
3 libjava/java/lang/e_exp.c
3 include/java-signal.h
2 raise.c
2 libtool
2 libiberty/pex-unix.c
2 libgfortran/generated/matmul_r8.c
2 libgfortran/generated/matmul_r4.c
2 libgfortran/generated/matmul_i8.c
2 libgfortran/generated/matmul_i4.c
2 libgfortran/generated/matmul_c8.c
2 libgfortran/generated/matmul_c4.c
2 libcpp/macro.c
2 gcc/boehm-gc/os_dep.c
2 gcc/ada/prj-nmsc.adb
2 gcc/ada/mlib-prj.adb
2 fastjar/shift.c
1 libstdc++-v3/src/bitmap_allocator.cc
1 libobjc/thr.c
1 libobjc/sendmsg.c
1 libjava/java/lang/e_rem_pio2.c
1 libjava/java/lang/e_asin.c
1 libjava/gnu/gcj/io/shs.cc
1 libgfortran/generated/transpose_i8.c
1 libgfortran/generated/transpose_i4.c
1 libgfortran/generated/matmul_l8.c
1 libgfortran/generated/matmul_l4.c
1 libcpp/pch.c
1 java/net/natNetworkInterface.cc
1 gnu/java/nio/natPipeImpl.cc
1 gcc/coretypes.h
1 gcc/boehm-gc/mark_rts.c
1 fastjar/jartool.c
1 fastjar/compress.c
Number of warning types:
25 traditional C rejects ISO C style function definitions
16 passing argument 1 of 'size0' from incompatible pointer type
15 signed and unsigned type in conditional expression
5 this is the location of the previous definition
4 'STOP' may be used uninitialized in this function
4 'START' may be used uninitialized in this function
4 ISO C90 does not support \`static' or type qualifiers in parameter array declarators
3 'void restore()' declared 'static' but never defined
2 '__wrap_realloc' aliased to undefined symbol 'realloc'
2 '__wrap_munmap' aliased to undefined symbol 'munmap'
2 '__wrap_mmap' aliased to undefined symbol 'mmap'
2 '__wrap_malloc' aliased to undefined symbol 'malloc'
2 '__wrap_free' aliased to undefined symbol 'free'
2 '__wrap_calloc' aliased to undefined symbol 'calloc'
2 '__wrap_alloca' aliased to undefined symbol 'alloca'
2 variable 'out' might be clobbered by 'longjmp' or 'vfork'
2 'sigsetmask' is deprecated (declared at /usr/include/signal.h:184)
2 '__real_realloc' aliased to undefined symbol 'realloc'
2 '__real_munmap' aliased to undefined symbol 'munmap'
2 '__real_mmap' aliased to undefined symbol 'mmap'
2 '__real_malloc' aliased to undefined symbol 'malloc'
2 '__real_free' aliased to undefined symbol 'free'
2 '__real_calloc' aliased to undefined symbol 'calloc'
2 '__real_alloca' aliased to undefined symbol 'alloca'
2 pointer targets in assignment differ in signedness
2 ISO C90 does not support 'static' or type qualifiers in parameter array declarators
2 comparison between signed and unsigned
1 'z' is used uninitialized in this function
1 '__wrap_pthread_join' aliased to undefined symbol 'pthread_join'
1 '__wrap_pthread_exit' aliased to undefined symbol 'pthread_exit'
1 '__wrap_pthread_create' aliased to undefined symbol 'pthread_create'
1 'void byteReverse()' declared 'static' but never defined
1 unused parameter 'ze'
1 unused parameter 'self'
1 'Unit_Prj\$Unit' is used uninitialized in this function
1 'Unit_Prj\$Project' is used uninitialized in this function
1 to ensure that POSIX-compatible ar will work
1 't' may be used uninitialized in this function
1 string length \`???' is greater than the length \`???' ISO C89 compilers are required to support
1 'spec_case' may be used uninitialized in this function
1 \`rtx' redefined
1 '__real_pthread_join' aliased to undefined symbol 'pthread_join'
1 '__real_pthread_exit' aliased to undefined symbol 'pthread_exit'
1 '__real_pthread_create' aliased to undefined symbol 'pthread_create'
1 pointer targets in passing arg ??? of \`???' differ in signedness
1 \`PACKAGE_VERSION' redefined
1 \`PACKAGE_TARNAME' redefined
1 \`PACKAGE_STRING' redefined
1 \`PACKAGE_NAME' redefined
1 object name conflicts; overriding AR_FLAGS to 'cq'
1 'noreturn' function does return
1 'mlo' may be used uninitialized in this function
1 'lo' may be used uninitialized in this function
1 'k' may be used uninitialized in this function
1 'ilim' may be used uninitialized in this function
1 'ilim1' may be used uninitialized in this function
1 'hi' may be used uninitialized in this function
1 function returns address of local variable
1 'Element\$Project' is used uninitialized in this function
1 'Element\$Next' is used uninitialized in this function
1 'delta' may be used uninitialized in this function
1 control reaches end of non-void function
1 comparison between signed and unsigned integer expressions
1 'bs' may be used uninitialized in this function
1 'bd' may be used uninitialized in this function
1 'bb' may be used uninitialized in this function
1 assignment from incompatible pointer type
1 assignment discards qualifiers from pointer target type
Counting all warnings,
there are 15 warnings in stage3 of this bootstrap.
Number of warnings per file:
3 treelang/lex.c
3 gcc/gcc.c
2 gcc/objc/lang-specs.h
2 gcc/java/jcf-io.c
1 include/line-map.h
1 gcc/treelang/lex.l
1 gcc/java/jvspec.c
1 gcc/config/i386/i386.md
1 gcc/ada/tracebak.c
Number of warning types:
3 old-style function definition
1 this is the location of the previous definition
1 string length '844' is greater than the length '509' ISO C89 compilers are required to support
1 string length '834' is greater than the length '509' ISO C89 compilers are required to support
1 string length '783' is greater than the length '509' ISO C89 compilers are required to support
1 string length '695' is greater than the length '509' ISO C89 compilers are required to support
1 string length '608' is greater than the length '509' ISO C89 compilers are required to support
1 string length '603' is greater than the length '509' ISO C89 compilers are required to support
1 operand 1 missing mode?
1 \`LINEMAP_POSITION_FOR_COLUMN' redefined
1 ISO C forbids passing argument 3 of 'scandir' between function pointer and 'void *'
1 ISO C forbids conversion of function pointer to object pointer type
1 comparison of unsigned expression < 0 is always false