This is the mail archive of the
gcc-testresults@gcc.gnu.org
mailing list for the GCC project.
Results for 4.0.0 20050104 (experimental) testsuite on x86_64-unknown-linux-gnu
- From: hjl at gnu-20 dot sc dot intel dot com (H.J. Lu)
- To: gcc-testresults at gcc dot gnu dot org
- Date: Wed, 5 Jan 2005 11:06:08 -0800 (PST)
- Subject: Results for 4.0.0 20050104 (experimental) testsuite on x86_64-unknown-linux-gnu
LAST_UPDATED: Tue Jan 4 19:22:51 UTC 2005
Native configuration is x86_64-unknown-linux-gnu
=== g++ tests ===
Running target unix/-m32
FAIL: g++.dg/eh/simd-1.C (test for excess errors)
FAIL: g++.dg/eh/simd-2.C (test for excess errors)
XPASS: g++.dg/warn/Wunused-9.C (test for warnings, line 32)
WARNING: g++.old-deja/g++.mike/p10769a.C compilation failed to produce executable
=== g++ Summary for unix/-m32 ===
# of expected passes 10509
# of unexpected failures 2
# of unexpected successes 1
# of expected failures 72
# of unsupported tests 88
Running target unix
XPASS: g++.dg/warn/Wunused-9.C (test for warnings, line 32)
WARNING: g++.old-deja/g++.mike/p10769a.C compilation failed to produce executable
=== g++ Summary for unix ===
# of expected passes 10479
# of unexpected successes 1
# of expected failures 72
# of unsupported tests 90
=== g++ Summary ===
# of expected passes 20988
# of unexpected failures 2
# of unexpected successes 2
# of expected failures 144
# of unsupported tests 178
/export/build/gnu/gcc/build-x86_64-linux/gcc/testsuite/../g++ version 4.0.0 20050104 (experimental)
=== gcc tests ===
Running target unix/-m32
FAIL: gcc.c-torture/execute/ieee/20010114-2.c execution, -O1
FAIL: gcc.c-torture/execute/ieee/20010114-2.c execution, -O2
FAIL: gcc.c-torture/execute/ieee/20010114-2.c execution, -Os
FAIL: gcc.c-torture/execute/ieee/20030331-1.c execution, -O1
FAIL: gcc.c-torture/execute/ieee/20030331-1.c execution, -O2
FAIL: gcc.c-torture/execute/ieee/20030331-1.c execution, -O3 -fomit-frame-pointer
FAIL: gcc.c-torture/execute/ieee/20030331-1.c execution, -O3 -g
FAIL: gcc.c-torture/execute/ieee/20030331-1.c execution, -Os
FAIL: gcc.c-torture/execute/ieee/980619-1.c execution, -O1
FAIL: gcc.c-torture/execute/ieee/980619-1.c execution, -O2
FAIL: gcc.c-torture/execute/ieee/980619-1.c execution, -O3 -fomit-frame-pointer
FAIL: gcc.c-torture/execute/ieee/980619-1.c execution, -O3 -fomit-frame-pointer -funroll-loops
FAIL: gcc.c-torture/execute/ieee/980619-1.c execution, -O3 -fomit-frame-pointer -funroll-all-loops -finline-functions
FAIL: gcc.c-torture/execute/ieee/980619-1.c execution, -O3 -g
FAIL: gcc.c-torture/execute/ieee/980619-1.c execution, -Os
FAIL: gcc.dg/cpp/subframework1.c (test for excess errors)
FAIL: gcc.dg/i386-local.c scan-assembler magic[^\\\\n]*edi
=== gcc Summary for unix/-m32 ===
# of expected passes 32112
# of unexpected failures 17
# of expected failures 104
# of untested testcases 28
# of unsupported tests 414
Running target unix
FAIL: gcc.dg/cpp/subframework1.c (test for excess errors)
FAIL: gcc.dg/tree-ssa/loop-4.c scan-tree-dump-times arr_base[^\\n\\r]*= 0
=== gcc Summary for unix ===
# of expected passes 32127
# of unexpected failures 2
# of expected failures 106
# of untested testcases 28
# of unsupported tests 413
=== gcc Summary ===
# of expected passes 64239
# of unexpected failures 19
# of expected failures 210
# of untested testcases 56
# of unsupported tests 827
/export/build/gnu/gcc/build-x86_64-linux/gcc/xgcc version 4.0.0 20050104 (experimental)
=== objc tests ===
Running target unix/-m32
=== objc Summary for unix/-m32 ===
# of expected passes 1528
# of unsupported tests 10
Running target unix
=== objc Summary for unix ===
# of expected passes 1528
# of unsupported tests 10
=== objc Summary ===
# of expected passes 3056
# of unsupported tests 20
/export/build/gnu/gcc/build-x86_64-linux/gcc/xgcc version 4.0.0 20050104 (experimental)
=== libffi tests ===
Running target unix/-m32
=== libffi Summary for unix/-m32 ===
# of expected passes 216
# of unsupported tests 2
Running target unix
=== libffi Summary for unix ===
# of expected passes 216
# of unsupported tests 2
=== libffi Summary ===
# of expected passes 432
# of unsupported tests 4
=== libjava tests ===
Running target unix/-m32
FAIL: String_overflow -O3 compilation from source
XPASS: pr13107_3 compilation from bytecode
XPASS: pr13107_3 -O3 compilation from bytecode
=== libjava Summary for unix/-m32 ===
# of expected passes 3703
# of unexpected failures 1
# of unexpected successes 2
# of expected failures 12
# of untested testcases 14
Running target unix
FAIL: String_overflow -O3 compilation from source
XPASS: pr13107_3 compilation from bytecode
XPASS: pr13107_3 -O3 compilation from bytecode
=== libjava Summary for unix ===
# of expected passes 3703
# of unexpected failures 1
# of unexpected successes 2
# of expected failures 12
# of untested testcases 14
=== libjava Summary ===
# of expected passes 7406
# of unexpected failures 2
# of unexpected successes 4
# of expected failures 24
# of untested testcases 28
=== libmudflap tests ===
Running target unix/-m32
FAIL: libmudflap.c/pass32-frag.c (test for excess errors)
WARNING: libmudflap.c/pass32-frag.c compilation failed to produce executable
FAIL: libmudflap.c/pass32-frag.c (-static) (test for excess errors)
WARNING: libmudflap.c/pass32-frag.c (-static) compilation failed to produce executable
FAIL: libmudflap.c/pass32-frag.c (-O2) (test for excess errors)
WARNING: libmudflap.c/pass32-frag.c (-O2) compilation failed to produce executable
FAIL: libmudflap.c/pass32-frag.c (-O3) (test for excess errors)
WARNING: libmudflap.c/pass32-frag.c (-O3) compilation failed to produce executable
=== libmudflap Summary for unix/-m32 ===
# of expected passes 1272
# of unexpected failures 4
Running target unix
FAIL: libmudflap.c/fail1-frag.c crash test
FAIL: libmudflap.c/fail1-frag.c output pattern test
FAIL: libmudflap.c/fail2-frag.c crash test
FAIL: libmudflap.c/fail2-frag.c output pattern test
FAIL: libmudflap.c/fail3-frag.c crash test
FAIL: libmudflap.c/fail3-frag.c output pattern test
FAIL: libmudflap.c/pass32-frag.c (test for excess errors)
WARNING: libmudflap.c/pass32-frag.c compilation failed to produce executable
FAIL: libmudflap.c/fail1-frag.c (-static) crash test
FAIL: libmudflap.c/fail1-frag.c (-static) output pattern test
FAIL: libmudflap.c/fail2-frag.c (-static) crash test
FAIL: libmudflap.c/fail2-frag.c (-static) output pattern test
FAIL: libmudflap.c/fail3-frag.c (-static) crash test
FAIL: libmudflap.c/fail3-frag.c (-static) output pattern test
FAIL: libmudflap.c/pass32-frag.c (-static) (test for excess errors)
WARNING: libmudflap.c/pass32-frag.c (-static) compilation failed to produce executable
FAIL: libmudflap.c/fail1-frag.c (-O2) crash test
FAIL: libmudflap.c/fail1-frag.c (-O2) output pattern test
FAIL: libmudflap.c/fail2-frag.c (-O2) crash test
FAIL: libmudflap.c/fail2-frag.c (-O2) output pattern test
FAIL: libmudflap.c/fail3-frag.c (-O2) crash test
FAIL: libmudflap.c/fail3-frag.c (-O2) output pattern test
FAIL: libmudflap.c/pass32-frag.c (-O2) (test for excess errors)
WARNING: libmudflap.c/pass32-frag.c (-O2) compilation failed to produce executable
FAIL: libmudflap.c/fail1-frag.c (-O3) crash test
FAIL: libmudflap.c/fail1-frag.c (-O3) output pattern test
FAIL: libmudflap.c/fail2-frag.c (-O3) crash test
FAIL: libmudflap.c/fail2-frag.c (-O3) output pattern test
FAIL: libmudflap.c/fail3-frag.c (-O3) crash test
FAIL: libmudflap.c/fail3-frag.c (-O3) output pattern test
FAIL: libmudflap.c/pass32-frag.c (-O3) (test for excess errors)
WARNING: libmudflap.c/pass32-frag.c (-O3) compilation failed to produce executable
=== libmudflap Summary for unix ===
# of expected passes 1248
# of unexpected failures 28
=== libmudflap Summary ===
# of expected passes 2520
# of unexpected failures 32
=== libstdc++ tests ===
Running target unix/-m32
XPASS: 22_locale/locale/cons/12658_thread-1.cc execution test
FAIL: 22_locale/messages/members/char/1.cc execution test
FAIL: 22_locale/messages/members/char/2.cc execution test
FAIL: 22_locale/messages/members/char/wrapped_env.cc execution test
FAIL: 22_locale/messages/members/char/wrapped_locale.cc execution test
FAIL: 22_locale/messages_byname/named_equivalence.cc execution test
XPASS: 26_numerics/cmath/c99_classification_macros_c.cc (test for excess errors)
=== libstdc++ Summary for unix/-m32 ===
# of expected passes 3351
# of unexpected failures 5
# of unexpected successes 2
# of expected failures 5
Running target unix
XPASS: 22_locale/locale/cons/12658_thread-1.cc execution test
XPASS: 26_numerics/cmath/c99_classification_macros_c.cc (test for excess errors)
XPASS: 27_io/fpos/14320-1.cc execution test
=== libstdc++ Summary for unix ===
# of expected passes 3356
# of unexpected successes 3
# of expected failures 4
=== libstdc++ Summary ===
# of expected passes 6707
# of unexpected failures 5
# of unexpected successes 5
# of expected failures 9
Compiler version: 4.0.0 20050104 (experimental)
Platform: x86_64-unknown-linux-gnu
configure flags: --enable-clocale=gnu --with-system-zlib --with-demangler-in-ld --enable-shared --enable-threads=posix --enable-haifa --disable-checking --prefix=/usr/gcc-4.0 --with-local-prefix=/usr/local --enable-languages=c,c++,java,objc