This is the mail archive of the
gcc-testresults@gcc.gnu.org
mailing list for the GCC project.
Results for 4.0.0 20050105 (experimental) gfortran testsuite on i686-pc-linux-gnu
- From: bud davis <bdavis at gfortran dot org>
- To: gcc-testresults at gcc dot gnu dot org
- Date: Wed, 5 Jan 2005 05:41:45 -0600 (CST)
- Subject: Results for 4.0.0 20050105 (experimental) gfortran testsuite on i686-pc-linux-gnu
LAST_UPDATED:
Native configuration is i686-pc-linux-gnu
=== gfortran tests ===
Running target unix
XPASS: gfortran.dg/ret_pointer_1.f90 execution test
XPASS: gfortran.dg/ret_pointer_1.f90 execution test
XPASS: gfortran.dg/ret_pointer_1.f90 execution test
XPASS: gfortran.dg/ret_pointer_1.f90 execution test
XPASS: gfortran.dg/ret_pointer_1.f90 execution test
FAIL: gfortran.fortran-torture/execute/forall_3.f90 execution, -O1
=== gfortran Summary ===
# of expected passes 4860
# of unexpected failures 1
# of unexpected successes 5
# of expected failures 21
/usr/work/2005005/ibin/gcc/testsuite/../gfortran version 4.0.0 20050105 (experimental)
Compiler version: 4.0.0 20050105 (experimental) gfortran
Platform: i686-pc-linux-gnu
configure flags: --enable-languages=c,f95 --prefix=/usr/work/2005005/irun,;t t