This is the mail archive of the
gcc-testresults@gcc.gnu.org
mailing list for the GCC project.
Results for 4.0.0 20050104 (experimental) testsuite on i686-pc-linux-gnu
- From: "Kaveh R. Ghazi" <ghazi at caip dot rutgers dot edu>
- To: gcc-testresults at gcc dot gnu dot org
- Date: Tue, 4 Jan 2005 14:01:49 -0500 (EST)
- Subject: Results for 4.0.0 20050104 (experimental) testsuite on i686-pc-linux-gnu
LAST_UPDATED:
Native configuration is i686-pc-linux-gnu
=== gcc tests ===
Running target unix/-fPIC
FAIL: gcc.c-torture/compile/20000804-1.c -O0 (test for excess errors)
FAIL: gcc.c-torture/execute/builtins/strlen-3.c execution, -O2
FAIL: gcc.c-torture/execute/builtins/strlen-3.c execution, -O3 -fomit-frame-pointer
FAIL: gcc.c-torture/execute/builtins/strlen-3.c execution, -O3 -fomit-frame-pointer -funroll-loops
FAIL: gcc.c-torture/execute/builtins/strlen-3.c execution, -O3 -fomit-frame-pointer -funroll-all-loops -finline-functions
FAIL: gcc.c-torture/execute/builtins/strlen-3.c execution, -O3 -g
FAIL: gcc.c-torture/execute/921215-1.c compilation, -O3 -g
UNRESOLVED: gcc.c-torture/execute/921215-1.c execution, -O3 -g
FAIL: gcc.dg/20011119-1.c (test for excess errors)
WARNING: gcc.dg/20011119-1.c compilation failed to produce executable
FAIL: gcc.dg/20020919-1.c (test for errors, line 132)
FAIL: gcc.dg/20020919-1.c (test for errors, line 177)
FAIL: gcc.dg/20020919-1.c (test for errors, line 231)
FAIL: gcc.dg/20020919-1.c (test for errors, line 244)
FAIL: gcc.dg/20020919-1.c (test for excess errors)
FAIL: gcc.dg/assign-warn-3.c (test for warnings, line 9)
FAIL: gcc.dg/assign-warn-3.c (test for warnings, line 13)
FAIL: gcc.dg/clobbers.c (test for excess errors)
WARNING: gcc.dg/clobbers.c compilation failed to produce executable
FAIL: gcc.dg/i386-387-3.c scan-assembler fldpi
FAIL: gcc.dg/i386-387-4.c scan-assembler fldpi
FAIL: gcc.dg/i386-asm-3.c (test for excess errors)
WARNING: gcc.dg/i386-asm-3.c compilation failed to produce executable
FAIL: gcc.dg/i386-cmov1.c scan-assembler sar[^\\\\n]*magic_namea
FAIL: gcc.dg/i386-cmov1.c scan-assembler sar[^\\\\n]*magic_nameb
FAIL: gcc.dg/i386-cmov1.c scan-assembler sar[^\\\\n]*magic_namec
FAIL: gcc.dg/i386-cmov1.c scan-assembler shr[^\\\\n]*magic_named
FAIL: gcc.dg/i386-cmov1.c scan-assembler shr[^\\\\n]*magic_namee
FAIL: gcc.dg/i386-cmov1.c scan-assembler shr[^\\\\n]*magic_namef
FAIL: gcc.dg/i386-local2.c scan-assembler-not sub[^\\\\n]*sp
FAIL: gcc.dg/i386-mul.c scan-assembler and[^\\\\n]*magic
FAIL: gcc.dg/i386-ssetype-1.c scan-assembler andpd[^\\\\n]*magic
FAIL: gcc.dg/i386-ssetype-1.c scan-assembler andnpd[^\\\\n]*magic
FAIL: gcc.dg/i386-ssetype-1.c scan-assembler xorpd[^\\\\n]*magic
FAIL: gcc.dg/i386-ssetype-1.c scan-assembler orpd[^\\\\n]*magic
FAIL: gcc.dg/i386-ssetype-1.c scan-assembler movapd[^\\\\n]*magic
FAIL: gcc.dg/i386-ssetype-3.c scan-assembler andps[^\\\\n]*magic
FAIL: gcc.dg/i386-ssetype-3.c scan-assembler andnps[^\\\\n]*magic
FAIL: gcc.dg/i386-ssetype-3.c scan-assembler xorps[^\\\\n]*magic
FAIL: gcc.dg/i386-ssetype-3.c scan-assembler orps[^\\\\n]*magic
FAIL: gcc.dg/i386-ssetype-3.c scan-assembler movaps[^\\\\n]*magic
FAIL: gcc.dg/i386-ssetype-5.c scan-assembler pand[^\\\\n]*magic
FAIL: gcc.dg/i386-ssetype-5.c scan-assembler pandn[^\\\\n]*magic
FAIL: gcc.dg/i386-ssetype-5.c scan-assembler pxor[^\\\\n]*magic
FAIL: gcc.dg/i386-ssetype-5.c scan-assembler por[^\\\\n]*magic
FAIL: gcc.dg/sibcall-6.c execution test
FAIL: gcc.dg/tree-ssa/ssa-dce-2.c scan-tree-dump-times if 0
=== gcc Summary for unix/-fPIC ===
# of expected passes 32306
# of unexpected failures 43
# of expected failures 103
# of unresolved testcases 1
# of untested testcases 28
# of unsupported tests 313
Running target unix/-fpic
FAIL: gcc.c-torture/compile/20000804-1.c -O0 (test for excess errors)
FAIL: gcc.c-torture/execute/builtins/strlen-3.c execution, -O2
FAIL: gcc.c-torture/execute/builtins/strlen-3.c execution, -O3 -fomit-frame-pointer
FAIL: gcc.c-torture/execute/builtins/strlen-3.c execution, -O3 -fomit-frame-pointer -funroll-loops
FAIL: gcc.c-torture/execute/builtins/strlen-3.c execution, -O3 -fomit-frame-pointer -funroll-all-loops -finline-functions
FAIL: gcc.c-torture/execute/builtins/strlen-3.c execution, -O3 -g
FAIL: gcc.c-torture/execute/921215-1.c compilation, -O3 -g
UNRESOLVED: gcc.c-torture/execute/921215-1.c execution, -O3 -g
FAIL: gcc.dg/20011119-1.c (test for excess errors)
WARNING: gcc.dg/20011119-1.c compilation failed to produce executable
FAIL: gcc.dg/20020919-1.c (test for errors, line 132)
FAIL: gcc.dg/20020919-1.c (test for errors, line 177)
FAIL: gcc.dg/20020919-1.c (test for errors, line 231)
FAIL: gcc.dg/20020919-1.c (test for errors, line 244)
FAIL: gcc.dg/20020919-1.c (test for excess errors)
FAIL: gcc.dg/assign-warn-3.c (test for warnings, line 9)
FAIL: gcc.dg/assign-warn-3.c (test for warnings, line 13)
FAIL: gcc.dg/clobbers.c (test for excess errors)
WARNING: gcc.dg/clobbers.c compilation failed to produce executable
FAIL: gcc.dg/i386-387-3.c scan-assembler fldpi
FAIL: gcc.dg/i386-387-4.c scan-assembler fldpi
FAIL: gcc.dg/i386-asm-3.c (test for excess errors)
WARNING: gcc.dg/i386-asm-3.c compilation failed to produce executable
FAIL: gcc.dg/i386-cmov1.c scan-assembler sar[^\\\\n]*magic_namea
FAIL: gcc.dg/i386-cmov1.c scan-assembler sar[^\\\\n]*magic_nameb
FAIL: gcc.dg/i386-cmov1.c scan-assembler sar[^\\\\n]*magic_namec
FAIL: gcc.dg/i386-cmov1.c scan-assembler shr[^\\\\n]*magic_named
FAIL: gcc.dg/i386-cmov1.c scan-assembler shr[^\\\\n]*magic_namee
FAIL: gcc.dg/i386-cmov1.c scan-assembler shr[^\\\\n]*magic_namef
FAIL: gcc.dg/i386-local2.c scan-assembler-not sub[^\\\\n]*sp
FAIL: gcc.dg/i386-mul.c scan-assembler and[^\\\\n]*magic
FAIL: gcc.dg/i386-ssetype-1.c scan-assembler andpd[^\\\\n]*magic
FAIL: gcc.dg/i386-ssetype-1.c scan-assembler andnpd[^\\\\n]*magic
FAIL: gcc.dg/i386-ssetype-1.c scan-assembler xorpd[^\\\\n]*magic
FAIL: gcc.dg/i386-ssetype-1.c scan-assembler orpd[^\\\\n]*magic
FAIL: gcc.dg/i386-ssetype-1.c scan-assembler movapd[^\\\\n]*magic
FAIL: gcc.dg/i386-ssetype-3.c scan-assembler andps[^\\\\n]*magic
FAIL: gcc.dg/i386-ssetype-3.c scan-assembler andnps[^\\\\n]*magic
FAIL: gcc.dg/i386-ssetype-3.c scan-assembler xorps[^\\\\n]*magic
FAIL: gcc.dg/i386-ssetype-3.c scan-assembler orps[^\\\\n]*magic
FAIL: gcc.dg/i386-ssetype-3.c scan-assembler movaps[^\\\\n]*magic
FAIL: gcc.dg/i386-ssetype-5.c scan-assembler pand[^\\\\n]*magic
FAIL: gcc.dg/i386-ssetype-5.c scan-assembler pandn[^\\\\n]*magic
FAIL: gcc.dg/i386-ssetype-5.c scan-assembler pxor[^\\\\n]*magic
FAIL: gcc.dg/i386-ssetype-5.c scan-assembler por[^\\\\n]*magic
FAIL: gcc.dg/sibcall-6.c execution test
FAIL: gcc.dg/tree-ssa/ssa-dce-2.c scan-tree-dump-times if 0
=== gcc Summary for unix/-fpic ===
# of expected passes 32306
# of unexpected failures 43
# of expected failures 103
# of unresolved testcases 1
# of untested testcases 28
# of unsupported tests 313
Running target unix
=== gcc Summary for unix ===
# of expected passes 32353
# of expected failures 103
# of untested testcases 28
# of unsupported tests 313
=== gcc Summary ===
# of expected passes 96965
# of unexpected failures 86
# of expected failures 309
# of unresolved testcases 2
# of untested testcases 84
# of unsupported tests 939
/home/ghazi/gcc-testing/gcc-testing/40/build/gcc/xgcc version 4.0.0 20050104 (experimental)
=== g++ tests ===
Running target unix/-fPIC
FAIL: g++.dg/eh/omit-frame-pointer2.C execution test
XPASS: g++.dg/warn/Wunused-9.C (test for warnings, line 32)
WARNING: g++.old-deja/g++.mike/p10769a.C compilation failed to produce executable
FAIL: g++.old-deja/g++.pt/asm1.C (test for excess errors)
FAIL: g++.old-deja/g++.pt/asm2.C (test for excess errors)
=== g++ Summary for unix/-fPIC ===
# of expected passes 10524
# of unexpected failures 3
# of unexpected successes 1
# of expected failures 72
# of unsupported tests 68
Running target unix/-fpic
FAIL: g++.dg/eh/omit-frame-pointer2.C execution test
XPASS: g++.dg/warn/Wunused-9.C (test for warnings, line 32)
WARNING: g++.old-deja/g++.mike/p10769a.C compilation failed to produce executable
FAIL: g++.old-deja/g++.pt/asm1.C (test for excess errors)
FAIL: g++.old-deja/g++.pt/asm2.C (test for excess errors)
=== g++ Summary for unix/-fpic ===
# of expected passes 10524
# of unexpected failures 3
# of unexpected successes 1
# of expected failures 72
# of unsupported tests 68
Running target unix
XPASS: g++.dg/warn/Wunused-9.C (test for warnings, line 32)
WARNING: g++.old-deja/g++.mike/p10769a.C compilation failed to produce executable
=== g++ Summary for unix ===
# of expected passes 10527
# of unexpected successes 1
# of expected failures 72
# of unsupported tests 68
=== g++ Summary ===
# of expected passes 31575
# of unexpected failures 6
# of unexpected successes 3
# of expected failures 216
# of unsupported tests 204
/home/ghazi/gcc-testing/gcc-testing/40/build/gcc/testsuite/../g++ version 4.0.0 20050104 (experimental)
=== objc tests ===
Running target unix/-fPIC
=== objc Summary for unix/-fPIC ===
# of expected passes 1528
# of unsupported tests 10
Running target unix/-fpic
=== objc Summary for unix/-fpic ===
# of expected passes 1528
# of unsupported tests 10
Running target unix
=== objc Summary for unix ===
# of expected passes 1528
# of unsupported tests 10
=== objc Summary ===
# of expected passes 4584
# of unsupported tests 30
/home/ghazi/gcc-testing/gcc-testing/40/build/gcc/xgcc version 4.0.0 20050104 (experimental)
=== libffi tests ===
Running target unix/-fPIC
=== libffi Summary for unix/-fPIC ===
# of expected passes 216
# of unsupported tests 2
Running target unix/-fpic
=== libffi Summary for unix/-fpic ===
# of expected passes 216
# of unsupported tests 2
Running target unix
=== libffi Summary for unix ===
# of expected passes 216
# of unsupported tests 2
=== libffi Summary ===
# of expected passes 648
# of unsupported tests 6
=== libjava tests ===
Running target unix/-fPIC
FAIL: String_overflow -O3 compilation from source
XPASS: pr13107_3 compilation from bytecode
XPASS: pr13107_3 -O3 compilation from bytecode
=== libjava Summary for unix/-fPIC ===
# of expected passes 3703
# of unexpected failures 1
# of unexpected successes 2
# of expected failures 12
# of untested testcases 14
Running target unix/-fpic
FAIL: String_overflow -O3 compilation from source
XPASS: pr13107_3 compilation from bytecode
XPASS: pr13107_3 -O3 compilation from bytecode
=== libjava Summary for unix/-fpic ===
# of expected passes 3703
# of unexpected failures 1
# of unexpected successes 2
# of expected failures 12
# of untested testcases 14
Running target unix
FAIL: String_overflow -O3 compilation from source
XPASS: pr13107_3 compilation from bytecode
XPASS: pr13107_3 -O3 compilation from bytecode
=== libjava Summary for unix ===
# of expected passes 3703
# of unexpected failures 1
# of unexpected successes 2
# of expected failures 12
# of untested testcases 14
=== libjava Summary ===
# of expected passes 11109
# of unexpected failures 3
# of unexpected successes 6
# of expected failures 36
# of untested testcases 42
=== libmudflap tests ===
Running target unix/-fPIC
FAIL: libmudflap.c/fail1-frag.c output pattern test
FAIL: libmudflap.c/fail10-frag.c output pattern test
FAIL: libmudflap.c/fail13-frag.c output pattern test
FAIL: libmudflap.c/fail14-frag.c output pattern test
FAIL: libmudflap.c/fail15-frag.c output pattern test
FAIL: libmudflap.c/fail2-frag.c output pattern test
FAIL: libmudflap.c/fail23-frag.c output pattern test
FAIL: libmudflap.c/fail27-frag.c output pattern test
FAIL: libmudflap.c/fail3-frag.c output pattern test
FAIL: libmudflap.c/fail37-frag.c output pattern test
FAIL: libmudflap.c/fail38-frag.c output pattern test
FAIL: libmudflap.c/fail4-frag.c output pattern test
FAIL: libmudflap.c/fail5-frag.c output pattern test
FAIL: libmudflap.c/pass32-frag.c (test for excess errors)
WARNING: libmudflap.c/pass32-frag.c compilation failed to produce executable
FAIL: libmudflap.c/fail1-frag.c (-static) output pattern test
FAIL: libmudflap.c/fail10-frag.c (-static) output pattern test
FAIL: libmudflap.c/fail13-frag.c (-static) output pattern test
FAIL: libmudflap.c/fail14-frag.c (-static) output pattern test
FAIL: libmudflap.c/fail15-frag.c (-static) output pattern test
FAIL: libmudflap.c/fail2-frag.c (-static) output pattern test
FAIL: libmudflap.c/fail23-frag.c (-static) output pattern test
FAIL: libmudflap.c/fail27-frag.c (-static) output pattern test
FAIL: libmudflap.c/fail3-frag.c (-static) output pattern test
FAIL: libmudflap.c/fail37-frag.c (-static) output pattern test
FAIL: libmudflap.c/fail38-frag.c (-static) output pattern test
FAIL: libmudflap.c/fail4-frag.c (-static) output pattern test
FAIL: libmudflap.c/fail5-frag.c (-static) output pattern test
FAIL: libmudflap.c/pass32-frag.c (-static) (test for excess errors)
WARNING: libmudflap.c/pass32-frag.c (-static) compilation failed to produce executable
FAIL: libmudflap.c/fail1-frag.c (-O2) output pattern test
FAIL: libmudflap.c/fail10-frag.c (-O2) output pattern test
FAIL: libmudflap.c/fail13-frag.c (-O2) output pattern test
FAIL: libmudflap.c/fail14-frag.c (-O2) output pattern test
FAIL: libmudflap.c/fail15-frag.c (-O2) output pattern test
FAIL: libmudflap.c/fail2-frag.c (-O2) output pattern test
FAIL: libmudflap.c/fail23-frag.c (-O2) output pattern test
FAIL: libmudflap.c/fail27-frag.c (-O2) output pattern test
FAIL: libmudflap.c/fail3-frag.c (-O2) output pattern test
FAIL: libmudflap.c/fail37-frag.c (-O2) output pattern test
FAIL: libmudflap.c/fail38-frag.c (-O2) output pattern test
FAIL: libmudflap.c/fail4-frag.c (-O2) output pattern test
FAIL: libmudflap.c/fail5-frag.c (-O2) output pattern test
FAIL: libmudflap.c/pass32-frag.c (-O2) (test for excess errors)
WARNING: libmudflap.c/pass32-frag.c (-O2) compilation failed to produce executable
FAIL: libmudflap.c/fail1-frag.c (-O3) output pattern test
FAIL: libmudflap.c/fail10-frag.c (-O3) output pattern test
FAIL: libmudflap.c/fail13-frag.c (-O3) output pattern test
FAIL: libmudflap.c/fail14-frag.c (-O3) output pattern test
FAIL: libmudflap.c/fail15-frag.c (-O3) output pattern test
FAIL: libmudflap.c/fail2-frag.c (-O3) output pattern test
FAIL: libmudflap.c/fail23-frag.c (-O3) output pattern test
FAIL: libmudflap.c/fail27-frag.c (-O3) output pattern test
FAIL: libmudflap.c/fail3-frag.c (-O3) output pattern test
FAIL: libmudflap.c/fail37-frag.c (-O3) output pattern test
FAIL: libmudflap.c/fail38-frag.c (-O3) output pattern test
FAIL: libmudflap.c/fail4-frag.c (-O3) output pattern test
FAIL: libmudflap.c/fail5-frag.c (-O3) output pattern test
FAIL: libmudflap.c/pass32-frag.c (-O3) (test for excess errors)
WARNING: libmudflap.c/pass32-frag.c (-O3) compilation failed to produce executable
=== libmudflap Summary for unix/-fPIC ===
# of expected passes 1220
# of unexpected failures 56
Running target unix/-fpic
FAIL: libmudflap.c/fail1-frag.c output pattern test
FAIL: libmudflap.c/fail10-frag.c output pattern test
FAIL: libmudflap.c/fail13-frag.c output pattern test
FAIL: libmudflap.c/fail14-frag.c output pattern test
FAIL: libmudflap.c/fail15-frag.c output pattern test
FAIL: libmudflap.c/fail2-frag.c output pattern test
FAIL: libmudflap.c/fail23-frag.c output pattern test
FAIL: libmudflap.c/fail27-frag.c output pattern test
FAIL: libmudflap.c/fail3-frag.c output pattern test
FAIL: libmudflap.c/fail37-frag.c output pattern test
FAIL: libmudflap.c/fail38-frag.c output pattern test
FAIL: libmudflap.c/fail4-frag.c output pattern test
FAIL: libmudflap.c/fail5-frag.c output pattern test
FAIL: libmudflap.c/pass32-frag.c (test for excess errors)
WARNING: libmudflap.c/pass32-frag.c compilation failed to produce executable
FAIL: libmudflap.c/fail1-frag.c (-static) output pattern test
FAIL: libmudflap.c/fail10-frag.c (-static) output pattern test
FAIL: libmudflap.c/fail13-frag.c (-static) output pattern test
FAIL: libmudflap.c/fail14-frag.c (-static) output pattern test
FAIL: libmudflap.c/fail15-frag.c (-static) output pattern test
FAIL: libmudflap.c/fail2-frag.c (-static) output pattern test
FAIL: libmudflap.c/fail23-frag.c (-static) output pattern test
FAIL: libmudflap.c/fail27-frag.c (-static) output pattern test
FAIL: libmudflap.c/fail3-frag.c (-static) output pattern test
FAIL: libmudflap.c/fail37-frag.c (-static) output pattern test
FAIL: libmudflap.c/fail38-frag.c (-static) output pattern test
FAIL: libmudflap.c/fail4-frag.c (-static) output pattern test
FAIL: libmudflap.c/fail5-frag.c (-static) output pattern test
FAIL: libmudflap.c/pass32-frag.c (-static) (test for excess errors)
WARNING: libmudflap.c/pass32-frag.c (-static) compilation failed to produce executable
FAIL: libmudflap.c/fail1-frag.c (-O2) output pattern test
FAIL: libmudflap.c/fail10-frag.c (-O2) output pattern test
FAIL: libmudflap.c/fail13-frag.c (-O2) output pattern test
FAIL: libmudflap.c/fail14-frag.c (-O2) output pattern test
FAIL: libmudflap.c/fail15-frag.c (-O2) output pattern test
FAIL: libmudflap.c/fail2-frag.c (-O2) output pattern test
FAIL: libmudflap.c/fail23-frag.c (-O2) output pattern test
FAIL: libmudflap.c/fail27-frag.c (-O2) output pattern test
FAIL: libmudflap.c/fail3-frag.c (-O2) output pattern test
FAIL: libmudflap.c/fail37-frag.c (-O2) output pattern test
FAIL: libmudflap.c/fail38-frag.c (-O2) output pattern test
FAIL: libmudflap.c/fail4-frag.c (-O2) output pattern test
FAIL: libmudflap.c/fail5-frag.c (-O2) output pattern test
FAIL: libmudflap.c/pass32-frag.c (-O2) (test for excess errors)
WARNING: libmudflap.c/pass32-frag.c (-O2) compilation failed to produce executable
FAIL: libmudflap.c/fail1-frag.c (-O3) output pattern test
FAIL: libmudflap.c/fail10-frag.c (-O3) output pattern test
FAIL: libmudflap.c/fail13-frag.c (-O3) output pattern test
FAIL: libmudflap.c/fail14-frag.c (-O3) output pattern test
FAIL: libmudflap.c/fail15-frag.c (-O3) output pattern test
FAIL: libmudflap.c/fail2-frag.c (-O3) output pattern test
FAIL: libmudflap.c/fail23-frag.c (-O3) output pattern test
FAIL: libmudflap.c/fail27-frag.c (-O3) output pattern test
FAIL: libmudflap.c/fail3-frag.c (-O3) output pattern test
FAIL: libmudflap.c/fail37-frag.c (-O3) output pattern test
FAIL: libmudflap.c/fail38-frag.c (-O3) output pattern test
FAIL: libmudflap.c/fail4-frag.c (-O3) output pattern test
FAIL: libmudflap.c/fail5-frag.c (-O3) output pattern test
FAIL: libmudflap.c/pass32-frag.c (-O3) (test for excess errors)
WARNING: libmudflap.c/pass32-frag.c (-O3) compilation failed to produce executable
=== libmudflap Summary for unix/-fpic ===
# of expected passes 1220
# of unexpected failures 56
Running target unix
FAIL: libmudflap.c/fail1-frag.c output pattern test
FAIL: libmudflap.c/fail10-frag.c output pattern test
FAIL: libmudflap.c/fail13-frag.c output pattern test
FAIL: libmudflap.c/fail14-frag.c output pattern test
FAIL: libmudflap.c/fail15-frag.c output pattern test
FAIL: libmudflap.c/fail2-frag.c output pattern test
FAIL: libmudflap.c/fail23-frag.c output pattern test
FAIL: libmudflap.c/fail27-frag.c output pattern test
FAIL: libmudflap.c/fail3-frag.c output pattern test
FAIL: libmudflap.c/fail37-frag.c output pattern test
FAIL: libmudflap.c/fail38-frag.c output pattern test
FAIL: libmudflap.c/fail4-frag.c output pattern test
FAIL: libmudflap.c/fail5-frag.c output pattern test
FAIL: libmudflap.c/pass32-frag.c (test for excess errors)
WARNING: libmudflap.c/pass32-frag.c compilation failed to produce executable
FAIL: libmudflap.c/fail1-frag.c (-static) output pattern test
FAIL: libmudflap.c/fail10-frag.c (-static) output pattern test
FAIL: libmudflap.c/fail13-frag.c (-static) output pattern test
FAIL: libmudflap.c/fail14-frag.c (-static) output pattern test
FAIL: libmudflap.c/fail15-frag.c (-static) output pattern test
FAIL: libmudflap.c/fail2-frag.c (-static) output pattern test
FAIL: libmudflap.c/fail23-frag.c (-static) output pattern test
FAIL: libmudflap.c/fail27-frag.c (-static) output pattern test
FAIL: libmudflap.c/fail3-frag.c (-static) output pattern test
FAIL: libmudflap.c/fail37-frag.c (-static) output pattern test
FAIL: libmudflap.c/fail38-frag.c (-static) output pattern test
FAIL: libmudflap.c/fail4-frag.c (-static) output pattern test
FAIL: libmudflap.c/fail5-frag.c (-static) output pattern test
FAIL: libmudflap.c/pass32-frag.c (-static) (test for excess errors)
WARNING: libmudflap.c/pass32-frag.c (-static) compilation failed to produce executable
FAIL: libmudflap.c/fail1-frag.c (-O2) output pattern test
FAIL: libmudflap.c/fail10-frag.c (-O2) output pattern test
FAIL: libmudflap.c/fail13-frag.c (-O2) output pattern test
FAIL: libmudflap.c/fail14-frag.c (-O2) output pattern test
FAIL: libmudflap.c/fail15-frag.c (-O2) output pattern test
FAIL: libmudflap.c/fail2-frag.c (-O2) output pattern test
FAIL: libmudflap.c/fail23-frag.c (-O2) output pattern test
FAIL: libmudflap.c/fail27-frag.c (-O2) output pattern test
FAIL: libmudflap.c/fail3-frag.c (-O2) output pattern test
FAIL: libmudflap.c/fail37-frag.c (-O2) output pattern test
FAIL: libmudflap.c/fail38-frag.c (-O2) output pattern test
FAIL: libmudflap.c/fail4-frag.c (-O2) output pattern test
FAIL: libmudflap.c/fail5-frag.c (-O2) output pattern test
FAIL: libmudflap.c/pass32-frag.c (-O2) (test for excess errors)
WARNING: libmudflap.c/pass32-frag.c (-O2) compilation failed to produce executable
FAIL: libmudflap.c/fail1-frag.c (-O3) output pattern test
FAIL: libmudflap.c/fail10-frag.c (-O3) output pattern test
FAIL: libmudflap.c/fail13-frag.c (-O3) output pattern test
FAIL: libmudflap.c/fail14-frag.c (-O3) output pattern test
FAIL: libmudflap.c/fail15-frag.c (-O3) output pattern test
FAIL: libmudflap.c/fail2-frag.c (-O3) output pattern test
FAIL: libmudflap.c/fail23-frag.c (-O3) output pattern test
FAIL: libmudflap.c/fail27-frag.c (-O3) output pattern test
FAIL: libmudflap.c/fail3-frag.c (-O3) output pattern test
FAIL: libmudflap.c/fail37-frag.c (-O3) output pattern test
FAIL: libmudflap.c/fail38-frag.c (-O3) output pattern test
FAIL: libmudflap.c/fail4-frag.c (-O3) output pattern test
FAIL: libmudflap.c/fail5-frag.c (-O3) output pattern test
FAIL: libmudflap.c/pass32-frag.c (-O3) (test for excess errors)
WARNING: libmudflap.c/pass32-frag.c (-O3) compilation failed to produce executable
=== libmudflap Summary for unix ===
# of expected passes 1220
# of unexpected failures 56
=== libmudflap Summary ===
# of expected passes 3660
# of unexpected failures 168
=== libstdc++ tests ===
Running target unix/-fPIC
XPASS: 22_locale/locale/cons/12658_thread-1.cc execution test
WARNING: program timed out.
FAIL: 27_io/basic_filebuf/open/char/9507.cc execution test
=== libstdc++ Summary for unix/-fPIC ===
# of expected passes 3355
# of unexpected failures 1
# of unexpected successes 1
# of expected failures 6
Running target unix/-fpic
XPASS: 22_locale/locale/cons/12658_thread-1.cc execution test
WARNING: program timed out.
FAIL: 27_io/basic_filebuf/open/char/9507.cc execution test
=== libstdc++ Summary for unix/-fpic ===
# of expected passes 3355
# of unexpected failures 1
# of unexpected successes 1
# of expected failures 6
Running target unix
XPASS: 22_locale/locale/cons/12658_thread-1.cc execution test
XPASS: 26_numerics/cmath/c99_classification_macros_c.cc (test for excess errors)
WARNING: program timed out.
FAIL: 27_io/basic_filebuf/open/char/9507.cc execution test
=== libstdc++ Summary for unix ===
# of expected passes 3355
# of unexpected failures 1
# of unexpected successes 2
# of expected failures 5
=== libstdc++ Summary ===
# of expected passes 10065
# of unexpected failures 3
# of unexpected successes 4
# of expected failures 17
Compiler version: 4.0.0 20050104 (experimental)
Platform: i686-pc-linux-gnu
configure flags: --verbose --enable-languages=c,c++,java,objc