This is the mail archive of the gcc-testresults@gcc.gnu.org mailing list for the GCC project.


Index Nav: [Date Index] [Subject Index] [Author Index] [Thread Index]
Message Nav: [Date Prev] [Date Next] [Thread Prev] [Thread Next]
Other format: [Raw text]

Results for 3.4.3 20041226 (Red Hat 3.4.3-11) testsuite on powerpc64-unknown-linux-gnu


Linux 2.4.21-17.EL ppc64
GNU C Library stable release version 2.3.2
GNU ld version 2.15
GNU assembler 2.15
GNU Make version 3.79.1

DejaGnu:
	Expect version is	5.40.0
	Tcl version is		8.4
	Framework version is	1.4.4

CVS branch:  gcc-3_4-rhl-branch

This hardware does not support VMX instructions.

LAST_UPDATED: Tue Jan  4 11:53:13 UTC 2005

Native configuration is powerpc64-unknown-linux-gnu

		=== g++ tests ===


Running target unix/-m32
WARNING: g++.old-deja/g++.mike/p10769a.C compilation failed to produce executable
WARNING: g++.old-deja/g++.other/enum5.C compilation failed to produce executable
XPASS: g++.old-deja/g++.other/init5.C execution test
WARNING: g++.old-deja/g++.pt/friend44.C compilation failed to produce executable

		=== g++ Summary for unix/-m32 ===

# of expected passes		9735
# of unexpected successes	1
# of expected failures		71
# of unsupported tests		64

Running target unix/-m64
WARNING: g++.old-deja/g++.mike/p10769a.C compilation failed to produce executable
WARNING: g++.old-deja/g++.other/enum5.C compilation failed to produce executable
XPASS: g++.old-deja/g++.other/init5.C execution test
WARNING: g++.old-deja/g++.pt/friend44.C compilation failed to produce executable

		=== g++ Summary for unix/-m64 ===

# of expected passes		9735
# of unexpected successes	1
# of expected failures		71
# of unsupported tests		64

		=== g++ Summary ===

# of expected passes		19470
# of unexpected successes	2
# of expected failures		142
# of unsupported tests		128
/home/gccbuild/build/nightly/build-gcc-3.4rh/gcc/testsuite/../g++ version 3.4.3 20041226 (Red Hat 3.4.3-11)

		=== g77 tests ===


Running target unix/-m32

		=== g77 Summary for unix/-m32 ===

# of expected passes		1812
# of unsupported tests		6

Running target unix/-m64

		=== g77 Summary for unix/-m64 ===

# of expected passes		1812
# of unsupported tests		6

		=== g77 Summary ===

# of expected passes		3624
# of unsupported tests		12
/home/gccbuild/build/nightly/build-gcc-3.4rh/gcc/testsuite/../g77 version 3.4.3 20041226 (Red Hat 3.4.3-11)

		=== gcc tests ===


Running target unix/-m32
FAIL: gcc.dg/altivec-1.c (test for excess errors)
WARNING: gcc.dg/altivec-1.c compilation failed to produce executable
FAIL: gcc.dg/altivec-10.c (test for excess errors)
FAIL: gcc.dg/altivec-3.c (test for excess errors)
WARNING: gcc.dg/altivec-3.c compilation failed to produce executable
FAIL: gcc.dg/altivec-varargs-1.c (test for excess errors)
WARNING: gcc.dg/altivec-varargs-1.c compilation failed to produce executable
FAIL: gcc.dg/ppc64-abi-1.c execution test
FAIL: gcc.dg/ppc64-abi-2.c (test for excess errors)
WARNING: gcc.dg/ppc64-abi-2.c compilation failed to produce executable
FAIL: gcc.dg/ppc64-abi-3.c  (test for errors, line 11)
FAIL: gcc.dg/ppc64-abi-3.c  (test for errors, line 26)
FAIL: gcc.dg/ppc64-abi-3.c (test for excess errors)
FAIL: gcc.dg/ppc64-toc.c (test for excess errors)
FAIL: gcc.dg/typespec-1.c unsigned long long int short (test for errors, line 930)
FAIL: gcc.dg/typespec-1.c unsigned long long int int (test for errors, line 931)
FAIL: gcc.dg/typespec-1.c unsigned long long int long (test for errors, line 932)
FAIL: gcc.dg/typespec-1.c unsigned long long int float (test for errors, line 933)
FAIL: gcc.dg/typespec-1.c unsigned long long int double (test for errors, line 934)
FAIL: gcc.dg/typespec-1.c unsigned long long int signed (test for errors, line 935)
FAIL: gcc.dg/typespec-1.c unsigned long long int unsigned (test for errors, line 936)
FAIL: gcc.dg/typespec-1.c unsigned long long int _Bool (test for errors, line 937)
FAIL: gcc.dg/typespec-1.c (test for excess errors)
FAIL: gcc.dg/format/c90-printf-1.c   %n with NULL (test for warnings, line 235)
FAIL: gcc.dg/format/c90-printf-1.c   %s with NULL (test for warnings, line 236)
FAIL: gcc.dg/format/c90-printf-1.c   (test for excess errors)
FAIL: gcc.dg/format/c90-printf-1.c  -DWIDE  %n with NULL (test for warnings, line 235)
FAIL: gcc.dg/format/c90-printf-1.c  -DWIDE  %s with NULL (test for warnings, line 236)
FAIL: gcc.dg/format/c90-printf-1.c  -DWIDE  (test for excess errors)
FAIL: gcc.dg/format/gcc_diag-1.c   bad argument types (test for warnings, line 193)
FAIL: gcc.dg/format/gcc_diag-1.c  -DWIDE  bad argument types (test for warnings, line 193)

		=== gcc Summary for unix/-m32 ===

# of expected passes		25033
# of unexpected failures	27
# of expected failures		73
# of untested testcases		7
# of unsupported tests		321

Running target unix/-m64
FAIL: gcc.dg/compat/vector-1 c_compat_x_tst.o compile
FAIL: gcc.dg/compat/vector-1 c_compat_y_tst.o compile
UNRESOLVED: gcc.dg/compat/vector-1 c_compat_x_tst.o-c_compat_y_tst.o link 
UNRESOLVED: gcc.dg/compat/vector-1 c_compat_x_tst.o-c_compat_y_tst.o execute 
FAIL: gcc.dg/compat/vector-2 c_compat_x_tst.o compile
FAIL: gcc.dg/compat/vector-2 c_compat_y_tst.o compile
UNRESOLVED: gcc.dg/compat/vector-2 c_compat_x_tst.o-c_compat_y_tst.o link 
UNRESOLVED: gcc.dg/compat/vector-2 c_compat_x_tst.o-c_compat_y_tst.o execute 
FAIL: gcc.dg/altivec-1.c (test for excess errors)
WARNING: gcc.dg/altivec-1.c compilation failed to produce executable
FAIL: gcc.dg/altivec-10.c (test for excess errors)
FAIL: gcc.dg/altivec-3.c (test for excess errors)
WARNING: gcc.dg/altivec-3.c compilation failed to produce executable
FAIL: gcc.dg/altivec-varargs-1.c (test for excess errors)
WARNING: gcc.dg/altivec-varargs-1.c compilation failed to produce executable
FAIL: gcc.dg/const-elim-1.c scan-assembler-not L\\\\\$?C[^A-Z]
FAIL: gcc.dg/funcorder.c scan-assembler-not link_error
FAIL: gcc.dg/ppc-eabi.c (test for excess errors)
FAIL: linkage.c

		=== gcc Summary for unix/-m64 ===

# of expected passes		25045
# of unexpected failures	12
# of expected failures		73
# of unresolved testcases	4
# of untested testcases		7
# of unsupported tests		321

		=== gcc Summary ===

# of expected passes		50078
# of unexpected failures	39
# of expected failures		146
# of unresolved testcases	4
# of untested testcases		14
# of unsupported tests		642
/home/gccbuild/build/nightly/build-gcc-3.4rh/gcc/xgcc version 3.4.3 20041226 (Red Hat 3.4.3-11)

		=== objc tests ===


Running target unix/-m32

		=== objc Summary for unix/-m32 ===

# of expected passes		1352
# of unsupported tests		8

Running target unix/-m64

		=== objc Summary for unix/-m64 ===

# of expected passes		1352
# of unsupported tests		8

		=== objc Summary ===

# of expected passes		2704
# of unsupported tests		16
/home/gccbuild/build/nightly/build-gcc-3.4rh/gcc/xgcc version 3.4.3 20041226 (Red Hat 3.4.3-11)

		=== libffi tests ===


Running target unix/-m32
FAIL: libffi.call/cls_align_longdouble.c (test for excess errors)
WARNING: libffi.call/cls_align_longdouble.c compilation failed to produce executable
FAIL: libffi.call/float.c (test for excess errors)
WARNING: libffi.call/float.c compilation failed to produce executable
FAIL: libffi.call/float2.c (test for excess errors)
WARNING: libffi.call/float2.c compilation failed to produce executable

		=== libffi Summary for unix/-m32 ===

# of expected passes		205
# of unexpected failures	3
# of unsupported tests		2

Running target unix/-m64

		=== libffi Summary for unix/-m64 ===

# of expected passes		212
# of unsupported tests		2

		=== libffi Summary ===

# of expected passes		417
# of unexpected failures	3
# of unsupported tests		4
		=== libjava tests ===


Running target unix/-m32

		=== libjava Summary for unix/-m32 ===

# of expected passes		3262
# of expected failures		10
# of untested testcases		8

Running target unix/-m64

		=== libjava Summary for unix/-m64 ===

# of expected passes		3262
# of expected failures		10
# of untested testcases		8

		=== libjava Summary ===

# of expected passes		6524
# of expected failures		20
# of untested testcases		16

		=== libstdc++-v3 check-abi Summary ===

# of added symbols:		 20
# of missing symbols:		 0
# of incompatible symbols:	 0

using: /home/gccbuild/gcc_3.4rh_anoncvs/gcc/libstdc++-v3/config/abi/powerpc-linux-gnu/baseline_symbols.txt

		=== libstdc++ tests ===


Running target unix/-m32
XPASS: 22_locale/locale/cons/12658_thread.cc execution test
XPASS: 26_numerics/c99_classification_macros_c.cc (test for excess errors)

		=== libstdc++ Summary for unix/-m32 ===

# of expected passes		2712
# of unexpected successes	2
# of expected failures		5

Running target unix/-m64
XPASS: 22_locale/locale/cons/12658_thread.cc execution test
FAIL: 22_locale/messages/members/char/1.cc execution test
FAIL: 22_locale/messages/members/char/2.cc execution test
FAIL: 22_locale/messages/members/char/wrapped_env.cc execution test
FAIL: 22_locale/messages/members/char/wrapped_locale.cc execution test
FAIL: 22_locale/messages_byname/named_equivalence.cc execution test
XPASS: 26_numerics/c99_classification_macros_c.cc (test for excess errors)
XPASS: 27_io/fpos/14320-1.cc execution test

		=== libstdc++ Summary for unix/-m64 ===

# of expected passes		2707
# of unexpected failures	5
# of unexpected successes	3
# of expected failures		4

		=== libstdc++ Summary ===

# of expected passes		5419
# of unexpected failures	5
# of unexpected successes	5
# of expected failures		9

Compiler version: 3.4.3 20041226 (Red Hat 3.4.3-11) 
Platform: powerpc64-unknown-linux-gnu
configure flags: --prefix=/opt/gcc-nightly/3.4rh-20050104 --build=powerpc64-linux --host=powerpc64-linux --target=powerpc64-linux --with-cpu=default32 --with-as=/opt/gcc-nightly/binutils/bin/as --with-ld=/opt/gcc-nightly/binutils/bin/ld --enable-threads=posix --enable-shared --enable-__cxa_atexit --enable-languages=c,c++,f77,java,objc


Index Nav: [Date Index] [Subject Index] [Author Index] [Thread Index]
Message Nav: [Date Prev] [Date Next] [Thread Prev] [Thread Next]