This is the mail archive of the
gcc-testresults@gcc.gnu.org
mailing list for the GCC project.
Results for 4.0.0 20050104 (experimental) testsuite onsh4-unknown-linux-gnu
- From: Kaz Kojima <kkojima at rr dot iij4u dot or dot jp>
- To: gcc-testresults at gcc dot gnu dot org
- Date: Tue, 04 Jan 2005 17:15:21 +0900 (JST)
- Subject: Results for 4.0.0 20050104 (experimental) testsuite onsh4-unknown-linux-gnu
Remote host: linux 2.4.22 sh4
GNU C Library version 2.3.3
LAST_UPDATED: Tue Jan 4 01:53:14 UTC 2005
Target is sh4-unknown-linux-gnu
Host is i686-pc-linux-gnu
=== g++ tests ===
Running target unix
WARNING: Assuming target board is the local machine (which is probably wrong).
FAIL: g++.dg/bprob/g++-bprob-1.C execution: file g++-bprob-1.gcda does not exist, -O1 -fprofile-arcs
UNRESOLVED: g++.dg/bprob/g++-bprob-1.C compilation, -O1 -fbranch-probabilities
UNRESOLVED: g++.dg/bprob/g++-bprob-1.C execution, -O1 -fbranch-probabilities
FAIL: g++.dg/bprob/g++-bprob-1.C execution: file g++-bprob-1.gcda does not exist, -O3 -fprofile-arcs
UNRESOLVED: g++.dg/bprob/g++-bprob-1.C compilation, -O3 -fbranch-probabilities
UNRESOLVED: g++.dg/bprob/g++-bprob-1.C execution, -O3 -fbranch-probabilities
FAIL: g++.dg/bprob/g++-bprob-1.C execution: file g++-bprob-1.gcda does not exist, -g -ftree-based-profiling -fprofile-arcs
UNRESOLVED: g++.dg/bprob/g++-bprob-1.C compilation, -g -ftree-based-profiling -fbranch-probabilities
UNRESOLVED: g++.dg/bprob/g++-bprob-1.C execution, -g -ftree-based-profiling -fbranch-probabilities
FAIL: g++.dg/bprob/g++-bprob-1.C execution: file g++-bprob-1.gcda does not exist, -O1 -ftree-based-profiling -fprofile-arcs
UNRESOLVED: g++.dg/bprob/g++-bprob-1.C compilation, -O1 -ftree-based-profiling -fbranch-probabilities
UNRESOLVED: g++.dg/bprob/g++-bprob-1.C execution, -O1 -ftree-based-profiling -fbranch-probabilities
XPASS: g++.dg/warn/Wunused-9.C (test for warnings, line 32)
WARNING: g++.old-deja/g++.mike/p10769a.C compilation failed to produce executable
=== g++ Summary ===
# of expected passes 10458
# of unexpected failures 4
# of unexpected successes 1
# of expected failures 72
# of unresolved testcases 8
# of unsupported tests 110
/exp/ldroot/dodes/xsh-gcc-orig/gcc/testsuite/../g++ version 4.0.0 20050104 (experimental)
Host is i686-pc-linux-gnu
=== gcc tests ===
Running target unix
WARNING: Assuming target board is the local machine (which is probably wrong).
FAIL: gcc.c-torture/compile/simd-2.c (test for excess errors)
FAIL: gcc.c-torture/compile/simd-2.c (test for excess errors)
FAIL: gcc.c-torture/compile/simd-2.c (test for excess errors)
FAIL: gcc.c-torture/compile/simd-2.c (test for excess errors)
FAIL: gcc.c-torture/compile/simd-2.c (test for excess errors)
FAIL: gcc.c-torture/execute/20020720-1.c compilation, -O1
UNRESOLVED: gcc.c-torture/execute/20020720-1.c execution, -O1
FAIL: gcc.c-torture/execute/20020720-1.c compilation, -O2
UNRESOLVED: gcc.c-torture/execute/20020720-1.c execution, -O2
FAIL: gcc.c-torture/execute/20020720-1.c compilation, -O3 -fomit-frame-pointer
UNRESOLVED: gcc.c-torture/execute/20020720-1.c execution, -O3 -fomit-frame-pointer
FAIL: gcc.c-torture/execute/20020720-1.c compilation, -O3 -g
UNRESOLVED: gcc.c-torture/execute/20020720-1.c execution, -O3 -g
FAIL: gcc.c-torture/execute/20020720-1.c compilation, -Os
UNRESOLVED: gcc.c-torture/execute/20020720-1.c execution, -Os
FAIL: gcc.c-torture/execute/20030125-1.c execution, -O1
FAIL: gcc.c-torture/execute/20030125-1.c execution, -O2
FAIL: gcc.c-torture/execute/20030125-1.c execution, -Os
FAIL: gcc.c-torture/execute/builtin-prefetch-6.c execution, -O0
FAIL: gcc.c-torture/execute/builtin-prefetch-6.c execution, -O1
FAIL: gcc.c-torture/execute/builtin-prefetch-6.c execution, -O2
FAIL: gcc.c-torture/execute/builtin-prefetch-6.c execution, -O3 -fomit-frame-pointer
FAIL: gcc.c-torture/execute/builtin-prefetch-6.c execution, -O3 -fomit-frame-pointer -funroll-loops
FAIL: gcc.c-torture/execute/builtin-prefetch-6.c execution, -O3 -fomit-frame-pointer -funroll-all-loops -finline-functions
FAIL: gcc.c-torture/execute/builtin-prefetch-6.c execution, -O3 -g
FAIL: gcc.c-torture/execute/builtin-prefetch-6.c execution, -Os
FAIL: gcc.c-torture/execute/ieee/mul-subnormal-single-1.c execution, -O0
FAIL: gcc.c-torture/execute/ieee/mul-subnormal-single-1.c execution, -O1
FAIL: gcc.c-torture/execute/ieee/mul-subnormal-single-1.c execution, -O2
FAIL: gcc.c-torture/execute/ieee/mul-subnormal-single-1.c execution, -O3 -fomit-frame-pointer
FAIL: gcc.c-torture/execute/ieee/mul-subnormal-single-1.c execution, -O3 -fomit-frame-pointer -funroll-loops
FAIL: gcc.c-torture/execute/ieee/mul-subnormal-single-1.c execution, -O3 -fomit-frame-pointer -funroll-all-loops -finline-functions
FAIL: gcc.c-torture/execute/ieee/mul-subnormal-single-1.c execution, -O3 -g
FAIL: gcc.c-torture/execute/ieee/mul-subnormal-single-1.c execution, -Os
FAIL: gcc.c-torture/unsorted/SFset.c, -O2
FAIL: gcc.c-torture/unsorted/SFset.c, -O3 -fomit-frame-pointer
FAIL: gcc.c-torture/unsorted/SFset.c, -O3 -g
FAIL: gcc.c-torture/unsorted/SFset.c, -Os
FAIL: gcc.dg/compat/struct-by-value-15 c_compat_y_tst.o compile
UNRESOLVED: gcc.dg/compat/struct-by-value-15 c_compat_x_tst.o-c_compat_y_tst.o link
UNRESOLVED: gcc.dg/compat/struct-by-value-15 c_compat_x_tst.o-c_compat_y_tst.o execute
FAIL: gcc.dg/compat/struct-by-value-17 c_compat_y_tst.o compile
UNRESOLVED: gcc.dg/compat/struct-by-value-17 c_compat_x_tst.o-c_compat_y_tst.o link
UNRESOLVED: gcc.dg/compat/struct-by-value-17 c_compat_x_tst.o-c_compat_y_tst.o execute
FAIL: gcc.dg/compat/struct-by-value-18 c_compat_y_tst.o compile
UNRESOLVED: gcc.dg/compat/struct-by-value-18 c_compat_x_tst.o-c_compat_y_tst.o link
UNRESOLVED: gcc.dg/compat/struct-by-value-18 c_compat_x_tst.o-c_compat_y_tst.o execute
FAIL: gcc.dg/compat/struct-by-value-19 c_compat_x_tst.o-c_compat_y_tst.o execute
FAIL: gcc.dg/compat/struct-return-19 c_compat_x_tst.o-c_compat_y_tst.o execute
FAIL: tmpdir-gcc.dg-struct-layout-1/t001 c_compat_y_tst.o compile
UNRESOLVED: tmpdir-gcc.dg-struct-layout-1/t001 c_compat_x_tst.o-c_compat_y_tst.o link
UNRESOLVED: tmpdir-gcc.dg-struct-layout-1/t001 c_compat_x_tst.o-c_compat_y_tst.o execute
FAIL: tmpdir-gcc.dg-struct-layout-1/t002 c_compat_x_tst.o-c_compat_y_tst.o execute
FAIL: tmpdir-gcc.dg-struct-layout-1/t011 c_compat_x_tst.o-c_compat_y_tst.o execute
FAIL: tmpdir-gcc.dg-struct-layout-1/t024 c_compat_y_tst.o compile
UNRESOLVED: tmpdir-gcc.dg-struct-layout-1/t024 c_compat_x_tst.o-c_compat_y_tst.o link
UNRESOLVED: tmpdir-gcc.dg-struct-layout-1/t024 c_compat_x_tst.o-c_compat_y_tst.o execute
FAIL: tmpdir-gcc.dg-struct-layout-1/t025 c_compat_x_tst.o-c_compat_y_tst.o execute
FAIL: tmpdir-gcc.dg-struct-layout-1/t027 c_compat_y_tst.o compile
UNRESOLVED: tmpdir-gcc.dg-struct-layout-1/t027 c_compat_x_tst.o-c_compat_y_tst.o link
UNRESOLVED: tmpdir-gcc.dg-struct-layout-1/t027 c_compat_x_tst.o-c_compat_y_tst.o execute
FAIL: tmpdir-gcc.dg-struct-layout-1/t028 c_compat_y_tst.o compile
UNRESOLVED: tmpdir-gcc.dg-struct-layout-1/t028 c_compat_x_tst.o-c_compat_y_tst.o link
UNRESOLVED: tmpdir-gcc.dg-struct-layout-1/t028 c_compat_x_tst.o-c_compat_y_tst.o execute
FAIL: gcc.dg/debug/dwarf2/dwarf-die7.c scan-assembler 1.*DW_AT_inline
FAIL: gcc.dg/align-2.c (test for excess errors)
FAIL: gcc.dg/builtins-18.c (test for excess errors)
FAIL: gcc.dg/builtins-20.c (test for excess errors)
ERROR: gcc.dg/builtins-43.c: error executing dg-final: couldn't open "builtins-43.c.t63.optimized builtins-43.c.t61.optimized": no such file or directory
UNRESOLVED: gcc.dg/builtins-43.c: error executing dg-final: couldn't open "builtins-43.c.t63.optimized builtins-43.c.t61.optimized": no such file or directory
ERROR: gcc.dg/builtins-44.c: error executing dg-final: couldn't open "builtins-44.c.t63.optimized builtins-44.c.t61.optimized": no such file or directory
UNRESOLVED: gcc.dg/builtins-44.c: error executing dg-final: couldn't open "builtins-44.c.t63.optimized builtins-44.c.t61.optimized": no such file or directory
ERROR: gcc.dg/builtins-45.c: error executing dg-final: couldn't open "builtins-45.c.t61.optimized builtins-45.c.t63.optimized": no such file or directory
UNRESOLVED: gcc.dg/builtins-45.c: error executing dg-final: couldn't open "builtins-45.c.t61.optimized builtins-45.c.t63.optimized": no such file or directory
FAIL: gcc.dg/sh-relax.c (test for excess errors)
FAIL: gcc.dg/simd-2.c (test for excess errors)
FAIL: gcc.dg/torture/builtin-convert-1.c (test for excess errors)
FAIL: gcc.dg/torture/builtin-convert-1.c (test for excess errors)
FAIL: gcc.dg/torture/builtin-convert-1.c (test for excess errors)
FAIL: gcc.dg/torture/builtin-convert-1.c (test for excess errors)
FAIL: gcc.dg/torture/builtin-convert-1.c (test for excess errors)
FAIL: gcc.dg/torture/builtin-convert-2.c (test for excess errors)
FAIL: gcc.dg/torture/builtin-convert-2.c (test for excess errors)
FAIL: gcc.dg/torture/builtin-convert-2.c (test for excess errors)
FAIL: gcc.dg/torture/builtin-convert-2.c (test for excess errors)
FAIL: gcc.dg/torture/builtin-convert-2.c (test for excess errors)
FAIL: gcc.dg/torture/builtin-convert-3.c (test for excess errors)
FAIL: gcc.dg/torture/builtin-convert-3.c (test for excess errors)
FAIL: gcc.dg/torture/builtin-convert-3.c (test for excess errors)
FAIL: gcc.dg/torture/builtin-convert-3.c (test for excess errors)
FAIL: gcc.dg/torture/builtin-convert-3.c (test for excess errors)
FAIL: gcc.dg/torture/builtin-power-1.c (test for excess errors)
FAIL: gcc.dg/torture/builtin-power-1.c (test for excess errors)
FAIL: gcc.dg/torture/builtin-power-1.c (test for excess errors)
FAIL: gcc.dg/torture/builtin-power-1.c (test for excess errors)
FAIL: gcc.dg/torture/builtin-power-1.c (test for excess errors)
FAIL: gcc.dg/torture/builtin-power-1.c (test for excess errors)
ERROR: gcc.dg/tree-ssa/20030530-2.c: error executing dg-final: couldn't open "20030530-2.c.t54.dom3 20030530-2.c.t56.dom3": no such file or directory
UNRESOLVED: gcc.dg/tree-ssa/20030530-2.c: error executing dg-final: couldn't open "20030530-2.c.t54.dom3 20030530-2.c.t56.dom3": no such file or directory
ERROR: gcc.dg/tree-ssa/20030611-1.c: error executing dg-final: couldn't open "20030611-1.c.t54.dom3 20030611-1.c.t56.dom3": no such file or directory
UNRESOLVED: gcc.dg/tree-ssa/20030611-1.c: error executing dg-final: couldn't open "20030611-1.c.t54.dom3 20030611-1.c.t56.dom3": no such file or directory
ERROR: gcc.dg/tree-ssa/20030703-1.c: error executing dg-final: couldn't open "20030703-1.c.t54.dom3 20030703-1.c.t56.dom3": no such file or directory
UNRESOLVED: gcc.dg/tree-ssa/20030703-1.c: error executing dg-final: couldn't open "20030703-1.c.t54.dom3 20030703-1.c.t56.dom3": no such file or directory
ERROR: gcc.dg/tree-ssa/20030703-2.c: error executing dg-final: couldn't open "20030703-2.c.t54.dom3 20030703-2.c.t56.dom3": no such file or directory
UNRESOLVED: gcc.dg/tree-ssa/20030703-2.c: error executing dg-final: couldn't open "20030703-2.c.t54.dom3 20030703-2.c.t56.dom3": no such file or directory
ERROR: gcc.dg/tree-ssa/20030708-1.c: error executing dg-final: couldn't open "20030708-1.c.t54.dom3 20030708-1.c.t56.dom3": no such file or directory
UNRESOLVED: gcc.dg/tree-ssa/20030708-1.c: error executing dg-final: couldn't open "20030708-1.c.t54.dom3 20030708-1.c.t56.dom3": no such file or directory
ERROR: gcc.dg/tree-ssa/20030709-1.c: error executing dg-final: couldn't open "20030709-1.c.t61.optimized 20030709-1.c.t63.optimized": no such file or directory
UNRESOLVED: gcc.dg/tree-ssa/20030709-1.c: error executing dg-final: couldn't open "20030709-1.c.t61.optimized 20030709-1.c.t63.optimized": no such file or directory
ERROR: gcc.dg/tree-ssa/20030709-2.c: error executing dg-final: couldn't open "20030709-2.c.t56.cddce 20030709-2.c.t58.cddce": no such file or directory
UNRESOLVED: gcc.dg/tree-ssa/20030709-2.c: error executing dg-final: couldn't open "20030709-2.c.t56.cddce 20030709-2.c.t58.cddce": no such file or directory
ERROR: gcc.dg/tree-ssa/20030709-3.c: error executing dg-final: couldn't open "20030709-3.c.t54.dom3 20030709-3.c.t56.dom3": no such file or directory
UNRESOLVED: gcc.dg/tree-ssa/20030709-3.c: error executing dg-final: couldn't open "20030709-3.c.t54.dom3 20030709-3.c.t56.dom3": no such file or directory
ERROR: gcc.dg/tree-ssa/20030710-1.c: error executing dg-final: couldn't open "20030710-1.c.t54.dom3 20030710-1.c.t56.dom3": no such file or directory
UNRESOLVED: gcc.dg/tree-ssa/20030710-1.c: error executing dg-final: couldn't open "20030710-1.c.t54.dom3 20030710-1.c.t56.dom3": no such file or directory
ERROR: gcc.dg/tree-ssa/20030711-1.c: error executing dg-final: couldn't open "20030711-1.c.t54.dom3 20030711-1.c.t56.dom3": no such file or directory
UNRESOLVED: gcc.dg/tree-ssa/20030711-1.c: error executing dg-final: couldn't open "20030711-1.c.t54.dom3 20030711-1.c.t56.dom3": no such file or directory
ERROR: gcc.dg/tree-ssa/20030711-2.c: error executing dg-final: couldn't open "20030711-2.c.t54.dom3 20030711-2.c.t56.dom3": no such file or directory
UNRESOLVED: gcc.dg/tree-ssa/20030711-2.c: error executing dg-final: couldn't open "20030711-2.c.t54.dom3 20030711-2.c.t56.dom3": no such file or directory
ERROR: gcc.dg/tree-ssa/20030711-3.c: error executing dg-final: couldn't open "20030711-3.c.t54.dom3 20030711-3.c.t56.dom3": no such file or directory
UNRESOLVED: gcc.dg/tree-ssa/20030711-3.c: error executing dg-final: couldn't open "20030711-3.c.t54.dom3 20030711-3.c.t56.dom3": no such file or directory
ERROR: gcc.dg/tree-ssa/20030714-1.c: error executing dg-final: couldn't open "20030714-1.c.t54.dom3 20030714-1.c.t56.dom3": no such file or directory
UNRESOLVED: gcc.dg/tree-ssa/20030714-1.c: error executing dg-final: couldn't open "20030714-1.c.t54.dom3 20030714-1.c.t56.dom3": no such file or directory
ERROR: gcc.dg/tree-ssa/20030714-2.c: error executing dg-final: couldn't open "20030714-2.c.t54.dom3 20030714-2.c.t56.dom3": no such file or directory
UNRESOLVED: gcc.dg/tree-ssa/20030714-2.c: error executing dg-final: couldn't open "20030714-2.c.t54.dom3 20030714-2.c.t56.dom3": no such file or directory
ERROR: gcc.dg/tree-ssa/20030728-1.c: error executing dg-final: couldn't open "20030728-1.c.t61.optimized 20030728-1.c.t63.optimized": no such file or directory
UNRESOLVED: gcc.dg/tree-ssa/20030728-1.c: error executing dg-final: couldn't open "20030728-1.c.t61.optimized 20030728-1.c.t63.optimized": no such file or directory
ERROR: gcc.dg/tree-ssa/20030729-1.c: error executing dg-final: couldn't open "20030729-1.c.t54.dom3 20030729-1.c.t56.dom3": no such file or directory
UNRESOLVED: gcc.dg/tree-ssa/20030729-1.c: error executing dg-final: couldn't open "20030729-1.c.t54.dom3 20030729-1.c.t56.dom3": no such file or directory
ERROR: gcc.dg/tree-ssa/20030730-1.c: error executing dg-final: couldn't open "20030730-1.c.t54.dom3 20030730-1.c.t56.dom3": no such file or directory
UNRESOLVED: gcc.dg/tree-ssa/20030730-1.c: error executing dg-final: couldn't open "20030730-1.c.t54.dom3 20030730-1.c.t56.dom3": no such file or directory
ERROR: gcc.dg/tree-ssa/20030730-2.c: error executing dg-final: couldn't open "20030730-2.c.t54.dom3 20030730-2.c.t56.dom3": no such file or directory
UNRESOLVED: gcc.dg/tree-ssa/20030730-2.c: error executing dg-final: couldn't open "20030730-2.c.t54.dom3 20030730-2.c.t56.dom3": no such file or directory
ERROR: gcc.dg/tree-ssa/20030731-1.c: error executing dg-final: couldn't open "20030731-1.c.t54.dom3 20030731-1.c.t56.dom3": no such file or directory
UNRESOLVED: gcc.dg/tree-ssa/20030731-1.c: error executing dg-final: couldn't open "20030731-1.c.t54.dom3 20030731-1.c.t56.dom3": no such file or directory
ERROR: gcc.dg/tree-ssa/20030731-2.c: error executing dg-final: couldn't open "20030731-2.c.t38.ccp 20030731-2.c.t39.ccp": no such file or directory
UNRESOLVED: gcc.dg/tree-ssa/20030731-2.c: error executing dg-final: couldn't open "20030731-2.c.t38.ccp 20030731-2.c.t39.ccp": no such file or directory
ERROR: gcc.dg/tree-ssa/20030807-1.c: error executing dg-final: couldn't open "20030807-1.c.t54.dom3 20030807-1.c.t56.dom3": no such file or directory
UNRESOLVED: gcc.dg/tree-ssa/20030807-1.c: error executing dg-final: couldn't open "20030807-1.c.t54.dom3 20030807-1.c.t56.dom3": no such file or directory
ERROR: gcc.dg/tree-ssa/20030807-10.c: error executing dg-final: couldn't open "20030807-10.c.t54.dom3 20030807-10.c.t56.dom3": no such file or directory
UNRESOLVED: gcc.dg/tree-ssa/20030807-10.c: error executing dg-final: couldn't open "20030807-10.c.t54.dom3 20030807-10.c.t56.dom3": no such file or directory
ERROR: gcc.dg/tree-ssa/20030807-11.c: error executing dg-final: couldn't open "20030807-11.c.t54.dom3 20030807-11.c.t56.dom3": no such file or directory
UNRESOLVED: gcc.dg/tree-ssa/20030807-11.c: error executing dg-final: couldn't open "20030807-11.c.t54.dom3 20030807-11.c.t56.dom3": no such file or directory
ERROR: gcc.dg/tree-ssa/20030807-2.c: error executing dg-final: couldn't open "20030807-2.c.t54.dom3 20030807-2.c.t56.dom3": no such file or directory
UNRESOLVED: gcc.dg/tree-ssa/20030807-2.c: error executing dg-final: couldn't open "20030807-2.c.t54.dom3 20030807-2.c.t56.dom3": no such file or directory
ERROR: gcc.dg/tree-ssa/20030807-3.c: error executing dg-final: couldn't open "20030807-3.c.t54.dom3 20030807-3.c.t56.dom3": no such file or directory
UNRESOLVED: gcc.dg/tree-ssa/20030807-3.c: error executing dg-final: couldn't open "20030807-3.c.t54.dom3 20030807-3.c.t56.dom3": no such file or directory
ERROR: gcc.dg/tree-ssa/20030807-5.c: error executing dg-final: couldn't open "20030807-5.c.t54.dom3 20030807-5.c.t56.dom3": no such file or directory
UNRESOLVED: gcc.dg/tree-ssa/20030807-5.c: error executing dg-final: couldn't open "20030807-5.c.t54.dom3 20030807-5.c.t56.dom3": no such file or directory
ERROR: gcc.dg/tree-ssa/20030807-6.c: error executing dg-final: couldn't open "20030807-6.c.t54.dom3 20030807-6.c.t56.dom3": no such file or directory
UNRESOLVED: gcc.dg/tree-ssa/20030807-6.c: error executing dg-final: couldn't open "20030807-6.c.t54.dom3 20030807-6.c.t56.dom3": no such file or directory
ERROR: gcc.dg/tree-ssa/20030807-7.c: error executing dg-final: couldn't open "20030807-7.c.t54.dom3 20030807-7.c.t56.dom3": no such file or directory
UNRESOLVED: gcc.dg/tree-ssa/20030807-7.c: error executing dg-final: couldn't open "20030807-7.c.t54.dom3 20030807-7.c.t56.dom3": no such file or directory
ERROR: gcc.dg/tree-ssa/20030807-8.c: error executing dg-final: couldn't open "20030807-8.c.t54.dom3 20030807-8.c.t56.dom3": no such file or directory
UNRESOLVED: gcc.dg/tree-ssa/20030807-8.c: error executing dg-final: couldn't open "20030807-8.c.t54.dom3 20030807-8.c.t56.dom3": no such file or directory
ERROR: gcc.dg/tree-ssa/20030807-9.c: error executing dg-final: couldn't open "20030807-9.c.t54.dom3 20030807-9.c.t56.dom3": no such file or directory
UNRESOLVED: gcc.dg/tree-ssa/20030807-9.c: error executing dg-final: couldn't open "20030807-9.c.t54.dom3 20030807-9.c.t56.dom3": no such file or directory
ERROR: gcc.dg/tree-ssa/20030808-1.c: error executing dg-final: couldn't open "20030808-1.c.t56.cddce 20030808-1.c.t58.cddce": no such file or directory
UNRESOLVED: gcc.dg/tree-ssa/20030808-1.c: error executing dg-final: couldn't open "20030808-1.c.t56.cddce 20030808-1.c.t58.cddce": no such file or directory
ERROR: gcc.dg/tree-ssa/20030814-1.c: error executing dg-final: couldn't open "20030814-1.c.t54.dom3 20030814-1.c.t56.dom3": no such file or directory
UNRESOLVED: gcc.dg/tree-ssa/20030814-1.c: error executing dg-final: couldn't open "20030814-1.c.t54.dom3 20030814-1.c.t56.dom3": no such file or directory
ERROR: gcc.dg/tree-ssa/20030814-2.c: error executing dg-final: couldn't open "20030814-2.c.t54.dom3 20030814-2.c.t56.dom3": no such file or directory
UNRESOLVED: gcc.dg/tree-ssa/20030814-2.c: error executing dg-final: couldn't open "20030814-2.c.t54.dom3 20030814-2.c.t56.dom3": no such file or directory
ERROR: gcc.dg/tree-ssa/20030814-3.c: error executing dg-final: couldn't open "20030814-3.c.t54.dom3 20030814-3.c.t56.dom3": no such file or directory
UNRESOLVED: gcc.dg/tree-ssa/20030814-3.c: error executing dg-final: couldn't open "20030814-3.c.t54.dom3 20030814-3.c.t56.dom3": no such file or directory
ERROR: gcc.dg/tree-ssa/20030814-4.c: error executing dg-final: couldn't open "20030814-4.c.t54.dom3 20030814-4.c.t56.dom3": no such file or directory
UNRESOLVED: gcc.dg/tree-ssa/20030814-4.c: error executing dg-final: couldn't open "20030814-4.c.t54.dom3 20030814-4.c.t56.dom3": no such file or directory
ERROR: gcc.dg/tree-ssa/20030814-5.c: error executing dg-final: couldn't open "20030814-5.c.t54.dom3 20030814-5.c.t56.dom3": no such file or directory
UNRESOLVED: gcc.dg/tree-ssa/20030814-5.c: error executing dg-final: couldn't open "20030814-5.c.t54.dom3 20030814-5.c.t56.dom3": no such file or directory
ERROR: gcc.dg/tree-ssa/20030814-6.c: error executing dg-final: couldn't open "20030814-6.c.t54.dom3 20030814-6.c.t56.dom3": no such file or directory
UNRESOLVED: gcc.dg/tree-ssa/20030814-6.c: error executing dg-final: couldn't open "20030814-6.c.t54.dom3 20030814-6.c.t56.dom3": no such file or directory
ERROR: gcc.dg/tree-ssa/20030814-7.c: error executing dg-final: couldn't open "20030814-7.c.t54.dom3 20030814-7.c.t56.dom3": no such file or directory
UNRESOLVED: gcc.dg/tree-ssa/20030814-7.c: error executing dg-final: couldn't open "20030814-7.c.t54.dom3 20030814-7.c.t56.dom3": no such file or directory
ERROR: gcc.dg/tree-ssa/20030815-1.c: error executing dg-final: couldn't open "20030815-1.c.t54.dom3 20030815-1.c.t56.dom3": no such file or directory
UNRESOLVED: gcc.dg/tree-ssa/20030815-1.c: error executing dg-final: couldn't open "20030815-1.c.t54.dom3 20030815-1.c.t56.dom3": no such file or directory
ERROR: gcc.dg/tree-ssa/20030821-1.c: error executing dg-final: couldn't open "20030821-1.c.t61.optimized 20030821-1.c.t63.optimized": no such file or directory
UNRESOLVED: gcc.dg/tree-ssa/20030821-1.c: error executing dg-final: couldn't open "20030821-1.c.t61.optimized 20030821-1.c.t63.optimized": no such file or directory
ERROR: gcc.dg/tree-ssa/20030824-1.c: error executing dg-final: couldn't open "20030824-1.c.t61.optimized 20030824-1.c.t63.optimized": no such file or directory
UNRESOLVED: gcc.dg/tree-ssa/20030824-1.c: error executing dg-final: couldn't open "20030824-1.c.t61.optimized 20030824-1.c.t63.optimized": no such file or directory
ERROR: gcc.dg/tree-ssa/20030824-2.c: error executing dg-final: couldn't open "20030824-2.c.t61.optimized 20030824-2.c.t63.optimized": no such file or directory
UNRESOLVED: gcc.dg/tree-ssa/20030824-2.c: error executing dg-final: couldn't open "20030824-2.c.t61.optimized 20030824-2.c.t63.optimized": no such file or directory
ERROR: gcc.dg/tree-ssa/20030825-1.c: error executing dg-final: couldn't open "20030825-1.c.t61.optimized 20030825-1.c.t63.optimized": no such file or directory
UNRESOLVED: gcc.dg/tree-ssa/20030825-1.c: error executing dg-final: couldn't open "20030825-1.c.t61.optimized 20030825-1.c.t63.optimized": no such file or directory
ERROR: gcc.dg/tree-ssa/20030907-1.c: error executing dg-final: couldn't open "20030907-1.c.t61.optimized 20030907-1.c.t63.optimized": no such file or directory
UNRESOLVED: gcc.dg/tree-ssa/20030907-1.c: error executing dg-final: couldn't open "20030907-1.c.t61.optimized 20030907-1.c.t63.optimized": no such file or directory
ERROR: gcc.dg/tree-ssa/20030917-1.c: error executing dg-final: couldn't open "20030917-1.c.t38.ccp 20030917-1.c.t39.ccp": no such file or directory
UNRESOLVED: gcc.dg/tree-ssa/20030917-1.c: error executing dg-final: couldn't open "20030917-1.c.t38.ccp 20030917-1.c.t39.ccp": no such file or directory
ERROR: gcc.dg/tree-ssa/20030917-3.c: error executing dg-final: couldn't open "20030917-3.c.t38.ccp 20030917-3.c.t39.ccp": no such file or directory
UNRESOLVED: gcc.dg/tree-ssa/20030917-3.c: error executing dg-final: couldn't open "20030917-3.c.t38.ccp 20030917-3.c.t39.ccp": no such file or directory
ERROR: gcc.dg/tree-ssa/20030922-1.c: error executing dg-final: couldn't open "20030922-1.c.t54.dom3 20030922-1.c.t56.dom3": no such file or directory
UNRESOLVED: gcc.dg/tree-ssa/20030922-1.c: error executing dg-final: couldn't open "20030922-1.c.t54.dom3 20030922-1.c.t56.dom3": no such file or directory
ERROR: gcc.dg/tree-ssa/20030922-2.c: error executing dg-final: couldn't open "20030922-2.c.t20.dom1 20030922-2.c.t21.dom1": no such file or directory
UNRESOLVED: gcc.dg/tree-ssa/20030922-2.c: error executing dg-final: couldn't open "20030922-2.c.t20.dom1 20030922-2.c.t21.dom1": no such file or directory
ERROR: gcc.dg/tree-ssa/20031015-1.c: error executing dg-final: couldn't open "20031015-1.c.t17.alias1 20031015-1.c.t18.alias1": no such file or directory
UNRESOLVED: gcc.dg/tree-ssa/20031015-1.c: error executing dg-final: couldn't open "20031015-1.c.t17.alias1 20031015-1.c.t18.alias1": no such file or directory
ERROR: gcc.dg/tree-ssa/20031021-1.c: error executing dg-final: couldn't open "20031021-1.c.t61.optimized 20031021-1.c.t63.optimized": no such file or directory
UNRESOLVED: gcc.dg/tree-ssa/20031021-1.c: error executing dg-final: couldn't open "20031021-1.c.t61.optimized 20031021-1.c.t63.optimized": no such file or directory
ERROR: gcc.dg/tree-ssa/20031022-1.c: error executing dg-final: couldn't open "20031022-1.c.t20.dom1 20031022-1.c.t21.dom1": no such file or directory
UNRESOLVED: gcc.dg/tree-ssa/20031022-1.c: error executing dg-final: couldn't open "20031022-1.c.t20.dom1 20031022-1.c.t21.dom1": no such file or directory
ERROR: gcc.dg/tree-ssa/20031106-1.c: error executing dg-final: couldn't open "20031106-1.c.t61.optimized 20031106-1.c.t63.optimized": no such file or directory
UNRESOLVED: gcc.dg/tree-ssa/20031106-1.c: error executing dg-final: couldn't open "20031106-1.c.t61.optimized 20031106-1.c.t63.optimized": no such file or directory
ERROR: gcc.dg/tree-ssa/20031106-2.c: error executing dg-final: couldn't open "20031106-2.c.t61.optimized 20031106-2.c.t63.optimized": no such file or directory
UNRESOLVED: gcc.dg/tree-ssa/20031106-2.c: error executing dg-final: couldn't open "20031106-2.c.t61.optimized 20031106-2.c.t63.optimized": no such file or directory
ERROR: gcc.dg/tree-ssa/20031106-3.c: error executing dg-final: couldn't open "20031106-3.c.t61.optimized 20031106-3.c.t63.optimized": no such file or directory
UNRESOLVED: gcc.dg/tree-ssa/20031106-3.c: error executing dg-final: couldn't open "20031106-3.c.t61.optimized 20031106-3.c.t63.optimized": no such file or directory
ERROR: gcc.dg/tree-ssa/20031106-4.c: error executing dg-final: couldn't open "20031106-4.c.t61.optimized 20031106-4.c.t63.optimized": no such file or directory
UNRESOLVED: gcc.dg/tree-ssa/20031106-4.c: error executing dg-final: couldn't open "20031106-4.c.t61.optimized 20031106-4.c.t63.optimized": no such file or directory
ERROR: gcc.dg/tree-ssa/20031106-5.c: error executing dg-final: couldn't open "20031106-5.c.t61.optimized 20031106-5.c.t63.optimized": no such file or directory
UNRESOLVED: gcc.dg/tree-ssa/20031106-5.c: error executing dg-final: couldn't open "20031106-5.c.t61.optimized 20031106-5.c.t63.optimized": no such file or directory
ERROR: gcc.dg/tree-ssa/20031106-6.c: error executing dg-final: couldn't open "20031106-6.c.t61.optimized 20031106-6.c.t63.optimized": no such file or directory
UNRESOLVED: gcc.dg/tree-ssa/20031106-6.c: error executing dg-final: couldn't open "20031106-6.c.t61.optimized 20031106-6.c.t63.optimized": no such file or directory
ERROR: gcc.dg/tree-ssa/20031216-1.c: error executing dg-final: couldn't open "20031216-1.c.t61.optimized 20031216-1.c.t63.optimized": no such file or directory
UNRESOLVED: gcc.dg/tree-ssa/20031216-1.c: error executing dg-final: couldn't open "20031216-1.c.t61.optimized 20031216-1.c.t63.optimized": no such file or directory
ERROR: gcc.dg/tree-ssa/20040204-1.c: error executing dg-final: couldn't open "20040204-1.c.t61.optimized 20040204-1.c.t63.optimized": no such file or directory
UNRESOLVED: gcc.dg/tree-ssa/20040204-1.c: error executing dg-final: couldn't open "20040204-1.c.t61.optimized 20040204-1.c.t63.optimized": no such file or directory
ERROR: gcc.dg/tree-ssa/20040210-1.c: error executing dg-final: couldn't open "20040210-1.c.t24.phiopt1 20040210-1.c.t25.phiopt1": no such file or directory
UNRESOLVED: gcc.dg/tree-ssa/20040210-1.c: error executing dg-final: couldn't open "20040210-1.c.t24.phiopt1 20040210-1.c.t25.phiopt1": no such file or directory
ERROR: gcc.dg/tree-ssa/20040211-1.c: error executing dg-final: couldn't open "20040211-1.c.t56.cddce 20040211-1.c.t58.cddce": no such file or directory
UNRESOLVED: gcc.dg/tree-ssa/20040211-1.c: error executing dg-final: couldn't open "20040211-1.c.t56.cddce 20040211-1.c.t58.cddce": no such file or directory
ERROR: gcc.dg/tree-ssa/20040216-1.c: error executing dg-final: couldn't open "20040216-1.c.t34.dse1 20040216-1.c.t35.dse1": no such file or directory
UNRESOLVED: gcc.dg/tree-ssa/20040216-1.c: error executing dg-final: couldn't open "20040216-1.c.t34.dse1 20040216-1.c.t35.dse1": no such file or directory
ERROR: gcc.dg/tree-ssa/20040305-1.c: error executing dg-final: couldn't open "20040305-1.c.t23.forwprop1 20040305-1.c.t24.forwprop1": no such file or directory
UNRESOLVED: gcc.dg/tree-ssa/20040305-1.c: error executing dg-final: couldn't open "20040305-1.c.t23.forwprop1 20040305-1.c.t24.forwprop1": no such file or directory
ERROR: gcc.dg/tree-ssa/20040430-1.c: error executing dg-final: couldn't open "20040430-1.c.t61.optimized 20040430-1.c.t63.optimized": no such file or directory
UNRESOLVED: gcc.dg/tree-ssa/20040430-1.c: error executing dg-final: couldn't open "20040430-1.c.t61.optimized 20040430-1.c.t63.optimized": no such file or directory
ERROR: gcc.dg/tree-ssa/20040513-1.c: error executing dg-final: couldn't open "20040513-1.c.t23.forwprop1 20040513-1.c.t24.forwprop1": no such file or directory
UNRESOLVED: gcc.dg/tree-ssa/20040513-1.c: error executing dg-final: couldn't open "20040513-1.c.t23.forwprop1 20040513-1.c.t24.forwprop1": no such file or directory
ERROR: gcc.dg/tree-ssa/20040513-2.c: error executing dg-final: couldn't open "20040513-2.c.t31.dom2 20040513-2.c.t32.dom2": no such file or directory
UNRESOLVED: gcc.dg/tree-ssa/20040513-2.c: error executing dg-final: couldn't open "20040513-2.c.t31.dom2 20040513-2.c.t32.dom2": no such file or directory
ERROR: gcc.dg/tree-ssa/20040514-1.c: error executing dg-final: couldn't open "20040514-1.c.t24.phiopt1 20040514-1.c.t25.phiopt1": no such file or directory
UNRESOLVED: gcc.dg/tree-ssa/20040514-1.c: error executing dg-final: couldn't open "20040514-1.c.t24.phiopt1 20040514-1.c.t25.phiopt1": no such file or directory
ERROR: gcc.dg/tree-ssa/20040514-2.c: error executing dg-final: couldn't open "20040514-2.c.t54.dom3 20040514-2.c.t56.dom3": no such file or directory
UNRESOLVED: gcc.dg/tree-ssa/20040514-2.c: error executing dg-final: couldn't open "20040514-2.c.t54.dom3 20040514-2.c.t56.dom3": no such file or directory
ERROR: gcc.dg/tree-ssa/20040517-1.c: error executing dg-final: couldn't open "20040517-1.c.t16.ssa 20040517-1.c.t17.ssa": no such file or directory
UNRESOLVED: gcc.dg/tree-ssa/20040517-1.c: error executing dg-final: couldn't open "20040517-1.c.t16.ssa 20040517-1.c.t17.ssa": no such file or directory
ERROR: gcc.dg/tree-ssa/20040518-1.c: error executing dg-final: couldn't open "20040518-1.c.t24.phiopt1 20040518-1.c.t25.phiopt1": no such file or directory
UNRESOLVED: gcc.dg/tree-ssa/20040518-1.c: error executing dg-final: couldn't open "20040518-1.c.t24.phiopt1 20040518-1.c.t25.phiopt1": no such file or directory
ERROR: gcc.dg/tree-ssa/20040518-2.c: error executing dg-final: couldn't open "20040518-2.c.t24.phiopt1 20040518-2.c.t25.phiopt1": no such file or directory
UNRESOLVED: gcc.dg/tree-ssa/20040518-2.c: error executing dg-final: couldn't open "20040518-2.c.t24.phiopt1 20040518-2.c.t25.phiopt1": no such file or directory
ERROR: gcc.dg/tree-ssa/20040615-1.c: error executing dg-final: couldn't open "20040615-1.c.t20.dom1 20040615-1.c.t21.dom1": no such file or directory
UNRESOLVED: gcc.dg/tree-ssa/20040615-1.c: error executing dg-final: couldn't open "20040615-1.c.t20.dom1 20040615-1.c.t21.dom1": no such file or directory
ERROR: gcc.dg/tree-ssa/20040624-1.c: error executing dg-final: couldn't open "20040624-1.c.t20.dom1 20040624-1.c.t21.dom1": no such file or directory
UNRESOLVED: gcc.dg/tree-ssa/20040624-1.c: error executing dg-final: couldn't open "20040624-1.c.t20.dom1 20040624-1.c.t21.dom1": no such file or directory
ERROR: gcc.dg/tree-ssa/20040703-1.c: error executing dg-final: couldn't open "20040703-1.c.t31.dom2 20040703-1.c.t32.dom2": no such file or directory
UNRESOLVED: gcc.dg/tree-ssa/20040703-1.c: error executing dg-final: couldn't open "20040703-1.c.t31.dom2 20040703-1.c.t32.dom2": no such file or directory
ERROR: gcc.dg/tree-ssa/20040721-1.c: error executing dg-final: couldn't open "20040721-1.c.t38.ccp 20040721-1.c.t39.ccp": no such file or directory
UNRESOLVED: gcc.dg/tree-ssa/20040721-1.c: error executing dg-final: couldn't open "20040721-1.c.t38.ccp 20040721-1.c.t39.ccp": no such file or directory
ERROR: gcc.dg/tree-ssa/20040729-1.c: error executing dg-final: couldn't open "20040729-1.c.t33.dce3 20040729-1.c.t34.dce3": no such file or directory
UNRESOLVED: gcc.dg/tree-ssa/20040729-1.c: error executing dg-final: couldn't open "20040729-1.c.t33.dce3 20040729-1.c.t34.dce3": no such file or directory
ERROR: gcc.dg/tree-ssa/20040911-1.c: error executing dg-final: couldn't open "20040911-1.c.t17.alias1 20040911-1.c.t18.alias1": no such file or directory
UNRESOLVED: gcc.dg/tree-ssa/20040911-1.c: error executing dg-final: couldn't open "20040911-1.c.t17.alias1 20040911-1.c.t18.alias1": no such file or directory
ERROR: gcc.dg/tree-ssa/20041002-1.c: error executing dg-final: couldn't open "20041002-1.c.t16.ssa 20041002-1.c.t17.ssa": no such file or directory
UNRESOLVED: gcc.dg/tree-ssa/20041002-1.c: error executing dg-final: couldn't open "20041002-1.c.t16.ssa 20041002-1.c.t17.ssa": no such file or directory
ERROR: gcc.dg/tree-ssa/asm-1.c: error executing dg-final: couldn't open "asm-1.c.t61.optimized asm-1.c.t63.optimized": no such file or directory
UNRESOLVED: gcc.dg/tree-ssa/asm-1.c: error executing dg-final: couldn't open "asm-1.c.t61.optimized asm-1.c.t63.optimized": no such file or directory
ERROR: gcc.dg/tree-ssa/asm-2.c: error executing dg-final: couldn't open "asm-2.c.t61.optimized asm-2.c.t63.optimized": no such file or directory
UNRESOLVED: gcc.dg/tree-ssa/asm-2.c: error executing dg-final: couldn't open "asm-2.c.t61.optimized asm-2.c.t63.optimized": no such file or directory
ERROR: gcc.dg/tree-ssa/asm-3.c: error executing dg-final: couldn't open "asm-3.c.t61.optimized asm-3.c.t63.optimized": no such file or directory
UNRESOLVED: gcc.dg/tree-ssa/asm-3.c: error executing dg-final: couldn't open "asm-3.c.t61.optimized asm-3.c.t63.optimized": no such file or directory
ERROR: gcc.dg/tree-ssa/cfgcleanup-1.c: error executing dg-final: couldn't open "cfgcleanup-1.c.t19.dce1 cfgcleanup-1.c.t20.dce1": no such file or directory
UNRESOLVED: gcc.dg/tree-ssa/cfgcleanup-1.c: error executing dg-final: couldn't open "cfgcleanup-1.c.t19.dce1 cfgcleanup-1.c.t20.dce1": no such file or directory
ERROR: gcc.dg/tree-ssa/copy-headers.c: error executing dg-final: couldn't open "copy-headers.c.t27.ch copy-headers.c.t28.ch": no such file or directory
UNRESOLVED: gcc.dg/tree-ssa/copy-headers.c: error executing dg-final: couldn't open "copy-headers.c.t27.ch copy-headers.c.t28.ch": no such file or directory
ERROR: gcc.dg/tree-ssa/ifc-20040816-1.c: error executing dg-final: couldn't open "ifc-20040816-1.c.t49.ifcvt ifc-20040816-1.c.t51.ifcvt": no such file or directory
UNRESOLVED: gcc.dg/tree-ssa/ifc-20040816-1.c: error executing dg-final: couldn't open "ifc-20040816-1.c.t49.ifcvt ifc-20040816-1.c.t51.ifcvt": no such file or directory
ERROR: gcc.dg/tree-ssa/ifc-20040816-2.c: error executing dg-final: couldn't open "ifc-20040816-2.c.t49.ifcvt ifc-20040816-2.c.t51.ifcvt": no such file or directory
UNRESOLVED: gcc.dg/tree-ssa/ifc-20040816-2.c: error executing dg-final: couldn't open "ifc-20040816-2.c.t49.ifcvt ifc-20040816-2.c.t51.ifcvt": no such file or directory
ERROR: gcc.dg/tree-ssa/loop-1.c: error executing dg-final: couldn't open "loop-1.c.t48.ivcanon loop-1.c.t50.ivcanon": no such file or directory
UNRESOLVED: gcc.dg/tree-ssa/loop-1.c: error executing dg-final: couldn't open "loop-1.c.t48.ivcanon loop-1.c.t50.ivcanon": no such file or directory
ERROR: gcc.dg/tree-ssa/loop-2.c: error executing dg-final: couldn't open "loop-2.c.t63.vars loop-2.c.t65.vars": no such file or directory
UNRESOLVED: gcc.dg/tree-ssa/loop-2.c: error executing dg-final: couldn't open "loop-2.c.t63.vars loop-2.c.t65.vars": no such file or directory
ERROR: gcc.dg/tree-ssa/loop-4.c: error executing dg-final: couldn't open "loop-4.c.t63.vars loop-4.c.t65.vars": no such file or directory
UNRESOLVED: gcc.dg/tree-ssa/loop-4.c: error executing dg-final: couldn't open "loop-4.c.t63.vars loop-4.c.t65.vars": no such file or directory
ERROR: gcc.dg/tree-ssa/loop-5.c: error executing dg-final: couldn't open "loop-5.c.t63.vars loop-5.c.t65.vars": no such file or directory
UNRESOLVED: gcc.dg/tree-ssa/loop-5.c: error executing dg-final: couldn't open "loop-5.c.t63.vars loop-5.c.t65.vars": no such file or directory
ERROR: gcc.dg/tree-ssa/loop-6.c: error executing dg-final: couldn't open "loop-6.c.t46.unswitch loop-6.c.t48.unswitch": no such file or directory
UNRESOLVED: gcc.dg/tree-ssa/loop-6.c: error executing dg-final: couldn't open "loop-6.c.t46.unswitch loop-6.c.t48.unswitch": no such file or directory
ERROR: gcc.dg/tree-ssa/ltrans-1.c: error executing dg-final: couldn't open "ltrans-1.c.t47.ltrans ltrans-1.c.t49.ltrans": no such file or directory
UNRESOLVED: gcc.dg/tree-ssa/ltrans-1.c: error executing dg-final: couldn't open "ltrans-1.c.t47.ltrans ltrans-1.c.t49.ltrans": no such file or directory
ERROR: gcc.dg/tree-ssa/ltrans-3.c: error executing dg-final: couldn't open "ltrans-3.c.t47.ltrans ltrans-3.c.t49.ltrans": no such file or directory
UNRESOLVED: gcc.dg/tree-ssa/ltrans-3.c: error executing dg-final: couldn't open "ltrans-3.c.t47.ltrans ltrans-3.c.t49.ltrans": no such file or directory
ERROR: gcc.dg/tree-ssa/ltrans-4.c: error executing dg-final: couldn't open "ltrans-4.c.t47.ltrans ltrans-4.c.t49.ltrans": no such file or directory
UNRESOLVED: gcc.dg/tree-ssa/ltrans-4.c: error executing dg-final: couldn't open "ltrans-4.c.t47.ltrans ltrans-4.c.t49.ltrans": no such file or directory
ERROR: gcc.dg/tree-ssa/ltrans-5.c: error executing dg-final: couldn't open "ltrans-5.c.t47.ltrans ltrans-5.c.t49.ltrans": no such file or directory
UNRESOLVED: gcc.dg/tree-ssa/ltrans-5.c: error executing dg-final: couldn't open "ltrans-5.c.t47.ltrans ltrans-5.c.t49.ltrans": no such file or directory
ERROR: gcc.dg/tree-ssa/pr16721.c: error executing dg-final: couldn't open "pr16721.c.t61.optimized pr16721.c.t63.optimized": no such file or directory
UNRESOLVED: gcc.dg/tree-ssa/pr16721.c: error executing dg-final: couldn't open "pr16721.c.t61.optimized pr16721.c.t63.optimized": no such file or directory
ERROR: gcc.dg/tree-ssa/sra-1.c: error executing dg-final: couldn't open "sra-1.c.t61.optimized sra-1.c.t63.optimized": no such file or directory
UNRESOLVED: gcc.dg/tree-ssa/sra-1.c: error executing dg-final: couldn't open "sra-1.c.t61.optimized sra-1.c.t63.optimized": no such file or directory
ERROR: gcc.dg/tree-ssa/sra-2.c: error executing dg-final: couldn't open "sra-2.c.t61.optimized sra-2.c.t63.optimized": no such file or directory
UNRESOLVED: gcc.dg/tree-ssa/sra-2.c: error executing dg-final: couldn't open "sra-2.c.t61.optimized sra-2.c.t63.optimized": no such file or directory
ERROR: gcc.dg/tree-ssa/sra-3.c: error executing dg-final: couldn't open "sra-3.c.t61.optimized sra-3.c.t63.optimized": no such file or directory
UNRESOLVED: gcc.dg/tree-ssa/sra-3.c: error executing dg-final: couldn't open "sra-3.c.t61.optimized sra-3.c.t63.optimized": no such file or directory
ERROR: gcc.dg/tree-ssa/ssa-ccp-1.c: error executing dg-final: couldn't open "ssa-ccp-1.c.t38.ccp ssa-ccp-1.c.t39.ccp": no such file or directory
UNRESOLVED: gcc.dg/tree-ssa/ssa-ccp-1.c: error executing dg-final: couldn't open "ssa-ccp-1.c.t38.ccp ssa-ccp-1.c.t39.ccp": no such file or directory
ERROR: gcc.dg/tree-ssa/ssa-ccp-10.c: error executing dg-final: couldn't open "ssa-ccp-10.c.t40.fab ssa-ccp-10.c.t41.fab": no such file or directory
UNRESOLVED: gcc.dg/tree-ssa/ssa-ccp-10.c: error executing dg-final: couldn't open "ssa-ccp-10.c.t40.fab ssa-ccp-10.c.t41.fab": no such file or directory
ERROR: gcc.dg/tree-ssa/ssa-ccp-11.c: error executing dg-final: couldn't open "ssa-ccp-11.c.t61.optimized ssa-ccp-11.c.t63.optimized": no such file or directory
UNRESOLVED: gcc.dg/tree-ssa/ssa-ccp-11.c: error executing dg-final: couldn't open "ssa-ccp-11.c.t61.optimized ssa-ccp-11.c.t63.optimized": no such file or directory
ERROR: gcc.dg/tree-ssa/ssa-ccp-2.c: error executing dg-final: couldn't open "ssa-ccp-2.c.t38.ccp ssa-ccp-2.c.t39.ccp": no such file or directory
UNRESOLVED: gcc.dg/tree-ssa/ssa-ccp-2.c: error executing dg-final: couldn't open "ssa-ccp-2.c.t38.ccp ssa-ccp-2.c.t39.ccp": no such file or directory
ERROR: gcc.dg/tree-ssa/ssa-ccp-3.c: error executing dg-final: couldn't open "ssa-ccp-3.c.t38.ccp ssa-ccp-3.c.t39.ccp": no such file or directory
UNRESOLVED: gcc.dg/tree-ssa/ssa-ccp-3.c: error executing dg-final: couldn't open "ssa-ccp-3.c.t38.ccp ssa-ccp-3.c.t39.ccp": no such file or directory
ERROR: gcc.dg/tree-ssa/ssa-ccp-7.c: error executing dg-final: couldn't open "ssa-ccp-7.c.t38.ccp ssa-ccp-7.c.t39.ccp": no such file or directory
UNRESOLVED: gcc.dg/tree-ssa/ssa-ccp-7.c: error executing dg-final: couldn't open "ssa-ccp-7.c.t38.ccp ssa-ccp-7.c.t39.ccp": no such file or directory
ERROR: gcc.dg/tree-ssa/ssa-ccp-9.c: error executing dg-final: couldn't open "ssa-ccp-9.c.t38.ccp ssa-ccp-9.c.t39.ccp": no such file or directory
UNRESOLVED: gcc.dg/tree-ssa/ssa-ccp-9.c: error executing dg-final: couldn't open "ssa-ccp-9.c.t38.ccp ssa-ccp-9.c.t39.ccp": no such file or directory
ERROR: gcc.dg/tree-ssa/ssa-dce-1.c: error executing dg-final: couldn't open "ssa-dce-1.c.t33.dce3 ssa-dce-1.c.t34.dce3": no such file or directory
UNRESOLVED: gcc.dg/tree-ssa/ssa-dce-1.c: error executing dg-final: couldn't open "ssa-dce-1.c.t33.dce3 ssa-dce-1.c.t34.dce3": no such file or directory
ERROR: gcc.dg/tree-ssa/ssa-dce-2.c: error executing dg-final: couldn't open "ssa-dce-2.c.t33.dce3 ssa-dce-2.c.t34.dce3": no such file or directory
UNRESOLVED: gcc.dg/tree-ssa/ssa-dce-2.c: error executing dg-final: couldn't open "ssa-dce-2.c.t33.dce3 ssa-dce-2.c.t34.dce3": no such file or directory
ERROR: gcc.dg/tree-ssa/ssa-dce-3.c: error executing dg-final: couldn't open "ssa-dce-3.c.t56.cddce ssa-dce-3.c.t58.cddce": no such file or directory
UNRESOLVED: gcc.dg/tree-ssa/ssa-dce-3.c: error executing dg-final: couldn't open "ssa-dce-3.c.t56.cddce ssa-dce-3.c.t58.cddce": no such file or directory
ERROR: gcc.dg/tree-ssa/ssa-dom-ccp-1.c: error executing dg-final: couldn't open "ssa-dom-ccp-1.c.t20.dom1 ssa-dom-ccp-1.c.t21.dom1": no such file or directory
UNRESOLVED: gcc.dg/tree-ssa/ssa-dom-ccp-1.c: error executing dg-final: couldn't open "ssa-dom-ccp-1.c.t20.dom1 ssa-dom-ccp-1.c.t21.dom1": no such file or directory
ERROR: gcc.dg/tree-ssa/ssa-dom-cse-1.c: error executing dg-final: couldn't open "ssa-dom-cse-1.c.t20.dom1 ssa-dom-cse-1.c.t21.dom1": no such file or directory
UNRESOLVED: gcc.dg/tree-ssa/ssa-dom-cse-1.c: error executing dg-final: couldn't open "ssa-dom-cse-1.c.t20.dom1 ssa-dom-cse-1.c.t21.dom1": no such file or directory
ERROR: gcc.dg/tree-ssa/ssa-dom-thread-1.c: error executing dg-final: couldn't open "ssa-dom-thread-1.c.t20.dom1 ssa-dom-thread-1.c.t21.dom1": no such file or directory
UNRESOLVED: gcc.dg/tree-ssa/ssa-dom-thread-1.c: error executing dg-final: couldn't open "ssa-dom-thread-1.c.t20.dom1 ssa-dom-thread-1.c.t21.dom1": no such file or directory
ERROR: gcc.dg/tree-ssa/ssa-pre-1.c: error executing dg-final: couldn't open "ssa-pre-1.c.t42.pre ssa-pre-1.c.t44.pre": no such file or directory
UNRESOLVED: gcc.dg/tree-ssa/ssa-pre-1.c: error executing dg-final: couldn't open "ssa-pre-1.c.t42.pre ssa-pre-1.c.t44.pre": no such file or directory
ERROR: gcc.dg/tree-ssa/ssa-pre-2.c: error executing dg-final: couldn't open "ssa-pre-2.c.t42.pre ssa-pre-2.c.t44.pre": no such file or directory
UNRESOLVED: gcc.dg/tree-ssa/ssa-pre-2.c: error executing dg-final: couldn't open "ssa-pre-2.c.t42.pre ssa-pre-2.c.t44.pre": no such file or directory
ERROR: gcc.dg/tree-ssa/tailcall-1.c: error executing dg-final: couldn't open "tailcall-1.c.t60.tailc tailcall-1.c.t62.tailc": no such file or directory
UNRESOLVED: gcc.dg/tree-ssa/tailcall-1.c: error executing dg-final: couldn't open "tailcall-1.c.t60.tailc tailcall-1.c.t62.tailc": no such file or directory
ERROR: gcc.dg/tree-ssa/tailcall-2.c: error executing dg-final: couldn't open "tailcall-2.c.t60.tailc tailcall-2.c.t62.tailc": no such file or directory
UNRESOLVED: gcc.dg/tree-ssa/tailcall-2.c: error executing dg-final: couldn't open "tailcall-2.c.t60.tailc tailcall-2.c.t62.tailc": no such file or directory
ERROR: gcc.dg/tree-ssa/tailrecursion-1.c: error executing dg-final: couldn't open "tailrecursion-1.c.t26.tailr tailrecursion-1.c.t27.tailr": no such file or directory
UNRESOLVED: gcc.dg/tree-ssa/tailrecursion-1.c: error executing dg-final: couldn't open "tailrecursion-1.c.t26.tailr tailrecursion-1.c.t27.tailr": no such file or directory
ERROR: gcc.dg/tree-ssa/tailrecursion-2.c: error executing dg-final: couldn't open "tailrecursion-2.c.t26.tailr tailrecursion-2.c.t27.tailr": no such file or directory
UNRESOLVED: gcc.dg/tree-ssa/tailrecursion-2.c: error executing dg-final: couldn't open "tailrecursion-2.c.t26.tailr tailrecursion-2.c.t27.tailr": no such file or directory
ERROR: gcc.dg/tree-ssa/tailrecursion-3.c: error executing dg-final: couldn't open "tailrecursion-3.c.t26.tailr tailrecursion-3.c.t27.tailr": no such file or directory
UNRESOLVED: gcc.dg/tree-ssa/tailrecursion-3.c: error executing dg-final: couldn't open "tailrecursion-3.c.t26.tailr tailrecursion-3.c.t27.tailr": no such file or directory
ERROR: gcc.dg/tree-ssa/tailrecursion-4.c: error executing dg-final: couldn't open "tailrecursion-4.c.t26.tailr tailrecursion-4.c.t27.tailr": no such file or directory
UNRESOLVED: gcc.dg/tree-ssa/tailrecursion-4.c: error executing dg-final: couldn't open "tailrecursion-4.c.t26.tailr tailrecursion-4.c.t27.tailr": no such file or directory
ERROR: gcc.dg/tree-ssa/tailrecursion-5.c: error executing dg-final: couldn't open "tailrecursion-5.c.t61.optimized tailrecursion-5.c.t63.optimized": no such file or directory
UNRESOLVED: gcc.dg/tree-ssa/tailrecursion-5.c: error executing dg-final: couldn't open "tailrecursion-5.c.t61.optimized tailrecursion-5.c.t63.optimized": no such file or directory
FAIL: gcc.misc-tests/bprob-1.c execution: file bprob-1.gcda does not exist, -O0 -fprofile-arcs
UNRESOLVED: gcc.misc-tests/bprob-1.c compilation, -O0 -fbranch-probabilities
UNRESOLVED: gcc.misc-tests/bprob-1.c execution, -O0 -fbranch-probabilities
FAIL: gcc.misc-tests/bprob-1.c execution: file bprob-1.gcda does not exist, -O3 -g -DPERFTIME -fprofile-arcs
UNRESOLVED: gcc.misc-tests/bprob-1.c compilation, -O3 -g -DPERFTIME -fbranch-probabilities
UNRESOLVED: gcc.misc-tests/bprob-1.c execution, -O3 -g -DPERFTIME -fbranch-probabilities
FAIL: gcc.misc-tests/bprob-2.c execution: file bprob-2.gcda does not exist, -O1 -fprofile-arcs
UNRESOLVED: gcc.misc-tests/bprob-2.c compilation, -O1 -fbranch-probabilities
UNRESOLVED: gcc.misc-tests/bprob-2.c execution, -O1 -fbranch-probabilities
FAIL: gcc.misc-tests/bprob-2.c execution: file bprob-2.gcda does not exist, -O3 -DPERFTIME -fprofile-arcs
UNRESOLVED: gcc.misc-tests/bprob-2.c compilation, -O3 -DPERFTIME -fbranch-probabilities
UNRESOLVED: gcc.misc-tests/bprob-2.c execution, -O3 -DPERFTIME -fbranch-probabilities
FAIL: gcc.misc-tests/bprob-2.c execution: file bprob-2.gcda does not exist, -Os -fprofile-arcs
UNRESOLVED: gcc.misc-tests/bprob-2.c compilation, -Os -fbranch-probabilities
UNRESOLVED: gcc.misc-tests/bprob-2.c execution, -Os -fbranch-probabilities
FAIL: gcc.misc-tests/bprob-1.c execution: file bprob-1.gcda does not exist, -O0 -ftree-based-profiling -fprofile-arcs
UNRESOLVED: gcc.misc-tests/bprob-1.c compilation, -O0 -ftree-based-profiling -fbranch-probabilities
UNRESOLVED: gcc.misc-tests/bprob-1.c execution, -O0 -ftree-based-profiling -fbranch-probabilities
FAIL: gcc.misc-tests/bprob-1.c execution: file bprob-1.gcda does not exist, -O2 -DPERFTIME -ftree-based-profiling -fprofile-arcs
UNRESOLVED: gcc.misc-tests/bprob-1.c compilation, -O2 -DPERFTIME -ftree-based-profiling -fbranch-probabilities
UNRESOLVED: gcc.misc-tests/bprob-1.c execution, -O2 -DPERFTIME -ftree-based-profiling -fbranch-probabilities
FAIL: gcc.misc-tests/bprob-2.c execution: file bprob-2.gcda does not exist, -O1 -ftree-based-profiling -fprofile-arcs
UNRESOLVED: gcc.misc-tests/bprob-2.c compilation, -O1 -ftree-based-profiling -fbranch-probabilities
UNRESOLVED: gcc.misc-tests/bprob-2.c execution, -O1 -ftree-based-profiling -fbranch-probabilities
FAIL: gcc.misc-tests/bprob-2.c execution: file bprob-2.gcda does not exist, -O3 -DPERFTIME -ftree-based-profiling -fprofile-arcs
UNRESOLVED: gcc.misc-tests/bprob-2.c compilation, -O3 -DPERFTIME -ftree-based-profiling -fbranch-probabilities
UNRESOLVED: gcc.misc-tests/bprob-2.c execution, -O3 -DPERFTIME -ftree-based-profiling -fbranch-probabilities
FAIL: gcc.misc-tests/bprob-2.c execution: file bprob-2.gcda does not exist, -Os -ftree-based-profiling -fprofile-arcs
UNRESOLVED: gcc.misc-tests/bprob-2.c compilation, -Os -ftree-based-profiling -fbranch-probabilities
UNRESOLVED: gcc.misc-tests/bprob-2.c execution, -Os -ftree-based-profiling -fbranch-probabilities
=== gcc Summary ===
# of expected passes 31414
# of unexpected failures 82
# of expected failures 62
# of unresolved testcases 162
# of untested testcases 28
# of unsupported tests 471
/exp/ldroot/dodes/xsh-gcc-orig/gcc/xgcc version 4.0.0 20050104 (experimental)
Host is i686-pc-linux-gnu
=== gfortran tests ===
Running target unix
WARNING: Assuming target board is the local machine (which is probably wrong).
XPASS: gfortran.dg/ret_pointer_1.f90 execution test
XPASS: gfortran.dg/ret_pointer_1.f90 execution test
FAIL: gfortran.dg/g77/980628-10.f execution test
FAIL: gfortran.dg/g77/980628-10.f execution test
FAIL: gfortran.dg/g77/980628-10.f execution test
FAIL: gfortran.dg/g77/980628-10.f execution test
FAIL: gfortran.dg/g77/980628-10.f execution test
FAIL: gfortran.dg/g77/980628-10.f execution test
FAIL: gfortran.dg/g77/980628-10.f execution test
FAIL: gfortran.dg/g77/980628-10.f execution test
FAIL: gfortran.dg/g77/980628-2.f execution test
FAIL: gfortran.dg/g77/980628-2.f execution test
FAIL: gfortran.dg/g77/980628-2.f execution test
FAIL: gfortran.dg/g77/980628-2.f execution test
FAIL: gfortran.dg/g77/980628-2.f execution test
FAIL: gfortran.dg/g77/980628-2.f execution test
FAIL: gfortran.dg/g77/980628-2.f execution test
FAIL: gfortran.dg/g77/980628-2.f execution test
FAIL: gfortran.dg/g77/980628-3.f execution test
FAIL: gfortran.dg/g77/980628-3.f execution test
FAIL: gfortran.dg/g77/980628-3.f execution test
FAIL: gfortran.dg/g77/980628-3.f execution test
FAIL: gfortran.dg/g77/980628-3.f execution test
FAIL: gfortran.dg/g77/980628-3.f execution test
FAIL: gfortran.dg/g77/980628-3.f execution test
FAIL: gfortran.dg/g77/980628-3.f execution test
FAIL: gfortran.dg/g77/980628-9.f execution test
FAIL: gfortran.dg/g77/980628-9.f execution test
FAIL: gfortran.dg/g77/980628-9.f execution test
FAIL: gfortran.dg/g77/980628-9.f execution test
FAIL: gfortran.dg/g77/980628-9.f execution test
FAIL: gfortran.dg/g77/980628-9.f execution test
FAIL: gfortran.dg/g77/980628-9.f execution test
FAIL: gfortran.dg/g77/980628-9.f execution test
FAIL: gfortran.dg/g77/f90-intrinsic-bit.f (test for excess errors)
WARNING: gfortran.dg/g77/f90-intrinsic-bit.f compilation failed to produce executable
FAIL: gfortran.dg/g77/f90-intrinsic-bit.f (test for excess errors)
WARNING: gfortran.dg/g77/f90-intrinsic-bit.f compilation failed to produce executable
FAIL: gfortran.dg/g77/f90-intrinsic-bit.f (test for excess errors)
WARNING: gfortran.dg/g77/f90-intrinsic-bit.f compilation failed to produce executable
FAIL: gfortran.dg/g77/f90-intrinsic-bit.f (test for excess errors)
WARNING: gfortran.dg/g77/f90-intrinsic-bit.f compilation failed to produce executable
FAIL: gfortran.dg/g77/f90-intrinsic-bit.f (test for excess errors)
WARNING: gfortran.dg/g77/f90-intrinsic-bit.f compilation failed to produce executable
FAIL: gfortran.dg/g77/f90-intrinsic-bit.f (test for excess errors)
WARNING: gfortran.dg/g77/f90-intrinsic-bit.f compilation failed to produce executable
FAIL: gfortran.dg/g77/f90-intrinsic-bit.f (test for excess errors)
WARNING: gfortran.dg/g77/f90-intrinsic-bit.f compilation failed to produce executable
FAIL: gfortran.dg/g77/f90-intrinsic-bit.f (test for excess errors)
WARNING: gfortran.dg/g77/f90-intrinsic-bit.f compilation failed to produce executable
FAIL: gfortran.fortran-torture/execute/forall_3.f90 execution, -O0
FAIL: gfortran.fortran-torture/execute/forall_3.f90 execution, -O1
FAIL: gfortran.fortran-torture/execute/forall_3.f90 execution, -O3 -fomit-frame-pointer
FAIL: gfortran.fortran-torture/execute/forall_3.f90 execution, -O3 -fomit-frame-pointer -funroll-loops
FAIL: gfortran.fortran-torture/execute/forall_3.f90 execution, -O3 -fomit-frame-pointer -funroll-all-loops -finline-functions
FAIL: gfortran.fortran-torture/execute/forall_3.f90 execution, -Os
FAIL: gfortran.fortran-torture/execute/intrinsic_fraction_exponent.f90 execution, -O0
FAIL: gfortran.fortran-torture/execute/intrinsic_fraction_exponent.f90 execution, -O1
FAIL: gfortran.fortran-torture/execute/intrinsic_fraction_exponent.f90 execution, -O2
FAIL: gfortran.fortran-torture/execute/intrinsic_fraction_exponent.f90 execution, -O3 -fomit-frame-pointer
FAIL: gfortran.fortran-torture/execute/intrinsic_fraction_exponent.f90 execution, -O3 -fomit-frame-pointer -funroll-loops
FAIL: gfortran.fortran-torture/execute/intrinsic_fraction_exponent.f90 execution, -O3 -fomit-frame-pointer -funroll-all-loops -finline-functions
FAIL: gfortran.fortran-torture/execute/intrinsic_fraction_exponent.f90 execution, -O3 -g
FAIL: gfortran.fortran-torture/execute/intrinsic_fraction_exponent.f90 execution, -Os
FAIL: gfortran.fortran-torture/execute/intrinsic_nearest.f90 execution, -O0
FAIL: gfortran.fortran-torture/execute/intrinsic_nearest.f90 execution, -O1
FAIL: gfortran.fortran-torture/execute/intrinsic_nearest.f90 execution, -O2
FAIL: gfortran.fortran-torture/execute/intrinsic_nearest.f90 execution, -O3 -fomit-frame-pointer
FAIL: gfortran.fortran-torture/execute/intrinsic_nearest.f90 execution, -O3 -fomit-frame-pointer -funroll-loops
FAIL: gfortran.fortran-torture/execute/intrinsic_nearest.f90 execution, -O3 -fomit-frame-pointer -funroll-all-loops -finline-functions
FAIL: gfortran.fortran-torture/execute/intrinsic_nearest.f90 execution, -O3 -g
FAIL: gfortran.fortran-torture/execute/intrinsic_nearest.f90 execution, -Os
FAIL: gfortran.fortran-torture/execute/intrinsic_set_exponent.f90 execution, -O0
FAIL: gfortran.fortran-torture/execute/intrinsic_set_exponent.f90 execution, -O1
FAIL: gfortran.fortran-torture/execute/intrinsic_set_exponent.f90 execution, -O2
FAIL: gfortran.fortran-torture/execute/intrinsic_set_exponent.f90 execution, -O3 -fomit-frame-pointer
FAIL: gfortran.fortran-torture/execute/intrinsic_set_exponent.f90 execution, -O3 -fomit-frame-pointer -funroll-loops
FAIL: gfortran.fortran-torture/execute/intrinsic_set_exponent.f90 execution, -O3 -fomit-frame-pointer -funroll-all-loops -finline-functions
FAIL: gfortran.fortran-torture/execute/intrinsic_set_exponent.f90 execution, -O3 -g
FAIL: gfortran.fortran-torture/execute/intrinsic_set_exponent.f90 execution, -Os
=== gfortran Summary ===
# of expected passes 4767
# of unexpected failures 70
# of unexpected successes 2
# of expected failures 24
# of unsupported tests 8
/exp/ldroot/dodes/xsh-gcc-orig/gcc/testsuite/../gfortran version 4.0.0 20050104 (experimental)
Host is i686-pc-linux-gnu
=== objc tests ===
Running target unix
WARNING: Assuming target board is the local machine (which is probably wrong).
=== objc Summary ===
# of expected passes 1528
# of unsupported tests 10
/exp/ldroot/dodes/xsh-gcc-orig/gcc/xgcc version 4.0.0 20050104 (experimental)
Host is sh4-unknown-linux-gnu
=== libffi tests ===
Running target unix
WARNING: Assuming target board is the local machine (which is probably wrong).
=== libffi Summary ===
# of expected passes 216
# of unsupported tests 2
Host is sh4-unknown-linux-gnu
=== libjava tests ===
Running target unix
WARNING: Assuming target board is the local machine (which is probably wrong).
XPASS: pr13107_3 compilation from bytecode
XPASS: pr13107_3 -O3 compilation from bytecode
=== libjava Summary ===
# of expected passes 2906
# of unexpected successes 2
# of expected failures 12
# of untested testcases 14
Host is sh4-unknown-linux-gnu
=== libmudflap tests ===
Running target unix
WARNING: Assuming target board is the local machine (which is probably wrong).
FAIL: libmudflap.c/fail1-frag.c output pattern test
FAIL: libmudflap.c/fail10-frag.c output pattern test
FAIL: libmudflap.c/fail13-frag.c output pattern test
FAIL: libmudflap.c/fail14-frag.c output pattern test
FAIL: libmudflap.c/fail15-frag.c output pattern test
FAIL: libmudflap.c/fail2-frag.c output pattern test
FAIL: libmudflap.c/fail23-frag.c output pattern test
FAIL: libmudflap.c/fail27-frag.c output pattern test
FAIL: libmudflap.c/fail3-frag.c output pattern test
FAIL: libmudflap.c/fail37-frag.c output pattern test
FAIL: libmudflap.c/fail38-frag.c output pattern test
FAIL: libmudflap.c/fail4-frag.c output pattern test
FAIL: libmudflap.c/fail5-frag.c output pattern test
FAIL: libmudflap.c/pass32-frag.c (test for excess errors)
WARNING: libmudflap.c/pass32-frag.c compilation failed to produce executable
FAIL: libmudflap.c/fail1-frag.c (-static) output pattern test
FAIL: libmudflap.c/fail10-frag.c (-static) output pattern test
FAIL: libmudflap.c/fail13-frag.c (-static) output pattern test
FAIL: libmudflap.c/fail14-frag.c (-static) output pattern test
FAIL: libmudflap.c/fail15-frag.c (-static) output pattern test
FAIL: libmudflap.c/fail2-frag.c (-static) output pattern test
FAIL: libmudflap.c/fail23-frag.c (-static) output pattern test
FAIL: libmudflap.c/fail27-frag.c (-static) output pattern test
FAIL: libmudflap.c/fail3-frag.c (-static) output pattern test
FAIL: libmudflap.c/fail37-frag.c (-static) output pattern test
FAIL: libmudflap.c/fail38-frag.c (-static) output pattern test
FAIL: libmudflap.c/fail4-frag.c (-static) output pattern test
FAIL: libmudflap.c/fail5-frag.c (-static) output pattern test
FAIL: libmudflap.c/pass32-frag.c (-static) (test for excess errors)
WARNING: libmudflap.c/pass32-frag.c (-static) compilation failed to produce executable
FAIL: libmudflap.c/fail1-frag.c (-O2) output pattern test
FAIL: libmudflap.c/fail10-frag.c (-O2) output pattern test
FAIL: libmudflap.c/fail13-frag.c (-O2) output pattern test
FAIL: libmudflap.c/fail14-frag.c (-O2) output pattern test
FAIL: libmudflap.c/fail15-frag.c (-O2) output pattern test
FAIL: libmudflap.c/fail2-frag.c (-O2) output pattern test
FAIL: libmudflap.c/fail23-frag.c (-O2) output pattern test
FAIL: libmudflap.c/fail27-frag.c (-O2) output pattern test
FAIL: libmudflap.c/fail3-frag.c (-O2) output pattern test
FAIL: libmudflap.c/fail37-frag.c (-O2) output pattern test
FAIL: libmudflap.c/fail38-frag.c (-O2) output pattern test
FAIL: libmudflap.c/fail4-frag.c (-O2) output pattern test
FAIL: libmudflap.c/fail5-frag.c (-O2) output pattern test
FAIL: libmudflap.c/pass32-frag.c (-O2) (test for excess errors)
WARNING: libmudflap.c/pass32-frag.c (-O2) compilation failed to produce executable
FAIL: libmudflap.c/fail1-frag.c (-O3) output pattern test
FAIL: libmudflap.c/fail10-frag.c (-O3) output pattern test
FAIL: libmudflap.c/fail13-frag.c (-O3) output pattern test
FAIL: libmudflap.c/fail14-frag.c (-O3) output pattern test
FAIL: libmudflap.c/fail15-frag.c (-O3) output pattern test
FAIL: libmudflap.c/fail2-frag.c (-O3) output pattern test
FAIL: libmudflap.c/fail23-frag.c (-O3) output pattern test
FAIL: libmudflap.c/fail27-frag.c (-O3) output pattern test
FAIL: libmudflap.c/fail3-frag.c (-O3) output pattern test
FAIL: libmudflap.c/fail37-frag.c (-O3) output pattern test
FAIL: libmudflap.c/fail38-frag.c (-O3) output pattern test
FAIL: libmudflap.c/fail4-frag.c (-O3) output pattern test
FAIL: libmudflap.c/fail5-frag.c (-O3) output pattern test
FAIL: libmudflap.c/pass32-frag.c (-O3) (test for excess errors)
WARNING: libmudflap.c/pass32-frag.c (-O3) compilation failed to produce executable
=== libmudflap Summary ===
# of expected passes 1220
# of unexpected failures 56
Host is sh4-unknown-linux-gnu
=== libstdc++ tests ===
Running target unix
WARNING: Assuming target board is the local machine (which is probably wrong).
XPASS: 22_locale/locale/cons/12658_thread-1.cc execution test
XPASS: 26_numerics/cmath/c99_classification_macros_c.cc (test for excess errors)
FAIL: thread/pthread2.cc execution test
=== libstdc++ Summary ===
# of expected passes 3337
# of unexpected failures 1
# of unexpected successes 2
# of expected failures 5
# of unsupported tests 9
Compiler version: 4.0.0 20050104 (experimental)
Platform: sh4-unknown-linux-gnu
configure flags: --host=i686-pc-linux-gnu --target=sh4-unknown-linux-gnu --enable-shared --enable-threads=posix --with-ld=/usr/local/bin/sh4-unknown-linux-gnu-ld --disable-checking --with-sysroot=/exp/ldroot --enable-languages=c,c++,f95,java,objc