This is the mail archive of the
gcc-testresults@gcc.gnu.org
mailing list for the GCC project.
Results for gcc 4.0.0 20050103 (experimental) testsuite oni686-pc-linux-gnu
- From: Mayur Sonukale <mayur at linsyssoft dot com>
- To: gcc-testresults at gcc dot gnu dot org
- Date: 04 Jan 2005 12:46:33 +0530
- Subject: Results for gcc 4.0.0 20050103 (experimental) testsuite oni686-pc-linux-gnu
- Organization:
Results for gcc 4.0.0 20050103 (experimental) testsuite :
host:linux 2.4.20-6 i686 AMD Athlon (rh9)
binutils-2.15
bison-1.875
dejagnu-1.4.4
expect-5.42.1
tcl-8.4
Native configuration is i686-pc-linux-gnu
=== gcc tests ===
Running target unix
FAIL: gcc.dg/debug/dwarf2/dwarf-die7.c scan-assembler 1.*DW_AT_inline
FAIL: gcc.dg/i386-sse-7.c execution test
=== gcc Summary ===
# of expected passes 32259
# of unexpected failures 2
# of unexpected successes 2
# of expected failures 102
# of unresolved testcases 11
# of untested testcases 28
# of unsupported tests 302
/home/mayur/cvs_ext/buildgcc/gcc/xgcc version 4.0.0 20050103
(experimental)
Compiler version: 4.0.0 20050103 (experimental)
Platform: i686-pc-linux-gnu