This is the mail archive of the
gcc-testresults@gcc.gnu.org
mailing list for the GCC project.
"Results for 4.0.0 20050103 (experimental) testsuite oni686-pc-linux-gnu
- From: Laurent GUERBY <laurent at guerby dot net>
- To: gcc-testresults at gcc dot gnu dot org
- Date: Mon, 03 Jan 2005 23:06:18 +0100
- Subject: "Results for 4.0.0 20050103 (experimental) testsuite oni686-pc-linux-gnu
(note that c64105d seems to be a transcient test harness problem on my machine
and not a real failure)
LAST_UPDATED: Mon Jan 3 19:53:38 UTC 2005
=== acats tests ===
FAIL: c32001e
FAIL: c380004
FAIL: c43214c
FAIL: c52011a
FAIL: c64105b
FAIL: c64105d
FAIL: c95086b
FAIL: c953003
FAIL: c980002
FAIL: cc1221d
FAIL: cd10002
FAIL: cd2b11a
FAIL: cd2b11b
FAIL: cdd2a02
FAIL: cxb3012
=== acats Summary ===
# of expected passes 2306
# of unexpected failures 15
Native configuration is i686-pc-linux-gnu
=== gcc tests ===
Running target unix
FAIL: gcc.dg/debug/dwarf2/dwarf-die7.c scan-assembler 1.*DW_AT_inline
FAIL: gcc.dg/i386-sse-7.c execution test
=== gcc Summary ===
# of expected passes 32427
# of unexpected failures 2
# of expected failures 104
# of untested testcases 28
# of unsupported tests 302
/home/guerby/work/gcc/build/build-20050103T210407/gcc/xgcc version 4.0.0 20050103 (experimental)
Compiler version: 4.0.0 20050103 (experimental)
Platform: i686-pc-linux-gnu
configure flags: --prefix=/home/guerby/work/gcc/install/install-20050103T210407 --enable-__cxa_atexit --disable-nls --enable-threads=posix --enable-checking --enable-languages=c,ada