This is the mail archive of the
gcc-testresults@gcc.gnu.org
mailing list for the GCC project.
Results for 4.0.0 20041230 (experimental) testsuite on sparc64-unknown-linux-gnu
- From: Christian Joensson <chj at j-son dot org>
- To: gcc-testresults at gcc dot gnu dot org
- Date: Fri, 31 Dec 2004 13:31:51 +0100
- Subject: Results for 4.0.0 20041230 (experimental) testsuite on sparc64-unknown-linux-gnu
Aurora SPARC Linux Corona (FC3-ish) UltraSparc IIi (Sabre) sun4u:
binutils-2.15.92.0.2-5 - sparc
bison-1.875c-2 - sparc
dejagnu-1.4.4-1 - noarch
expect-5.42.1-1 - sparc
gcc-3.4.2-6.fc3 - sparc
gcc4-4.0.0-0.8sparc - sparc
glibc-2.3.3-99 - sparcv9
glibc-2.3.3-99 - sparc64
glibc-headers-2.3.3-99 - sparc64
glibc-kernheaders-2.6-17sparc - sparc
kernel-2.6.8-1.571sp1 - sparc64
kernel-2.6.9-1.1032sp1 - sparc64
package kernel-smp is not installed
make-3.80-3 - sparc
nptl-devel-2.3.3-99 - sparcv9
tcl-8.4.5-7 - sparc
LAST_UPDATED: Thu Dec 30 21:43:10 UTC 2004
Native configuration is sparc64-unknown-linux-gnu
=== gcc tests ===
Running target unix
FAIL: gcc.dg/debug/dwarf2/dwarf-die7.c scan-assembler 1.*DW_AT_inline
FAIL: gcc.dg/pch/common-1.c -O0 -g (test for excess errors)
FAIL: gcc.dg/pch/common-1.c -O0 (test for excess errors)
FAIL: gcc.dg/pch/common-1.c -O1 (test for excess errors)
FAIL: gcc.dg/pch/decl-4.c -Os (test for excess errors)
FAIL: gcc.dg/pch/except-1.c -Os (test for excess errors)
FAIL: gcc.dg/pch/global-1.c -O0 -g (test for excess errors)
FAIL: gcc.dg/pch/global-1.c -O0 (test for excess errors)
FAIL: gcc.dg/pch/global-1.c -O1 (test for excess errors)
FAIL: gcc.dg/pch/import-1.c -O0 -g (test for excess errors)
FAIL: gcc.dg/pch/import-1.c -O0 (test for excess errors)
FAIL: gcc.dg/pch/import-1.c -O1 (test for excess errors)
FAIL: gcc.dg/pch/import-1.c -O2 (test for excess errors)
FAIL: gcc.dg/pch/import-1.c -O3 -fomit-frame-pointer (test for excess errors)
FAIL: gcc.dg/pch/import-1.c -O3 -g (test for excess errors)
FAIL: gcc.dg/pch/import-1.c -Os (test for excess errors)
FAIL: gcc.dg/pch/macro-1.c -Os (test for excess errors)
FAIL: gcc.dg/pch/save-temps-1.c -O0 -g (test for excess errors)
FAIL: gcc.dg/pch/save-temps-1.c -O0 (test for excess errors)
FAIL: gcc.dg/pch/save-temps-1.c -O1 (test for excess errors)
FAIL: gcc.dg/pch/static-1.c -O0 -g (test for excess errors)
FAIL: gcc.dg/pch/static-1.c -O0 (test for excess errors)
FAIL: gcc.dg/pch/static-1.c -O1 (test for excess errors)
FAIL: gcc.dg/pch/static-1.c -Os (test for excess errors)
FAIL: gcc.dg/pch/static-2.c -O0 -g (test for excess errors)
FAIL: gcc.dg/pch/static-2.c -O0 (test for excess errors)
FAIL: gcc.dg/pch/static-2.c -O1 (test for excess errors)
FAIL: gcc.dg/pch/static-2.c -Os (test for excess errors)
FAIL: gcc.dg/pch/static-3.c -O0 -g (test for excess errors)
FAIL: gcc.dg/pch/static-3.c -O0 (test for excess errors)
FAIL: gcc.dg/pch/static-3.c -O1 (test for excess errors)
FAIL: gcc.dg/pch/struct-1.c -Os (test for excess errors)
FAIL: gcc.dg/pch/system-1.c -O0 -g (test for excess errors)
FAIL: gcc.dg/pch/system-1.c -O0 (test for excess errors)
FAIL: gcc.dg/pch/system-1.c -O1 (test for excess errors)
FAIL: gcc.dg/pch/system-1.c -O2 (test for excess errors)
FAIL: gcc.dg/pch/system-1.c -O3 -fomit-frame-pointer (test for excess errors)
FAIL: gcc.dg/pch/system-1.c -O3 -g (test for excess errors)
FAIL: gcc.dg/pch/system-1.c -Os (test for excess errors)
FAIL: gcc.dg/special/gcsec-1.c (test for excess errors)
FAIL: gcc.dg/tls/alias-1.c (test for excess errors)
FAIL: gcc.dg/tls/opt-2.c (test for excess errors)
FAIL: gcc.dg/tree-ssa/20040703-1.c scan-tree-dump-times 0.0 0
FAIL: gcc.dg/vect/pr18400.c (test for excess errors)
WARNING: gcc.dg/vect/pr18400.c compilation failed to produce executable
FAIL: gcc.dg/vect/pr18400.c scan-tree-dump-times vectorized 1 loops 1
FAIL: gcc.dg/vect/vect-10.c (test for excess errors)
FAIL: gcc.dg/vect/vect-10.c scan-tree-dump-times vectorized 0 loops 1
FAIL: gcc.dg/vect/vect-11.c (test for excess errors)
WARNING: gcc.dg/vect/vect-11.c compilation failed to produce executable
FAIL: gcc.dg/vect/vect-12.c (test for excess errors)
WARNING: gcc.dg/vect/vect-12.c compilation failed to produce executable
FAIL: gcc.dg/vect/vect-13.c (test for excess errors)
WARNING: gcc.dg/vect/vect-13.c compilation failed to produce executable
FAIL: gcc.dg/vect/vect-14.c (test for excess errors)
WARNING: gcc.dg/vect/vect-14.c compilation failed to produce executable
FAIL: gcc.dg/vect/vect-15.c (test for excess errors)
WARNING: gcc.dg/vect/vect-15.c compilation failed to produce executable
FAIL: gcc.dg/vect/vect-17.c (test for excess errors)
WARNING: gcc.dg/vect/vect-17.c compilation failed to produce executable
FAIL: gcc.dg/vect/vect-17.c scan-tree-dump-times vectorized 3 loops 1
FAIL: gcc.dg/vect/vect-18.c (test for excess errors)
WARNING: gcc.dg/vect/vect-18.c compilation failed to produce executable
FAIL: gcc.dg/vect/vect-18.c scan-tree-dump-times vectorized 3 loops 1
FAIL: gcc.dg/vect/vect-19.c (test for excess errors)
WARNING: gcc.dg/vect/vect-19.c compilation failed to produce executable
FAIL: gcc.dg/vect/vect-19.c scan-tree-dump-times vectorized 3 loops 1
FAIL: gcc.dg/vect/vect-2.c (test for excess errors)
WARNING: gcc.dg/vect/vect-2.c compilation failed to produce executable
FAIL: gcc.dg/vect/vect-2.c scan-tree-dump-times vectorized 1 loops 1
FAIL: gcc.dg/vect/vect-20.c (test for excess errors)
WARNING: gcc.dg/vect/vect-20.c compilation failed to produce executable
FAIL: gcc.dg/vect/vect-20.c scan-tree-dump-times vectorized 3 loops 1
FAIL: gcc.dg/vect/vect-21.c (test for excess errors)
WARNING: gcc.dg/vect/vect-21.c compilation failed to produce executable
FAIL: gcc.dg/vect/vect-22.c (test for excess errors)
WARNING: gcc.dg/vect/vect-22.c compilation failed to produce executable
FAIL: gcc.dg/vect/vect-25.c (test for excess errors)
WARNING: gcc.dg/vect/vect-25.c compilation failed to produce executable
FAIL: gcc.dg/vect/vect-25.c scan-tree-dump-times vectorized 2 loops 1
FAIL: gcc.dg/vect/vect-26.c (test for excess errors)
WARNING: gcc.dg/vect/vect-26.c compilation failed to produce executable
FAIL: gcc.dg/vect/vect-26.c scan-tree-dump-times vectorized 1 loops 1
FAIL: gcc.dg/vect/vect-27.c (test for excess errors)
WARNING: gcc.dg/vect/vect-27.c compilation failed to produce executable
FAIL: gcc.dg/vect/vect-28.c (test for excess errors)
WARNING: gcc.dg/vect/vect-28.c compilation failed to produce executable
FAIL: gcc.dg/vect/vect-28.c scan-tree-dump-times vectorized 1 loops 1
FAIL: gcc.dg/vect/vect-29.c (test for excess errors)
WARNING: gcc.dg/vect/vect-29.c compilation failed to produce executable
FAIL: gcc.dg/vect/vect-31.c (test for excess errors)
WARNING: gcc.dg/vect/vect-31.c compilation failed to produce executable
FAIL: gcc.dg/vect/vect-31.c scan-tree-dump-times vectorized 4 loops 1
FAIL: gcc.dg/vect/vect-32.c (test for excess errors)
WARNING: gcc.dg/vect/vect-32.c compilation failed to produce executable
FAIL: gcc.dg/vect/vect-32.c scan-tree-dump-times vectorized 1 loops 1
FAIL: gcc.dg/vect/vect-33.c (test for excess errors)
FAIL: gcc.dg/vect/vect-33.c scan-tree-dump-times vectorized 1 loops 1
FAIL: gcc.dg/vect/vect-34.c (test for excess errors)
WARNING: gcc.dg/vect/vect-34.c compilation failed to produce executable
FAIL: gcc.dg/vect/vect-34.c scan-tree-dump-times vectorized 1 loops 1
FAIL: gcc.dg/vect/vect-35.c (test for excess errors)
WARNING: gcc.dg/vect/vect-35.c compilation failed to produce executable
FAIL: gcc.dg/vect/vect-35.c scan-tree-dump-times vectorized 0 loops 1
FAIL: gcc.dg/vect/vect-36.c (test for excess errors)
WARNING: gcc.dg/vect/vect-36.c compilation failed to produce executable
FAIL: gcc.dg/vect/vect-36.c scan-tree-dump-times vectorized 1 loops 1
FAIL: gcc.dg/vect/vect-37.c (test for excess errors)
WARNING: gcc.dg/vect/vect-37.c compilation failed to produce executable
FAIL: gcc.dg/vect/vect-37.c scan-tree-dump-times vectorized 0 loops 1
FAIL: gcc.dg/vect/vect-62.c (test for excess errors)
WARNING: gcc.dg/vect/vect-62.c compilation failed to produce executable
FAIL: gcc.dg/vect/vect-62.c scan-tree-dump-times vectorized 2 loops 1
FAIL: gcc.dg/vect/vect-63.c (test for excess errors)
WARNING: gcc.dg/vect/vect-63.c compilation failed to produce executable
FAIL: gcc.dg/vect/vect-64.c (test for excess errors)
WARNING: gcc.dg/vect/vect-64.c compilation failed to produce executable
FAIL: gcc.dg/vect/vect-64.c scan-tree-dump-times vectorized 3 loops 1
FAIL: gcc.dg/vect/vect-65.c (test for excess errors)
WARNING: gcc.dg/vect/vect-65.c compilation failed to produce executable
FAIL: gcc.dg/vect/vect-65.c scan-tree-dump-times vectorized 2 loops 1
FAIL: gcc.dg/vect/vect-66.c (test for excess errors)
WARNING: gcc.dg/vect/vect-66.c compilation failed to produce executable
FAIL: gcc.dg/vect/vect-66.c scan-tree-dump-times vectorized 3 loops 1
FAIL: gcc.dg/vect/vect-67.c (test for excess errors)
WARNING: gcc.dg/vect/vect-67.c compilation failed to produce executable
FAIL: gcc.dg/vect/vect-68.c (test for excess errors)
WARNING: gcc.dg/vect/vect-68.c compilation failed to produce executable
FAIL: gcc.dg/vect/vect-68.c scan-tree-dump-times vectorized 4 loops 1
FAIL: gcc.dg/vect/vect-69.c (test for excess errors)
WARNING: gcc.dg/vect/vect-69.c compilation failed to produce executable
FAIL: gcc.dg/vect/vect-69.c scan-tree-dump-times vectorized 4 loops 1
FAIL: gcc.dg/vect/vect-7.c (test for excess errors)
WARNING: gcc.dg/vect/vect-7.c compilation failed to produce executable
FAIL: gcc.dg/vect/vect-7.c scan-tree-dump-times vectorized 2 loops 1
FAIL: gcc.dg/vect/vect-72.c (test for excess errors)
WARNING: gcc.dg/vect/vect-72.c compilation failed to produce executable
FAIL: gcc.dg/vect/vect-73.c (test for excess errors)
WARNING: gcc.dg/vect/vect-73.c compilation failed to produce executable
FAIL: gcc.dg/vect/vect-73.c scan-tree-dump-times vectorized 1 loops 1
FAIL: gcc.dg/vect/vect-75.c (test for excess errors)
WARNING: gcc.dg/vect/vect-75.c compilation failed to produce executable
FAIL: gcc.dg/vect/vect-75.c scan-tree-dump-times vectorized 1 loops 1
FAIL: gcc.dg/vect/vect-76.c (test for excess errors)
WARNING: gcc.dg/vect/vect-76.c compilation failed to produce executable
FAIL: gcc.dg/vect/vect-76.c scan-tree-dump-times vectorized 3 loops 1
FAIL: gcc.dg/vect/vect-86.c (test for excess errors)
WARNING: gcc.dg/vect/vect-86.c compilation failed to produce executable
FAIL: gcc.dg/vect/vect-86.c scan-tree-dump-times vectorized 1 loops 1
FAIL: gcc.dg/vect/vect-9.c (test for excess errors)
WARNING: gcc.dg/vect/vect-9.c compilation failed to produce executable
FAIL: gcc.misc-tests/linkage.c link
=== gcc Summary ===
# of expected passes 31750
# of unexpected failures 113
# of expected failures 93
# of untested testcases 66
# of unsupported tests 481
/usr/local/src/trunk/objdir64/gcc/xgcc version 4.0.0 20041230 (experimental)
=== gfortran tests ===
Running target unix
FAIL: gfortran.dg/direct_io_2.f90 -O0 execution test
FAIL: gfortran.dg/direct_io_2.f90 -O1 execution test
FAIL: gfortran.dg/direct_io_2.f90 -O2 execution test
FAIL: gfortran.dg/direct_io_2.f90 -O3 -fomit-frame-pointer execution test
FAIL: gfortran.dg/direct_io_2.f90 -O3 -fomit-frame-pointer -funroll-loops execution test
FAIL: gfortran.dg/direct_io_2.f90 -O3 -fomit-frame-pointer -funroll-all-loops -finline-functions execution test
FAIL: gfortran.dg/direct_io_2.f90 -O3 -g execution test
FAIL: gfortran.dg/direct_io_2.f90 -Os execution test
FAIL: gfortran.dg/direct_io_3.f90 -O0 execution test
FAIL: gfortran.dg/direct_io_3.f90 -O1 execution test
FAIL: gfortran.dg/direct_io_3.f90 -O2 execution test
FAIL: gfortran.dg/direct_io_3.f90 -O3 -fomit-frame-pointer execution test
FAIL: gfortran.dg/direct_io_3.f90 -O3 -fomit-frame-pointer -funroll-loops execution test
FAIL: gfortran.dg/direct_io_3.f90 -O3 -fomit-frame-pointer -funroll-all-loops -finline-functions execution test
FAIL: gfortran.dg/direct_io_3.f90 -O3 -g execution test
FAIL: gfortran.dg/direct_io_3.f90 -Os execution test
FAIL: gfortran.dg/inquire.f90 -O0 execution test
FAIL: gfortran.dg/inquire.f90 -O1 execution test
FAIL: gfortran.dg/inquire.f90 -O2 execution test
FAIL: gfortran.dg/inquire.f90 -O3 -fomit-frame-pointer execution test
FAIL: gfortran.dg/inquire.f90 -O3 -fomit-frame-pointer -funroll-loops execution test
FAIL: gfortran.dg/inquire.f90 -O3 -fomit-frame-pointer -funroll-all-loops -finline-functions execution test
FAIL: gfortran.dg/inquire.f90 -O3 -g execution test
FAIL: gfortran.dg/inquire.f90 -Os execution test
XPASS: gfortran.dg/ret_pointer_1.f90 -O0 execution test
XPASS: gfortran.dg/ret_pointer_1.f90 -O1 execution test
XPASS: gfortran.dg/ret_pointer_1.f90 -O2 execution test
XPASS: gfortran.dg/ret_pointer_1.f90 -O3 -fomit-frame-pointer execution test
XPASS: gfortran.dg/ret_pointer_1.f90 -O3 -fomit-frame-pointer -funroll-loops execution test
XPASS: gfortran.dg/ret_pointer_1.f90 -O3 -fomit-frame-pointer -funroll-all-loops -finline-functions execution test
XPASS: gfortran.dg/ret_pointer_1.f90 -O3 -g execution test
XPASS: gfortran.dg/ret_pointer_1.f90 -Os execution test
FAIL: gfortran.dg/g77/980628-10.f -O0 execution test
FAIL: gfortran.dg/g77/980628-10.f -O1 execution test
FAIL: gfortran.dg/g77/980628-10.f -O2 execution test
FAIL: gfortran.dg/g77/980628-10.f -O3 -fomit-frame-pointer execution test
FAIL: gfortran.dg/g77/980628-10.f -O3 -fomit-frame-pointer -funroll-loops execution test
FAIL: gfortran.dg/g77/980628-10.f -O3 -fomit-frame-pointer -funroll-all-loops -finline-functions execution test
FAIL: gfortran.dg/g77/980628-10.f -O3 -g execution test
FAIL: gfortran.dg/g77/980628-10.f -Os execution test
FAIL: gfortran.dg/g77/980628-2.f -O0 execution test
FAIL: gfortran.dg/g77/980628-2.f -O1 execution test
FAIL: gfortran.dg/g77/980628-2.f -O2 execution test
FAIL: gfortran.dg/g77/980628-2.f -O3 -fomit-frame-pointer execution test
FAIL: gfortran.dg/g77/980628-2.f -O3 -fomit-frame-pointer -funroll-loops execution test
FAIL: gfortran.dg/g77/980628-2.f -O3 -fomit-frame-pointer -funroll-all-loops -finline-functions execution test
FAIL: gfortran.dg/g77/980628-2.f -O3 -g execution test
FAIL: gfortran.dg/g77/980628-2.f -Os execution test
FAIL: gfortran.dg/g77/980628-3.f -O0 execution test
FAIL: gfortran.dg/g77/980628-3.f -O1 execution test
FAIL: gfortran.dg/g77/980628-3.f -O2 execution test
FAIL: gfortran.dg/g77/980628-3.f -O3 -fomit-frame-pointer execution test
FAIL: gfortran.dg/g77/980628-3.f -O3 -fomit-frame-pointer -funroll-loops execution test
FAIL: gfortran.dg/g77/980628-3.f -O3 -fomit-frame-pointer -funroll-all-loops -finline-functions execution test
FAIL: gfortran.dg/g77/980628-3.f -O3 -g execution test
FAIL: gfortran.dg/g77/980628-3.f -Os execution test
FAIL: gfortran.dg/g77/980628-9.f -O0 execution test
FAIL: gfortran.dg/g77/980628-9.f -O1 execution test
FAIL: gfortran.dg/g77/980628-9.f -O2 execution test
FAIL: gfortran.dg/g77/980628-9.f -O3 -fomit-frame-pointer execution test
FAIL: gfortran.dg/g77/980628-9.f -O3 -fomit-frame-pointer -funroll-loops execution test
FAIL: gfortran.dg/g77/980628-9.f -O3 -fomit-frame-pointer -funroll-all-loops -finline-functions execution test
FAIL: gfortran.dg/g77/980628-9.f -O3 -g execution test
FAIL: gfortran.dg/g77/980628-9.f -Os execution test
FAIL: gfortran.fortran-torture/execute/direct_io.f90 execution, -O0
FAIL: gfortran.fortran-torture/execute/direct_io.f90 execution, -O1
FAIL: gfortran.fortran-torture/execute/direct_io.f90 execution, -O2
FAIL: gfortran.fortran-torture/execute/direct_io.f90 execution, -O3 -fomit-frame-pointer
FAIL: gfortran.fortran-torture/execute/direct_io.f90 execution, -O3 -fomit-frame-pointer -funroll-loops
FAIL: gfortran.fortran-torture/execute/direct_io.f90 execution, -O3 -fomit-frame-pointer -funroll-all-loops -finline-functions
FAIL: gfortran.fortran-torture/execute/direct_io.f90 execution, -O3 -g
FAIL: gfortran.fortran-torture/execute/direct_io.f90 execution, -Os
FAIL: gfortran.fortran-torture/execute/forall_3.f90 execution, -O0
FAIL: gfortran.fortran-torture/execute/forall_3.f90 execution, -O1
FAIL: gfortran.fortran-torture/execute/inquire_3.f90 execution, -O0
FAIL: gfortran.fortran-torture/execute/inquire_3.f90 execution, -O1
FAIL: gfortran.fortran-torture/execute/inquire_3.f90 execution, -O2
FAIL: gfortran.fortran-torture/execute/inquire_3.f90 execution, -O3 -fomit-frame-pointer
FAIL: gfortran.fortran-torture/execute/inquire_3.f90 execution, -O3 -fomit-frame-pointer -funroll-loops
FAIL: gfortran.fortran-torture/execute/inquire_3.f90 execution, -O3 -fomit-frame-pointer -funroll-all-loops -finline-functions
FAIL: gfortran.fortran-torture/execute/inquire_3.f90 execution, -O3 -g
FAIL: gfortran.fortran-torture/execute/inquire_3.f90 execution, -Os
FAIL: gfortran.fortran-torture/execute/inquire_4.f90 execution, -O0
FAIL: gfortran.fortran-torture/execute/inquire_4.f90 execution, -O1
FAIL: gfortran.fortran-torture/execute/inquire_4.f90 execution, -O2
FAIL: gfortran.fortran-torture/execute/inquire_4.f90 execution, -O3 -fomit-frame-pointer
FAIL: gfortran.fortran-torture/execute/inquire_4.f90 execution, -O3 -fomit-frame-pointer -funroll-loops
FAIL: gfortran.fortran-torture/execute/inquire_4.f90 execution, -O3 -fomit-frame-pointer -funroll-all-loops -finline-functions
FAIL: gfortran.fortran-torture/execute/inquire_4.f90 execution, -O3 -g
FAIL: gfortran.fortran-torture/execute/inquire_4.f90 execution, -Os
=== gfortran Summary ===
# of expected passes 4763
# of unexpected failures 82
# of unexpected successes 8
# of expected failures 18
# of unsupported tests 8
/usr/local/src/trunk/objdir64/gcc/testsuite/../gfortran version 4.0.0 20041230 (experimental)
=== g++ tests ===
Running target unix
XPASS: g++.dg/warn/Wunused-9.C (test for warnings, line 32)
FAIL: g++.dg/pch/empty.C -g (test for excess errors)
FAIL: g++.dg/pch/empty.C -O2 -g (test for excess errors)
FAIL: g++.dg/pch/empty.C -O2 (test for excess errors)
FAIL: g++.dg/pch/externc-1.C -g (test for excess errors)
FAIL: g++.dg/pch/externc-1.C -O2 -g (test for excess errors)
FAIL: g++.dg/pch/externc-1.C -O2 (test for excess errors)
FAIL: g++.dg/pch/static-1.C -g (test for excess errors)
FAIL: g++.dg/pch/static-1.C -O2 -g (test for excess errors)
FAIL: g++.dg/pch/static-1.C -O2 (test for excess errors)
FAIL: g++.dg/pch/system-1.C -g (test for excess errors)
FAIL: g++.dg/pch/system-1.C -O2 -g (test for excess errors)
FAIL: g++.dg/pch/system-1.C -O2 (test for excess errors)
FAIL: g++.dg/pch/system-2.C -g (test for excess errors)
FAIL: g++.dg/pch/system-2.C -O2 -g (test for excess errors)
FAIL: g++.dg/pch/system-2.C -O2 (test for excess errors)
FAIL: g++.dg/pch/uninst.C -g (test for excess errors)
FAIL: g++.dg/pch/uninst.C -O2 -g (test for excess errors)
FAIL: g++.dg/pch/uninst.C -O2 (test for excess errors)
FAIL: g++.dg/pch/wchar-1.C -g (test for excess errors)
FAIL: g++.dg/pch/wchar-1.C -O2 -g (test for excess errors)
FAIL: g++.dg/pch/wchar-1.C -O2 (test for excess errors)
WARNING: g++.old-deja/g++.mike/p10769a.C compilation failed to produce executable
XPASS: g++.old-deja/g++.other/init5.C execution test
=== g++ Summary ===
# of expected passes 10414
# of unexpected failures 21
# of unexpected successes 2
# of expected failures 71
# of untested testcases 21
# of unsupported tests 92
/usr/local/src/trunk/objdir64/gcc/testsuite/../g++ version 4.0.0 20041230 (experimental)
=== objc tests ===
Running target unix
=== objc Summary ===
# of expected passes 1528
# of unsupported tests 10
/usr/local/src/trunk/objdir64/gcc/xgcc version 4.0.0 20041230 (experimental)
=== treelang tests ===
Running target unix
=== treelang Summary ===
# of expected passes 22
=== libmudflap tests ===
Running target unix
FAIL: libmudflap.c/pass54-frag.c execution test
FAIL: libmudflap.c/pass54-frag.c (-static) execution test
=== libmudflap Summary ===
# of expected passes 1242
# of unexpected failures 2
=== libstdc++-v3 check-abi Summary ===
# of added symbols: 542
# of missing symbols: 501
# of incompatible symbols: 501
using: /usr/local/src/trunk/gcc/libstdc++-v3/config/abi/sparc-linux-gnu/baseline_symbols.txt
=== libstdc++ tests ===
Running target unix
XPASS: 22_locale/locale/cons/12658_thread-1.cc execution test
XPASS: 26_numerics/cmath/c99_classification_macros_c.cc (test for excess errors)
XPASS: 27_io/fpos/14320-1.cc execution test
FAIL: ext/array_allocator/2.cc execution test
=== libstdc++ Summary ===
# of expected passes 3343
# of unexpected failures 1
# of unexpected successes 3
# of expected failures 4
Compiler version: 4.0.0 20041230 (experimental)
Platform: sparc64-unknown-linux-gnu
configure flags: sparc64-linux --enable-__cxa_atexit --enable-shared --enable-languages=c,c++,f95,objc,treelang
Counting all warnings,
there are 122 warnings in stage0 of this bootstrap.
Number of warnings per file:
35 libiberty/concat.c
21 libiberty/regex.c
12 libmudflap/mf-runtime.c
7 include/xregex2.h
4 libiberty/pex-unix.c
4 libgfortran/generated/matmul_r8.c
4 libgfortran/generated/matmul_r4.c
4 libgfortran/generated/matmul_i8.c
4 libgfortran/generated/matmul_i4.c
4 libgfortran/generated/matmul_c8.c
4 libgfortran/generated/matmul_c4.c
2 libobjc/thr.c
2 libobjc/sendmsg.c
2 libgfortran/generated/transpose_i8.c
2 libgfortran/generated/transpose_i4.c
2 libgfortran/generated/matmul_l8.c
2 libgfortran/generated/matmul_l4.c
2 libcpp/macro.c
2 gcc/coretypes.h
1 ./runtime-info.h
1 libmath/stubs.c
1 libcpp/pch.c
Number of warning types:
35 traditional C rejects ISO C style function definitions
32 passing argument 1 of 'size0' from incompatible pointer type
21 signed and unsigned type in conditional expression
4 variable 'out' might be clobbered by 'longjmp' or 'vfork'
4 ISO C90 does not support 'static' or type qualifiers in parameter array declarators
4 format '%06lu' expects type 'long unsigned int', but argument 6 has type '__suseconds_t'
4 format '%06lu' expects type 'long unsigned int', but argument 4 has type '__suseconds_t'
4 format '%06lu' expects type 'long unsigned int', but argument 15 has type '__suseconds_t'
3 ISO C90 does not support \`static' or type qualifiers in parameter array declarators
2 this is the location of the previous definition
2 \`rtx' redefined
2 'noreturn' function does return
1 'struct_forward_array' defined but not used
1 pointer targets in passing arg ??? of \`???' differ in signedness
1 incompatible implicit declaration of built-in function 'fabsl'
1 assignment from incompatible pointer type
1 assignment discards qualifiers from pointer target type
Counting all warnings,
there are 14 warnings in stage3 of this bootstrap.
Number of warnings per file:
4 gcc/config/sparc/sparc.md
3 treelang/lex.c
3 gcc/gcc.c
2 gcc/objc/lang-specs.h
1 include/line-map.h
1 gcc/treelang/lex.l
Number of warning types:
3 old-style function definition
2 source missing a mode?
1 this is the location of the previous definition
1 string length '844' is greater than the length '509' ISO C89 compilers are required to support
1 string length '783' is greater than the length '509' ISO C89 compilers are required to support
1 string length '709' is greater than the length '509' ISO C89 compilers are required to support
1 string length '608' is greater than the length '509' ISO C89 compilers are required to support
1 string length '603' is greater than the length '509' ISO C89 compilers are required to support
1 operand 2 missing mode?
1 operand 0 missing mode?
1 \`LINEMAP_POSITION_FOR_COLUMN' redefined