This is the mail archive of the
gcc-testresults@gcc.gnu.org
mailing list for the GCC project.
Results for 4.0.0 20041230 (experimental) gfortran testsuite on i386-unknown-freebsd5.2.1
- From: bud davis <bdavis at gfortran dot org>
- To: gcc-testresults at gcc dot gnu dot org
- Date: Thu, 30 Dec 2004 05:40:22 -0600 (CST)
- Subject: Results for 4.0.0 20041230 (experimental) gfortran testsuite on i386-unknown-freebsd5.2.1
LAST_UPDATED:
Native configuration is i386-unknown-freebsd5.2.1
=== gfortran tests ===
Running target unix
XPASS: gfortran.dg/ret_pointer_1.f90 execution test
XPASS: gfortran.dg/ret_pointer_1.f90 execution test
XPASS: gfortran.dg/ret_pointer_1.f90 execution test
XPASS: gfortran.dg/ret_pointer_1.f90 execution test
XPASS: gfortran.dg/ret_pointer_1.f90 execution test
XPASS: gfortran.dg/ret_pointer_1.f90 execution test
XPASS: gfortran.dg/ret_pointer_1.f90 execution test
XPASS: gfortran.dg/ret_pointer_1.f90 execution test
FAIL: gfortran.fortran-torture/execute/forall_3.f90 execution, -O1
=== gfortran Summary ===
# of expected passes 4844
# of unexpected failures 1
# of unexpected successes 8
# of expected failures 18
# of unsupported tests 8
/usr/work/2004365/fbin/gcc/testsuite/../gfortran version 4.0.0 20041230 (experimental)
Compiler version: 4.0.0 20041230 (experimental) gfortran
Platform: i386-unknown-freebsd5.2.1
configure flags: --enable-languages=c,f95 --prefix=/usr/work/2004365/frun,;t t