This is the mail archive of the gcc-testresults@gcc.gnu.org mailing list for the GCC project.
Index Nav: | [Date Index] [Subject Index] [Author Index] [Thread Index] | |
---|---|---|
Message Nav: | [Date Prev] [Date Next] | [Thread Prev] [Thread Next] |
Other format: | [Raw text] |
LAST_UPDATED: Native configuration is powerpc-apple-darwin7.6.0 === g++ tests === Running target unix FAIL: g++.dg/ext/visibility/fvisibility-override1.C (test for excess errors) FAIL: g++.dg/ext/visibility/fvisibility-override1.C scan-assembler \\\\.internal.*Foo.methodEv FAIL: g++.dg/ext/visibility/fvisibility-override2.C (test for excess errors) FAIL: g++.dg/ext/visibility/fvisibility-override2.C scan-assembler \\\\.internal.*Foo.methodEv FAIL: g++.dg/ext/visibility/pragma-override1.C (test for excess errors) FAIL: g++.dg/ext/visibility/pragma-override1.C scan-assembler \\\\.internal.*Foo.methodEv FAIL: g++.dg/ext/visibility/pragma-override2.C (test for excess errors) FAIL: g++.dg/ext/visibility/pragma-override2.C scan-assembler \\\\.internal.*Foo.methodEv FAIL: g++.dg/warn/weak1.C (test for excess errors) WARNING: g++.dg/warn/weak1.C compilation failed to produce executable FAIL: g++.dg/special/conpr-3.C execution test FAIL: g++.old-deja/g++.abi/cxa_vec.C execution test FAIL: g++.old-deja/g++.brendan/new3.C execution test XPASS: g++.old-deja/g++.eh/badalloc1.C execution test WARNING: g++.old-deja/g++.mike/p10769a.C compilation failed to produce executable === g++ Summary === # of expected passes 10410 # of unexpected failures 12 # of unexpected successes 1 # of expected failures 71 # of unsupported tests 89 /Users/ed/obj/gcc/testsuite/../g++ version 4.0.0 20041213 (experimental) === gcc tests === Running target unix FAIL: gcc.c-torture/compile/pr17529.c -O0 (test for excess errors) FAIL: gcc.c-torture/compile/pr17529.c -O1 (test for excess errors) FAIL: gcc.c-torture/compile/pr17529.c -O2 (test for excess errors) FAIL: gcc.c-torture/compile/pr17529.c -O3 -fomit-frame-pointer (test for excess errors) FAIL: gcc.c-torture/compile/pr17529.c -O3 -g (test for excess errors) FAIL: gcc.c-torture/compile/pr17529.c -Os (test for excess errors) FAIL: tmpdir-gcc.dg-struct-layout-1/t001 c_compat_x_tst.o-c_compat_y_tst.o execute FAIL: tmpdir-gcc.dg-struct-layout-1/t024 c_compat_x_tst.o-c_compat_y_tst.o execute FAIL: tmpdir-gcc.dg-struct-layout-1/t025 c_compat_x_tst.o-c_compat_y_tst.o execute FAIL: tmpdir-gcc.dg-struct-layout-1/t026 c_compat_x_tst.o-c_compat_y_tst.o execute FAIL: tmpdir-gcc.dg-struct-layout-1/t027 c_compat_x_tst.o-c_compat_y_tst.o execute FAIL: tmpdir-gcc.dg-struct-layout-1/t028 c_compat_x_tst.o-c_compat_y_tst.o execute XPASS: gcc.dg/cpp/cmdlne-dI-M.c scan-file (^|\\\\n)cmdlne-dI-M.*:[^\\\\n]*cmdlne-dI-M.c XPASS: gcc.dg/cpp/cmdlne-dM-M.c scan-file (^|\\\\n)cmdlne-dM-M[^\\\\n]*:[^\\\\n]*cmdlne-dM-M.c FAIL: gcc.dg/debug/dwarf2/dwarf-die7.c scan-assembler 1.*DW_AT_inline FAIL: gcc.dg/darwin-longlong.c execution test FAIL: gcc.dg/pr17055-1.c (test for excess errors) FAIL: gcc.dg/pr18596-1.c (test for excess errors) FAIL: gcc.dg/rs6000-power2-2.c scan-assembler-not lfd FAIL: gcc.dg/rs6000-power2-2.c scan-assembler lfq FAIL: gcc.dg/rs6000-power2-2.c scan-assembler stfq XPASS: gcc.dg/tree-ssa/20040204-1.c scan-tree-dump-times link_error 0 FAIL: gcc.dg/vect/vect-82_64.c execution test FAIL: gcc.dg/vect/vect-83_64.c execution test FAIL: gcc.dg/vmx/darwin-abi-3.c -O0 execution test FAIL: gcc.dg/vmx/darwin-abi-3.c -O1 execution test FAIL: gcc.dg/vmx/darwin-abi-3.c -O2 execution test FAIL: gcc.dg/vmx/darwin-abi-3.c -O3 -fomit-frame-pointer execution test FAIL: gcc.dg/vmx/darwin-abi-3.c -O3 -g execution test FAIL: gcc.dg/vmx/darwin-abi-3.c -Os execution test === gcc Summary === # of expected passes 32481 # of unexpected failures 27 # of unexpected successes 3 # of expected failures 93 # of untested testcases 28 # of unsupported tests 409 /Users/ed/obj/gcc/xgcc version 4.0.0 20041213 (experimental) === gfortran tests === Running target unix XPASS: gfortran.dg/ret_pointer_1.f90 -O0 execution test XPASS: gfortran.dg/ret_pointer_1.f90 -O1 execution test XPASS: gfortran.dg/ret_pointer_1.f90 -O2 execution test XPASS: gfortran.dg/ret_pointer_1.f90 -O3 -fomit-frame-pointer execution test XPASS: gfortran.dg/ret_pointer_1.f90 -O3 -fomit-frame-pointer -funroll-loops execution test XPASS: gfortran.dg/ret_pointer_1.f90 -O3 -fomit-frame-pointer -funroll-all-loops -finline-functions execution test XPASS: gfortran.dg/ret_pointer_1.f90 -O3 -g execution test XPASS: gfortran.dg/ret_pointer_1.f90 -Os execution test FAIL: gfortran.fortran-torture/execute/forall_3.f90 execution, -O1 FAIL: gfortran.fortran-torture/execute/forall_3.f90 execution, -O2 FAIL: gfortran.fortran-torture/execute/forall_3.f90 execution, -O3 -fomit-frame-pointer FAIL: gfortran.fortran-torture/execute/forall_3.f90 execution, -O3 -fomit-frame-pointer -funroll-loops FAIL: gfortran.fortran-torture/execute/forall_3.f90 execution, -O3 -fomit-frame-pointer -funroll-all-loops -finline-functions FAIL: gfortran.fortran-torture/execute/forall_3.f90 execution, -O3 -g FAIL: gfortran.fortran-torture/execute/forall_3.f90 execution, -Os === gfortran Summary === # of expected passes 4776 # of unexpected failures 7 # of unexpected successes 8 # of expected failures 18 # of unsupported tests 8 /Users/ed/obj/gcc/testsuite/../gfortran version 4.0.0 20041213 (experimental) === objc tests === Running target unix === objc Summary === # of expected passes 1545 # of unsupported tests 1 /Users/ed/obj/gcc/xgcc version 4.0.0 20041213 (experimental) === treelang tests === Running target unix === treelang Summary === # of expected passes 22 === libffi tests === Running target unix === libffi Summary === # of expected passes 216 # of unsupported tests 2 === libjava tests === Running target unix WARNING: program timed out. FAIL: G19990310_01 execution - bytecode->native test XPASS: pr13107_3 compilation from bytecode XPASS: pr13107_3 -O3 compilation from bytecode === libjava Summary === # of expected passes 3697 # of unexpected failures 1 # of unexpected successes 2 # of expected failures 12 # of untested testcases 13 === libstdc++ tests === Running target unix FAIL: 22_locale/money_get/get/char/5.cc execution test FAIL: 22_locale/money_get/get/wchar_t/5.cc execution test FAIL: 22_locale/num_get/get/char/10.cc execution test FAIL: 22_locale/num_get/get/char/4.cc execution test FAIL: 22_locale/num_get/get/wchar_t/10.cc execution test FAIL: 22_locale/num_get/get/wchar_t/4.cc execution test FAIL: 26_numerics/complex/13450.cc (test for excess errors) WARNING: 26_numerics/complex/13450.cc compilation failed to produce executable FAIL: 27_io/basic_filebuf/open/char/9507.cc execution test FAIL: 27_io/basic_istream/extractors_arithmetic/char/01.cc execution test FAIL: 27_io/ios_base/storage/11584.cc execution test FAIL: ext/mt_allocator/check_new.cc execution test FAIL: ext/pool_allocator/check_new.cc execution test === libstdc++ Summary === # of expected passes 3160 # of unexpected failures 12 # of expected failures 5 # of unsupported tests 9 Compiler version: 4.0.0 20041213 (experimental) Platform: powerpc-apple-darwin7.6.0 configure flags: --prefix=/Users/ed/gcc4 --enable-languages=c,c++,f95,java,objc,treelang
Index Nav: | [Date Index] [Subject Index] [Author Index] [Thread Index] | |
---|---|---|
Message Nav: | [Date Prev] [Date Next] | [Thread Prev] [Thread Next] |