This is the mail archive of the
gcc-testresults@gcc.gnu.org
mailing list for the GCC project.
Results for 4.0.0 20041201 (experimental) testsuite on alpha--netbsd
- From: matt at 3am-software dot com (Matt Thomas)
- To: gcc-testresults at gcc dot gnu dot org
- Date: Mon, 6 Dec 2004 18:25:07 -0800 (PST)
- Subject: Results for 4.0.0 20041201 (experimental) testsuite on alpha--netbsd
LAST_UPDATED:
Native configuration is alpha--netbsd
=== libstdc++ tests ===
Running target unix
FAIL: 23_containers/bitset/input/1.cc (test for excess errors)
WARNING: 23_containers/bitset/input/1.cc compilation failed to produce executable
FAIL: 23_containers/bitset/to_ulong/1.cc (test for excess errors)
WARNING: 23_containers/bitset/to_ulong/1.cc compilation failed to produce executable
FAIL: 26_numerics/cmath/c99_classification_macros_c++.cc (test for excess errors)
FAIL: 26_numerics/cmath/c99_classification_macros_c.cc (test for excess errors)
FAIL: 26_numerics/complex/13450.cc (test for excess errors)
WARNING: 26_numerics/complex/13450.cc compilation failed to produce executable
FAIL: 26_numerics/complex/complex_value.cc (test for excess errors)
WARNING: 26_numerics/complex/complex_value.cc compilation failed to produce executable
FAIL: 26_numerics/complex/pow.cc (test for excess errors)
WARNING: 26_numerics/complex/pow.cc compilation failed to produce executable
FAIL: 27_io/basic_iostream/4.cc (test for excess errors)
WARNING: 27_io/basic_iostream/4.cc compilation failed to produce executable
FAIL: 27_io/basic_istream/extractors_arithmetic/char/01.cc (test for excess errors)
WARNING: 27_io/basic_istream/extractors_arithmetic/char/01.cc compilation failed to produce executable
WARNING: program timed out.
FAIL: 27_io/basic_istream/extractors_character/char/9826.cc (test for excess errors)
WARNING: program timed out.
FAIL: 27_io/basic_istream/extractors_character/pod/3983-2.cc (test for excess errors)
WARNING: 27_io/basic_istream/extractors_character/pod/3983-2.cc compilation failed to produce executable
FAIL: 27_io/basic_istream/ignore/char/6360.cc (test for excess errors)
WARNING: 27_io/basic_istream/ignore/char/6360.cc compilation failed to produce executable
FAIL: 27_io/basic_ostream/exceptions/char/9561.cc (test for excess errors)
FAIL: 27_io/basic_stringstream/str/char/1.cc (test for excess errors)
WARNING: 27_io/basic_stringstream/str/char/1.cc compilation failed to produce executable
FAIL: 27_io/basic_stringstream/str/char/2.cc (test for excess errors)
WARNING: 27_io/basic_stringstream/str/char/2.cc compilation failed to produce executable
XPASS: 27_io/fpos/14320-1.cc execution test
FAIL: ext/array_allocator/1.cc (test for excess errors)
WARNING: ext/array_allocator/1.cc compilation failed to produce executable
FAIL: ext/array_allocator/2.cc (test for excess errors)
WARNING: ext/array_allocator/2.cc compilation failed to produce executable
FAIL: ext/array_allocator/3.cc (test for excess errors)
WARNING: ext/array_allocator/3.cc compilation failed to produce executable
FAIL: ext/array_allocator/check_allocate_max_size.cc (test for excess errors)
WARNING: ext/array_allocator/check_allocate_max_size.cc compilation failed to produce executable
FAIL: ext/array_allocator/check_deallocate_null.cc (test for excess errors)
WARNING: ext/array_allocator/check_deallocate_null.cc compilation failed to produce executable
FAIL: ext/array_allocator/check_delete.cc (test for excess errors)
WARNING: ext/array_allocator/check_delete.cc compilation failed to produce executable
FAIL: ext/array_allocator/check_new.cc (test for excess errors)
WARNING: ext/array_allocator/check_new.cc compilation failed to produce executable
FAIL: ext/headers.cc (test for excess errors)
FAIL: ext/malloc_allocator/check_allocate_max_size.cc (test for excess errors)
WARNING: ext/malloc_allocator/check_allocate_max_size.cc compilation failed to produce executable
FAIL: ext/malloc_allocator/check_deallocate_null.cc (test for excess errors)
WARNING: ext/malloc_allocator/check_deallocate_null.cc compilation failed to produce executable
FAIL: ext/rope/2.cc (test for excess errors)
=== libstdc++ Summary ===
# of expected passes 2190
# of unexpected failures 26
# of unexpected successes 1
# of expected failures 3
=== g++ tests ===
Running target unix
FAIL: g++.dg/eh/cleanup1.C (test for excess errors)
FAIL: g++.dg/eh/ctor1.C (test for excess errors)
FAIL: g++.dg/eh/dtor2.C (test for excess errors)
FAIL: g++.dg/eh/goto1.C (test for excess errors)
FAIL: g++.dg/init/goto1.C (test for excess errors)
FAIL: g++.dg/init/placement3.C (test for excess errors)
FAIL: g++.dg/opt/nrv6.C (test for excess errors)
FAIL: g++.dg/opt/reg-stack4.C (test for excess errors)
FAIL: g++.dg/parse/stack1.C (test for excess errors)
FAIL: g++.dg/template/pretty1.C (test for excess errors)
FAIL: g++.old-deja/g++.abi/vbase1.C (test for excess errors)
FAIL: g++.old-deja/g++.eh/vbase1.C (test for excess errors)
FAIL: g++.old-deja/g++.jason/cond2.C (test for excess errors)
FAIL: g++.old-deja/g++.law/code-gen5.C (test for excess errors)
FAIL: g++.old-deja/g++.law/copy1.C (test for excess errors)
FAIL: g++.old-deja/g++.mike/eh14.C (test for excess errors)
FAIL: g++.old-deja/g++.mike/eh18.C (test for excess errors)
FAIL: g++.old-deja/g++.mike/eh31.C (test for excess errors)
FAIL: g++.old-deja/g++.mike/eh33.C (test for excess errors)
FAIL: g++.old-deja/g++.mike/eh36.C (test for excess errors)
FAIL: g++.old-deja/g++.mike/eh37.C (test for excess errors)
FAIL: g++.old-deja/g++.mike/eh38.C (test for excess errors)
FAIL: g++.old-deja/g++.mike/eh48.C (test for excess errors)
FAIL: g++.old-deja/g++.mike/eh50.C (test for excess errors)
FAIL: g++.old-deja/g++.mike/eh51.C (test for excess errors)
WARNING: g++.old-deja/g++.mike/p10769a.C compilation failed to produce executable
FAIL: g++.old-deja/g++.mike/p7865.C (test for excess errors)
FAIL: g++.old-deja/g++.mike/p789a.C (test for excess errors)
FAIL: g++.old-deja/g++.mike/p8018.C (test for excess errors)
FAIL: g++.old-deja/g++.other/init7.C (test for excess errors)
FAIL: g++.old-deja/g++.other/pmf4.C (test for excess errors)
FAIL: g++.old-deja/g++.robertl/eb30.C (test for excess errors)
=== g++ Summary ===
# of expected passes 10320
# of unexpected failures 31
# of expected failures 71
# of unsupported tests 97
/u1/toolchain/alpha/gcc/gcc/testsuite/../g++ version 4.0.0 20041201 (experimental)
=== gcc tests ===
Running target unix
FAIL: gcc.c-torture/execute/20040811-1.c compilation, -O0
UNRESOLVED: gcc.c-torture/execute/20040811-1.c execution, -O0
FAIL: gcc.c-torture/execute/20040811-1.c compilation, -Os
UNRESOLVED: gcc.c-torture/execute/20040811-1.c execution, -Os
FAIL: gcc.c-torture/execute/ieee/rbug.c execution, -O0
FAIL: gcc.c-torture/execute/ieee/rbug.c execution, -O1
FAIL: gcc.c-torture/execute/ieee/rbug.c execution, -O2
XPASS: gcc.dg/cpp/cmdlne-dI-M.c scan-file (^|\\\\n)cmdlne-dI-M.*:[^\\\\n]*cmdlne-dI-M.c
XPASS: gcc.dg/cpp/cmdlne-dM-M.c scan-file (^|\\\\n)cmdlne-dM-M[^\\\\n]*:[^\\\\n]*cmdlne-dM-M.c
FAIL: gcc.dg/debug/dwarf2/dwarf-die7.c scan-assembler 1.*DW_AT_inline
FAIL: gcc.dg/20020425-1.c (test for excess errors)
FAIL: gcc.dg/builtins-18.c (test for excess errors)
FAIL: gcc.dg/builtins-20.c (test for excess errors)
FAIL: gcc.dg/cleanup-3.c (test for excess errors)
FAIL: gcc.dg/cleanup-4.c (test for excess errors)
FAIL: gcc.dg/pr18596-1.c (test for excess errors)
FAIL: largefile.c (test for excess errors)
FAIL: largefile.c (test for excess errors)
FAIL: largefile.c (test for excess errors)
FAIL: largefile.c (test for excess errors)
FAIL: largefile.c (test for excess errors)
FAIL: largefile.c (test for excess errors)
FAIL: largefile.c (test for excess errors)
FAIL: gcc.dg/torture/builtin-convert-1.c (test for excess errors)
FAIL: gcc.dg/torture/builtin-convert-1.c (test for excess errors)
FAIL: gcc.dg/torture/builtin-convert-1.c (test for excess errors)
FAIL: gcc.dg/torture/builtin-convert-1.c (test for excess errors)
FAIL: gcc.dg/torture/builtin-convert-1.c (test for excess errors)
FAIL: gcc.dg/torture/builtin-convert-2.c (test for excess errors)
FAIL: gcc.dg/torture/builtin-convert-2.c (test for excess errors)
FAIL: gcc.dg/torture/builtin-convert-2.c (test for excess errors)
FAIL: gcc.dg/torture/builtin-convert-2.c (test for excess errors)
FAIL: gcc.dg/torture/builtin-convert-2.c (test for excess errors)
FAIL: gcc.dg/torture/builtin-convert-3.c (test for excess errors)
FAIL: gcc.dg/torture/builtin-convert-3.c (test for excess errors)
FAIL: gcc.dg/torture/builtin-convert-3.c (test for excess errors)
FAIL: gcc.dg/torture/builtin-convert-3.c (test for excess errors)
FAIL: gcc.dg/torture/builtin-convert-3.c (test for excess errors)
FAIL: gcc.dg/torture/builtin-power-1.c (test for excess errors)
FAIL: gcc.dg/torture/builtin-power-1.c (test for excess errors)
FAIL: gcc.dg/torture/builtin-power-1.c (test for excess errors)
FAIL: gcc.dg/torture/builtin-power-1.c (test for excess errors)
FAIL: gcc.dg/torture/builtin-power-1.c (test for excess errors)
FAIL: gcc.dg/torture/builtin-power-1.c (test for excess errors)
FAIL: gcc.dg/tree-ssa/loop-5.c scan-tree-dump-times int iter 1
FAIL: gcc.dg/vect/pr18536.c (test for excess errors)
WARNING: gcc.dg/vect/pr18536.c compilation failed to produce executable
=== gcc Summary ===
# of expected passes 31609
# of unexpected failures 42
# of unexpected successes 2
# of expected failures 96
# of unresolved testcases 2
# of untested testcases 35
# of unsupported tests 494
/u1/toolchain/alpha/gcc/gcc/xgcc version 4.0.0 20041201 (experimental)
=== objc tests ===
Running target unix
FAIL: objc.dg/sync-1.m (test for excess errors)
=== objc Summary ===
# of expected passes 1522
# of unexpected failures 1
# of unsupported tests 10
/u1/toolchain/alpha/gcc/gcc/xgcc version 4.0.0 20041201 (experimental)
Compiler version: 4.0.0 20041201 (experimental)
Platform: alpha--netbsd
configure flags: --target=alpha--netbsd --build=alpha--netbsd --host=alpha--netbsd --enable-languages=c,c++,java,objc
BOOT_CFLAGS=-g -O2