This is the mail archive of the
gcc-testresults@gcc.gnu.org
mailing list for the GCC project.
Results for 4.0.0 20041129 (experimental) testsuite on i686-pc-linux-gnu
- From: rasky at develer dot com
- To: gcc-testresults at gcc dot gnu dot org
- Date: 30 Nov 2004 01:49:25 -0000
- Subject: Results for 4.0.0 20041129 (experimental) testsuite on i686-pc-linux-gnu
LAST_UPDATED: Fri Oct 15 01:15:32 UTC 2004
Native configuration is i686-pc-linux-gnu
=== g++ tests ===
Running target unix
WARNING: g++.old-deja/g++.mike/p10769a.C compilation failed to produce executable
XPASS: g++.old-deja/g++.other/decl5.C (test for warnings, line 55)
XPASS: g++.old-deja/g++.other/decl5.C (test for warnings, line 56)
=== gcc tests ===
Running target unix
FAIL: gcc.dg/debug/dwarf2/dwarf-die7.c scan-assembler 1.*DW_AT_inline
FAIL: gcc.dg/20020531-1.c (test for excess errors)
FAIL: gcc.dg/pr18164.c (test for excess errors)
=== gcc Summary ===
# of expected passes 32161
# of unexpected failures 3
# of expected failures 116
# of untested testcases 28
# of unsupported tests 295
/home/rasky/gcc/mainline/out/gcc/xgcc version 4.0.0 20041129 (experimental)
=== gfortran tests ===
Running target unix
XPASS: gfortran.dg/ret_pointer_1.f90 -O0 execution test
XPASS: gfortran.dg/ret_pointer_1.f90 -O1 execution test
XPASS: gfortran.dg/ret_pointer_1.f90 -O3 -fomit-frame-pointer execution test
XPASS: gfortran.dg/ret_pointer_1.f90 -O3 -fomit-frame-pointer -funroll-loops execution test
XPASS: gfortran.dg/ret_pointer_1.f90 -O3 -fomit-frame-pointer -funroll-all-loops -finline-functions execution test
FAIL: gfortran.fortran-torture/execute/forall_3.f90 execution, -O1
=== gfortran Summary ===
# of expected passes 4707
# of unexpected failures 1
# of unexpected successes 5
# of expected failures 21
/home/rasky/gcc/mainline/out/gcc/testsuite/../gfortran version 4.0.0 20041129 (experimental)
=== objc tests ===
Running target unix
=== objc Summary ===
# of expected passes 1521
# of unsupported tests 10
/home/rasky/gcc/mainline/out/gcc/xgcc version 4.0.0 20041129 (experimental)
=== libffi tests ===
Running target unix
=== libffi Summary ===
# of expected passes 216
# of unsupported tests 2
=== libjava tests ===
Running target unix
FAIL: Process_1 execution - source compiled test
FAIL: Process_1 execution - gij test
FAIL: Process_1 execution - bytecode->native test
FAIL: Process_1 -O3 execution - source compiled test
FAIL: Process_1 execution - gij test
FAIL: Process_1 -O3 execution - bytecode->native test
FAIL: Process_2 execution - source compiled test
FAIL: Process_2 execution - gij test
FAIL: Process_2 execution - bytecode->native test
FAIL: Process_2 -O3 execution - source compiled test
FAIL: Process_2 execution - gij test
FAIL: Process_2 -O3 execution - bytecode->native test
FAIL: Process_3 execution - source compiled test
FAIL: Process_3 execution - gij test
FAIL: Process_3 execution - bytecode->native test
FAIL: Process_3 -O3 execution - source compiled test
FAIL: Process_3 execution - gij test
FAIL: Process_3 -O3 execution - bytecode->native test
FAIL: Process_4 execution - source compiled test
FAIL: Process_4 execution - gij test
FAIL: Process_4 execution - bytecode->native test
FAIL: Process_4 -O3 execution - source compiled test
FAIL: Process_4 execution - gij test
FAIL: Process_4 -O3 execution - bytecode->native test
FAIL: Process_5 execution - source compiled test
FAIL: Process_5 execution - gij test
FAIL: Process_5 execution - bytecode->native test
FAIL: Process_5 -O3 execution - source compiled test
FAIL: Process_5 execution - gij test
FAIL: Process_5 -O3 execution - bytecode->native test
FAIL: Process_6 execution - source compiled test
FAIL: Process_6 execution - gij test
FAIL: Process_6 execution - bytecode->native test
FAIL: Process_6 -O3 execution - source compiled test
FAIL: Process_6 execution - gij test
FAIL: Process_6 -O3 execution - bytecode->native test
FAIL: SyncTest execution - gij test
FAIL: SyncTest execution - bytecode->native test
FAIL: SyncTest execution - gij test
FAIL: SyncTest -O3 execution - bytecode->native test
FAIL: TLtest execution - source compiled test
FAIL: TLtest execution - gij test
FAIL: TLtest execution - bytecode->native test
FAIL: TLtest -O3 execution - source compiled test
FAIL: TLtest execution - gij test
FAIL: TLtest -O3 execution - bytecode->native test
FAIL: Thread_Alive execution - gij test
FAIL: Thread_Alive execution - gij test
FAIL: Thread_Interrupt execution - source compiled test
FAIL: Thread_Interrupt execution - gij test
FAIL: Thread_Interrupt execution - bytecode->native test
FAIL: Thread_Interrupt -O3 execution - source compiled test
FAIL: Thread_Interrupt execution - gij test
FAIL: Thread_Interrupt -O3 execution - bytecode->native test
FAIL: Thread_Join execution - gij test
FAIL: Thread_Join execution - gij test
FAIL: Thread_Monitor execution - gij test
FAIL: Thread_Monitor execution - gij test
FAIL: Thread_Wait execution - gij test
FAIL: Thread_Wait execution - gij test
FAIL: Thread_Wait_2 execution - source compiled test
FAIL: Thread_Wait_2 execution - gij test
FAIL: Thread_Wait_2 execution - bytecode->native test
FAIL: Thread_Wait_2 -O3 execution - source compiled test
FAIL: Thread_Wait_2 execution - gij test
FAIL: Thread_Wait_2 -O3 execution - bytecode->native test
FAIL: Thread_Wait_Interrupt execution - source compiled test
FAIL: Thread_Wait_Interrupt execution - gij test
FAIL: Thread_Wait_Interrupt execution - bytecode->native test
FAIL: Thread_Wait_Interrupt -O3 execution - source compiled test
FAIL: Thread_Wait_Interrupt execution - gij test
FAIL: Thread_Wait_Interrupt -O3 execution - bytecode->native test
XPASS: pr13107_3 compilation from bytecode
XPASS: pr13107_3 -O3 compilation from bytecode
WARNING: program timed out.
FAIL: /home/rasky/gcc/mainline/out/i686-pc-linux-gnu/libjava/testsuite/TestLeak.exe execution - /home/rasky/gcc/mainline/out/i686-pc-linux-gnu/libjava/testsuite/TestLeak.exe
=== libjava Summary ===
# of expected passes 3525
# of unexpected failures 73
# of unexpected successes 2
# of expected failures 12
# of untested testcases 85
=== libmudflap tests ===
Running target unix
FAIL: libmudflap.cth/pass40-frag.c execution test
FAIL: libmudflap.cth/pass40-frag.c output pattern test
FAIL: libmudflap.cth/pass40-frag.c (-O2) execution test
FAIL: libmudflap.cth/pass40-frag.c (-O2) output pattern test
FAIL: libmudflap.cth/pass40-frag.c (-O3) execution test
FAIL: libmudflap.cth/pass40-frag.c (-O3) output pattern test
=== libmudflap Summary ===
# of expected passes 1238
# of unexpected failures 6
=== libstdc++-v3 check-abi Summary ===
# of added symbols: 54
# of missing symbols: 0
# of incompatible symbols: 0
using: /home/rasky/gcc/mainline/gcc/libstdc++-v3/config/abi/i486-linux-gnu/baseline_symbols.txt
=== libstdc++ tests ===
Running target unix
XPASS: 22_locale/locale/cons/12658_thread-1.cc execution test
XPASS: 26_numerics/cmath/c99_classification_macros_c.cc (test for excess errors)
=== libstdc++ Summary ===
# of expected passes 3105
# of unexpected successes 2
# of expected failures 5
Compiler version: 4.0.0 20041129 (experimental)
Platform: i686-pc-linux-gnu
configure flags: --enable-languages=c,c++,f95,java,objc