This is the mail archive of the
gcc-testresults@gcc.gnu.org
mailing list for the GCC project.
Results for 4.0.0-tree-profiling 20041022 (experimental) testsuite on powerpc64-unknown-linux-gnu
- From: Janis Johnson <janis187 at us dot ibm dot com>
- To: gcc-testresults at gcc dot gnu dot org
- Date: Sat, 27 Nov 2004 03:08:01 -0800
- Subject: Results for 4.0.0-tree-profiling 20041022 (experimental) testsuite on powerpc64-unknown-linux-gnu
Linux 2.4.21-17.EL ppc64
GNU C Library stable release version 2.3.2
GNU ld version 2.15
GNU assembler 2.15
GNU Make version 3.79.1
DejaGnu:
Expect version is 5.40.0
Tcl version is 8.4
Framework version is 1.4.4
CVS branch: tree-profiling-branch
This hardware does not support VMX instructions.
LAST_UPDATED: Sat Nov 27 07:12:52 UTC 2004
Native configuration is powerpc64-unknown-linux-gnu
=== g++ tests ===
Running target unix/-m32
XPASS: g++.dg/eh/simd-2.C execution test
FAIL: g++.dg/expr/cast2.C (test for errors, line 4)
FAIL: g++.dg/other/static11.C (test for excess errors)
XPASS: g++.dg/rtti/tinfo1.C scan-assembler _ZTIP9CTemplateIhE:
XPASS: g++.dg/rtti/tinfo1.C scan-assembler-not .globl[ \\t]+_ZTIP9CTemplateIhE
XPASS: g++.dg/rtti/tinfo1.C scan-assembler-not .section[^\\n\\r]*_ZTIP9CTemplateIhE[^\\n\\r]*
FAIL: g++.dg/tree-ssa/nothrow-1.C (test for excess errors)
ERROR: g++.dg/tree-ssa/nothrow-1.C: error executing dg-final: no files matched glob pattern "nothrow-1.C.t??.cfg"
UNRESOLVED: g++.dg/tree-ssa/nothrow-1.C: error executing dg-final: no files matched glob pattern "nothrow-1.C.t??.cfg"
WARNING: g++.old-deja/g++.mike/p10769a.C compilation failed to produce executable
WARNING: g++.old-deja/g++.other/enum5.C compilation failed to produce executable
XPASS: g++.old-deja/g++.other/init5.C execution test
=== g++ Summary for unix/-m32 ===
# of expected passes 10244
# of unexpected failures 3
# of unexpected successes 5
# of expected failures 75
# of unresolved testcases 1
# of unsupported tests 71
Running target unix/-m64
FAIL: g++.dg/expr/cast2.C (test for errors, line 4)
FAIL: g++.dg/other/static11.C (test for excess errors)
FAIL: g++.dg/parse/cast1.C (test for excess errors)
XPASS: g++.dg/rtti/tinfo1.C scan-assembler _ZTIP9CTemplateIhE:
XPASS: g++.dg/rtti/tinfo1.C scan-assembler-not .globl[ \\t]+_ZTIP9CTemplateIhE
XPASS: g++.dg/rtti/tinfo1.C scan-assembler-not .section[^\\n\\r]*_ZTIP9CTemplateIhE[^\\n\\r]*
FAIL: g++.dg/tree-ssa/nothrow-1.C (test for excess errors)
ERROR: g++.dg/tree-ssa/nothrow-1.C: error executing dg-final: no files matched glob pattern "nothrow-1.C.t??.cfg"
UNRESOLVED: g++.dg/tree-ssa/nothrow-1.C: error executing dg-final: no files matched glob pattern "nothrow-1.C.t??.cfg"
WARNING: g++.old-deja/g++.mike/p10769a.C compilation failed to produce executable
FAIL: g++.old-deja/g++.mike/p784.C (test for excess errors)
WARNING: g++.old-deja/g++.other/enum5.C compilation failed to produce executable
XPASS: g++.old-deja/g++.other/init5.C execution test
=== g++ Summary for unix/-m64 ===
# of expected passes 10242
# of unexpected failures 5
# of unexpected successes 4
# of expected failures 76
# of unresolved testcases 1
# of unsupported tests 71
=== g++ Summary ===
# of expected passes 20486
# of unexpected failures 8
# of unexpected successes 9
# of expected failures 151
# of unresolved testcases 2
# of unsupported tests 142
/home/gccbuild/build/nightly/build-gcc-treeprof/gcc/testsuite/../g++ version 4.0.0-tree-profiling 20041022 (experimental)
=== gcc tests ===
Running target unix/-m32
XPASS: gcc.c-torture/compile/pr17529.c -O0 (test for excess errors)
FAIL: gcc.c-torture/execute/ieee/compare-fp-4.c compilation, -O3 -fomit-frame-pointer
UNRESOLVED: gcc.c-torture/execute/ieee/compare-fp-4.c execution, -O3 -fomit-frame-pointer
FAIL: gcc.c-torture/execute/ieee/compare-fp-4.c compilation, -O3 -g
UNRESOLVED: gcc.c-torture/execute/ieee/compare-fp-4.c execution, -O3 -g
FAIL: gcc.dg/compat/vector-2 c_compat_x_tst.o compile
FAIL: gcc.dg/compat/vector-2 c_compat_y_tst.o compile
UNRESOLVED: gcc.dg/compat/vector-2 c_compat_x_tst.o-c_compat_y_tst.o link
UNRESOLVED: gcc.dg/compat/vector-2 c_compat_x_tst.o-c_compat_y_tst.o execute
FAIL: gcc.dg/debug/dwarf2/dwarf-die7.c scan-assembler 1.*DW_AT_inline
FAIL: gcc.dg/c90-const-expr-3.c (test for excess errors)
FAIL: gcc.dg/c99-const-expr-3.c (test for excess errors)
FAIL: gcc.dg/ppc64-abi-1.c execution test
FAIL: gcc.dg/ppc64-abi-2.c (test for excess errors)
WARNING: gcc.dg/ppc64-abi-2.c compilation failed to produce executable
FAIL: gcc.dg/ppc64-abi-3.c (test for errors, line 11)
FAIL: gcc.dg/ppc64-abi-3.c (test for errors, line 26)
FAIL: gcc.dg/ppc64-abi-3.c (test for excess errors)
FAIL: gcc.dg/pr17055-1.c (test for excess errors)
FAIL: gcc.dg/profile-generate-1.c (test for excess errors)
FAIL: gcc.dg/pch/global-1.c -O3 -g assembly comparison
FAIL: gcc.dg/tree-ssa/sra-1.c scan-tree-dump-times link_error 0
FAIL: gcc.dg/tree-ssa/useless-1.c scan-tree-dump-times goto 3
FAIL: gcc.dg/vect/vect-13.c execution test
FAIL: gcc.dg/vect/vect-17.c execution test
FAIL: gcc.dg/vect/vect-18.c execution test
FAIL: gcc.dg/vect/vect-19.c execution test
FAIL: gcc.dg/vect/vect-2.c execution test
FAIL: gcc.dg/vect/vect-20.c execution test
FAIL: gcc.dg/vect/vect-20.c scan-tree-dump-times vectorized 3 loops 1
FAIL: gcc.dg/vect/vect-22.c execution test
FAIL: gcc.dg/vect/vect-25.c execution test
FAIL: gcc.dg/vect/vect-26.c execution test
FAIL: gcc.dg/vect/vect-27.c execution test
FAIL: gcc.dg/vect/vect-27a.c execution test
FAIL: gcc.dg/vect/vect-28.c execution test
FAIL: gcc.dg/vect/vect-29.c execution test
FAIL: gcc.dg/vect/vect-29a.c execution test
FAIL: gcc.dg/vect/vect-3.c execution test
FAIL: gcc.dg/vect/vect-30.c execution test
FAIL: gcc.dg/vect/vect-31.c execution test
FAIL: gcc.dg/vect/vect-32.c execution test
FAIL: gcc.dg/vect/vect-34.c execution test
FAIL: gcc.dg/vect/vect-36.c execution test
FAIL: gcc.dg/vect/vect-37.c execution test
FAIL: gcc.dg/vect/vect-4.c execution test
FAIL: gcc.dg/vect/vect-40.c execution test
FAIL: gcc.dg/vect/vect-42.c execution test
FAIL: gcc.dg/vect/vect-43.c execution test
FAIL: gcc.dg/vect/vect-44.c execution test
FAIL: gcc.dg/vect/vect-46.c execution test
FAIL: gcc.dg/vect/vect-48.c execution test
FAIL: gcc.dg/vect/vect-48a.c execution test
FAIL: gcc.dg/vect/vect-5.c execution test
FAIL: gcc.dg/vect/vect-50.c execution test
FAIL: gcc.dg/vect/vect-52.c execution test
FAIL: gcc.dg/vect/vect-54.c execution test
FAIL: gcc.dg/vect/vect-56.c execution test
FAIL: gcc.dg/vect/vect-56a.c execution test
FAIL: gcc.dg/vect/vect-58.c execution test
FAIL: gcc.dg/vect/vect-6.c execution test
FAIL: gcc.dg/vect/vect-60.c execution test
FAIL: gcc.dg/vect/vect-62.c execution test
FAIL: gcc.dg/vect/vect-64.c execution test
FAIL: gcc.dg/vect/vect-65.c execution test
FAIL: gcc.dg/vect/vect-66.c execution test
FAIL: gcc.dg/vect/vect-68.c execution test
FAIL: gcc.dg/vect/vect-69.c execution test
FAIL: gcc.dg/vect/vect-7.c execution test
FAIL: gcc.dg/vect/vect-72.c execution test
FAIL: gcc.dg/vect/vect-72a.c execution test
FAIL: gcc.dg/vect/vect-73.c execution test
FAIL: gcc.dg/vect/vect-74.c execution test
FAIL: gcc.dg/vect/vect-75.c execution test
FAIL: gcc.dg/vect/vect-76.c execution test
FAIL: gcc.dg/vect/vect-77.c execution test
FAIL: gcc.dg/vect/vect-77a.c execution test
FAIL: gcc.dg/vect/vect-8.c execution test
FAIL: gcc.dg/vect/vect-80.c execution test
FAIL: gcc.dg/vect/vect-all.c execution test
=== gcc Summary for unix/-m32 ===
# of expected passes 31790
# of unexpected failures 74
# of unexpected successes 1
# of expected failures 97
# of unresolved testcases 4
# of untested testcases 28
# of unsupported tests 402
Running target unix/-m64
XPASS: gcc.c-torture/compile/pr17529.c -O0 (test for excess errors)
FAIL: gcc.c-torture/execute/930718-1.c execution, -O2
FAIL: gcc.c-torture/execute/930718-1.c execution, -O3 -fomit-frame-pointer
FAIL: gcc.c-torture/execute/930718-1.c execution, -O3 -g
FAIL: gcc.c-torture/execute/930718-1.c execution, -Os
FAIL: gcc.c-torture/execute/ieee/compare-fp-4.c compilation, -O3 -fomit-frame-pointer
UNRESOLVED: gcc.c-torture/execute/ieee/compare-fp-4.c execution, -O3 -fomit-frame-pointer
FAIL: gcc.c-torture/execute/ieee/compare-fp-4.c compilation, -O3 -g
UNRESOLVED: gcc.c-torture/execute/ieee/compare-fp-4.c execution, -O3 -g
FAIL: gcc.dg/compat/vector-2 c_compat_x_tst.o compile
FAIL: gcc.dg/compat/vector-2 c_compat_y_tst.o compile
UNRESOLVED: gcc.dg/compat/vector-2 c_compat_x_tst.o-c_compat_y_tst.o link
UNRESOLVED: gcc.dg/compat/vector-2 c_compat_x_tst.o-c_compat_y_tst.o execute
FAIL: gcc.dg/debug/dwarf2/dwarf-die7.c scan-assembler 1.*DW_AT_inline
FAIL: gcc.dg/c90-const-expr-3.c (test for excess errors)
FAIL: gcc.dg/c99-const-expr-3.c (test for excess errors)
FAIL: gcc.dg/ppc64-abi-3.c (test for errors, line 11)
FAIL: gcc.dg/ppc64-abi-3.c (test for errors, line 26)
FAIL: gcc.dg/ppc64-abi-3.c (test for excess errors)
FAIL: gcc.dg/profile-generate-1.c (test for excess errors)
FAIL: gcc.dg/pch/global-1.c -O3 -g assembly comparison
FAIL: gcc.dg/tree-ssa/useless-1.c scan-tree-dump-times goto 3
FAIL: gcc.dg/vect/vect-13.c execution test
FAIL: gcc.dg/vect/vect-17.c execution test
FAIL: gcc.dg/vect/vect-18.c execution test
FAIL: gcc.dg/vect/vect-19.c execution test
FAIL: gcc.dg/vect/vect-2.c execution test
FAIL: gcc.dg/vect/vect-20.c execution test
FAIL: gcc.dg/vect/vect-20.c scan-tree-dump-times vectorized 3 loops 1
FAIL: gcc.dg/vect/vect-22.c execution test
FAIL: gcc.dg/vect/vect-25.c execution test
FAIL: gcc.dg/vect/vect-26.c execution test
FAIL: gcc.dg/vect/vect-27.c execution test
FAIL: gcc.dg/vect/vect-27a.c execution test
FAIL: gcc.dg/vect/vect-28.c execution test
FAIL: gcc.dg/vect/vect-29.c execution test
FAIL: gcc.dg/vect/vect-29a.c execution test
FAIL: gcc.dg/vect/vect-3.c execution test
FAIL: gcc.dg/vect/vect-30.c execution test
FAIL: gcc.dg/vect/vect-31.c execution test
FAIL: gcc.dg/vect/vect-32.c execution test
FAIL: gcc.dg/vect/vect-34.c execution test
FAIL: gcc.dg/vect/vect-36.c execution test
FAIL: gcc.dg/vect/vect-4.c execution test
FAIL: gcc.dg/vect/vect-40.c execution test
FAIL: gcc.dg/vect/vect-42.c execution test
FAIL: gcc.dg/vect/vect-43.c execution test
FAIL: gcc.dg/vect/vect-44.c execution test
FAIL: gcc.dg/vect/vect-46.c scan-tree-dump-times vectorized 1 loops 1
FAIL: gcc.dg/vect/vect-48.c execution test
FAIL: gcc.dg/vect/vect-48a.c execution test
FAIL: gcc.dg/vect/vect-5.c execution test
FAIL: gcc.dg/vect/vect-50.c scan-tree-dump-times vectorized 1 loops 1
FAIL: gcc.dg/vect/vect-52.c scan-tree-dump-times vectorized 1 loops 1
FAIL: gcc.dg/vect/vect-54.c execution test
FAIL: gcc.dg/vect/vect-56.c execution test
FAIL: gcc.dg/vect/vect-56a.c execution test
FAIL: gcc.dg/vect/vect-58.c scan-tree-dump-times vectorized 1 loops 1
FAIL: gcc.dg/vect/vect-6.c execution test
FAIL: gcc.dg/vect/vect-60.c scan-tree-dump-times vectorized 1 loops 1
FAIL: gcc.dg/vect/vect-62.c execution test
FAIL: gcc.dg/vect/vect-64.c execution test
FAIL: gcc.dg/vect/vect-65.c execution test
FAIL: gcc.dg/vect/vect-66.c execution test
FAIL: gcc.dg/vect/vect-68.c execution test
FAIL: gcc.dg/vect/vect-69.c execution test
FAIL: gcc.dg/vect/vect-7.c execution test
FAIL: gcc.dg/vect/vect-72.c execution test
FAIL: gcc.dg/vect/vect-72a.c execution test
FAIL: gcc.dg/vect/vect-73.c execution test
FAIL: gcc.dg/vect/vect-74.c execution test
FAIL: gcc.dg/vect/vect-75.c execution test
FAIL: gcc.dg/vect/vect-76.c execution test
FAIL: gcc.dg/vect/vect-77.c scan-tree-dump-times vectorized 1 loops 1
FAIL: gcc.dg/vect/vect-77a.c scan-tree-dump-times vectorized 1 loops 1
FAIL: gcc.dg/vect/vect-8.c execution test
FAIL: gcc.dg/vect/vect-80.c execution test
FAIL: gcc.dg/vect/vect-all.c execution test
FAIL: linkage.c
=== gcc Summary for unix/-m64 ===
# of expected passes 31791
# of unexpected failures 74
# of unexpected successes 1
# of expected failures 97
# of unresolved testcases 4
# of untested testcases 28
# of unsupported tests 402
=== gcc Summary ===
# of expected passes 63581
# of unexpected failures 148
# of unexpected successes 2
# of expected failures 194
# of unresolved testcases 8
# of untested testcases 56
# of unsupported tests 804
/home/gccbuild/build/nightly/build-gcc-treeprof/gcc/xgcc version 4.0.0-tree-profiling 20041022 (experimental)
=== gfortran tests ===
Running target unix/-m32
XPASS: gfortran.dg/ret_pointer_1.f90 -O0 execution test
XPASS: gfortran.dg/ret_pointer_1.f90 -O1 execution test
XPASS: gfortran.dg/ret_pointer_1.f90 -O2 execution test
XPASS: gfortran.dg/ret_pointer_1.f90 -O3 -fomit-frame-pointer execution test
XPASS: gfortran.dg/ret_pointer_1.f90 -O3 -fomit-frame-pointer -funroll-loops execution test
XPASS: gfortran.dg/ret_pointer_1.f90 -O3 -fomit-frame-pointer -funroll-all-loops -finline-functions execution test
XPASS: gfortran.dg/ret_pointer_1.f90 -O3 -g execution test
XPASS: gfortran.dg/ret_pointer_1.f90 -Os execution test
FAIL: gfortran.fortran-torture/execute/emptyif.f90 compilation, -O1
FAIL: gfortran.fortran-torture/execute/emptyif.f90 compilation, -O2
FAIL: gfortran.fortran-torture/execute/emptyif.f90 compilation, -O3 -fomit-frame-pointer
FAIL: gfortran.fortran-torture/execute/emptyif.f90 compilation, -O3 -fomit-frame-pointer -funroll-loops
FAIL: gfortran.fortran-torture/execute/emptyif.f90 compilation, -O3 -fomit-frame-pointer -funroll-all-loops -finline-functions
FAIL: gfortran.fortran-torture/execute/emptyif.f90 compilation, -O3 -g
FAIL: gfortran.fortran-torture/execute/emptyif.f90 compilation, -Os
FAIL: gfortran.fortran-torture/execute/forall_3.f90 execution, -O1
FAIL: gfortran.fortran-torture/execute/forall_3.f90 execution, -O2
FAIL: gfortran.fortran-torture/execute/forall_3.f90 execution, -O3 -fomit-frame-pointer
FAIL: gfortran.fortran-torture/execute/forall_3.f90 execution, -O3 -fomit-frame-pointer -funroll-loops
FAIL: gfortran.fortran-torture/execute/forall_3.f90 execution, -O3 -fomit-frame-pointer -funroll-all-loops -finline-functions
FAIL: gfortran.fortran-torture/execute/forall_3.f90 execution, -O3 -g
FAIL: gfortran.fortran-torture/execute/forall_3.f90 execution, -Os
FAIL: gfortran.fortran-torture/execute/intrinsic_set_exponent.f90 execution, -O0
FAIL: gfortran.fortran-torture/execute/intrinsic_set_exponent.f90 execution, -O1
FAIL: gfortran.fortran-torture/execute/intrinsic_set_exponent.f90 execution, -O2
FAIL: gfortran.fortran-torture/execute/intrinsic_set_exponent.f90 execution, -O3 -fomit-frame-pointer
FAIL: gfortran.fortran-torture/execute/intrinsic_set_exponent.f90 execution, -O3 -fomit-frame-pointer -funroll-loops
FAIL: gfortran.fortran-torture/execute/intrinsic_set_exponent.f90 execution, -O3 -fomit-frame-pointer -funroll-all-loops -finline-functions
FAIL: gfortran.fortran-torture/execute/intrinsic_set_exponent.f90 execution, -O3 -g
FAIL: gfortran.fortran-torture/execute/intrinsic_set_exponent.f90 execution, -Os
=== gfortran Summary for unix/-m32 ===
# of expected passes 4610
# of unexpected failures 22
# of unexpected successes 8
# of expected failures 19
# of untested testcases 7
# of unsupported tests 8
Running target unix/-m64
FAIL: gfortran.dg/der_array_1.f90 -O0 execution test
FAIL: gfortran.dg/der_array_1.f90 -O1 execution test
FAIL: gfortran.dg/der_array_1.f90 -O2 execution test
FAIL: gfortran.dg/der_array_1.f90 -O3 -fomit-frame-pointer execution test
FAIL: gfortran.dg/der_array_1.f90 -O3 -fomit-frame-pointer -funroll-loops execution test
FAIL: gfortran.dg/der_array_1.f90 -O3 -fomit-frame-pointer -funroll-all-loops -finline-functions execution test
FAIL: gfortran.dg/der_array_1.f90 -O3 -g execution test
FAIL: gfortran.dg/der_array_1.f90 -Os execution test
FAIL: gfortran.dg/func_derived_1.f90 -O0 execution test
FAIL: gfortran.dg/func_derived_1.f90 -O1 execution test
FAIL: gfortran.dg/func_derived_1.f90 -O2 execution test
FAIL: gfortran.dg/func_derived_1.f90 -O3 -fomit-frame-pointer execution test
FAIL: gfortran.dg/func_derived_1.f90 -O3 -fomit-frame-pointer -funroll-loops execution test
FAIL: gfortran.dg/func_derived_1.f90 -O3 -fomit-frame-pointer -funroll-all-loops -finline-functions execution test
FAIL: gfortran.dg/func_derived_1.f90 -O3 -g execution test
FAIL: gfortran.dg/func_derived_1.f90 -Os execution test
XPASS: gfortran.dg/ret_pointer_1.f90 -O0 execution test
XPASS: gfortran.dg/ret_pointer_1.f90 -O1 execution test
XPASS: gfortran.dg/ret_pointer_1.f90 -O2 execution test
XPASS: gfortran.dg/ret_pointer_1.f90 -O3 -fomit-frame-pointer execution test
XPASS: gfortran.dg/ret_pointer_1.f90 -O3 -fomit-frame-pointer -funroll-loops execution test
XPASS: gfortran.dg/ret_pointer_1.f90 -O3 -fomit-frame-pointer -funroll-all-loops -finline-functions execution test
XPASS: gfortran.dg/ret_pointer_1.f90 -O3 -g execution test
XPASS: gfortran.dg/ret_pointer_1.f90 -Os execution test
FAIL: gfortran.dg/g77/cabs.f -O0 execution test
FAIL: gfortran.dg/g77/cabs.f -O1 execution test
FAIL: gfortran.dg/g77/cabs.f -O2 execution test
FAIL: gfortran.dg/g77/cabs.f -O3 -fomit-frame-pointer execution test
FAIL: gfortran.dg/g77/cabs.f -O3 -fomit-frame-pointer -funroll-loops execution test
FAIL: gfortran.dg/g77/cabs.f -O3 -fomit-frame-pointer -funroll-all-loops -finline-functions execution test
FAIL: gfortran.dg/g77/cabs.f -O3 -g execution test
FAIL: gfortran.dg/g77/cabs.f -Os execution test
FAIL: gfortran.fortran-torture/execute/direct_io.f90 execution, -O0
FAIL: gfortran.fortran-torture/execute/direct_io.f90 execution, -O1
FAIL: gfortran.fortran-torture/execute/direct_io.f90 execution, -O2
FAIL: gfortran.fortran-torture/execute/direct_io.f90 execution, -O3 -fomit-frame-pointer
FAIL: gfortran.fortran-torture/execute/direct_io.f90 execution, -O3 -fomit-frame-pointer -funroll-loops
FAIL: gfortran.fortran-torture/execute/direct_io.f90 execution, -O3 -fomit-frame-pointer -funroll-all-loops -finline-functions
FAIL: gfortran.fortran-torture/execute/direct_io.f90 execution, -O3 -g
FAIL: gfortran.fortran-torture/execute/direct_io.f90 execution, -Os
FAIL: gfortran.fortran-torture/execute/emptyif.f90 compilation, -O1
FAIL: gfortran.fortran-torture/execute/emptyif.f90 compilation, -O2
FAIL: gfortran.fortran-torture/execute/emptyif.f90 compilation, -O3 -fomit-frame-pointer
FAIL: gfortran.fortran-torture/execute/emptyif.f90 compilation, -O3 -fomit-frame-pointer -funroll-loops
FAIL: gfortran.fortran-torture/execute/emptyif.f90 compilation, -O3 -fomit-frame-pointer -funroll-all-loops -finline-functions
FAIL: gfortran.fortran-torture/execute/emptyif.f90 compilation, -O3 -g
FAIL: gfortran.fortran-torture/execute/emptyif.f90 compilation, -Os
FAIL: gfortran.fortran-torture/execute/forall_3.f90 execution, -O0
FAIL: gfortran.fortran-torture/execute/forall_3.f90 execution, -O1
FAIL: gfortran.fortran-torture/execute/forall_3.f90 execution, -O2
FAIL: gfortran.fortran-torture/execute/forall_3.f90 execution, -O3 -fomit-frame-pointer
FAIL: gfortran.fortran-torture/execute/forall_3.f90 execution, -O3 -fomit-frame-pointer -funroll-loops
FAIL: gfortran.fortran-torture/execute/forall_3.f90 execution, -O3 -fomit-frame-pointer -funroll-all-loops -finline-functions
FAIL: gfortran.fortran-torture/execute/forall_3.f90 execution, -O3 -g
FAIL: gfortran.fortran-torture/execute/forall_3.f90 execution, -Os
FAIL: gfortran.fortran-torture/execute/inquire_3.f90 execution, -O0
FAIL: gfortran.fortran-torture/execute/inquire_3.f90 execution, -O1
FAIL: gfortran.fortran-torture/execute/inquire_3.f90 execution, -O2
FAIL: gfortran.fortran-torture/execute/inquire_3.f90 execution, -O3 -fomit-frame-pointer
FAIL: gfortran.fortran-torture/execute/inquire_3.f90 execution, -O3 -fomit-frame-pointer -funroll-loops
FAIL: gfortran.fortran-torture/execute/inquire_3.f90 execution, -O3 -fomit-frame-pointer -funroll-all-loops -finline-functions
FAIL: gfortran.fortran-torture/execute/inquire_3.f90 execution, -O3 -g
FAIL: gfortran.fortran-torture/execute/inquire_3.f90 execution, -Os
FAIL: gfortran.fortran-torture/execute/inquire_4.f90 execution, -O0
FAIL: gfortran.fortran-torture/execute/inquire_4.f90 execution, -O1
FAIL: gfortran.fortran-torture/execute/inquire_4.f90 execution, -O2
FAIL: gfortran.fortran-torture/execute/inquire_4.f90 execution, -O3 -fomit-frame-pointer
FAIL: gfortran.fortran-torture/execute/inquire_4.f90 execution, -O3 -fomit-frame-pointer -funroll-loops
FAIL: gfortran.fortran-torture/execute/inquire_4.f90 execution, -O3 -fomit-frame-pointer -funroll-all-loops -finline-functions
FAIL: gfortran.fortran-torture/execute/inquire_4.f90 execution, -O3 -g
FAIL: gfortran.fortran-torture/execute/inquire_4.f90 execution, -Os
FAIL: gfortran.fortran-torture/execute/intrinsic_abs.f90 execution, -O0
FAIL: gfortran.fortran-torture/execute/intrinsic_abs.f90 execution, -O1
FAIL: gfortran.fortran-torture/execute/intrinsic_abs.f90 execution, -O2
FAIL: gfortran.fortran-torture/execute/intrinsic_abs.f90 execution, -O3 -fomit-frame-pointer
FAIL: gfortran.fortran-torture/execute/intrinsic_abs.f90 execution, -O3 -fomit-frame-pointer -funroll-loops
FAIL: gfortran.fortran-torture/execute/intrinsic_abs.f90 execution, -O3 -fomit-frame-pointer -funroll-all-loops -finline-functions
FAIL: gfortran.fortran-torture/execute/intrinsic_abs.f90 execution, -O3 -g
FAIL: gfortran.fortran-torture/execute/intrinsic_abs.f90 execution, -Os
FAIL: gfortran.fortran-torture/execute/intrinsic_pack.f90 execution, -O0
FAIL: gfortran.fortran-torture/execute/intrinsic_pack.f90 execution, -O1
FAIL: gfortran.fortran-torture/execute/intrinsic_pack.f90 execution, -O2
FAIL: gfortran.fortran-torture/execute/intrinsic_pack.f90 execution, -O3 -fomit-frame-pointer
FAIL: gfortran.fortran-torture/execute/intrinsic_pack.f90 execution, -O3 -fomit-frame-pointer -funroll-loops
FAIL: gfortran.fortran-torture/execute/intrinsic_pack.f90 execution, -O3 -fomit-frame-pointer -funroll-all-loops -finline-functions
FAIL: gfortran.fortran-torture/execute/intrinsic_pack.f90 execution, -O3 -g
FAIL: gfortran.fortran-torture/execute/intrinsic_pack.f90 execution, -Os
FAIL: gfortran.fortran-torture/execute/power.f90 execution, -O0
FAIL: gfortran.fortran-torture/execute/power.f90 execution, -O1
FAIL: gfortran.fortran-torture/execute/power.f90 execution, -O2
FAIL: gfortran.fortran-torture/execute/power.f90 execution, -O3 -fomit-frame-pointer
FAIL: gfortran.fortran-torture/execute/power.f90 execution, -O3 -fomit-frame-pointer -funroll-loops
FAIL: gfortran.fortran-torture/execute/power.f90 execution, -O3 -fomit-frame-pointer -funroll-all-loops -finline-functions
FAIL: gfortran.fortran-torture/execute/power.f90 execution, -O3 -g
FAIL: gfortran.fortran-torture/execute/power.f90 execution, -Os
=== gfortran Summary for unix/-m64 ===
# of expected passes 4545
# of unexpected failures 87
# of unexpected successes 8
# of expected failures 19
# of untested testcases 7
# of unsupported tests 8
=== gfortran Summary ===
# of expected passes 9155
# of unexpected failures 109
# of unexpected successes 16
# of expected failures 38
# of untested testcases 14
# of unsupported tests 16
/home/gccbuild/build/nightly/build-gcc-treeprof/gcc/testsuite/../gfortran version 4.0.0-tree-profiling 20041022 (experimental)
=== objc tests ===
Running target unix/-m32
=== objc Summary for unix/-m32 ===
# of expected passes 1424
# of unsupported tests 8
Running target unix/-m64
=== objc Summary for unix/-m64 ===
# of expected passes 1424
# of unsupported tests 8
=== objc Summary ===
# of expected passes 2848
# of unsupported tests 16
/home/gccbuild/build/nightly/build-gcc-treeprof/gcc/xgcc version 4.0.0-tree-profiling 20041022 (experimental)
=== libffi tests ===
Running target unix/-m32
FAIL: libffi.call/cls_align_longdouble.c (test for excess errors)
WARNING: libffi.call/cls_align_longdouble.c compilation failed to produce executable
FAIL: libffi.call/float.c (test for excess errors)
WARNING: libffi.call/float.c compilation failed to produce executable
FAIL: libffi.call/float2.c (test for excess errors)
WARNING: libffi.call/float2.c compilation failed to produce executable
FAIL: libffi.call/float3.c (test for excess errors)
WARNING: libffi.call/float3.c compilation failed to produce executable
=== libffi Summary for unix/-m32 ===
# of expected passes 207
# of unexpected failures 4
# of unsupported tests 2
Running target unix/-m64
FAIL: libffi.call/float.c (test for excess errors)
WARNING: libffi.call/float.c compilation failed to produce executable
FAIL: libffi.call/float2.c (test for excess errors)
WARNING: libffi.call/float2.c compilation failed to produce executable
FAIL: libffi.call/float3.c (test for excess errors)
WARNING: libffi.call/float3.c compilation failed to produce executable
=== libffi Summary for unix/-m64 ===
# of expected passes 210
# of unexpected failures 3
# of unsupported tests 2
=== libffi Summary ===
# of expected passes 417
# of unexpected failures 7
# of unsupported tests 4
=== libjava tests ===
Running target unix/-m32
FAIL: md5test output - source compiled test
FAIL: md5test output - gij test
FAIL: md5test output - bytecode->native test
FAIL: md5test -O3 output - source compiled test
FAIL: md5test output - gij test
FAIL: md5test -O3 output - bytecode->native test
FAIL: shatest output - source compiled test
FAIL: shatest output - gij test
FAIL: shatest output - bytecode->native test
FAIL: shatest -O3 output - source compiled test
FAIL: shatest output - gij test
FAIL: shatest -O3 output - bytecode->native test
=== libjava Summary for unix/-m32 ===
# of expected passes 3637
# of unexpected failures 12
# of expected failures 14
# of untested testcases 16
Running target unix/-m64
FAIL: md5test output - source compiled test
FAIL: md5test output - gij test
FAIL: md5test output - bytecode->native test
FAIL: md5test -O3 output - source compiled test
FAIL: md5test output - gij test
FAIL: md5test -O3 output - bytecode->native test
FAIL: shatest output - source compiled test
FAIL: shatest output - gij test
FAIL: shatest output - bytecode->native test
FAIL: shatest -O3 output - source compiled test
FAIL: shatest output - gij test
FAIL: shatest -O3 output - bytecode->native test
=== libjava Summary for unix/-m64 ===
# of expected passes 3637
# of unexpected failures 12
# of expected failures 14
# of untested testcases 16
=== libjava Summary ===
# of expected passes 7274
# of unexpected failures 24
# of expected failures 28
# of untested testcases 32
=== libmudflap tests ===
Running target unix/-m32
FAIL: libmudflap.c/fail1-frag.c output pattern test
FAIL: libmudflap.c/fail10-frag.c output pattern test
FAIL: libmudflap.c/fail13-frag.c output pattern test
FAIL: libmudflap.c/fail14-frag.c output pattern test
FAIL: libmudflap.c/fail15-frag.c output pattern test
FAIL: libmudflap.c/fail2-frag.c output pattern test
FAIL: libmudflap.c/fail27-frag.c output pattern test
FAIL: libmudflap.c/fail3-frag.c output pattern test
FAIL: libmudflap.c/fail4-frag.c output pattern test
FAIL: libmudflap.c/fail5-frag.c output pattern test
FAIL: libmudflap.c/pass10-frag.c execution test
FAIL: libmudflap.c/pass14-frag.c execution test
FAIL: libmudflap.c/pass15-frag.c execution test
FAIL: libmudflap.c/pass18-frag.c execution test
FAIL: libmudflap.c/pass26-frag.c execution test
FAIL: libmudflap.c/pass33-frag.c execution test
FAIL: libmudflap.c/pass4-frag.c execution test
FAIL: libmudflap.c/pass48-frag.c execution test
FAIL: libmudflap.c/pass5-frag.c execution test
FAIL: libmudflap.c/pass52-frag.c execution test
FAIL: libmudflap.c/fail1-frag.c (-static) output pattern test
FAIL: libmudflap.c/fail10-frag.c (-static) output pattern test
FAIL: libmudflap.c/fail13-frag.c (-static) output pattern test
FAIL: libmudflap.c/fail14-frag.c (-static) output pattern test
FAIL: libmudflap.c/fail15-frag.c (-static) output pattern test
FAIL: libmudflap.c/fail2-frag.c (-static) output pattern test
FAIL: libmudflap.c/fail27-frag.c (-static) output pattern test
FAIL: libmudflap.c/fail3-frag.c (-static) output pattern test
FAIL: libmudflap.c/fail4-frag.c (-static) output pattern test
FAIL: libmudflap.c/fail5-frag.c (-static) output pattern test
FAIL: libmudflap.c/pass10-frag.c (-static) execution test
FAIL: libmudflap.c/pass14-frag.c (-static) execution test
FAIL: libmudflap.c/pass15-frag.c (-static) execution test
FAIL: libmudflap.c/pass18-frag.c (-static) execution test
FAIL: libmudflap.c/pass26-frag.c (-static) execution test
FAIL: libmudflap.c/pass33-frag.c (-static) execution test
FAIL: libmudflap.c/pass4-frag.c (-static) execution test
FAIL: libmudflap.c/pass48-frag.c (-static) execution test
FAIL: libmudflap.c/pass5-frag.c (-static) execution test
FAIL: libmudflap.c/pass52-frag.c (-static) execution test
FAIL: libmudflap.c/fail1-frag.c (-O2) output pattern test
FAIL: libmudflap.c/fail10-frag.c (-O2) output pattern test
FAIL: libmudflap.c/fail13-frag.c (-O2) output pattern test
FAIL: libmudflap.c/fail14-frag.c (-O2) output pattern test
FAIL: libmudflap.c/fail15-frag.c (-O2) output pattern test
FAIL: libmudflap.c/fail2-frag.c (-O2) output pattern test
FAIL: libmudflap.c/fail27-frag.c (-O2) output pattern test
FAIL: libmudflap.c/fail3-frag.c (-O2) output pattern test
FAIL: libmudflap.c/fail4-frag.c (-O2) output pattern test
FAIL: libmudflap.c/fail5-frag.c (-O2) output pattern test
FAIL: libmudflap.c/pass10-frag.c (-O2) execution test
FAIL: libmudflap.c/pass4-frag.c (-O2) execution test
FAIL: libmudflap.c/pass5-frag.c (-O2) execution test
FAIL: libmudflap.c/pass52-frag.c (-O2) execution test
FAIL: libmudflap.c/fail1-frag.c (-O3) output pattern test
FAIL: libmudflap.c/fail10-frag.c (-O3) output pattern test
FAIL: libmudflap.c/fail13-frag.c (-O3) output pattern test
FAIL: libmudflap.c/fail14-frag.c (-O3) output pattern test
FAIL: libmudflap.c/fail15-frag.c (-O3) output pattern test
FAIL: libmudflap.c/fail2-frag.c (-O3) output pattern test
FAIL: libmudflap.c/fail27-frag.c (-O3) output pattern test
FAIL: libmudflap.c/fail3-frag.c (-O3) output pattern test
FAIL: libmudflap.c/fail4-frag.c (-O3) output pattern test
FAIL: libmudflap.c/fail5-frag.c (-O3) output pattern test
FAIL: libmudflap.c/pass10-frag.c (-O3) execution test
FAIL: libmudflap.c/pass4-frag.c (-O3) execution test
FAIL: libmudflap.c/pass5-frag.c (-O3) execution test
FAIL: libmudflap.c/pass52-frag.c (-O3) execution test
WARNING: program timed out.
FAIL: libmudflap.cth/pass39-frag.c (-static -DSTATIC) (rerun 2) execution test
WARNING: program timed out.
FAIL: libmudflap.cth/pass39-frag.c (-static -DSTATIC) (rerun 13) execution test
FAIL: libmudflap.cth/pass39-frag.c (-static -DSTATIC) (rerun 13) output pattern test
WARNING: program timed out.
FAIL: libmudflap.cth/pass39-frag.c (-static -DSTATIC) (rerun 15) execution test
FAIL: libmudflap.cth/pass39-frag.c (-static -DSTATIC) (rerun 15) output pattern test
WARNING: program timed out.
FAIL: libmudflap.cth/pass39-frag.c (-static -DSTATIC) (rerun 16) execution test
FAIL: libmudflap.cth/pass39-frag.c (-static -DSTATIC) (rerun 16) output pattern test
WARNING: program timed out.
FAIL: libmudflap.cth/pass39-frag.c (-static -DSTATIC) (rerun 18) execution test
FAIL: libmudflap.cth/pass39-frag.c (-static -DSTATIC) (rerun 18) output pattern test
WARNING: program timed out.
FAIL: libmudflap.cth/pass37-frag.c (-O2) (rerun 11) execution test
WARNING: program timed out.
FAIL: libmudflap.cth/pass39-frag.c (-O2) (rerun 6) execution test
FAIL: libmudflap.cth/pass39-frag.c (-O2) (rerun 6) output pattern test
WARNING: program timed out.
FAIL: libmudflap.cth/pass39-frag.c (-O2) (rerun 9) execution test
FAIL: libmudflap.cth/pass39-frag.c (-O2) (rerun 9) output pattern test
WARNING: program timed out.
FAIL: libmudflap.cth/pass39-frag.c (-O3) (rerun 1) execution test
FAIL: libmudflap.cth/pass39-frag.c (-O3) (rerun 1) output pattern test
WARNING: program timed out.
FAIL: libmudflap.cth/pass39-frag.c (-O3) (rerun 2) execution test
WARNING: program timed out.
FAIL: libmudflap.cth/pass39-frag.c (-O3) (rerun 4) execution test
FAIL: libmudflap.cth/pass39-frag.c (-O3) (rerun 4) output pattern test
WARNING: program timed out.
FAIL: libmudflap.cth/pass39-frag.c (-O3) (rerun 5) execution test
FAIL: libmudflap.cth/pass39-frag.c (-O3) (rerun 5) output pattern test
WARNING: program timed out.
FAIL: libmudflap.cth/pass39-frag.c (-O3) (rerun 15) execution test
FAIL: libmudflap.cth/pass39-frag.c (-O3) (rerun 15) output pattern test
=== libmudflap Summary for unix/-m32 ===
# of expected passes 1125
# of unexpected failures 91
Running target unix/-m64
FAIL: libmudflap.c/fail1-frag.c output pattern test
FAIL: libmudflap.c/fail10-frag.c output pattern test
FAIL: libmudflap.c/fail13-frag.c output pattern test
FAIL: libmudflap.c/fail14-frag.c output pattern test
FAIL: libmudflap.c/fail15-frag.c output pattern test
FAIL: libmudflap.c/fail2-frag.c output pattern test
FAIL: libmudflap.c/fail27-frag.c output pattern test
FAIL: libmudflap.c/fail3-frag.c output pattern test
FAIL: libmudflap.c/fail4-frag.c output pattern test
FAIL: libmudflap.c/fail5-frag.c output pattern test
FAIL: libmudflap.c/pass10-frag.c execution test
FAIL: libmudflap.c/pass14-frag.c execution test
FAIL: libmudflap.c/pass15-frag.c execution test
FAIL: libmudflap.c/pass18-frag.c execution test
FAIL: libmudflap.c/pass26-frag.c execution test
FAIL: libmudflap.c/pass33-frag.c execution test
FAIL: libmudflap.c/pass4-frag.c execution test
FAIL: libmudflap.c/pass48-frag.c execution test
FAIL: libmudflap.c/pass5-frag.c execution test
FAIL: libmudflap.c/pass52-frag.c execution test
FAIL: libmudflap.c/fail1-frag.c (-static) output pattern test
FAIL: libmudflap.c/fail10-frag.c (-static) output pattern test
FAIL: libmudflap.c/fail13-frag.c (-static) output pattern test
FAIL: libmudflap.c/fail14-frag.c (-static) output pattern test
FAIL: libmudflap.c/fail15-frag.c (-static) output pattern test
FAIL: libmudflap.c/fail2-frag.c (-static) output pattern test
FAIL: libmudflap.c/fail27-frag.c (-static) output pattern test
FAIL: libmudflap.c/fail3-frag.c (-static) output pattern test
FAIL: libmudflap.c/fail4-frag.c (-static) output pattern test
FAIL: libmudflap.c/fail5-frag.c (-static) output pattern test
FAIL: libmudflap.c/pass10-frag.c (-static) execution test
FAIL: libmudflap.c/pass14-frag.c (-static) execution test
FAIL: libmudflap.c/pass15-frag.c (-static) execution test
FAIL: libmudflap.c/pass18-frag.c (-static) execution test
FAIL: libmudflap.c/pass26-frag.c (-static) execution test
FAIL: libmudflap.c/pass33-frag.c (-static) execution test
FAIL: libmudflap.c/pass4-frag.c (-static) execution test
FAIL: libmudflap.c/pass48-frag.c (-static) execution test
FAIL: libmudflap.c/pass5-frag.c (-static) execution test
FAIL: libmudflap.c/pass52-frag.c (-static) execution test
FAIL: libmudflap.c/fail1-frag.c (-O2) output pattern test
FAIL: libmudflap.c/fail10-frag.c (-O2) output pattern test
FAIL: libmudflap.c/fail13-frag.c (-O2) output pattern test
FAIL: libmudflap.c/fail14-frag.c (-O2) output pattern test
FAIL: libmudflap.c/fail15-frag.c (-O2) output pattern test
FAIL: libmudflap.c/fail2-frag.c (-O2) output pattern test
FAIL: libmudflap.c/fail27-frag.c (-O2) output pattern test
FAIL: libmudflap.c/fail3-frag.c (-O2) output pattern test
FAIL: libmudflap.c/fail4-frag.c (-O2) output pattern test
FAIL: libmudflap.c/fail5-frag.c (-O2) output pattern test
FAIL: libmudflap.c/pass10-frag.c (-O2) execution test
FAIL: libmudflap.c/pass4-frag.c (-O2) execution test
FAIL: libmudflap.c/pass5-frag.c (-O2) execution test
FAIL: libmudflap.c/pass52-frag.c (-O2) execution test
FAIL: libmudflap.c/fail1-frag.c (-O3) output pattern test
FAIL: libmudflap.c/fail10-frag.c (-O3) output pattern test
FAIL: libmudflap.c/fail13-frag.c (-O3) output pattern test
FAIL: libmudflap.c/fail14-frag.c (-O3) output pattern test
FAIL: libmudflap.c/fail15-frag.c (-O3) output pattern test
FAIL: libmudflap.c/fail2-frag.c (-O3) output pattern test
FAIL: libmudflap.c/fail27-frag.c (-O3) output pattern test
FAIL: libmudflap.c/fail3-frag.c (-O3) output pattern test
FAIL: libmudflap.c/fail4-frag.c (-O3) output pattern test
FAIL: libmudflap.c/fail5-frag.c (-O3) output pattern test
FAIL: libmudflap.c/pass10-frag.c (-O3) execution test
FAIL: libmudflap.c/pass4-frag.c (-O3) execution test
FAIL: libmudflap.c/pass5-frag.c (-O3) execution test
FAIL: libmudflap.c/pass52-frag.c (-O3) execution test
WARNING: program timed out.
FAIL: libmudflap.cth/pass39-frag.c (rerun 11) execution test
WARNING: program timed out.
FAIL: libmudflap.cth/pass39-frag.c (rerun 15) execution test
FAIL: libmudflap.cth/pass39-frag.c (rerun 15) output pattern test
WARNING: program timed out.
FAIL: libmudflap.cth/pass39-frag.c (rerun 17) execution test
FAIL: libmudflap.cth/pass39-frag.c (rerun 17) output pattern test
WARNING: program timed out.
FAIL: libmudflap.cth/pass39-frag.c (rerun 19) execution test
FAIL: libmudflap.cth/pass39-frag.c (rerun 19) output pattern test
WARNING: program timed out.
FAIL: libmudflap.cth/pass37-frag.c (-O2) execution test
FAIL: libmudflap.cth/pass37-frag.c (-O2) output pattern test
WARNING: program timed out.
FAIL: libmudflap.cth/pass37-frag.c (-O3) (rerun 2) execution test
FAIL: libmudflap.cth/pass37-frag.c (-O3) (rerun 2) output pattern test
WARNING: program timed out.
FAIL: libmudflap.cth/pass37-frag.c (-O3) (rerun 15) execution test
WARNING: program timed out.
FAIL: libmudflap.cth/pass39-frag.c (-O3) (rerun 5) execution test
FAIL: libmudflap.cth/pass39-frag.c (-O3) (rerun 5) output pattern test
=== libmudflap Summary for unix/-m64 ===
# of expected passes 1134
# of unexpected failures 82
=== libmudflap Summary ===
# of expected passes 2259
# of unexpected failures 173
=== libstdc++-v3 check-abi Summary ===
# of added symbols: 53
# of missing symbols: 0
# of incompatible symbols: 0
using: /home/gccbuild/gcc_treeprof_anoncvs/gcc/libstdc++-v3/config/abi/powerpc-linux-gnu/baseline_symbols.txt
=== libstdc++ tests ===
Running target unix/-m32
FAIL: 21_strings/basic_string/append/wchar_t/1.cc execution test
FAIL: 21_strings/basic_string/element_access/wchar_t/2.cc execution test
FAIL: 21_strings/basic_string/element_access/wchar_t/3.cc execution test
FAIL: 21_strings/basic_string/insert/wchar_t/1.cc execution test
FAIL: 21_strings/basic_string/replace/wchar_t/1.cc execution test
FAIL: 21_strings/basic_string/replace/wchar_t/2.cc execution test
FAIL: 21_strings/basic_string/replace/wchar_t/3.cc execution test
FAIL: 21_strings/basic_string/replace/wchar_t/4.cc execution test
XPASS: 22_locale/locale/cons/12658_thread-1.cc execution test
FAIL: 22_locale/money_put/put/wchar_t/4.cc execution test
FAIL: 22_locale/money_put/put/wchar_t/wrapped_env.cc execution test
FAIL: 22_locale/money_put/put/wchar_t/wrapped_locale.cc execution test
FAIL: 22_locale/num_put/put/wchar_t/4.cc execution test
FAIL: 22_locale/num_put/put/wchar_t/wrapped_env.cc execution test
FAIL: 22_locale/num_put/put/wchar_t/wrapped_locale.cc execution test
FAIL: 22_locale/time_put/put/wchar_t/10.cc execution test
FAIL: 22_locale/time_put/put/wchar_t/9.cc execution test
FAIL: 22_locale/time_put/put/wchar_t/wrapped_env.cc execution test
FAIL: 22_locale/time_put/put/wchar_t/wrapped_locale.cc execution test
FAIL: 23_containers/deque/invalidation/2.cc (test for excess errors)
WARNING: 23_containers/deque/invalidation/2.cc compilation failed to produce executable
FAIL: 23_containers/list/explicit_instantiation.cc (test for excess errors)
FAIL: 23_containers/list/invalidation/1.cc (test for excess errors)
WARNING: 23_containers/list/invalidation/1.cc compilation failed to produce executable
FAIL: 23_containers/list/invalidation/2.cc (test for excess errors)
WARNING: 23_containers/list/invalidation/2.cc compilation failed to produce executable
FAIL: 23_containers/list/invalidation/3.cc (test for excess errors)
WARNING: 23_containers/list/invalidation/3.cc compilation failed to produce executable
FAIL: 23_containers/map/invalidation/1.cc (test for excess errors)
WARNING: 23_containers/map/invalidation/1.cc compilation failed to produce executable
FAIL: 23_containers/multiset/invalidation/1.cc (test for excess errors)
WARNING: 23_containers/multiset/invalidation/1.cc compilation failed to produce executable
FAIL: 23_containers/vector/invalidation/2.cc (test for excess errors)
WARNING: 23_containers/vector/invalidation/2.cc compilation failed to produce executable
XPASS: 26_numerics/cmath/c99_classification_macros_c.cc (test for excess errors)
FAIL: 27_io/basic_ostringstream/cons/wchar_t/3.cc execution test
FAIL: ext/array_allocator/2.cc execution test
FAIL: ext/slist/instantiate.cc (test for excess errors)
=== libstdc++ Summary for unix/-m32 ===
# of expected passes 2960
# of unexpected failures 29
# of unexpected successes 2
# of expected failures 5
Running target unix/-m64
FAIL: 21_strings/basic_string/append/wchar_t/1.cc execution test
FAIL: 21_strings/basic_string/element_access/wchar_t/2.cc execution test
FAIL: 21_strings/basic_string/element_access/wchar_t/3.cc execution test
FAIL: 21_strings/basic_string/insert/wchar_t/1.cc execution test
FAIL: 21_strings/basic_string/replace/wchar_t/1.cc execution test
FAIL: 21_strings/basic_string/replace/wchar_t/2.cc execution test
FAIL: 21_strings/basic_string/replace/wchar_t/3.cc execution test
FAIL: 21_strings/basic_string/replace/wchar_t/4.cc execution test
FAIL: 21_strings/char_traits/requirements/wchar_t/1.cc execution test
FAIL: 22_locale/messages/members/char/1.cc execution test
FAIL: 22_locale/messages/members/char/2.cc execution test
FAIL: 22_locale/messages/members/char/wrapped_env.cc execution test
FAIL: 22_locale/messages/members/char/wrapped_locale.cc execution test
FAIL: 22_locale/messages_byname/named_equivalence.cc execution test
FAIL: 22_locale/money_put/put/wchar_t/4.cc execution test
FAIL: 22_locale/money_put/put/wchar_t/wrapped_env.cc execution test
FAIL: 22_locale/money_put/put/wchar_t/wrapped_locale.cc execution test
FAIL: 22_locale/num_put/put/wchar_t/4.cc execution test
FAIL: 22_locale/num_put/put/wchar_t/wrapped_env.cc execution test
FAIL: 22_locale/num_put/put/wchar_t/wrapped_locale.cc execution test
FAIL: 22_locale/time_put/put/wchar_t/10.cc execution test
FAIL: 22_locale/time_put/put/wchar_t/9.cc execution test
FAIL: 22_locale/time_put/put/wchar_t/wrapped_env.cc execution test
FAIL: 22_locale/time_put/put/wchar_t/wrapped_locale.cc execution test
FAIL: 23_containers/deque/invalidation/2.cc (test for excess errors)
WARNING: 23_containers/deque/invalidation/2.cc compilation failed to produce executable
FAIL: 23_containers/list/explicit_instantiation.cc (test for excess errors)
FAIL: 23_containers/list/invalidation/2.cc (test for excess errors)
WARNING: 23_containers/list/invalidation/2.cc compilation failed to produce executable
FAIL: 23_containers/list/invalidation/4.cc (test for excess errors)
WARNING: 23_containers/list/invalidation/4.cc compilation failed to produce executable
FAIL: 23_containers/map/invalidation/1.cc (test for excess errors)
WARNING: 23_containers/map/invalidation/1.cc compilation failed to produce executable
FAIL: 23_containers/multiset/invalidation/1.cc (test for excess errors)
WARNING: 23_containers/multiset/invalidation/1.cc compilation failed to produce executable
FAIL: 23_containers/vector/invalidation/2.cc (test for excess errors)
WARNING: 23_containers/vector/invalidation/2.cc compilation failed to produce executable
XPASS: 26_numerics/cmath/c99_classification_macros_c.cc (test for excess errors)
FAIL: 26_numerics/complex/13450.cc execution test
FAIL: 26_numerics/complex/complex_value.cc execution test
FAIL: 26_numerics/complex/pow.cc execution test
FAIL: 27_io/basic_ostringstream/cons/wchar_t/3.cc execution test
XPASS: 27_io/fpos/14320-1.cc execution test
FAIL: ext/slist/instantiate.cc (test for excess errors)
=== libstdc++ Summary for unix/-m64 ===
# of expected passes 2954
# of unexpected failures 36
# of unexpected successes 2
# of expected failures 5
=== libstdc++ Summary ===
# of expected passes 5914
# of unexpected failures 65
# of unexpected successes 4
# of expected failures 10
Compiler version: 4.0.0-tree-profiling 20041022 (experimental)
Platform: powerpc64-unknown-linux-gnu
configure flags: --prefix=/opt/gcc-nightly/treeprof-20041127 --build=powerpc64-linux --host=powerpc64-linux --target=powerpc64-linux --with-cpu=default32 --with-as=/opt/gcc-nightly/binutils/bin/as --with-ld=/opt/gcc-nightly/binutils/bin/ld --enable-threads=posix --enable-shared --enable-__cxa_atexit --with-mpfr=/opt/gcc-nightly/gmp --enable-languages=c,c++,f95,java,objc