This is the mail archive of the
gcc-testresults@gcc.gnu.org
mailing list for the GCC project.
Results for 4.0.0 20041127 (experimental) testsuite on i686-pc-linux-gnu
- From: Andris Pavenis <pavenis at latnet dot lv>
- To: gcc-testresults at gcc dot gnu dot org
- Date: Sat, 27 Nov 2004 10:42:50 +0200
- Subject: Results for 4.0.0 20041127 (experimental) testsuite on i686-pc-linux-gnu
Last updated from CVS: 2004 Nov 27 06:52 +0200
System: Linux kernel 2.6.7-adeos
glibc-2.3.3
binutils-2.15.90.0.3 20040415
LAST_UPDATED: Sat Nov 27 04:52:17 UTC 2004
Native configuration is i686-pc-linux-gnu
=== g++ tests ===
Running target unix
WARNING: g++.old-deja/g++.mike/p10769a.C compilation failed to produce executable
XPASS: g++.old-deja/g++.other/decl5.C (test for warnings, line 55)
XPASS: g++.old-deja/g++.other/decl5.C (test for warnings, line 56)
=== g++ Summary ===
# of expected passes 10441
# of unexpected successes 2
# of expected failures 71
# of unsupported tests 50
/disk2/cvs/gcc/4.0/build/build.lnx/gcc/testsuite/../g++ version 4.0.0 20041127 (experimental)
=== gcc tests ===
Running target unix
FAIL: gcc.dg/debug/dwarf2/dwarf-die7.c scan-assembler 1.*DW_AT_inline
FAIL: gcc.dg/20020531-1.c (test for excess errors)
=== gcc Summary ===
# of expected passes 31943
# of unexpected failures 2
# of expected failures 116
# of untested testcases 28
# of unsupported tests 295
/disk2/cvs/gcc/4.0/build/build.lnx/gcc/xgcc version 4.0.0 20041127 (experimental)
=== objc tests ===
Running target unix
=== objc Summary ===
# of expected passes 1521
# of unsupported tests 10
/disk2/cvs/gcc/4.0/build/build.lnx/gcc/xgcc version 4.0.0 20041127 (experimental)
=== libffi tests ===
Running target unix
=== libffi Summary ===
# of expected passes 216
# of unsupported tests 2
=== libjava tests ===
Running target unix
XPASS: pr13107_3 compilation from bytecode
XPASS: pr13107_3 -O3 compilation from bytecode
FAIL: pr83 -O3 compilation from bytecode
=== libjava Summary ===
# of expected passes 3668
# of unexpected failures 1
# of unexpected successes 2
# of expected failures 12
# of untested testcases 14
=== libmudflap tests ===
Running target unix
=== libmudflap Summary ===
# of expected passes 1244
=== libstdc++-v3 check-abi Summary ===
# of added symbols: 54
# of missing symbols: 0
# of incompatible symbols: 0
using: /disk2/cvs/gcc/4.0/build/gcc/libstdc++-v3/config/abi/i486-linux-gnu/baseline_symbols.txt
=== libstdc++ tests ===
Running target unix
XPASS: 22_locale/locale/cons/12658_thread-1.cc execution test
XPASS: 26_numerics/cmath/c99_classification_macros_c.cc (test for excess errors)
=== libstdc++ Summary ===
# of expected passes 3105
# of unexpected successes 2
# of expected failures 5
Compiler version: 4.0.0 20041127 (experimental)
Platform: i686-pc-linux-gnu
configure flags: --prefix=/disk2/gcc40 --enable-shared --verbose --enable-threads=posix --enable-languages=c,c++,java,objc
Counting all warnings,
there are 19 warnings in stage3 of this bootstrap.
Number of warnings per file:
6 /usr/share/bison/bison.simple
5 gcc/config/i386/i386.md
3 gcc/gcc.c
2 gcc/objc/lang-specs.h
2 gcc/java/jcf-io.c
1 gcc/java/jvspec.c
Number of warning types:
4 source missing a mode?
4 old-style function definition
2 label 'yyoverflowlab' defined but not used
1 string length '844' is greater than the length '509' ISO C89 compilers are required to support
1 string length '834' is greater than the length '509' ISO C89 compilers are required to support
1 string length '783' is greater than the length '509' ISO C89 compilers are required to support
1 string length '695' is greater than the length '509' ISO C89 compilers are required to support
1 string length '608' is greater than the length '509' ISO C89 compilers are required to support
1 string length '603' is greater than the length '509' ISO C89 compilers are required to support
1 operand 1 missing mode?
1 ISO C forbids passing argument 3 of 'scandir' between function pointer and 'void *'
1 ISO C forbids conversion of function pointer to object pointer type