This is the mail archive of the
gcc-testresults@gcc.gnu.org
mailing list for the GCC project.
Results for 4.0.0 20041122 (experimental) testsuite oni686-pc-linux-gnu
- From: Laurent GUERBY <laurent at guerby dot net>
- To: gcc-testresults at gcc dot gnu dot org
- Date: Mon, 22 Nov 2004 23:17:33 +0100
- Subject: Results for 4.0.0 20041122 (experimental) testsuite oni686-pc-linux-gnu
First time in while that the number of ACATS failures goes down instead of up,
nine failures "c74401k c85018b c95067a c95082g
c95085a c95085b c95086a c95089a cb20001" where fixed today.
LAST_UPDATED: Mon Nov 22 19:32:47 UTC 2004
=== acats tests ===
FAIL: c32001e
FAIL: c330001
FAIL: c352001
FAIL: c35507c
FAIL: c35507e
FAIL: c380004
FAIL: c41103a
FAIL: c41103b
FAIL: c432003
FAIL: c43214c
FAIL: c45273a
FAIL: c460007
FAIL: c52011a
FAIL: c64105b
FAIL: c74004a
FAIL: c95086b
FAIL: c953003
FAIL: c97114a
FAIL: c97117a
FAIL: c974012
FAIL: c980002
FAIL: ca11005
FAIL: cc1221d
FAIL: cd10002
FAIL: cd2a21e
FAIL: cd2a22i
FAIL: cd2a24j
FAIL: cd2a31a
FAIL: cd2b11a
FAIL: cd2b11b
FAIL: cdd2a02
FAIL: cxaa010
FAIL: cxaa017
FAIL: cxb4004
=== acats Summary ===
# of expected passes 2287
# of unexpected failures 34
Native configuration is i686-pc-linux-gnu
=== gcc tests ===
Running target unix
FAIL: gcc.dg/debug/dwarf2/dwarf-die7.c scan-assembler 1.*DW_AT_inline
FAIL: gcc.dg/20020531-1.c (test for excess errors)
=== gcc Summary ===
# of expected passes 31925
# of unexpected failures 2
# of expected failures 116
# of untested testcases 28
# of unsupported tests 292
/home/guerby/work/gcc/build/build-20041122T203505/gcc/xgcc version 4.0.0 20041122 (experimental)
Compiler version: 4.0.0 20041122 (experimental)
Platform: i686-pc-linux-gnu
configure flags: --prefix=/home/guerby/work/gcc/install/install-20041122T203505 --enable-__cxa_atexit --disable-nls --enable-threads=posix --enable-checking --enable-languages=c,ada