This is the mail archive of the
gcc-testresults@gcc.gnu.org
mailing list for the GCC project.
Results for 4.0.020041122(experimental) testsuite on alphaev67-unknown-linux-gnu
- From: Diego Novillo <dnovillo at redhat dot com>
- To: gcc-testresults at gcc dot gnu dot org
- Date: Mon, 22 Nov 2004 11:10:33 -0800
- Subject: Results for 4.0.020041122(experimental) testsuite on alphaev67-unknown-linux-gnu
LAST_UPDATED:
Native configuration is alphaev67-unknown-linux-gnu
=== libffi tests ===
Running target unix
=== libffi Summary ===
# of expected passes 216
# of unsupported tests 2
=== libjava tests ===
Running target unix
WARNING: program timed out.
FAIL: Array_3 execution - source compiled test
FAIL: Array_3 execution - gij test
FAIL: Array_3 execution - bytecode->native test
FAIL: Array_3 -O3 execution - source compiled test
FAIL: Array_3 execution - gij test
FAIL: Array_3 -O3 execution - bytecode->native test
FAIL: Invoke_1 execution - source compiled test
FAIL: Invoke_1 execution - bytecode->native test
FAIL: Invoke_1 -O3 execution - source compiled test
FAIL: Invoke_1 -O3 execution - bytecode->native test
FAIL: LargeFile execution - source compiled test
FAIL: LargeFile execution - gij test
FAIL: LargeFile execution - bytecode->native test
FAIL: LargeFile -O3 execution - source compiled test
FAIL: LargeFile execution - gij test
FAIL: LargeFile -O3 execution - bytecode->native test
FAIL: PR218 output - source compiled test
FAIL: PR218 output - gij test
FAIL: PR218 output - bytecode->native test
FAIL: PR218 -O3 output - source compiled test
FAIL: PR218 output - gij test
FAIL: PR218 -O3 output - bytecode->native test
FAIL: Throw_2 execution - source compiled test
FAIL: Throw_2 execution - gij test
FAIL: Throw_2 execution - bytecode->native test
FAIL: Throw_2 -O3 execution - source compiled test
FAIL: Throw_2 execution - gij test
FAIL: Throw_2 -O3 execution - bytecode->native test
FAIL: initexc execution - gij test
FAIL: initexc execution - gij test
=== libjava Summary ===
# of expected passes 3595
# of unexpected failures 30
# of expected failures 14
# of untested testcases 40
=== libmudflap tests ===
Running target unix
FAIL: libmudflap.c/pass49-frag.c execution test
FAIL: libmudflap.c/pass49-frag.c output pattern test
FAIL: libmudflap.c/pass49-frag.c (-static) execution test
FAIL: libmudflap.c/pass49-frag.c (-static) output pattern test
FAIL: libmudflap.c/pass49-frag.c (-O2) execution test
FAIL: libmudflap.c/pass49-frag.c (-O2) output pattern test
FAIL: libmudflap.c/pass49-frag.c (-O3) execution test
FAIL: libmudflap.c/pass49-frag.c (-O3) output pattern test
FAIL: libmudflap.cth/pass40-frag.c execution test
FAIL: libmudflap.cth/pass40-frag.c output pattern test
FAIL: libmudflap.cth/pass40-frag.c (-O2) execution test
FAIL: libmudflap.cth/pass40-frag.c (-O2) output pattern test
FAIL: libmudflap.cth/pass40-frag.c (-O3) execution test
FAIL: libmudflap.cth/pass40-frag.c (-O3) output pattern test
=== libmudflap Summary ===
# of expected passes 1230
# of unexpected failures 14
=== libstdc++-v3 check-abi Summary ===
# of added symbols: 63
# of missing symbols: 0
# of incompatible symbols: 0
using: /home/cygnus/dnovillo/perf/sbox/gcc/local.alpha/src/libstdc++-v3/config/abi/alpha-linux-gnu/baseline_symbols.txt
=== libstdc++ tests ===
Running target unix
XPASS: 22_locale/locale/cons/12658_thread-1.cc execution test
WARNING: program timed out.
FAIL: 23_containers/bitset/cons/6282.cc (test for excess errors)
WARNING: program timed out.
FAIL: 23_containers/list/14340.cc (test for excess errors)
FAIL: 23_containers/vector/cons/4.cc execution test
FAIL: 26_numerics/cmath/fabs_inline.cc (test for excess errors)
WARNING: 26_numerics/cmath/fabs_inline.cc compilation failed to produce executable
FAIL: 26_numerics/complex/pow.cc execution test
XPASS: 27_io/fpos/14320-1.cc execution test
WARNING: program timed out.
FAIL: 27_io/ios_base/types/openmode/bitmask_operators.cc (test for excess errors)
FAIL: ext/enc_filebuf/char/13189.cc (test for excess errors)
WARNING: ext/enc_filebuf/char/13189.cc compilation failed to produce executable
FAIL: ext/enc_filebuf/wchar_t/13189.cc (test for excess errors)
WARNING: ext/enc_filebuf/wchar_t/13189.cc compilation failed to produce executable
FAIL: ext/malloc_allocator/check_allocate_max_size.cc (test for excess errors)
WARNING: ext/malloc_allocator/check_allocate_max_size.cc compilation failed to produce executable
FAIL: ext/malloc_allocator/check_deallocate_null.cc (test for excess errors)
WARNING: ext/malloc_allocator/check_deallocate_null.cc compilation failed to produce executable
=== libstdc++ Summary ===
# of expected passes 3070
# of unexpected failures 10
# of unexpected successes 2
# of expected failures 5
=== g++ tests ===
Running target unix
WARNING: program timed out.
FAIL: g++.dg/lookup/koenig4.C (test for excess errors)
WARNING: program timed out.
FAIL: g++.dg/template/memclass3.C (test for excess errors)
WARNING: program timed out.
WARNING: g++.old-deja/g++.mike/p10769a.C compilation failed to produce executable
WARNING: program timed out.
FAIL: g++.old-deja/g++.other/inline8.C (test for excess errors)
WARNING: program timed out.
WARNING: program timed out.
FAIL: g++.old-deja/g++.pt/friend43.C (test for excess errors)
WARNING: program timed out.
FAIL: g++.old-deja/g++.pt/m8.C (test for excess errors)
WARNING: program timed out.
WARNING: program timed out.
FAIL: g++.old-deja/g++.robertl/eb32.C (test for excess errors)
=== g++ Summary ===
# of expected passes 10296
# of unexpected failures 6
# of expected failures 75
# of unsupported tests 85
/dorothy/dnovillo/sbox/gcc/bld.dorothy/gcc/testsuite/../g++ version 4.0.0 20041122 (experimental)
=== gcc tests ===
Running target unix
WARNING: program timed out.
FAIL: gcc.c-torture/compile/20001123-1.c -O0 (test for excess errors)
WARNING: program timed out.
FAIL: gcc.c-torture/compile/20030319-1.c -O3 -g (test for excess errors)
WARNING: program timed out.
FAIL: gcc.c-torture/compile/20040419-1.c -O3 -fomit-frame-pointer (test for excess errors)
WARNING: program timed out.
FAIL: gcc.c-torture/compile/920501-23.c -O0 (test for excess errors)
WARNING: program timed out.
FAIL: gcc.c-torture/compile/pr12517.c -O3 -fomit-frame-pointer (test for excess errors)
WARNING: program timed out.
FAIL: gcc.c-torture/execute/20010209-1.c compilation, -O3 -g
UNRESOLVED: gcc.c-torture/execute/20010209-1.c execution, -O3 -g
XPASS: gcc.c-torture/execute/20020227-1.c execution, -O3 -fomit-frame-pointer
XPASS: gcc.c-torture/execute/20020227-1.c execution, -O3 -g
WARNING: program timed out.
FAIL: gcc.c-torture/execute/20021113-1.c compilation, -O3 -g
UNRESOLVED: gcc.c-torture/execute/20021113-1.c execution, -O3 -g
WARNING: program timed out.
FAIL: gcc.c-torture/execute/20040313-1.c compilation, -O2
UNRESOLVED: gcc.c-torture/execute/20040313-1.c execution, -O2
WARNING: program timed out.
FAIL: gcc.c-torture/execute/921029-1.c compilation, -O1
UNRESOLVED: gcc.c-torture/execute/921029-1.c execution, -O1
WARNING: program timed out.
FAIL: gcc.c-torture/execute/921029-1.c compilation, -O3 -fomit-frame-pointer
UNRESOLVED: gcc.c-torture/execute/921029-1.c execution, -O3 -fomit-frame-pointer
WARNING: program timed out.
FAIL: gcc.c-torture/execute/921207-1.c compilation, -O3 -g
UNRESOLVED: gcc.c-torture/execute/921207-1.c execution, -O3 -g
WARNING: program timed out.
FAIL: gcc.c-torture/execute/980716-1.c compilation, -O3 -g
UNRESOLVED: gcc.c-torture/execute/980716-1.c execution, -O3 -g
WARNING: program timed out.
FAIL: gcc.c-torture/execute/990208-1.c compilation, -O1
UNRESOLVED: gcc.c-torture/execute/990208-1.c execution, -O1
WARNING: program timed out.
FAIL: gcc.c-torture/execute/loop-14.c compilation, -Os
UNRESOLVED: gcc.c-torture/execute/loop-14.c execution, -Os
WARNING: program timed out.
FAIL: gcc.c-torture/unsorted/signext.c, -O2
WARNING: program timed out.
FAIL: gcc.dg/compat/scalar-return-4 c_compat_x_tst.o compile
FAIL: gcc.dg/compat/struct-return-2 c_compat_x_tst.o-c_compat_y_tst.o execute
FAIL: tmpdir-gcc.dg-struct-layout-1/t001 c_compat_x_tst.o-c_compat_y_tst.o execute
FAIL: tmpdir-gcc.dg-struct-layout-1/t002 c_compat_x_tst.o-c_compat_y_tst.o execute
WARNING: program timed out.
FAIL: tmpdir-gcc.dg-struct-layout-1/t018 c_compat_x_tst.o compile
FAIL: tmpdir-gcc.dg-struct-layout-1/t021 c_compat_x_tst.o-c_compat_y_tst.o execute
FAIL: tmpdir-gcc.dg-struct-layout-1/t024 c_compat_x_tst.o-c_compat_y_tst.o execute
FAIL: tmpdir-gcc.dg-struct-layout-1/t025 c_compat_x_tst.o-c_compat_y_tst.o execute
FAIL: tmpdir-gcc.dg-struct-layout-1/t027 c_compat_x_tst.o-c_compat_y_tst.o execute
FAIL: tmpdir-gcc.dg-struct-layout-1/t028 c_compat_x_tst.o-c_compat_y_tst.o execute
FAIL: gcc.dg/debug/dwarf2/dwarf-die7.c scan-assembler 1.*DW_AT_inline
WARNING: program timed out.
FAIL: gcc.dg/cleanup-10.c execution test
FAIL: gcc.dg/cleanup-11.c execution test
FAIL: gcc.dg/cleanup-8.c execution test
FAIL: gcc.dg/cleanup-9.c execution test
WARNING: program timed out.
FAIL: gcc.dg/pch/decl-2.c -O0 (test for excess errors)
WARNING: program timed out.
FAIL: ./decl-4.h -O0 -g (test for excess errors)
WARNING: program timed out.
FAIL: gcc.dg/pch/inline-2.c -O3 -g (test for excess errors)
WARNING: program timed out.
FAIL: gcc.dg/tree-ssa/20030815-1.c (test for excess errors)
FAIL: gcc.dg/tree-ssa/loop-5.c scan-tree-dump-times int iter 1
=== gcc Summary ===
# of expected passes 31230
# of unexpected failures 35
# of unexpected successes 2
# of expected failures 77
# of unresolved testcases 9
# of untested testcases 28
# of unsupported tests 430
/dorothy/dnovillo/sbox/gcc/bld.dorothy/gcc/xgcc version 4.0.0 20041122 (experimental)
=== gfortran tests ===
Running target unix
FAIL: gfortran.dg/der_array_1.f90 -O0 execution test
FAIL: gfortran.dg/der_array_1.f90 -O1 execution test
FAIL: gfortran.dg/der_array_1.f90 -O2 execution test
FAIL: gfortran.dg/der_array_1.f90 -O3 -fomit-frame-pointer execution test
FAIL: gfortran.dg/der_array_1.f90 -O3 -fomit-frame-pointer -funroll-loops execution test
FAIL: gfortran.dg/der_array_1.f90 -O3 -fomit-frame-pointer -funroll-all-loops -finline-functions execution test
FAIL: gfortran.dg/der_array_1.f90 -O3 -g execution test
FAIL: gfortran.dg/der_array_1.f90 -Os execution test
FAIL: gfortran.dg/func_derived_1.f90 -O0 execution test
FAIL: gfortran.dg/func_derived_1.f90 -O1 execution test
FAIL: gfortran.dg/func_derived_1.f90 -O2 execution test
FAIL: gfortran.dg/func_derived_1.f90 -O3 -fomit-frame-pointer execution test
FAIL: gfortran.dg/func_derived_1.f90 -O3 -fomit-frame-pointer -funroll-loops execution test
FAIL: gfortran.dg/func_derived_1.f90 -O3 -fomit-frame-pointer -funroll-all-loops -finline-functions execution test
FAIL: gfortran.dg/func_derived_1.f90 -O3 -g execution test
FAIL: gfortran.dg/func_derived_1.f90 -Os execution test
XPASS: gfortran.dg/ret_pointer_1.f90 -O0 execution test
XPASS: gfortran.dg/ret_pointer_1.f90 -O1 execution test
XPASS: gfortran.dg/ret_pointer_1.f90 -O2 execution test
XPASS: gfortran.dg/ret_pointer_1.f90 -O3 -fomit-frame-pointer execution test
XPASS: gfortran.dg/ret_pointer_1.f90 -O3 -fomit-frame-pointer -funroll-loops execution test
XPASS: gfortran.dg/ret_pointer_1.f90 -O3 -fomit-frame-pointer -funroll-all-loops -finline-functions execution test
XPASS: gfortran.dg/ret_pointer_1.f90 -O3 -g execution test
XPASS: gfortran.dg/ret_pointer_1.f90 -Os execution test
WARNING: program timed out.
FAIL: gfortran.fortran-torture/execute/forall_3.f90 execution, -O1
FAIL: gfortran.fortran-torture/execute/forall_3.f90 execution, -O2
FAIL: gfortran.fortran-torture/execute/forall_3.f90 execution, -O3 -fomit-frame-pointer
FAIL: gfortran.fortran-torture/execute/forall_3.f90 execution, -O3 -fomit-frame-pointer -funroll-loops
FAIL: gfortran.fortran-torture/execute/forall_3.f90 execution, -O3 -fomit-frame-pointer -funroll-all-loops -finline-functions
FAIL: gfortran.fortran-torture/execute/forall_3.f90 execution, -O3 -g
FAIL: gfortran.fortran-torture/execute/forall_3.f90 execution, -Os
WARNING: program timed out.
FAIL: gfortran.fortran-torture/execute/intrinsic_pack.f90 execution, -O0
FAIL: gfortran.fortran-torture/execute/intrinsic_pack.f90 execution, -O1
FAIL: gfortran.fortran-torture/execute/intrinsic_pack.f90 execution, -O2
FAIL: gfortran.fortran-torture/execute/intrinsic_pack.f90 execution, -O3 -fomit-frame-pointer
FAIL: gfortran.fortran-torture/execute/intrinsic_pack.f90 execution, -O3 -fomit-frame-pointer -funroll-loops
FAIL: gfortran.fortran-torture/execute/intrinsic_pack.f90 execution, -O3 -fomit-frame-pointer -funroll-all-loops -finline-functions
FAIL: gfortran.fortran-torture/execute/intrinsic_pack.f90 execution, -O3 -g
FAIL: gfortran.fortran-torture/execute/intrinsic_pack.f90 execution, -Os
WARNING: program timed out.
WARNING: program timed out.
WARNING: program timed out.
=== gfortran Summary ===
# of expected passes 4629
# of unexpected failures 31
# of unexpected successes 8
# of expected failures 18
# of unsupported tests 8
/dorothy/dnovillo/sbox/gcc/bld.dorothy/gcc/testsuite/../gfortran version 4.0.0 20041122 (experimental)
=== objc tests ===
Running target unix
=== objc Summary ===
# of expected passes 1521
# of unsupported tests 10
/dorothy/dnovillo/sbox/gcc/bld.dorothy/gcc/xgcc version 4.0.0 20041122 (experimental)
Compiler version: 4.0.020041122(experimental)
Platform: alphaev67-unknown-linux-gnu
configure flags: --prefix=/home/cygnus/dnovillo/perf/sbox/gcc/local.alpha/inst.dorothy --srcdir=/home/cygnus/dnovillo/perf/sbox/gcc/local.alpha/src --disable-multilib --enable-mpfr --enable-languages=c,c++,f95,java,objc