This is the mail archive of the
gcc-testresults@gcc.gnu.org
mailing list for the GCC project.
Results for 4.0.0 20041120 (experimental) testsuite on i686-pc-linux-gnu
- From: Andris Pavenis <pavenis at latnet dot lv>
- To: gcc-testresults at gcc dot gnu dot org
- Date: Sat, 20 Nov 2004 23:31:33 +0200
- Subject: Results for 4.0.0 20041120 (experimental) testsuite on i686-pc-linux-gnu
Last updated from CVS: 2004 Nov 20 19:37 +0200
System: Linux kernel 2.6.9-adeos
glibc-2.3.3
binutils-2.15.90.0.3 20040415
LAST_UPDATED: Sat Nov 20 17:37:23 UTC 2004
Native configuration is i686-pc-linux-gnu
=== g++ tests ===
Running target unix
WARNING: g++.old-deja/g++.mike/p10769a.C compilation failed to produce executable
=== g++ Summary ===
# of expected passes 10399
# of expected failures 75
# of unsupported tests 50
/disk2/cvs/gcc/4.0/build/build.lnx/gcc/testsuite/../g++ version 4.0.0 20041120 (experimental)
=== gcc tests ===
Running target unix
FAIL: gcc.dg/debug/dwarf2/dwarf-die7.c scan-assembler 1.*DW_AT_inline
FAIL: gcc.dg/20020531-1.c (test for excess errors)
=== gcc Summary ===
# of expected passes 31906
# of unexpected failures 2
# of expected failures 116
# of untested testcases 28
# of unsupported tests 291
/disk2/cvs/gcc/4.0/build/build.lnx/gcc/xgcc version 4.0.0 20041120 (experimental)
=== objc tests ===
Running target unix
=== objc Summary ===
# of expected passes 1521
# of unsupported tests 10
/disk2/cvs/gcc/4.0/build/build.lnx/gcc/xgcc version 4.0.0 20041120 (experimental)
=== libffi tests ===
Running target unix
=== libffi Summary ===
# of expected passes 216
# of unsupported tests 2
=== libjava tests ===
Running target unix
FAIL: pr83 -O3 compilation from bytecode
=== libjava Summary ===
# of expected passes 3646
# of unexpected failures 1
# of expected failures 14
# of untested testcases 18
=== libmudflap tests ===
Running target unix
WARNING: program timed out.
FAIL: libmudflap.cth/pass40-frag.c execution test
FAIL: libmudflap.cth/pass40-frag.c output pattern test
WARNING: program timed out.
FAIL: libmudflap.cth/pass40-frag.c (-static -DSTATIC) execution test
FAIL: libmudflap.cth/pass40-frag.c (-static -DSTATIC) output pattern test
WARNING: program timed out.
FAIL: libmudflap.cth/pass40-frag.c (-O2) execution test
FAIL: libmudflap.cth/pass40-frag.c (-O2) output pattern test
WARNING: program timed out.
FAIL: libmudflap.cth/pass40-frag.c (-O3) execution test
FAIL: libmudflap.cth/pass40-frag.c (-O3) output pattern test
=== libmudflap Summary ===
# of expected passes 1236
# of unexpected failures 8
=== libstdc++-v3 check-abi Summary ===
# of added symbols: 54
# of missing symbols: 0
# of incompatible symbols: 0
using: /disk2/cvs/gcc/4.0/build/gcc/libstdc++-v3/config/abi/i486-linux-gnu/baseline_symbols.txt
=== libstdc++ tests ===
Running target unix
FAIL: 21_strings/basic_string/find/char/3.cc execution test
XPASS: 22_locale/locale/cons/12658_thread-1.cc execution test
XPASS: 26_numerics/cmath/c99_classification_macros_c.cc (test for excess errors)
=== libstdc++ Summary ===
# of expected passes 3084
# of unexpected failures 1
# of unexpected successes 2
# of expected failures 5
Compiler version: 4.0.0 20041120 (experimental)
Platform: i686-pc-linux-gnu
configure flags: --prefix=/disk2/gcc40 --enable-shared --verbose --enable-threads=posix --enable-languages=c,c++,java,objc
Counting all warnings,
there are 19 warnings in stage3 of this bootstrap.
Number of warnings per file:
6 /usr/share/bison/bison.simple
5 gcc/config/i386/i386.md
3 gcc/gcc.c
2 gcc/objc/lang-specs.h
2 gcc/java/jcf-io.c
1 gcc/java/jvspec.c
Number of warning types:
4 source missing a mode?
4 old-style function definition
2 label 'yyoverflowlab' defined but not used
1 string length '844' is greater than the length '509' ISO C89 compilers are required to support
1 string length '819' is greater than the length '509' ISO C89 compilers are required to support
1 string length '783' is greater than the length '509' ISO C89 compilers are required to support
1 string length '695' is greater than the length '509' ISO C89 compilers are required to support
1 string length '608' is greater than the length '509' ISO C89 compilers are required to support
1 string length '603' is greater than the length '509' ISO C89 compilers are required to support
1 operand 1 missing mode?
1 ISO C forbids passing argument 3 of 'scandir' between function pointer and 'void *'
1 ISO C forbids conversion of function pointer to object pointer type