This is the mail archive of the
gcc-testresults@gcc.gnu.org
mailing list for the GCC project.
Results for 4.0.0 20041118 (experimental) testsuite on powerpc64-unknown-linux-gnu
- From: Jon Grimm <jgrimm at pluto dot ltc dot austin dot ibm dot com>
- To: gcc-testresults at gcc dot gnu dot org
- Date: Wed, 17 Nov 2004 22:14:40 -0600
- Subject: Results for 4.0.0 20041118 (experimental) testsuite on powerpc64-unknown-linux-gnu
Linux 2.6.5-7.97-pseries64 ppc64
GNU C Library stable release version 2.3.3 (20040412)
GNU ld version 2.15.92 20041007
GNU assembler 2.15.92 20041007
GNU Make 3.80
DejaGnu:
Expect version is 5.40.0
Tcl version is 8.4
Framework version is 1.4.4
64-bit biarch default64
LAST_UPDATED: Thu Nov 18 01:12:04 UTC 2004
Native configuration is powerpc64-unknown-linux-gnu
=== g++ tests ===
Running target unix/-m32
FAIL: g++.dg/charset/asm1.c (test for excess errors)
ERROR: g++.dg/charset/asm1.c: error executing dg-final: couldn't open "asm1.s": no such file or directory
UNRESOLVED: g++.dg/charset/asm1.c: error executing dg-final: couldn't open "asm1.s": no such file or directory
FAIL: g++.dg/charset/asm3.c (test for excess errors)
ERROR: g++.dg/charset/asm3.c: error executing dg-final: couldn't open "asm3.s": no such file or directory
UNRESOLVED: g++.dg/charset/asm3.c: error executing dg-final: couldn't open "asm3.s": no such file or directory
FAIL: g++.dg/charset/asm4.c (test for excess errors)
ERROR: g++.dg/charset/asm4.c: error executing dg-final: couldn't open "asm4.s": no such file or directory
UNRESOLVED: g++.dg/charset/asm4.c: error executing dg-final: couldn't open "asm4.s": no such file or directory
FAIL: g++.dg/charset/asm5.c (test for excess errors)
ERROR: g++.dg/charset/asm5.c: error executing dg-final: couldn't open "asm5.s": no such file or directory
UNRESOLVED: g++.dg/charset/asm5.c: error executing dg-final: couldn't open "asm5.s": no such file or directory
FAIL: g++.dg/charset/attribute1.c (test for excess errors)
ERROR: g++.dg/charset/attribute1.c: error executing dg-final: couldn't open "attribute1.s": no such file or directory
UNRESOLVED: g++.dg/charset/attribute1.c: error executing dg-final: couldn't open "attribute1.s": no such file or directory
FAIL: g++.dg/charset/attribute2.c (test for excess errors)
FAIL: g++.dg/charset/extern1.cc (test for excess errors)
FAIL: g++.dg/charset/extern2.cc (test for excess errors)
ERROR: g++.dg/charset/extern2.cc: error executing dg-final: couldn't open "extern2.s": no such file or directory
UNRESOLVED: g++.dg/charset/extern2.cc: error executing dg-final: couldn't open "extern2.s": no such file or directory
FAIL: g++.dg/charset/extern3.cc (test for excess errors)
ERROR: g++.dg/charset/extern3.cc: error executing dg-final: couldn't open "extern3.s": no such file or directory
UNRESOLVED: g++.dg/charset/extern3.cc: error executing dg-final: couldn't open "extern3.s": no such file or directory
FAIL: g++.dg/charset/function.cc (test for excess errors)
ERROR: g++.dg/charset/function.cc: error executing dg-final: couldn't open "function.s": no such file or directory
UNRESOLVED: g++.dg/charset/function.cc: error executing dg-final: couldn't open "function.s": no such file or directory
FAIL: g++.dg/charset/string.c (test for excess errors)
ERROR: g++.dg/charset/string.c: error executing dg-final: couldn't open "string.s": no such file or directory
UNRESOLVED: g++.dg/charset/string.c: error executing dg-final: couldn't open "string.s": no such file or directory
XPASS: g++.dg/eh/simd-2.C execution test
WARNING: g++.old-deja/g++.mike/p10769a.C compilation failed to produce executable
XPASS: g++.old-deja/g++.other/init5.C execution test
=== g++ Summary for unix/-m32 ===
# of expected passes 10335
# of unexpected failures 11
# of unexpected successes 2
# of expected failures 74
# of unresolved testcases 9
# of unsupported tests 73
Running target unix/-m64
FAIL: g++.dg/ext/altivec-3.C execution test
WARNING: g++.old-deja/g++.mike/p10769a.C compilation failed to produce executable
FAIL: g++.old-deja/g++.other/comdat4.C (test for excess errors)
XPASS: g++.old-deja/g++.other/init5.C execution test
=== g++ Summary for unix/-m64 ===
# of expected passes 10300
# of unexpected failures 2
# of unexpected successes 1
# of expected failures 75
# of unsupported tests 86
=== g++ Summary ===
# of expected passes 20635
# of unexpected failures 13
# of unexpected successes 3
# of expected failures 149
# of unresolved testcases 9
# of unsupported tests 159
/home/jgrimm/build/nightly/build-gcc-mline64/gcc/testsuite/../g++ version 4.0.0 20041118 (experimental)
=== gcc tests ===
Running target unix/-m32
FAIL: gcc.dg/charset/asm1.c (test for excess errors)
ERROR: gcc.dg/charset/asm1.c: error executing dg-final: couldn't open "asm1.s": no such file or directory
UNRESOLVED: gcc.dg/charset/asm1.c: error executing dg-final: couldn't open "asm1.s": no such file or directory
FAIL: gcc.dg/charset/asm2.c (test for excess errors)
FAIL: gcc.dg/charset/asm4.c (test for excess errors)
ERROR: gcc.dg/charset/asm4.c: error executing dg-final: couldn't open "asm4.s": no such file or directory
UNRESOLVED: gcc.dg/charset/asm4.c: error executing dg-final: couldn't open "asm4.s": no such file or directory
FAIL: gcc.dg/charset/asm5.c (test for excess errors)
ERROR: gcc.dg/charset/asm5.c: error executing dg-final: couldn't open "asm5.s": no such file or directory
UNRESOLVED: gcc.dg/charset/asm5.c: error executing dg-final: couldn't open "asm5.s": no such file or directory
FAIL: gcc.dg/charset/asm6.c (test for excess errors)
ERROR: gcc.dg/charset/asm6.c: error executing dg-final: couldn't open "asm6.s": no such file or directory
UNRESOLVED: gcc.dg/charset/asm6.c: error executing dg-final: couldn't open "asm6.s": no such file or directory
FAIL: gcc.dg/charset/attribute1.c (test for excess errors)
ERROR: gcc.dg/charset/attribute1.c: error executing dg-final: couldn't open "attribute1.s": no such file or directory
UNRESOLVED: gcc.dg/charset/attribute1.c: error executing dg-final: couldn't open "attribute1.s": no such file or directory
FAIL: gcc.dg/charset/attribute2.c (test for excess errors)
FAIL: gcc.dg/charset/extern.c (test for excess errors)
ERROR: gcc.dg/charset/extern.c: error executing dg-final: couldn't open "extern.s": no such file or directory
UNRESOLVED: gcc.dg/charset/extern.c: error executing dg-final: couldn't open "extern.s": no such file or directory
FAIL: gcc.dg/charset/function.c (test for excess errors)
ERROR: gcc.dg/charset/function.c: error executing dg-final: couldn't open "function.s": no such file or directory
UNRESOLVED: gcc.dg/charset/function.c: error executing dg-final: couldn't open "function.s": no such file or directory
FAIL: gcc.dg/charset/string.c (test for excess errors)
ERROR: gcc.dg/charset/string.c: error executing dg-final: couldn't open "string.s": no such file or directory
UNRESOLVED: gcc.dg/charset/string.c: error executing dg-final: couldn't open "string.s": no such file or directory
FAIL: gcc.dg/compat/vector-2 c_compat_x_tst.o compile
FAIL: gcc.dg/compat/vector-2 c_compat_y_tst.o compile
UNRESOLVED: gcc.dg/compat/vector-2 c_compat_x_tst.o-c_compat_y_tst.o link
UNRESOLVED: gcc.dg/compat/vector-2 c_compat_x_tst.o-c_compat_y_tst.o execute
FAIL: gcc.dg/debug/dwarf2/dwarf-die7.c scan-assembler 1.*DW_AT_inline
FAIL: gcc.dg/ppc-compare-1.c scan-assembler-not cmpw
FAIL: gcc.dg/ppc-mov-1.c (test for excess errors)
FAIL: gcc.dg/pr17055-1.c (test for excess errors)
FAIL: gcc.dg/vect/vect-30.c execution test
FAIL: gcc.dg/vect/vect-8.c execution test
=== gcc Summary for unix/-m32 ===
# of expected passes 32670
# of unexpected failures 18
# of expected failures 97
# of unresolved testcases 10
# of untested testcases 28
# of unsupported tests 411
Running target unix/-m64
FAIL: gcc.c-torture/compile/structs.c -O0 (test for excess errors)
FAIL: gcc.c-torture/compile/structs.c -O1 (test for excess errors)
FAIL: gcc.c-torture/compile/structs.c -O2 (test for excess errors)
FAIL: gcc.c-torture/compile/structs.c -O3 -fomit-frame-pointer (test for excess errors)
FAIL: gcc.c-torture/compile/structs.c -O3 -g (test for excess errors)
FAIL: gcc.c-torture/compile/structs.c -Os (test for excess errors)
FAIL: gcc.c-torture/execute/930718-1.c execution, -O2
FAIL: gcc.c-torture/execute/930718-1.c execution, -O3 -fomit-frame-pointer
FAIL: gcc.c-torture/execute/930718-1.c execution, -O3 -g
FAIL: gcc.c-torture/execute/930718-1.c execution, -Os
FAIL: gcc.c-torture/execute/931004-11.c compilation, -O0
UNRESOLVED: gcc.c-torture/execute/931004-11.c execution, -O0
FAIL: gcc.c-torture/execute/931004-11.c compilation, -O1
UNRESOLVED: gcc.c-torture/execute/931004-11.c execution, -O1
FAIL: gcc.c-torture/execute/931004-11.c compilation, -O2
UNRESOLVED: gcc.c-torture/execute/931004-11.c execution, -O2
FAIL: gcc.c-torture/execute/931004-11.c compilation, -O3 -fomit-frame-pointer
UNRESOLVED: gcc.c-torture/execute/931004-11.c execution, -O3 -fomit-frame-pointer
FAIL: gcc.c-torture/execute/931004-11.c compilation, -O3 -g
UNRESOLVED: gcc.c-torture/execute/931004-11.c execution, -O3 -g
FAIL: gcc.c-torture/execute/931004-11.c compilation, -Os
UNRESOLVED: gcc.c-torture/execute/931004-11.c execution, -Os
FAIL: gcc.c-torture/unsorted/BUG24.c, -O0
FAIL: gcc.c-torture/unsorted/BUG24.c, -O1
FAIL: gcc.c-torture/unsorted/BUG24.c, -O2
FAIL: gcc.c-torture/unsorted/BUG24.c, -O3 -fomit-frame-pointer
FAIL: gcc.c-torture/unsorted/BUG24.c, -O3 -g
FAIL: gcc.c-torture/unsorted/BUG24.c, -Os
FAIL: gcc.dg/compat/struct-by-value-11 c_compat_x_tst.o compile
FAIL: gcc.dg/compat/struct-by-value-11 c_compat_y_tst.o compile
UNRESOLVED: gcc.dg/compat/struct-by-value-11 c_compat_x_tst.o-c_compat_y_tst.o link
UNRESOLVED: gcc.dg/compat/struct-by-value-11 c_compat_x_tst.o-c_compat_y_tst.o execute
FAIL: gcc.dg/compat/struct-by-value-1 c_compat_x_tst.o compile
FAIL: gcc.dg/compat/struct-by-value-1 c_compat_y_tst.o compile
UNRESOLVED: gcc.dg/compat/struct-by-value-1 c_compat_x_tst.o-c_compat_y_tst.o link
UNRESOLVED: gcc.dg/compat/struct-by-value-1 c_compat_x_tst.o-c_compat_y_tst.o execute
FAIL: gcc.dg/compat/struct-by-value-2 c_compat_x_tst.o compile
FAIL: gcc.dg/compat/struct-by-value-2 c_compat_y_tst.o compile
UNRESOLVED: gcc.dg/compat/struct-by-value-2 c_compat_x_tst.o-c_compat_y_tst.o link
UNRESOLVED: gcc.dg/compat/struct-by-value-2 c_compat_x_tst.o-c_compat_y_tst.o execute
FAIL: gcc.dg/compat/struct-by-value-4 c_compat_x_tst.o compile
FAIL: gcc.dg/compat/struct-by-value-4 c_compat_y_tst.o compile
UNRESOLVED: gcc.dg/compat/struct-by-value-4 c_compat_x_tst.o-c_compat_y_tst.o link
UNRESOLVED: gcc.dg/compat/struct-by-value-4 c_compat_x_tst.o-c_compat_y_tst.o execute
FAIL: gcc.dg/compat/struct-return-2 c_compat_y_tst.o compile
UNRESOLVED: gcc.dg/compat/struct-return-2 c_compat_x_tst.o-c_compat_y_tst.o link
UNRESOLVED: gcc.dg/compat/struct-return-2 c_compat_x_tst.o-c_compat_y_tst.o execute
FAIL: gcc.dg/compat/vector-2 c_compat_x_tst.o compile
FAIL: gcc.dg/compat/vector-2 c_compat_y_tst.o compile
UNRESOLVED: gcc.dg/compat/vector-2 c_compat_x_tst.o-c_compat_y_tst.o link
UNRESOLVED: gcc.dg/compat/vector-2 c_compat_x_tst.o-c_compat_y_tst.o execute
FAIL: tmpdir-gcc.dg-struct-layout-1/t001 c_compat_x_tst.o compile
FAIL: tmpdir-gcc.dg-struct-layout-1/t001 c_compat_y_tst.o compile
UNRESOLVED: tmpdir-gcc.dg-struct-layout-1/t001 c_compat_x_tst.o-c_compat_y_tst.o link
UNRESOLVED: tmpdir-gcc.dg-struct-layout-1/t001 c_compat_x_tst.o-c_compat_y_tst.o execute
FAIL: tmpdir-gcc.dg-struct-layout-1/t002 c_compat_x_tst.o compile
FAIL: tmpdir-gcc.dg-struct-layout-1/t002 c_compat_y_tst.o compile
UNRESOLVED: tmpdir-gcc.dg-struct-layout-1/t002 c_compat_x_tst.o-c_compat_y_tst.o link
UNRESOLVED: tmpdir-gcc.dg-struct-layout-1/t002 c_compat_x_tst.o-c_compat_y_tst.o execute
FAIL: tmpdir-gcc.dg-struct-layout-1/t003 c_compat_x_tst.o compile
FAIL: tmpdir-gcc.dg-struct-layout-1/t003 c_compat_y_tst.o compile
UNRESOLVED: tmpdir-gcc.dg-struct-layout-1/t003 c_compat_x_tst.o-c_compat_y_tst.o link
UNRESOLVED: tmpdir-gcc.dg-struct-layout-1/t003 c_compat_x_tst.o-c_compat_y_tst.o execute
FAIL: tmpdir-gcc.dg-struct-layout-1/t021 c_compat_x_tst.o compile
FAIL: tmpdir-gcc.dg-struct-layout-1/t021 c_compat_y_tst.o compile
UNRESOLVED: tmpdir-gcc.dg-struct-layout-1/t021 c_compat_x_tst.o-c_compat_y_tst.o link
UNRESOLVED: tmpdir-gcc.dg-struct-layout-1/t021 c_compat_x_tst.o-c_compat_y_tst.o execute
FAIL: tmpdir-gcc.dg-struct-layout-1/t024 c_compat_x_tst.o compile
FAIL: tmpdir-gcc.dg-struct-layout-1/t024 c_compat_y_tst.o compile
UNRESOLVED: tmpdir-gcc.dg-struct-layout-1/t024 c_compat_x_tst.o-c_compat_y_tst.o link
UNRESOLVED: tmpdir-gcc.dg-struct-layout-1/t024 c_compat_x_tst.o-c_compat_y_tst.o execute
FAIL: tmpdir-gcc.dg-struct-layout-1/t025 c_compat_x_tst.o compile
FAIL: tmpdir-gcc.dg-struct-layout-1/t025 c_compat_y_tst.o compile
UNRESOLVED: tmpdir-gcc.dg-struct-layout-1/t025 c_compat_x_tst.o-c_compat_y_tst.o link
UNRESOLVED: tmpdir-gcc.dg-struct-layout-1/t025 c_compat_x_tst.o-c_compat_y_tst.o execute
FAIL: tmpdir-gcc.dg-struct-layout-1/t026 c_compat_x_tst.o compile
FAIL: tmpdir-gcc.dg-struct-layout-1/t026 c_compat_y_tst.o compile
UNRESOLVED: tmpdir-gcc.dg-struct-layout-1/t026 c_compat_x_tst.o-c_compat_y_tst.o link
UNRESOLVED: tmpdir-gcc.dg-struct-layout-1/t026 c_compat_x_tst.o-c_compat_y_tst.o execute
FAIL: tmpdir-gcc.dg-struct-layout-1/t027 c_compat_x_tst.o compile
FAIL: tmpdir-gcc.dg-struct-layout-1/t027 c_compat_y_tst.o compile
UNRESOLVED: tmpdir-gcc.dg-struct-layout-1/t027 c_compat_x_tst.o-c_compat_y_tst.o link
UNRESOLVED: tmpdir-gcc.dg-struct-layout-1/t027 c_compat_x_tst.o-c_compat_y_tst.o execute
FAIL: tmpdir-gcc.dg-struct-layout-1/t028 c_compat_x_tst.o compile
FAIL: tmpdir-gcc.dg-struct-layout-1/t028 c_compat_y_tst.o compile
UNRESOLVED: tmpdir-gcc.dg-struct-layout-1/t028 c_compat_x_tst.o-c_compat_y_tst.o link
UNRESOLVED: tmpdir-gcc.dg-struct-layout-1/t028 c_compat_x_tst.o-c_compat_y_tst.o execute
FAIL: gcc.dg/debug/dwarf2/dwarf-die7.c scan-assembler 1.*DW_AT_inline
FAIL: gcc.dg/ppc64-abi-3.c (test for errors, line 12)
FAIL: gcc.dg/ppc64-abi-3.c (test for errors, line 27)
FAIL: gcc.dg/ppc64-abi-3.c (test for excess errors)
FAIL: gcc.dg/struct-by-value-1.c (test for excess errors)
WARNING: gcc.dg/struct-by-value-1.c compilation failed to produce executable
FAIL: gcc.dg/tree-ssa/loop-2.c scan-tree-dump-times \\* 17 0
FAIL: gcc.dg/tree-ssa/loop-2.c scan-tree-dump-times \\+ 17 1
FAIL: gcc.dg/tree-ssa/loop-2.c scan-tree-dump-times 1700 1
FAIL: gcc.dg/tree-ssa/loop-2.c scan-tree-dump-times iter 0
FAIL: gcc.dg/vect/pr18425.c scan-tree-dump-times vectorized 1 loops 1
FAIL: gcc.dg/vect/vect-30.c execution test
FAIL: gcc.dg/vect/vect-46.c (test for excess errors)
WARNING: gcc.dg/vect/vect-46.c compilation failed to produce executable
FAIL: gcc.dg/vect/vect-50.c (test for excess errors)
WARNING: gcc.dg/vect/vect-50.c compilation failed to produce executable
FAIL: gcc.dg/vect/vect-52.c (test for excess errors)
WARNING: gcc.dg/vect/vect-52.c compilation failed to produce executable
FAIL: gcc.dg/vect/vect-58.c (test for excess errors)
WARNING: gcc.dg/vect/vect-58.c compilation failed to produce executable
FAIL: gcc.dg/vect/vect-60.c (test for excess errors)
WARNING: gcc.dg/vect/vect-60.c compilation failed to produce executable
FAIL: gcc.dg/vect/vect-77.c scan-tree-dump-times vectorized 1 loops 1
FAIL: gcc.dg/vect/vect-77a.c scan-tree-dump-times vectorized 1 loops 1
FAIL: gcc.dg/vect/vect-78.c scan-tree-dump-times vectorized 1 loops 1
FAIL: gcc.dg/vect/vect-8.c execution test
=== gcc Summary for unix/-m64 ===
# of expected passes 32571
# of unexpected failures 71
# of expected failures 97
# of unresolved testcases 36
# of untested testcases 28
# of unsupported tests 418
=== gcc Summary ===
# of expected passes 65241
# of unexpected failures 89
# of expected failures 194
# of unresolved testcases 46
# of untested testcases 56
# of unsupported tests 829
/home/jgrimm/build/nightly/build-gcc-mline64/gcc/xgcc version 4.0.0 20041118 (experimental)
=== objc tests ===
Running target unix/-m32
=== objc Summary for unix/-m32 ===
# of expected passes 1521
# of unsupported tests 10
Running target unix/-m64
=== objc Summary for unix/-m64 ===
# of expected passes 1521
# of unsupported tests 10
=== objc Summary ===
# of expected passes 3042
# of unsupported tests 20
/home/jgrimm/build/nightly/build-gcc-mline64/gcc/xgcc version 4.0.0 20041118 (experimental)
=== libmudflap tests ===
Running target unix/-m32
FAIL: libmudflap.cth/pass40-frag.c execution test
FAIL: libmudflap.cth/pass40-frag.c output pattern test
FAIL: libmudflap.cth/pass40-frag.c (-O2) execution test
FAIL: libmudflap.cth/pass40-frag.c (-O2) output pattern test
FAIL: libmudflap.cth/pass40-frag.c (-O3) execution test
FAIL: libmudflap.cth/pass40-frag.c (-O3) output pattern test
=== libmudflap Summary for unix/-m32 ===
# of expected passes 1238
# of unexpected failures 6
Running target unix/-m64
FAIL: libmudflap.c/fail27-frag.c output pattern test
FAIL: libmudflap.c/fail27-frag.c (-O2) output pattern test
FAIL: libmudflap.c/fail27-frag.c (-O3) output pattern test
=== libmudflap Summary for unix/-m64 ===
# of expected passes 1241
# of unexpected failures 3
=== libmudflap Summary ===
# of expected passes 2479
# of unexpected failures 9
=== libstdc++-v3 check-abi Summary ===
# of added symbols: 549
# of missing symbols: 486
# of incompatible symbols: 486
using: /home/jgrimm/gcc_mline64_anoncvs/gcc/libstdc++-v3/config/abi/powerpc-linux-gnu/baseline_symbols.txt
=== libstdc++ tests ===
Running target unix/-m32
FAIL: 22_locale/collate/compare/wchar_t/2.cc (test for excess errors)
WARNING: 22_locale/collate/compare/wchar_t/2.cc compilation failed to produce executable
FAIL: 22_locale/collate/compare/wchar_t/wrapped_env.cc (test for excess errors)
WARNING: 22_locale/collate/compare/wchar_t/wrapped_env.cc compilation failed to produce executable
FAIL: 22_locale/collate/compare/wchar_t/wrapped_locale.cc (test for excess errors)
WARNING: 22_locale/collate/compare/wchar_t/wrapped_locale.cc compilation failed to produce executable
FAIL: 22_locale/collate/hash/wchar_t/2.cc (test for excess errors)
WARNING: 22_locale/collate/hash/wchar_t/2.cc compilation failed to produce executable
FAIL: 22_locale/collate/hash/wchar_t/wrapped_env.cc (test for excess errors)
WARNING: 22_locale/collate/hash/wchar_t/wrapped_env.cc compilation failed to produce executable
FAIL: 22_locale/collate/hash/wchar_t/wrapped_locale.cc (test for excess errors)
WARNING: 22_locale/collate/hash/wchar_t/wrapped_locale.cc compilation failed to produce executable
FAIL: 22_locale/collate/transform/wchar_t/2.cc (test for excess errors)
WARNING: 22_locale/collate/transform/wchar_t/2.cc compilation failed to produce executable
FAIL: 22_locale/collate/transform/wchar_t/wrapped_env.cc (test for excess errors)
WARNING: 22_locale/collate/transform/wchar_t/wrapped_env.cc compilation failed to produce executable
FAIL: 22_locale/collate/transform/wchar_t/wrapped_locale.cc (test for excess errors)
WARNING: 22_locale/collate/transform/wchar_t/wrapped_locale.cc compilation failed to produce executable
XPASS: 22_locale/locale/cons/12658_thread-1.cc execution test
FAIL: 22_locale/messages/members/char/1.cc execution test
FAIL: 22_locale/messages/members/char/2.cc execution test
FAIL: 22_locale/messages/members/char/wrapped_env.cc execution test
FAIL: 22_locale/messages/members/char/wrapped_locale.cc execution test
FAIL: 22_locale/messages_byname/named_equivalence.cc execution test
XPASS: 26_numerics/cmath/c99_classification_macros_c.cc (test for excess errors)
FAIL: ext/array_allocator/2.cc execution test
=== libstdc++ Summary for unix/-m32 ===
# of expected passes 3059
# of unexpected failures 15
# of unexpected successes 2
# of expected failures 5
Running target unix/-m64
FAIL: 22_locale/codecvt/in/wchar_t/2.cc execution test
FAIL: 22_locale/codecvt/in/wchar_t/3.cc execution test
FAIL: 22_locale/codecvt/length/wchar_t/2.cc execution test
FAIL: 22_locale/codecvt/length/wchar_t/3.cc execution test
FAIL: 22_locale/codecvt/out/wchar_t/2.cc execution test
FAIL: 22_locale/codecvt/out/wchar_t/3.cc execution test
FAIL: 22_locale/codecvt/unicode/1.cc execution test
FAIL: 22_locale/codecvt/unicode/char.cc execution test
FAIL: 22_locale/ctype/widen/wchar_t/2.cc execution test
XPASS: 22_locale/locale/cons/12658_thread-1.cc execution test
FAIL: 22_locale/money_get/get/wchar_t/1.cc execution test
FAIL: 22_locale/money_get/get/wchar_t/wrapped_env.cc execution test
FAIL: 22_locale/money_put/put/wchar_t/1.cc execution test
FAIL: 22_locale/money_put/put/wchar_t/3.cc execution test
FAIL: 22_locale/money_put/put/wchar_t/wrapped_env.cc execution test
XPASS: 26_numerics/cmath/c99_classification_macros_c.cc (test for excess errors)
FAIL: 27_io/basic_filebuf/underflow/wchar_t/9520.cc execution test
XPASS: 27_io/fpos/14320-1.cc execution test
FAIL: 27_io/objects/wchar_t/9520.cc execution test
FAIL: ext/array_allocator/2.cc execution test
FAIL: ext/enc_filebuf/char/13598.cc execution test
=== libstdc++ Summary for unix/-m64 ===
# of expected passes 3047
# of unexpected failures 18
# of unexpected successes 3
# of expected failures 4
# of unsupported tests 9
=== libstdc++ Summary ===
# of expected passes 6106
# of unexpected failures 33
# of unexpected successes 5
# of expected failures 9
# of unsupported tests 9
Compiler version: 4.0.0 20041118 (experimental)
Platform: powerpc64-unknown-linux-gnu
configure flags: --prefix=/home/jgrimm/tools/mline64-20041118 --build=powerpc64-linux --host=powerpc64-linux --target=powerpc64-linux --with-cpu=default64 --with-as=/home/jgrimm/tools/binutils/bin/as --with-ld=/home/jgrimm/tools/binutils/bin/ld --enable-threads=posix --enable-shared --enable-__cxa_atexit --with-mpfr=/usr/lib --with-mpfr=/usr/lib --enable-languages=c,c++,objc