This is the mail archive of the
gcc-testresults@gcc.gnu.org
mailing list for the GCC project.
Results for 4.0.0 20041113 (experimental) testsuite on i686-unknown-openbsd3.1
- From: Andrew Thomas Pinski <pinskia at physics dot uc dot edu>
- To: gcc-testresults at gcc dot gnu dot org
- Date: Sat, 13 Nov 2004 05:02:16 -0500 (EST)
- Subject: Results for 4.0.0 20041113 (experimental) testsuite on i686-unknown-openbsd3.1
LAST_UPDATED: Sat Nov 13 05:02:09 UTC 2004
Native configuration is i686-unknown-openbsd3.1
=== g++ tests ===
Running target unix
FAIL: g++.dg/abi/local1.C execution test
FAIL: g++.dg/abi/mangle4.C (test for errors, line 12)
FAIL: g++.dg/abi/mangle4.C (test for errors, line 18)
FAIL: g++.dg/abi/mangle4.C (test for errors, line 20)
FAIL: g++.dg/ext/typedef-init.C C (test for errors, line 27)
FAIL: g++.dg/ext/typedef-init.C D (test for errors, line 31)
FAIL: g++.dg/lookup/conv-1.C (test for errors, line 10)
FAIL: g++.dg/lookup/conv-1.C (test for errors, line 15)
FAIL: g++.dg/lookup/conv-1.C (test for errors, line 24)
FAIL: g++.dg/lookup/conv-1.C (test for excess errors)
FAIL: g++.dg/lookup/strong-using-2.C (test for errors, line 6)
FAIL: g++.dg/lookup/strong-using-2.C (test for errors, line 9)
FAIL: g++.dg/parse/crash2.C (test for errors, line 6)
FAIL: g++.dg/template/error10.C (test for errors, line 69)
FAIL: g++.dg/template/error10.C (test for errors, line 70)
FAIL: g++.dg/template/memfriend6.C (test for errors, line 11)
FAIL: g++.dg/template/memfriend6.C (test for errors, line 12)
FAIL: g++.dg/template/memfriend6.C (test for errors, line 13)
FAIL: g++.dg/template/memfriend6.C (test for errors, line 21)
FAIL: g++.dg/template/memfriend6.C (test for errors, line 22)
FAIL: g++.dg/template/memfriend7.C (test for errors, line 63)
FAIL: g++.dg/template/memfriend7.C (test for errors, line 83)
FAIL: g++.dg/template/memfriend7.C (test for errors, line 101)
FAIL: g++.dg/template/memfriend7.C (test for errors, line 107)
FAIL: g++.dg/template/memfriend7.C (test for errors, line 113)
FAIL: g++.dg/template/memfriend7.C (test for errors, line 124)
FAIL: g++.dg/template/memfriend7.C (test for errors, line 127)
FAIL: g++.dg/template/memfriend7.C (test for errors, line 131)
FAIL: g++.dg/template/recurse.C excessive recursion (test for errors, line 21)
FAIL: g++.dg/template/recurse.C (test for excess errors)
FAIL: g++.old-deja/g++.benjamin/15799.C (test for errors, line 18)
FAIL: g++.old-deja/g++.benjamin/tem03.C (test for errors, line 119)
FAIL: g++.old-deja/g++.benjamin/tem03.C (test for errors, line 129)
FAIL: g++.old-deja/g++.benjamin/tem03.C (test for errors, line 130)
FAIL: g++.old-deja/g++.benjamin/tem03.C (test for errors, line 161)
FAIL: g++.old-deja/g++.benjamin/tem03.C (test for errors, line 162)
FAIL: g++.old-deja/g++.benjamin/tem03.C (test for errors, line 168)
FAIL: g++.old-deja/g++.benjamin/tem03.C (test for errors, line 171)
FAIL: g++.old-deja/g++.benjamin/tem03.C (test for errors, line 178)
FAIL: g++.old-deja/g++.benjamin/tem03.C (test for errors, line 181)
FAIL: g++.old-deja/g++.benjamin/tem03.C (test for errors, line 191)
FAIL: g++.old-deja/g++.benjamin/tem03.C (test for errors, line 193)
FAIL: g++.old-deja/g++.benjamin/tem03.C (test for errors, line 195)
FAIL: g++.old-deja/g++.benjamin/tem04.C (test for errors, line 94)
FAIL: g++.old-deja/g++.benjamin/tem04.C (test for errors, line 101)
FAIL: g++.old-deja/g++.benjamin/tem04.C (test for errors, line 105)
FAIL: g++.old-deja/g++.benjamin/tem04.C (test for errors, line 152)
FAIL: g++.old-deja/g++.benjamin/tem04.C (test for errors, line 159)
FAIL: g++.old-deja/g++.benjamin/tem04.C (test for errors, line 160)
FAIL: g++.old-deja/g++.benjamin/tem04.C (test for errors, line 166)
FAIL: g++.old-deja/g++.benjamin/tem04.C (test for errors, line 167)
FAIL: g++.old-deja/g++.benjamin/tem04.C (test for errors, line 173)
FAIL: g++.old-deja/g++.benjamin/tem04.C (test for errors, line 175)
FAIL: g++.old-deja/g++.benjamin/tem05.C (test for warnings, line 52)
FAIL: g++.old-deja/g++.benjamin/tem05.C (test for errors, line 54)
FAIL: g++.old-deja/g++.brendan/crash18.C (test for errors, line 10)
FAIL: g++.old-deja/g++.brendan/crash18.C (test for errors, line 11)
FAIL: g++.old-deja/g++.brendan/crash18.C (test for errors, line 13)
FAIL: g++.old-deja/g++.brendan/crash18.C (test for errors, line 17)
FAIL: g++.old-deja/g++.brendan/crash18.C (test for excess errors)
FAIL: g++.old-deja/g++.brendan/crash23.C (test for errors, line 13)
FAIL: g++.old-deja/g++.brendan/crash23.C (test for errors, line 14)
FAIL: g++.old-deja/g++.brendan/crash23.C (test for excess errors)
FAIL: g++.old-deja/g++.brendan/crash7.C (test for errors, line 30)
FAIL: g++.old-deja/g++.brendan/delete1.C (test for errors, line 11)
FAIL: g++.old-deja/g++.brendan/delete1.C (test for errors, line 14)
FAIL: g++.old-deja/g++.brendan/misc6.C (test for errors, line 5)
FAIL: g++.old-deja/g++.brendan/misc6.C (test for errors, line 6)
FAIL: g++.old-deja/g++.brendan/misc6.C (test for errors, line 7)
FAIL: g++.old-deja/g++.brendan/misc6.C (test for errors, line 8)
FAIL: g++.old-deja/g++.brendan/misc6.C (test for errors, line 9)
FAIL: g++.old-deja/g++.brendan/visibility9.C (test for errors, line 14)
FAIL: g++.old-deja/g++.bugs/900119_01.C (test for errors, line 26)
FAIL: g++.old-deja/g++.bugs/900119_01.C (test for errors, line 28)
FAIL: g++.old-deja/g++.bugs/900119_01.C (test for errors, line 34)
FAIL: g++.old-deja/g++.bugs/900119_01.C (test for errors, line 42)
FAIL: g++.old-deja/g++.bugs/900119_01.C (test for errors, line 44)
FAIL: g++.old-deja/g++.bugs/900210_01.C (test for errors, line 47)
FAIL: g++.old-deja/g++.bugs/900210_01.C (test for errors, line 48)
FAIL: g++.old-deja/g++.bugs/900210_01.C (test for errors, line 49)
FAIL: g++.old-deja/g++.bugs/900210_01.C (test for errors, line 50)
FAIL: g++.old-deja/g++.bugs/900210_01.C (test for errors, line 51)
FAIL: g++.old-deja/g++.bugs/900210_01.C (test for errors, line 52)
FAIL: g++.old-deja/g++.bugs/900210_01.C (test for errors, line 89)
FAIL: g++.old-deja/g++.bugs/900210_01.C (test for errors, line 90)
FAIL: g++.old-deja/g++.bugs/900210_01.C (test for errors, line 91)
FAIL: g++.old-deja/g++.bugs/900210_01.C (test for errors, line 92)
FAIL: g++.old-deja/g++.bugs/900210_01.C (test for errors, line 93)
FAIL: g++.old-deja/g++.bugs/900210_01.C (test for errors, line 94)
FAIL: g++.old-deja/g++.bugs/900210_01.C (test for errors, line 95)
FAIL: g++.old-deja/g++.bugs/900210_01.C (test for errors, line 96)
FAIL: g++.old-deja/g++.bugs/900210_01.C (test for errors, line 97)
FAIL: g++.old-deja/g++.bugs/900210_01.C (test for errors, line 98)
FAIL: g++.old-deja/g++.bugs/900210_01.C (test for errors, line 99)
FAIL: g++.old-deja/g++.bugs/900210_01.C (test for errors, line 100)
FAIL: g++.old-deja/g++.bugs/900210_01.C (test for errors, line 101)
FAIL: g++.old-deja/g++.bugs/900210_01.C (test for errors, line 102)
FAIL: g++.old-deja/g++.bugs/900210_01.C (test for errors, line 103)
FAIL: g++.old-deja/g++.bugs/900210_01.C (test for errors, line 104)
FAIL: g++.old-deja/g++.bugs/900210_01.C (test for errors, line 105)
FAIL: g++.old-deja/g++.bugs/900210_01.C (test for errors, line 106)
FAIL: g++.old-deja/g++.bugs/900210_01.C (test for errors, line 107)
FAIL: g++.old-deja/g++.bugs/900210_01.C (test for errors, line 108)
FAIL: g++.old-deja/g++.bugs/900210_01.C (test for errors, line 109)
FAIL: g++.old-deja/g++.bugs/900210_01.C (test for errors, line 110)
FAIL: g++.old-deja/g++.bugs/900210_01.C (test for excess errors)
FAIL: g++.old-deja/g++.bugs/900210_02.C (test for errors, line 56)
FAIL: g++.old-deja/g++.bugs/900210_02.C (test for errors, line 57)
FAIL: g++.old-deja/g++.bugs/900210_02.C (test for errors, line 58)
FAIL: g++.old-deja/g++.bugs/900210_02.C (test for errors, line 59)
FAIL: g++.old-deja/g++.bugs/900210_02.C (test for errors, line 60)
FAIL: g++.old-deja/g++.bugs/900210_02.C (test for errors, line 61)
FAIL: g++.old-deja/g++.bugs/900210_02.C (test for errors, line 62)
FAIL: g++.old-deja/g++.bugs/900210_02.C (test for errors, line 63)
FAIL: g++.old-deja/g++.bugs/900210_02.C (test for errors, line 64)
FAIL: g++.old-deja/g++.bugs/900210_02.C (test for errors, line 65)
FAIL: g++.old-deja/g++.bugs/900210_02.C (test for errors, line 66)
FAIL: g++.old-deja/g++.bugs/900210_02.C (test for errors, line 67)
FAIL: g++.old-deja/g++.bugs/900210_02.C (test for errors, line 68)
FAIL: g++.old-deja/g++.bugs/900210_02.C (test for errors, line 69)
FAIL: g++.old-deja/g++.bugs/900210_02.C (test for errors, line 70)
FAIL: g++.old-deja/g++.bugs/900210_02.C (test for errors, line 71)
FAIL: g++.old-deja/g++.bugs/900210_02.C (test for errors, line 72)
FAIL: g++.old-deja/g++.bugs/900210_02.C (test for errors, line 73)
FAIL: g++.old-deja/g++.bugs/900210_02.C (test for errors, line 74)
FAIL: g++.old-deja/g++.bugs/900210_02.C (test for errors, line 75)
FAIL: g++.old-deja/g++.bugs/900210_02.C (test for errors, line 76)
FAIL: g++.old-deja/g++.bugs/900210_02.C (test for errors, line 77)
FAIL: g++.old-deja/g++.bugs/900210_02.C (test for errors, line 78)
FAIL: g++.old-deja/g++.bugs/900210_02.C (test for errors, line 79)
FAIL: g++.old-deja/g++.bugs/900210_02.C (test for errors, line 80)
FAIL: g++.old-deja/g++.bugs/900210_02.C (test for errors, line 81)
FAIL: g++.old-deja/g++.bugs/900210_02.C (test for errors, line 82)
FAIL: g++.old-deja/g++.bugs/900210_02.C (test for errors, line 83)
FAIL: g++.old-deja/g++.bugs/900210_02.C (test for errors, line 84)
FAIL: g++.old-deja/g++.bugs/900210_02.C (test for errors, line 85)
FAIL: g++.old-deja/g++.bugs/900210_02.C (test for errors, line 86)
FAIL: g++.old-deja/g++.bugs/900210_02.C (test for errors, line 87)
FAIL: g++.old-deja/g++.bugs/900210_02.C (test for errors, line 88)
FAIL: g++.old-deja/g++.bugs/900210_02.C (test for errors, line 89)
FAIL: g++.old-deja/g++.bugs/900210_02.C (test for errors, line 90)
FAIL: g++.old-deja/g++.bugs/900210_02.C (test for errors, line 91)
FAIL: g++.old-deja/g++.bugs/900210_02.C (test for errors, line 92)
FAIL: g++.old-deja/g++.bugs/900210_02.C (test for errors, line 93)
FAIL: g++.old-deja/g++.bugs/900210_02.C (test for errors, line 94)
FAIL: g++.old-deja/g++.bugs/900210_02.C (test for errors, line 95)
FAIL: g++.old-deja/g++.bugs/900210_02.C (test for errors, line 96)
FAIL: g++.old-deja/g++.bugs/900210_02.C (test for errors, line 97)
FAIL: g++.old-deja/g++.bugs/900210_02.C (test for errors, line 98)
FAIL: g++.old-deja/g++.bugs/900210_02.C (test for errors, line 99)
FAIL: g++.old-deja/g++.bugs/900210_02.C (test for errors, line 100)
FAIL: g++.old-deja/g++.bugs/900210_02.C (test for errors, line 101)
FAIL: g++.old-deja/g++.bugs/900210_02.C (test for errors, line 102)
FAIL: g++.old-deja/g++.bugs/900210_02.C (test for errors, line 103)
FAIL: g++.old-deja/g++.bugs/900210_02.C (test for errors, line 104)
FAIL: g++.old-deja/g++.bugs/900210_02.C (test for errors, line 105)
FAIL: g++.old-deja/g++.bugs/900210_02.C (test for errors, line 106)
FAIL: g++.old-deja/g++.bugs/900210_02.C (test for errors, line 107)
FAIL: g++.old-deja/g++.bugs/900210_02.C (test for errors, line 108)
FAIL: g++.old-deja/g++.bugs/900210_02.C (test for errors, line 109)
FAIL: g++.old-deja/g++.bugs/900210_02.C (test for errors, line 110)
FAIL: g++.old-deja/g++.bugs/900210_02.C (test for errors, line 111)
FAIL: g++.old-deja/g++.bugs/900210_02.C (test for excess errors)
FAIL: g++.old-deja/g++.bugs/900210_03.C (test for errors, line 24)
FAIL: g++.old-deja/g++.bugs/900211_02.C (test for errors, line 21)
FAIL: g++.old-deja/g++.bugs/900428_01.C (test for warnings, line 90)
FAIL: g++.old-deja/g++.bugs/900428_01.C (test for warnings, line 134)
FAIL: g++.old-deja/g++.bugs/900428_01.C (test for warnings, line 135)
FAIL: g++.old-deja/g++.bugs/900519_03.C (test for errors, line 17)
FAIL: g++.old-deja/g++.bugs/900519_03.C (test for errors, line 18)
FAIL: g++.old-deja/g++.bugs/900519_03.C (test for errors, line 31)
FAIL: g++.old-deja/g++.bugs/900519_03.C (test for errors, line 36)
FAIL: g++.old-deja/g++.bugs/900519_03.C (test for errors, line 38)
FAIL: g++.old-deja/g++.bugs/900519_03.C (test for errors, line 43)
FAIL: g++.old-deja/g++.bugs/900519_03.C (test for errors, line 45)
FAIL: g++.old-deja/g++.bugs/900519_06.C (test for errors, line 19)
FAIL: g++.old-deja/g++.bugs/900519_06.C (test for errors, line 20)
FAIL: g++.old-deja/g++.bugs/900519_13.C (test for errors, line 15)
FAIL: g++.old-deja/g++.bugs/900519_13.C (test for errors, line 19)
FAIL: g++.old-deja/g++.bugs/900519_13.C (test for errors, line 23)
FAIL: g++.old-deja/g++.bugs/900519_13.C (test for errors, line 31)
FAIL: g++.old-deja/g++.bugs/900519_13.C (test for errors, line 35)
FAIL: g++.old-deja/g++.jason/access23.C (test for errors, line 21)
FAIL: g++.old-deja/g++.jason/access23.C (test for errors, line 26)
FAIL: g++.old-deja/g++.jason/access23.C (test for errors, line 69)
FAIL: g++.old-deja/g++.jason/access23.C (test for errors, line 70)
FAIL: g++.old-deja/g++.jason/access23.C (test for errors, line 71)
FAIL: g++.old-deja/g++.jason/access23.C (test for errors, line 72)
FAIL: g++.old-deja/g++.jason/access23.C (test for errors, line 73)
FAIL: g++.old-deja/g++.jason/access23.C (test for errors, line 76)
FAIL: g++.old-deja/g++.jason/access23.C (test for errors, line 77)
FAIL: g++.old-deja/g++.jason/access23.C (test for errors, line 78)
FAIL: g++.old-deja/g++.jason/access23.C (test for errors, line 79)
FAIL: g++.old-deja/g++.jason/member.C (test for excess errors)
FAIL: g++.old-deja/g++.jason/operator.C (test for errors, line 9)
FAIL: g++.old-deja/g++.jason/operator.C (test for errors, line 10)
FAIL: g++.old-deja/g++.jason/operator.C (test for errors, line 11)
FAIL: g++.old-deja/g++.jason/operator.C (test for errors, line 12)
FAIL: g++.old-deja/g++.jason/operator.C (test for errors, line 26)
FAIL: g++.old-deja/g++.jason/operator.C (test for errors, line 28)
FAIL: g++.old-deja/g++.jason/operator.C (test for errors, line 29)
FAIL: g++.old-deja/g++.jason/operator.C (test for errors, line 31)
FAIL: g++.old-deja/g++.jason/overload21.C (test for errors, line 4)
FAIL: g++.old-deja/g++.jason/overload21.C (test for errors, line 12)
FAIL: g++.old-deja/g++.jason/overload28.C (test for errors, line 5)
FAIL: g++.old-deja/g++.jason/overload28.C (test for errors, line 6)
FAIL: g++.old-deja/g++.jason/report.C (test for warnings, line 59)
FAIL: g++.old-deja/g++.jason/report.C (test for warnings, line 74)
FAIL: g++.old-deja/g++.jason/rfg27.C (test for errors, line 6)
FAIL: g++.old-deja/g++.jason/rfg27.C (test for errors, line 7)
FAIL: g++.old-deja/g++.jason/rfg27.C (test for errors, line 8)
FAIL: g++.old-deja/g++.jason/scoping7.C (test for errors, line 5)
FAIL: g++.old-deja/g++.law/arg4.C (test for errors, line 19)
FAIL: g++.old-deja/g++.law/array2.C (test for errors, line 10)
FAIL: g++.old-deja/g++.law/array2.C (test for excess errors)
FAIL: g++.old-deja/g++.law/enum4.C (test for errors, line 14)
FAIL: g++.old-deja/g++.law/enum4.C (test for errors, line 27)
FAIL: g++.old-deja/g++.law/init8.C (test for errors, line 11)
FAIL: g++.old-deja/g++.law/profile1.C (test for excess errors)
WARNING: g++.old-deja/g++.law/profile1.C compilation failed to produce executable
FAIL: g++.old-deja/g++.law/visibility4.C (test for errors, line 23)
FAIL: g++.old-deja/g++.law/visibility6.C (test for errors, line 22)
FAIL: g++.old-deja/g++.mike/misc3.C (test for errors, line 3)
FAIL: g++.old-deja/g++.mike/net31.C (test for errors, line 43)
FAIL: g++.old-deja/g++.mike/net36.C (test for errors, line 14)
WARNING: g++.old-deja/g++.mike/p10769a.C compilation failed to produce executable
FAIL: g++.old-deja/g++.mike/p2793.C (test for errors, line 4)
FAIL: g++.old-deja/g++.mike/p700.C (test for errors, line 274)
FAIL: g++.old-deja/g++.mike/p700.C (test for errors, line 275)
FAIL: g++.old-deja/g++.mike/p700.C (test for errors, line 276)
FAIL: g++.old-deja/g++.mike/p700.C (test for errors, line 277)
FAIL: g++.old-deja/g++.mike/p700.C (test for errors, line 278)
FAIL: g++.old-deja/g++.mike/p700.C (test for errors, line 280)
FAIL: g++.old-deja/g++.mike/p700.C (test for errors, line 281)
FAIL: g++.old-deja/g++.mike/p700.C (test for errors, line 282)
FAIL: g++.old-deja/g++.mike/p700.C (test for errors, line 283)
FAIL: g++.old-deja/g++.mike/p700.C (test for errors, line 284)
FAIL: g++.old-deja/g++.mike/p700.C (test for errors, line 285)
FAIL: g++.old-deja/g++.mike/p700.C (test for errors, line 286)
FAIL: g++.old-deja/g++.mike/p700.C (test for errors, line 287)
FAIL: g++.old-deja/g++.mike/p700.C (test for errors, line 288)
FAIL: g++.old-deja/g++.mike/p700.C (test for errors, line 289)
FAIL: g++.old-deja/g++.mike/p700.C (test for errors, line 290)
FAIL: g++.old-deja/g++.mike/p700.C (test for errors, line 291)
FAIL: g++.old-deja/g++.mike/p700.C (test for errors, line 292)
FAIL: g++.old-deja/g++.mike/p700.C (test for errors, line 293)
FAIL: g++.old-deja/g++.mike/p700.C (test for errors, line 294)
FAIL: g++.old-deja/g++.mike/p700.C (test for errors, line 295)
FAIL: g++.old-deja/g++.mike/p700.C (test for errors, line 296)
FAIL: g++.old-deja/g++.mike/p700.C (test for errors, line 297)
FAIL: g++.old-deja/g++.mike/p700.C (test for errors, line 298)
FAIL: g++.old-deja/g++.mike/p700.C (test for errors, line 299)
FAIL: g++.old-deja/g++.mike/p700.C (test for errors, line 301)
FAIL: g++.old-deja/g++.mike/p700.C (test for errors, line 302)
FAIL: g++.old-deja/g++.mike/p700.C (test for errors, line 303)
FAIL: g++.old-deja/g++.mike/p700.C (test for errors, line 304)
FAIL: g++.old-deja/g++.mike/p700.C (test for errors, line 305)
FAIL: g++.old-deja/g++.mike/p700.C (test for errors, line 306)
FAIL: g++.old-deja/g++.mike/p700.C (test for errors, line 307)
FAIL: g++.old-deja/g++.mike/p700.C (test for errors, line 308)
FAIL: g++.old-deja/g++.mike/p700.C (test for errors, line 309)
FAIL: g++.old-deja/g++.mike/p700.C (test for errors, line 310)
FAIL: g++.old-deja/g++.mike/p700.C (test for errors, line 311)
FAIL: g++.old-deja/g++.mike/p700.C (test for errors, line 312)
FAIL: g++.old-deja/g++.mike/p700.C (test for errors, line 313)
FAIL: g++.old-deja/g++.mike/p700.C (test for errors, line 314)
FAIL: g++.old-deja/g++.mike/p700.C (test for errors, line 315)
FAIL: g++.old-deja/g++.mike/p700.C (test for errors, line 316)
FAIL: g++.old-deja/g++.mike/p700.C (test for errors, line 317)
FAIL: g++.old-deja/g++.mike/p700.C (test for errors, line 318)
FAIL: g++.old-deja/g++.mike/p700.C (test for errors, line 625)
FAIL: g++.old-deja/g++.mike/p700.C (test for errors, line 626)
FAIL: g++.old-deja/g++.mike/p700.C (test for errors, line 627)
FAIL: g++.old-deja/g++.mike/p700.C (test for errors, line 628)
FAIL: g++.old-deja/g++.mike/p700.C (test for errors, line 629)
FAIL: g++.old-deja/g++.mike/p700.C (test for errors, line 630)
FAIL: g++.old-deja/g++.mike/p700.C (test for errors, line 631)
FAIL: g++.old-deja/g++.mike/p700.C (test for errors, line 632)
FAIL: g++.old-deja/g++.mike/p700.C (test for errors, line 633)
FAIL: g++.old-deja/g++.mike/p700.C (test for errors, line 634)
FAIL: g++.old-deja/g++.mike/p700.C (test for errors, line 635)
FAIL: g++.old-deja/g++.mike/p700.C (test for errors, line 636)
FAIL: g++.old-deja/g++.mike/p700.C (test for errors, line 637)
FAIL: g++.old-deja/g++.mike/p700.C (test for errors, line 638)
FAIL: g++.old-deja/g++.mike/p700.C (test for errors, line 640)
FAIL: g++.old-deja/g++.mike/p700.C (test for errors, line 641)
FAIL: g++.old-deja/g++.mike/p700.C (test for errors, line 642)
FAIL: g++.old-deja/g++.mike/p700.C (test for errors, line 643)
FAIL: g++.old-deja/g++.mike/p700.C (test for errors, line 644)
FAIL: g++.old-deja/g++.mike/p700.C (test for errors, line 645)
FAIL: g++.old-deja/g++.mike/p700.C (test for errors, line 646)
FAIL: g++.old-deja/g++.mike/p700.C (test for errors, line 647)
FAIL: g++.old-deja/g++.mike/p700.C (test for errors, line 648)
FAIL: g++.old-deja/g++.mike/p700.C (test for errors, line 649)
FAIL: g++.old-deja/g++.mike/p700.C (test for errors, line 650)
FAIL: g++.old-deja/g++.mike/p700.C (test for errors, line 651)
FAIL: g++.old-deja/g++.mike/p700.C (test for errors, line 652)
FAIL: g++.old-deja/g++.mike/p700.C (test for errors, line 653)
FAIL: g++.old-deja/g++.mike/p700.C (test for errors, line 654)
FAIL: g++.old-deja/g++.mike/p700.C (test for errors, line 655)
FAIL: g++.old-deja/g++.mike/p700.C (test for errors, line 656)
FAIL: g++.old-deja/g++.mike/p700.C (test for errors, line 657)
FAIL: g++.old-deja/g++.mike/p700.C (test for errors, line 658)
FAIL: g++.old-deja/g++.mike/p700.C (test for errors, line 659)
FAIL: g++.old-deja/g++.mike/p784.C (test for errors, line 1640)
FAIL: g++.old-deja/g++.mike/p784.C (test for errors, line 1642)
FAIL: g++.old-deja/g++.mike/p784.C (test for errors, line 1645)
FAIL: g++.old-deja/g++.mike/p784.C (test for errors, line 1647)
FAIL: g++.old-deja/g++.mike/p784.C (test for errors, line 1665)
FAIL: g++.old-deja/g++.mike/p784.C (test for errors, line 1667)
FAIL: g++.old-deja/g++.mike/p784.C (test for errors, line 1670)
FAIL: g++.old-deja/g++.mike/p784.C (test for errors, line 1672)
FAIL: g++.old-deja/g++.mike/pmf6.C (test for errors, line 11)
FAIL: g++.old-deja/g++.ns/using12.C (test for errors, line 6)
FAIL: g++.old-deja/g++.ns/using12.C (test for errors, line 7)
FAIL: g++.old-deja/g++.ns/using12.C (test for errors, line 8)
FAIL: g++.old-deja/g++.ns/using12.C (test for errors, line 9)
FAIL: g++.old-deja/g++.ns/using12.C (test for errors, line 12)
FAIL: g++.old-deja/g++.ns/using12.C (test for errors, line 18)
FAIL: g++.old-deja/g++.ns/using12.C (test for excess errors)
FAIL: g++.old-deja/g++.other/access7.C (test for errors, line 31)
FAIL: g++.old-deja/g++.other/access7.C (test for errors, line 32)
FAIL: g++.old-deja/g++.other/anon9.C (test for errors, line 5)
FAIL: g++.old-deja/g++.other/base1.C (test for errors, line 18)
FAIL: g++.old-deja/g++.other/base1.C (test for errors, line 19)
FAIL: g++.old-deja/g++.other/crash1.C (test for errors, line 4)
FAIL: g++.old-deja/g++.other/crash17.C (test for errors, line 5)
FAIL: g++.old-deja/g++.other/crash17.C (test for excess errors)
FAIL: g++.old-deja/g++.other/crash24.C (test for errors, line 10)
XPASS: g++.old-deja/g++.other/crash32.C (test for bogus messages, line 10)
XPASS: g++.old-deja/g++.other/crash32.C (test for bogus messages, line 12)
FAIL: g++.old-deja/g++.other/decl5.C (test for warnings, line 57)
FAIL: g++.old-deja/g++.other/decl5.C (test for errors, line 60)
FAIL: g++.old-deja/g++.other/decl5.C (test for errors, line 63)
FAIL: g++.old-deja/g++.other/decl5.C (test for errors, line 66)
FAIL: g++.old-deja/g++.other/decl5.C (test for errors, line 69)
FAIL: g++.old-deja/g++.other/decl8.C (test for errors, line 6)
FAIL: g++.old-deja/g++.other/enum2.C (test for errors, line 8)
FAIL: g++.old-deja/g++.other/friend5.C (test for errors, line 5)
FAIL: g++.old-deja/g++.other/friend5.C (test for excess errors)
FAIL: g++.old-deja/g++.other/goto3.C (test for errors, line 14)
FAIL: g++.old-deja/g++.other/goto3.C (test for errors, line 15)
FAIL: g++.old-deja/g++.other/goto3.C (test for errors, line 16)
FAIL: g++.old-deja/g++.other/goto3.C (test for errors, line 17)
FAIL: g++.old-deja/g++.other/goto3.C (test for errors, line 18)
FAIL: g++.old-deja/g++.other/goto3.C (test for errors, line 19)
FAIL: g++.old-deja/g++.other/lineno2.C (test for errors, line 6)
FAIL: g++.old-deja/g++.other/lineno2.C (test for errors, line 7)
FAIL: g++.old-deja/g++.other/overload11.C (test for errors, line 24)
FAIL: g++.old-deja/g++.other/overload11.C (test for errors, line 25)
FAIL: g++.old-deja/g++.other/overload11.C (test for errors, line 35)
FAIL: g++.old-deja/g++.other/overload11.C (test for errors, line 36)
FAIL: g++.old-deja/g++.other/overload11.C (test for errors, line 37)
FAIL: g++.old-deja/g++.other/overload11.C (test for errors, line 41)
FAIL: g++.old-deja/g++.other/overload11.C (test for errors, line 42)
FAIL: g++.old-deja/g++.other/overload11.C (test for errors, line 43)
FAIL: g++.old-deja/g++.other/overload11.C (test for errors, line 44)
XPASS: g++.old-deja/g++.other/overload11.C (test for bogus messages, line 56)
XPASS: g++.old-deja/g++.other/overload11.C (test for bogus messages, line 57)
XPASS: g++.old-deja/g++.other/overload11.C (test for bogus messages, line 58)
XPASS: g++.old-deja/g++.other/overload11.C (test for bogus messages, line 59)
FAIL: g++.old-deja/g++.other/overload11.C (test for errors, line 61)
FAIL: g++.old-deja/g++.other/overload11.C (test for errors, line 62)
FAIL: g++.old-deja/g++.other/overload11.C (test for errors, line 63)
FAIL: g++.old-deja/g++.other/overload11.C (test for errors, line 64)
FAIL: g++.old-deja/g++.other/overload11.C (test for errors, line 65)
FAIL: g++.old-deja/g++.other/overload11.C (test for errors, line 66)
FAIL: g++.old-deja/g++.other/overload11.C (test for warnings, line 75)
FAIL: g++.old-deja/g++.other/overload11.C (test for errors, line 76)
FAIL: g++.old-deja/g++.other/overload11.C (test for errors, line 77)
FAIL: g++.old-deja/g++.other/overload11.C (test for errors, line 79)
FAIL: g++.old-deja/g++.other/overload11.C (test for errors, line 80)
FAIL: g++.old-deja/g++.other/overload11.C (test for errors, line 82)
FAIL: g++.old-deja/g++.other/overload11.C (test for errors, line 83)
FAIL: g++.old-deja/g++.other/overload11.C (test for errors, line 85)
FAIL: g++.old-deja/g++.other/overload11.C (test for errors, line 86)
FAIL: g++.old-deja/g++.other/overload11.C (test for errors, line 88)
FAIL: g++.old-deja/g++.other/overload11.C (test for errors, line 89)
FAIL: g++.old-deja/g++.other/overload11.C (test for excess errors)
FAIL: g++.old-deja/g++.other/pmf7.C (test for errors, line 15)
FAIL: g++.old-deja/g++.other/ptrmem7.C (test for errors, line 37)
FAIL: g++.old-deja/g++.other/ptrmem7.C (test for errors, line 38)
FAIL: g++.old-deja/g++.other/ptrmem7.C (test for excess errors)
FAIL: g++.old-deja/g++.other/redecl1.C (test for errors, line 4)
FAIL: g++.old-deja/g++.other/sizeof4.C (test for errors, line 32)
FAIL: g++.old-deja/g++.other/sizeof4.C (test for errors, line 33)
FAIL: g++.old-deja/g++.other/sizeof4.C (test for errors, line 34)
FAIL: g++.old-deja/g++.other/typedef5.C (test for errors, line 15)
FAIL: g++.old-deja/g++.other/typedef5.C (test for errors, line 16)
FAIL: g++.old-deja/g++.other/vaarg3.C (test for errors, line 12)
FAIL: g++.old-deja/g++.other/vaarg3.C (test for warnings, line 17)
FAIL: g++.old-deja/g++.other/vaarg3.C (test for warnings, line 18)
FAIL: g++.old-deja/g++.other/vaarg3.C (test for errors, line 20)
FAIL: g++.old-deja/g++.other/vaarg3.C (test for errors, line 21)
FAIL: g++.old-deja/g++.other/vaarg3.C (test for errors, line 23)
FAIL: g++.old-deja/g++.other/vaarg3.C (test for errors, line 24)
FAIL: g++.old-deja/g++.other/vaarg3.C (test for errors, line 25)
FAIL: g++.old-deja/g++.other/vaarg3.C (test for errors, line 26)
FAIL: g++.old-deja/g++.other/volatile1.C (test for errors, line 6)
FAIL: g++.old-deja/g++.pt/const2.C (test for errors, line )
FAIL: g++.old-deja/g++.pt/const2.C (test for excess errors)
FAIL: g++.old-deja/g++.pt/crash13.C (test for errors, line 5)
FAIL: g++.old-deja/g++.pt/crash13.C (test for errors, line 6)
FAIL: g++.old-deja/g++.pt/crash4.C (test for errors, line 9)
FAIL: g++.old-deja/g++.pt/crash4.C (test for excess errors)
FAIL: g++.old-deja/g++.pt/crash43.C (test for errors, line 23)
FAIL: g++.old-deja/g++.pt/crash66.C (test for errors, line 38)
FAIL: g++.old-deja/g++.pt/explicit70.C (test for errors, line 17)
FAIL: g++.old-deja/g++.pt/explicit70.C (test for errors, line 19)
FAIL: g++.old-deja/g++.pt/explicit70.C (test for warnings, line 21)
FAIL: g++.old-deja/g++.pt/explicit70.C (test for warnings, line 22)
FAIL: g++.old-deja/g++.pt/explicit70.C (test for errors, line 43)
FAIL: g++.old-deja/g++.pt/explicit71.C (test for errors, line 15)
FAIL: g++.old-deja/g++.pt/export1.C (test for warnings, line 18)
FAIL: g++.old-deja/g++.pt/friend25.C (test for errors, line 14)
FAIL: g++.old-deja/g++.pt/incomplete1.C (test for errors, line 9)
FAIL: g++.old-deja/g++.pt/lookup10.C (test for errors, line 16)
FAIL: g++.old-deja/g++.pt/ptrmem6.C (test for errors, line 29)
FAIL: g++.old-deja/g++.pt/ptrmem6.C (test for errors, line 30)
FAIL: g++.old-deja/g++.pt/ptrmem6.C (test for errors, line 31)
FAIL: g++.old-deja/g++.pt/spec21.C (test for errors, line 12)
FAIL: g++.old-deja/g++.pt/spec21.C (test for errors, line 16)
FAIL: g++.old-deja/g++.pt/spec35.C (test for errors, line 11)
FAIL: g++.old-deja/g++.pt/spec35.C (test for errors, line 12)
FAIL: g++.old-deja/g++.pt/spec35.C (test for errors, line 14)
FAIL: g++.old-deja/g++.pt/spec35.C (test for errors, line 15)
FAIL: g++.old-deja/g++.pt/spec35.C (test for errors, line 18)
FAIL: g++.old-deja/g++.pt/spec35.C (test for errors, line 19)
FAIL: g++.old-deja/g++.pt/spec35.C (test for errors, line 28)
FAIL: g++.old-deja/g++.pt/spec35.C (test for errors, line 29)
FAIL: g++.old-deja/g++.pt/ttp1.C (test for errors, line 13)
FAIL: g++.old-deja/g++.pt/ttp1.C (test for excess errors)
FAIL: g++.old-deja/g++.pt/ttp41.C (test for errors, line 17)
FAIL: g++.old-deja/g++.pt/typename4.C (test for warnings, line 25)
FAIL: g++.old-deja/g++.pt/typename6.C (test for errors, line 17)
FAIL: g++.old-deja/g++.rfg/00321_01-.C (test for errors, line 13)
FAIL: g++.old-deja/g++.robertl/eb8.C (test for errors, line 6)
FAIL: g++.old-deja/g++.robertl/eb8.C (test for errors, line 9)
FAIL: g++.old-deja/g++.warn/impint.C (test for warnings, line 36)
FAIL: g++.old-deja/g++.warn/impint.C (test for warnings, line 38)
FAIL: g++.old-deja/g++.warn/impint.C (test for warnings, line 39)
FAIL: g++.old-deja/g++.warn/impint.C (test for warnings, line 41)
FAIL: g++.old-deja/g++.warn/impint.C (test for warnings, line 42)
FAIL: g++.old-deja/g++.warn/impint.C (test for warnings, line 44)
FAIL: g++.old-deja/g++.warn/impint.C (test for warnings, line 45)
FAIL: g++.old-deja/g++.warn/impint.C (test for warnings, line 47)
FAIL: g++.old-deja/g++.warn/impint.C (test for warnings, line 48)
FAIL: g++.old-deja/g++.warn/impint.C (test for warnings, line 49)
FAIL: g++.old-deja/g++.warn/impint.C (test for warnings, line 50)
FAIL: g++.old-deja/g++.warn/impint.C (test for warnings, line 51)
FAIL: g++.old-deja/g++.warn/impint.C (test for warnings, line 52)
FAIL: g++.old-deja/g++.warn/impint.C (test for warnings, line 54)
FAIL: g++.old-deja/g++.warn/impint.C (test for warnings, line 55)
FAIL: g++.old-deja/g++.warn/impint.C (test for excess errors)
FAIL: g++.old-deja/g++.warn/impint2.C (test for warnings, line 19)
FAIL: g++.old-deja/g++.warn/impint2.C (test for warnings, line 21)
FAIL: g++.old-deja/g++.warn/impint2.C (test for warnings, line 39)
FAIL: g++.old-deja/g++.warn/impint2.C (test for warnings, line 40)
FAIL: g++.old-deja/g++.warn/impint2.C (test for warnings, line 41)
FAIL: g++.old-deja/g++.warn/impint2.C (test for warnings, line 43)
FAIL: g++.old-deja/g++.warn/impint2.C (test for warnings, line 44)
FAIL: g++.old-deja/g++.warn/impint2.C (test for excess errors)
=== g++ Summary ===
# of expected passes 9644
# of unexpected failures 454
# of unexpected successes 6
# of expected failures 67
# of unsupported tests 90
/export/gates/pinskia/src/gnu/gcc/src/objdir.openbsd/gcc/testsuite/../g++ version 4.0.0 20041113 (experimental)
=== gcc tests ===
Running target unix
FAIL: gcc.c-torture/execute/conversion.c execution, -O0
FAIL: gcc.c-torture/execute/conversion.c execution, -O1
FAIL: gcc.c-torture/execute/conversion.c execution, -O2
FAIL: gcc.c-torture/execute/conversion.c execution, -Os
FAIL: gcc.c-torture/execute/ieee/rbug.c execution, -O0
FAIL: gcc.c-torture/execute/ieee/rbug.c execution, -O1
FAIL: gcc.c-torture/execute/ieee/rbug.c execution, -O2
FAIL: tmpdir-gcc.dg-struct-layout-1/t001 c_compat_x_tst.o-c_compat_y_tst.o execute
FAIL: tmpdir-gcc.dg-struct-layout-1/t025 c_compat_x_tst.o-c_compat_y_tst.o execute
FAIL: tmpdir-gcc.dg-struct-layout-1/t027 c_compat_x_tst.o-c_compat_y_tst.o execute
FAIL: tmpdir-gcc.dg-struct-layout-1/t028 c_compat_x_tst.o-c_compat_y_tst.o execute
FAIL: gcc.dg/20021014-1.c (test for excess errors)
WARNING: gcc.dg/20021014-1.c compilation failed to produce executable
FAIL: gcc.dg/i386-3dnow-1.c (test for excess errors)
FAIL: gcc.dg/i386-3dnow-2.c (test for excess errors)
FAIL: gcc.dg/i386-3dnowA-1.c (test for excess errors)
FAIL: gcc.dg/i386-3dnowA-2.c (test for excess errors)
FAIL: gcc.dg/i386-mmx-4.c (test for excess errors)
WARNING: gcc.dg/i386-mmx-4.c compilation failed to produce executable
FAIL: gcc.dg/i386-sse-6.c (test for excess errors)
WARNING: gcc.dg/i386-sse-6.c compilation failed to produce executable
FAIL: gcc.dg/i386-sse-7.c (test for excess errors)
WARNING: gcc.dg/i386-sse-7.c compilation failed to produce executable
FAIL: gcc.dg/intmax_t-1.c (test for excess errors)
FAIL: gcc.dg/nest.c (test for excess errors)
WARNING: gcc.dg/nest.c compilation failed to produce executable
FAIL: gcc.dg/wchar_t-1.c (test for excess errors)
FAIL: gcc.dg/wint_t-1.c (test for excess errors)
FAIL: largefile.c (test for excess errors)
FAIL: largefile.c (test for excess errors)
FAIL: largefile.c (test for excess errors)
FAIL: largefile.c (test for excess errors)
FAIL: largefile.c (test for excess errors)
FAIL: largefile.c (test for excess errors)
FAIL: largefile.c (test for excess errors)
FAIL: gcc.dg/special/weak-1.c execution test
FAIL: gcc.dg/vect/vect-11.c (test for excess errors)
WARNING: gcc.dg/vect/vect-11.c compilation failed to produce executable
FAIL: gcc.dg/vect/vect-12.c (test for excess errors)
WARNING: gcc.dg/vect/vect-12.c compilation failed to produce executable
FAIL: gcc.dg/vect/vect-13.c (test for excess errors)
WARNING: gcc.dg/vect/vect-13.c compilation failed to produce executable
FAIL: gcc.dg/vect/vect-16.c (test for excess errors)
WARNING: gcc.dg/vect/vect-16.c compilation failed to produce executable
FAIL: gcc.dg/vect/vect-2.c (test for excess errors)
WARNING: gcc.dg/vect/vect-2.c compilation failed to produce executable
FAIL: gcc.dg/vect/vect-20.c (test for excess errors)
WARNING: gcc.dg/vect/vect-20.c compilation failed to produce executable
FAIL: gcc.dg/vect/vect-21.c (test for excess errors)
WARNING: gcc.dg/vect/vect-21.c compilation failed to produce executable
FAIL: gcc.dg/vect/vect-22.c (test for excess errors)
WARNING: gcc.dg/vect/vect-22.c compilation failed to produce executable
FAIL: gcc.dg/vect/vect-25.c (test for excess errors)
WARNING: gcc.dg/vect/vect-25.c compilation failed to produce executable
FAIL: gcc.dg/vect/vect-26.c (test for excess errors)
WARNING: gcc.dg/vect/vect-26.c compilation failed to produce executable
FAIL: gcc.dg/vect/vect-27a.c (test for excess errors)
WARNING: gcc.dg/vect/vect-27a.c compilation failed to produce executable
FAIL: gcc.dg/vect/vect-28.c (test for excess errors)
WARNING: gcc.dg/vect/vect-28.c compilation failed to produce executable
FAIL: gcc.dg/vect/vect-29a.c (test for excess errors)
WARNING: gcc.dg/vect/vect-29a.c compilation failed to produce executable
FAIL: gcc.dg/vect/vect-3.c (test for excess errors)
WARNING: gcc.dg/vect/vect-3.c compilation failed to produce executable
FAIL: gcc.dg/vect/vect-30.c (test for excess errors)
WARNING: gcc.dg/vect/vect-30.c compilation failed to produce executable
FAIL: gcc.dg/vect/vect-31.c (test for excess errors)
WARNING: gcc.dg/vect/vect-31.c compilation failed to produce executable
FAIL: gcc.dg/vect/vect-32.c (test for excess errors)
WARNING: gcc.dg/vect/vect-32.c compilation failed to produce executable
FAIL: gcc.dg/vect/vect-34.c (test for excess errors)
WARNING: gcc.dg/vect/vect-34.c compilation failed to produce executable
FAIL: gcc.dg/vect/vect-36.c (test for excess errors)
WARNING: gcc.dg/vect/vect-36.c compilation failed to produce executable
FAIL: gcc.dg/vect/vect-38.c (test for excess errors)
WARNING: gcc.dg/vect/vect-38.c compilation failed to produce executable
FAIL: gcc.dg/vect/vect-4.c (test for excess errors)
WARNING: gcc.dg/vect/vect-4.c compilation failed to produce executable
FAIL: gcc.dg/vect/vect-40.c (test for excess errors)
WARNING: gcc.dg/vect/vect-40.c compilation failed to produce executable
FAIL: gcc.dg/vect/vect-42.c (test for excess errors)
WARNING: gcc.dg/vect/vect-42.c compilation failed to produce executable
FAIL: gcc.dg/vect/vect-43.c (test for excess errors)
WARNING: gcc.dg/vect/vect-43.c compilation failed to produce executable
FAIL: gcc.dg/vect/vect-46.c (test for excess errors)
WARNING: gcc.dg/vect/vect-46.c compilation failed to produce executable
FAIL: gcc.dg/vect/vect-48a.c (test for excess errors)
WARNING: gcc.dg/vect/vect-48a.c compilation failed to produce executable
FAIL: gcc.dg/vect/vect-5.c (test for excess errors)
WARNING: gcc.dg/vect/vect-5.c compilation failed to produce executable
FAIL: gcc.dg/vect/vect-56a.c (test for excess errors)
WARNING: gcc.dg/vect/vect-56a.c compilation failed to produce executable
FAIL: gcc.dg/vect/vect-6.c (test for excess errors)
WARNING: gcc.dg/vect/vect-6.c compilation failed to produce executable
FAIL: gcc.dg/vect/vect-62.c (test for excess errors)
WARNING: gcc.dg/vect/vect-62.c compilation failed to produce executable
FAIL: gcc.dg/vect/vect-63.c (test for excess errors)
WARNING: gcc.dg/vect/vect-63.c compilation failed to produce executable
FAIL: gcc.dg/vect/vect-64.c (test for excess errors)
WARNING: gcc.dg/vect/vect-64.c compilation failed to produce executable
FAIL: gcc.dg/vect/vect-65.c (test for excess errors)
WARNING: gcc.dg/vect/vect-65.c compilation failed to produce executable
FAIL: gcc.dg/vect/vect-66.c (test for excess errors)
WARNING: gcc.dg/vect/vect-66.c compilation failed to produce executable
FAIL: gcc.dg/vect/vect-67.c (test for excess errors)
WARNING: gcc.dg/vect/vect-67.c compilation failed to produce executable
FAIL: gcc.dg/vect/vect-68.c (test for excess errors)
WARNING: gcc.dg/vect/vect-68.c compilation failed to produce executable
FAIL: gcc.dg/vect/vect-69.c (test for excess errors)
WARNING: gcc.dg/vect/vect-69.c compilation failed to produce executable
FAIL: gcc.dg/vect/vect-7.c (test for excess errors)
WARNING: gcc.dg/vect/vect-7.c compilation failed to produce executable
FAIL: gcc.dg/vect/vect-72a.c (test for excess errors)
WARNING: gcc.dg/vect/vect-72a.c compilation failed to produce executable
FAIL: gcc.dg/vect/vect-73.c (test for excess errors)
WARNING: gcc.dg/vect/vect-73.c compilation failed to produce executable
FAIL: gcc.dg/vect/vect-74.c (test for excess errors)
WARNING: gcc.dg/vect/vect-74.c compilation failed to produce executable
FAIL: gcc.dg/vect/vect-75.c (test for excess errors)
WARNING: gcc.dg/vect/vect-75.c compilation failed to produce executable
FAIL: gcc.dg/vect/vect-76.c (test for excess errors)
WARNING: gcc.dg/vect/vect-76.c compilation failed to produce executable
FAIL: gcc.dg/vect/vect-77a.c (test for excess errors)
WARNING: gcc.dg/vect/vect-77a.c compilation failed to produce executable
FAIL: gcc.dg/vect/vect-8.c (test for excess errors)
WARNING: gcc.dg/vect/vect-8.c compilation failed to produce executable
FAIL: gcc.dg/vect/vect-9.c (test for excess errors)
WARNING: gcc.dg/vect/vect-9.c compilation failed to produce executable
FAIL: gcc.dg/vect/vect-all.c (test for excess errors)
WARNING: gcc.dg/vect/vect-all.c compilation failed to produce executable
=== gcc Summary ===
# of expected passes 31168
# of unexpected failures 78
# of expected failures 114
# of untested testcases 35
# of unsupported tests 317
/export/gates/pinskia/src/gnu/gcc/src/objdir.openbsd/gcc/xgcc version 4.0.0 20041113 (experimental)
=== objc tests ===
Running target unix
FAIL: objc.dg/alias.m already exists (test for warnings, line 12)
FAIL: objc.dg/class-1.m (test for errors, line 4)
FAIL: objc.dg/class-1.m (test for errors, line 12)
FAIL: objc.dg/class-1.m (test for errors, line 9)
FAIL: objc.dg/class-1.m (test for errors, line 18)
FAIL: objc.dg/class-1.m (test for errors, line 15)
FAIL: objc.dg/class-1.m (test for warnings, line 18)
FAIL: objc.dg/class-protocol-1.m (test for warnings, line 337)
FAIL: objc.dg/class-protocol-1.m (test for warnings, line 343)
FAIL: objc.dg/class-protocol-1.m (test for warnings, line 344)
FAIL: objc.dg/class-protocol-1.m (test for warnings, line 355)
FAIL: objc.dg/class-protocol-1.m (test for warnings, line 356)
FAIL: objc.dg/class-protocol-1.m (test for warnings, line 362)
FAIL: objc.dg/class-protocol-1.m (test for warnings, line 363)
FAIL: objc.dg/class-protocol-1.m (test for warnings, line 367)
FAIL: objc.dg/class-protocol-1.m (test for warnings, line 368)
FAIL: objc.dg/class-protocol-1.m (test for warnings, line 371)
FAIL: objc.dg/class-protocol-1.m (test for warnings, line 374)
FAIL: objc.dg/class-protocol-1.m (test for warnings, line 377)
FAIL: objc.dg/class-protocol-1.m (test for warnings, line 378)
FAIL: objc.dg/class-protocol-1.m (test for warnings, line 385)
FAIL: objc.dg/class-protocol-1.m (test for warnings, line 386)
FAIL: objc.dg/class-protocol-1.m (test for warnings, line 389)
FAIL: objc.dg/class-protocol-1.m (test for warnings, line 390)
FAIL: objc.dg/class-protocol-1.m (test for warnings, line 396)
FAIL: objc.dg/class-protocol-1.m (test for warnings, line 397)
FAIL: objc.dg/class-protocol-1.m (test for warnings, line 400)
FAIL: objc.dg/class-protocol-1.m (test for warnings, line 404)
FAIL: objc.dg/class-protocol-1.m (test for warnings, line 405)
FAIL: objc.dg/class-protocol-1.m (test for warnings, line 407)
FAIL: objc.dg/class-protocol-1.m (test for warnings, line 408)
FAIL: objc.dg/class-protocol-1.m (test for warnings, line 419)
FAIL: objc.dg/class-protocol-1.m (test for warnings, line 420)
FAIL: objc.dg/class-protocol-1.m (test for warnings, line 426)
FAIL: objc.dg/class-protocol-1.m (test for warnings, line 427)
FAIL: objc.dg/class-protocol-1.m (test for excess errors)
FAIL: objc.dg/comp-types-3.m (test for warnings, line 57)
FAIL: objc.dg/comp-types-3.m (test for warnings, line 59)
FAIL: objc.dg/comp-types-3.m (test for warnings, line 60)
FAIL: objc.dg/fwd-proto-1.m (test for errors, line 18)
FAIL: objc.dg/private-2.m (test for warnings, line 32)
FAIL: objc.dg/private-2.m (test for warnings, line 51)
FAIL: objc.dg/private-2.m (test for warnings, line 52)
=== objc Summary ===
# of expected passes 1478
# of unexpected failures 43
# of unsupported tests 10
=== libstdc++ tests ===
Running target unix
FAIL: 26_numerics/complex/13450.cc (test for excess errors)
WARNING: 26_numerics/complex/13450.cc compilation failed to produce executable
FAIL: 26_numerics/complex/complex_value.cc (test for excess errors)
WARNING: 26_numerics/complex/complex_value.cc compilation failed to produce executable
FAIL: 26_numerics/complex/pow.cc (test for excess errors)
WARNING: 26_numerics/complex/pow.cc compilation failed to produce executable
FAIL: 27_io/basic_filebuf/close/12790-1.cc execution test
FAIL: 27_io/basic_filebuf/close/char/1.cc execution test
WARNING: program timed out.
FAIL: 27_io/basic_filebuf/close/char/9964.cc execution test
FAIL: 27_io/basic_filebuf/imbue/char/2.cc execution test
FAIL: 27_io/basic_filebuf/is_open/char/1.cc execution test
FAIL: 27_io/basic_filebuf/open/char/1.cc execution test
WARNING: program timed out.
FAIL: 27_io/basic_filebuf/open/char/9507.cc execution test
FAIL: 27_io/basic_filebuf/sbumpc/char/9825.cc execution test
FAIL: 27_io/basic_filebuf/seekoff/12790-1.cc execution test
FAIL: 27_io/basic_filebuf/seekoff/12790-2.cc execution test
FAIL: 27_io/basic_filebuf/seekoff/12790-3.cc execution test
FAIL: 27_io/basic_filebuf/seekoff/12790-4.cc execution test
FAIL: 27_io/basic_filebuf/seekoff/char/1-in.cc execution test
FAIL: 27_io/basic_filebuf/seekoff/char/1-io.cc execution test
FAIL: 27_io/basic_filebuf/seekoff/char/1-out.cc execution test
FAIL: 27_io/basic_filebuf/seekoff/char/11543.cc execution test
FAIL: 27_io/basic_filebuf/seekoff/char/2-in.cc execution test
FAIL: 27_io/basic_filebuf/seekoff/char/2-io.cc execution test
FAIL: 27_io/basic_filebuf/seekoff/char/2-out.cc execution test
FAIL: 27_io/basic_filebuf/seekoff/char/3-in.cc execution test
FAIL: 27_io/basic_filebuf/seekoff/char/3-io.cc execution test
FAIL: 27_io/basic_filebuf/seekoff/char/3-out.cc execution test
FAIL: 27_io/basic_filebuf/seekpos/12790-1.cc execution test
FAIL: 27_io/basic_filebuf/seekpos/12790-2.cc execution test
FAIL: 27_io/basic_filebuf/seekpos/12790-3.cc execution test
FAIL: 27_io/basic_filebuf/seekpos/char/1-in.cc execution test
FAIL: 27_io/basic_filebuf/seekpos/char/1-io.cc execution test
FAIL: 27_io/basic_filebuf/seekpos/char/1-out.cc execution test
FAIL: 27_io/basic_filebuf/seekpos/char/2-in.cc execution test
FAIL: 27_io/basic_filebuf/seekpos/char/2-io.cc execution test
FAIL: 27_io/basic_filebuf/seekpos/char/2-out.cc execution test
FAIL: 27_io/basic_filebuf/seekpos/char/3-in.cc execution test
FAIL: 27_io/basic_filebuf/seekpos/char/3-io.cc execution test
FAIL: 27_io/basic_filebuf/seekpos/char/3-out.cc execution test
WARNING: program timed out.
FAIL: 27_io/basic_filebuf/showmanyc/char/9533-1.cc execution test
FAIL: 27_io/basic_filebuf/sputbackc/char/1-in.cc execution test
FAIL: 27_io/basic_filebuf/sputbackc/char/1-io.cc execution test
FAIL: 27_io/basic_filebuf/sputbackc/char/2-in.cc execution test
FAIL: 27_io/basic_filebuf/sputbackc/char/2-io.cc execution test
FAIL: 27_io/basic_filebuf/sungetc/char/1-in.cc execution test
FAIL: 27_io/basic_filebuf/sungetc/char/1-io.cc execution test
FAIL: 27_io/basic_filebuf/sungetc/char/2-in.cc execution test
FAIL: 27_io/basic_filebuf/sungetc/char/2-io.cc execution test
WARNING: program timed out.
FAIL: 27_io/basic_filebuf/underflow/char/10097.cc execution test
FAIL: 27_io/basic_istream/seekg/char/fstream.cc execution test
FAIL: 27_io/basic_istream/tellg/char/1.cc execution test
FAIL: 27_io/basic_istream/tellg/char/fstream.cc execution test
FAIL: 27_io/basic_ostream/seekp/char/2346-fstream.cc execution test
FAIL: 27_io/basic_ostream/tellp/char/1.cc execution test
FAIL: 27_io/basic_streambuf/in_avail/char/9701-3.cc execution test
WARNING: program timed out.
FAIL: 27_io/objects/char/7.cc execution test
WARNING: program timed out.
FAIL: 27_io/objects/char/9661-1.cc execution test
=== libstdc++ Summary ===
# of expected passes 2166
# of unexpected failures 55
# of expected failures 4
Compiler version: 4.0.0 20041113 (experimental)
Platform: i686-unknown-openbsd3.1
configure flags: --target=i686-unknown-openbsd3.1 --host=i686-unknown-openbsd3.1 --build=i686-unknown-openbsd3.1 --disable-nls --verbose --enable-cpp --prefix=/home/gates/pinskia/openbsd --enable-shared --disable-libmudflap --enable-languages=c,c++,objc