This is the mail archive of the
gcc-testresults@gcc.gnu.org
mailing list for the GCC project.
Results for 4.0.0 20041111 (experimental) testsuite on i686-pc-linux-gnu
- From: hjl at gnu-1 dot sc dot intel dot com (H.J. Lu)
- To: gcc-testresults at gcc dot gnu dot org
- Date: Fri, 12 Nov 2004 08:23:45 -0800 (PST)
- Subject: Results for 4.0.0 20041111 (experimental) testsuite on i686-pc-linux-gnu
LAST_UPDATED: Thu Nov 11 23:53:42 UTC 2004
Native configuration is i686-pc-linux-gnu
=== g++ tests ===
Running target unix
WARNING: g++.old-deja/g++.mike/p10769a.C compilation failed to produce executable
=== g++ Summary ===
# of expected passes 10335
# of expected failures 73
# of unsupported tests 62
/export/build/gnu/gcc/build-i686-linux/gcc/testsuite/../g++ version 4.0.0 20041111 (experimental)
=== gcc tests ===
Running target unix
FAIL: gcc.dg/debug/dwarf2/dwarf-die7.c scan-assembler 1.*DW_AT_inline
=== gcc Summary ===
# of expected passes 31715
# of unexpected failures 1
# of expected failures 115
# of untested testcases 28
# of unsupported tests 288
/export/build/gnu/gcc/build-i686-linux/gcc/xgcc version 4.0.0 20041111 (experimental)
=== objc tests ===
Running target unix
=== objc Summary ===
# of expected passes 1521
# of unsupported tests 8
/export/build/gnu/gcc/build-i686-linux/gcc/xgcc version 4.0.0 20041111 (experimental)
=== libffi tests ===
Running target unix
=== libffi Summary ===
# of expected passes 216
# of unsupported tests 2
=== libjava tests ===
Running target unix
=== libjava Summary ===
# of expected passes 3649
# of expected failures 14
# of untested testcases 16
=== libmudflap tests ===
Running target unix
=== libmudflap Summary ===
# of expected passes 1244
=== libstdc++ tests ===
Running target unix
XPASS: 22_locale/locale/cons/12658_thread-1.cc execution test
XPASS: 26_numerics/cmath/c99_classification_macros_c.cc (test for excess errors)
=== libstdc++ Summary ===
# of expected passes 3083
# of unexpected successes 2
# of expected failures 5
Compiler version: 4.0.0 20041111 (experimental)
Platform: i686-pc-linux-gnu
configure flags: --enable-clocale=gnu --with-system-zlib --with-demangler-in-ld --enable-shared --enable-threads=posix --enable-haifa --disable-checking --prefix=/usr/gcc-4.0 --with-local-prefix=/usr/local --enable-languages=c,c++,java,objc