This is the mail archive of the
gcc-testresults@gcc.gnu.org
mailing list for the GCC project.
Results for 3.4.3 testsuite on i686-suse9-linux-gnu
- From: Manfred Hollstein <mh at novell dot com>
- To: gcc-testresults at gcc dot gnu dot org
- Date: Sun, 7 Nov 2004 21:56:09 +0100
- Subject: Results for 3.4.3 testsuite on i686-suse9-linux-gnu
- Reply-to: Manfred Hollstein <manfred dot h at gmx dot net>
Compiler version: 3.4.3
Platform: i686-suse9-linux-gnu
Sources: Official 3.4.3 tarball
LAST_UPDATED: Obtained from CVS: -rgcc_3_4_3_release
Patches: [1] `PATCH: Fix to successfully build libjava as a shared library'
<http://gcc.gnu.org/ml/gcc-patches/2001-09/msg00714.html>
Environment: - autoconf-2.13 (FSF release)
- automake-1.9.1-4
- binutils-2.15 (FSF release)
- dejagnu-1.4.4-3
- expect-5.41-2
- SUSE LINUX 9.2 + recommended updates as of today
- Linux version 2.6.8-24.3-smp (geeko@buildhost) (gcc version 3.3.4 (pre 3.3.5 20040809)) #1 SMP Tue Oct 26 14:40:54 UTC 2004
- glibc-2.3.3-118
Remarks: None.
configure flags: --host=i686-suse9-linux-gnu --target=i686-suse9-linux-gnu --build=i686-suse9-linux-gnu --srcdir=../gcc-3.4.3 --prefix=/opt/gnu --with-gnu-as --with-gnu-ld --enable-__cxa_atexit --disable-checking --enable-clocale=gnu --enable-interpreter --enable-shared --enable-threads=posix --with-system-zlib --with-local-prefix=/opt/gnu --with-cpu=pentium4 --enable-languages=c,c++,ada,java,f77,objc --enable-nls --verbose
BOOT_CC: gcc version 3.4.2
BOOT_CFLAGS: -O3 -march=i686 -mtune=pentium4 -fomit-frame-pointer
CFLAGS: -O3 -march=i686 -mtune=pentium4 -fomit-frame-pointer
CXXFLAGS: -O3 -march=i686 -mtune=pentium4 -fomit-frame-pointer -g
GCJFLAGS: -O3 -march=i686 -mtune=pentium4 -fomit-frame-pointer -g
Native configuration is i686-suse9-linux-gnu
=== acats tests ===
=== acats Summary ===
# of expected passes 2322
# of unexpected failures 0
=== g++ tests ===
Running target unix
XPASS: g++.dg/rtti/tinfo1.C scan-assembler _ZTIP9CTemplateIhE:
XPASS: g++.dg/rtti/tinfo1.C scan-assembler-not .globl[ \\t]+_ZTIP9CTemplateIhE
WARNING: g++.old-deja/g++.mike/p10769a.C compilation failed to produce executable
WARNING: g++.old-deja/g++.other/enum5.C compilation failed to produce executable
XPASS: g++.old-deja/g++.other/init5.C execution test
WARNING: g++.old-deja/g++.pt/friend44.C compilation failed to produce executable
=== g++ Summary ===
# of expected passes 9730
# of unexpected successes 3
# of expected failures 71
# of unsupported tests 43
/home/gnu/work/GNU/gcc-3.4.3-i686-suse9-linux-gnu/gcc/testsuite/../g++ version 3.4.3
=== g77 tests ===
Running target unix
=== g77 Summary ===
# of expected passes 1824
/home/gnu/work/GNU/gcc-3.4.3-i686-suse9-linux-gnu/gcc/testsuite/../g77 version 3.4.3
=== gcc tests ===
Running target unix
FAIL: gcc.c-torture/execute/va-arg-25.c execution, -Os
=== gcc Summary ===
# of expected passes 24920
# of unexpected failures 1
# of expected failures 70
# of untested testcases 7
# of unsupported tests 200
/home/gnu/work/GNU/gcc-3.4.3-i686-suse9-linux-gnu/gcc/xgcc version 3.4.3
=== objc tests ===
Running target unix
=== objc Summary ===
# of expected passes 1352
# of unsupported tests 8
/home/gnu/work/GNU/gcc-3.4.3-i686-suse9-linux-gnu/gcc/xgcc version 3.4.3
=== libffi tests ===
Running target unix
=== libffi Summary ===
# of expected passes 212
# of unsupported tests 2
=== libjava tests ===
Running target unix
=== libjava Summary ===
# of expected passes 3262
# of expected failures 10
# of untested testcases 8
=== libstdc++-v3 check-abi Summary ===
# of added symbols: 10
# of missing symbols: 0
# of incompatible symbols: 0
using: /home/gnu/work/GNU/gcc-3.4.3/libstdc++-v3/config/abi/i486-linux-gnu/baseline_symbols.txt
=== libstdc++ tests ===
Running target unix
XPASS: 22_locale/locale/cons/12658_thread.cc execution test
FAIL: ext/enc_filebuf/char/13189.cc (test for excess errors)
WARNING: ext/enc_filebuf/char/13189.cc compilation failed to produce executable
FAIL: ext/enc_filebuf/wchar_t/13189.cc (test for excess errors)
WARNING: ext/enc_filebuf/wchar_t/13189.cc compilation failed to produce executable
=== libstdc++ Summary ===
# of expected passes 2718
# of unexpected failures 2
# of unexpected successes 1
# of expected failures 6
Counting all warnings,
there are 21 warnings in stage3 of this bootstrap.
Number of warnings per file:
5 /usr/share/bison/bison.simple
3 insn-conditions.c
3 gengtype-lex.c
3 gcc/gcc.c
2 gcc/objc/lang-specs.h
1 gcc/libgcc2.c
1 gcc/java/jvspec.c
1 gcc/config/i386/i386.md
1 gcc/ada/tracebak.c
1 gcc/ada/lang-specs.h
Number of warning types:
10 string length `???' is greater than the length `???' ISO C89 compilers are required to support
6 old-style parameter declaration
2 label `???' defined but not used
1 operand 1 missing mode?
1 no previous prototype for '__enable_execute_stack'
1 comparison of unsigned expression < 0 is always false