This is the mail archive of the
gcc-testresults@gcc.gnu.org
mailing list for the GCC project.
Results for 4.0.0 20041106 (experimental) testsuite on i686-unknown-openbsd3.1
- From: Andrew Thomas Pinski <pinskia at physics dot uc dot edu>
- To: gcc-testresults at gcc dot gnu dot org
- Date: Sat, 6 Nov 2004 04:58:28 -0500 (EST)
- Subject: Results for 4.0.0 20041106 (experimental) testsuite on i686-unknown-openbsd3.1
LAST_UPDATED: Sat Nov 6 05:02:18 UTC 2004
Native configuration is i686-unknown-openbsd3.1
=== g++ tests ===
Running target unix
FAIL: g++.dg/debug/debug7.C (test for errors, line 10)
FAIL: g++.dg/debug/debug7.C (test for excess errors)
FAIL: g++.dg/abi/local1.C execution test
FAIL: g++.dg/parse/error11.C (test for errors, line 41)
FAIL: g++.dg/parse/error11.C (test for errors, line 49)
FAIL: g++.dg/tc1/dr142.C (test for errors, line 5)
FAIL: g++.dg/tc1/dr142.C (test for errors, line 30)
FAIL: g++.dg/tc1/dr142.C (test for errors, line 31)
FAIL: g++.dg/template/error10.C (test for errors, line 13)
FAIL: g++.dg/template/error10.C non-constant (test for errors, line 57)
FAIL: g++.dg/template/error10.C (test for errors, line 69)
FAIL: g++.dg/template/error10.C (test for errors, line 70)
FAIL: g++.dg/warn/noeffect4.C (test for warnings, line 83)
FAIL: g++.dg/warn/noeffect4.C (test for warnings, line 84)
FAIL: g++.dg/warn/noeffect4.C (test for warnings, line 85)
FAIL: g++.old-deja/g++.bugs/900119_01.C (test for errors, line 42)
FAIL: g++.old-deja/g++.bugs/900119_01.C (test for errors, line 44)
FAIL: g++.old-deja/g++.bugs/900210_01.C (test for errors, line 99)
FAIL: g++.old-deja/g++.bugs/900210_01.C (test for errors, line 100)
FAIL: g++.old-deja/g++.bugs/900210_01.C (test for errors, line 101)
FAIL: g++.old-deja/g++.bugs/900210_01.C (test for errors, line 102)
FAIL: g++.old-deja/g++.bugs/900210_01.C (test for errors, line 103)
FAIL: g++.old-deja/g++.bugs/900210_01.C (test for errors, line 104)
FAIL: g++.old-deja/g++.bugs/900210_01.C (test for errors, line 105)
FAIL: g++.old-deja/g++.bugs/900210_01.C (test for errors, line 106)
FAIL: g++.old-deja/g++.bugs/900210_01.C (test for errors, line 107)
FAIL: g++.old-deja/g++.bugs/900210_01.C (test for errors, line 108)
FAIL: g++.old-deja/g++.bugs/900210_01.C (test for errors, line 109)
FAIL: g++.old-deja/g++.bugs/900210_01.C (test for errors, line 110)
FAIL: g++.old-deja/g++.eh/spec6.C (test for errors, line 24)
FAIL: g++.old-deja/g++.eh/spec6.C (test for errors, line 28)
FAIL: g++.old-deja/g++.eh/spec6.C (test for errors, line 91)
FAIL: g++.old-deja/g++.eh/spec6.C (test for errors, line 92)
FAIL: g++.old-deja/g++.eh/spec6.C (test for errors, line 95)
FAIL: g++.old-deja/g++.eh/spec6.C (test for errors, line 108)
FAIL: g++.old-deja/g++.eh/spec6.C (test for errors, line 109)
FAIL: g++.old-deja/g++.eh/spec6.C (test for errors, line 117)
FAIL: g++.old-deja/g++.eh/spec6.C (test for errors, line 126)
FAIL: g++.old-deja/g++.eh/spec6.C (test for errors, line 127)
FAIL: g++.old-deja/g++.eh/spec6.C (test for errors, line 128)
FAIL: g++.old-deja/g++.eh/spec6.C (test for errors, line 133)
FAIL: g++.old-deja/g++.eh/spec6.C (test for errors, line 137)
FAIL: g++.old-deja/g++.jason/access23.C (test for errors, line 20)
FAIL: g++.old-deja/g++.jason/access23.C (test for errors, line 21)
FAIL: g++.old-deja/g++.jason/access23.C (test for errors, line 26)
FAIL: g++.old-deja/g++.jason/access23.C (test for errors, line 27)
FAIL: g++.old-deja/g++.jason/access23.C (test for errors, line 31)
FAIL: g++.old-deja/g++.jason/access23.C (test for errors, line 36)
FAIL: g++.old-deja/g++.jason/access23.C (test for errors, line 55)
FAIL: g++.old-deja/g++.jason/access23.C (test for errors, line 56)
FAIL: g++.old-deja/g++.jason/access23.C (test for errors, line 57)
FAIL: g++.old-deja/g++.jason/access23.C (test for errors, line 68)
FAIL: g++.old-deja/g++.jason/access23.C (test for errors, line 69)
FAIL: g++.old-deja/g++.jason/access23.C (test for errors, line 70)
FAIL: g++.old-deja/g++.jason/access23.C (test for errors, line 71)
FAIL: g++.old-deja/g++.jason/access23.C (test for errors, line 72)
FAIL: g++.old-deja/g++.jason/access23.C (test for errors, line 73)
FAIL: g++.old-deja/g++.jason/access23.C (test for errors, line 76)
FAIL: g++.old-deja/g++.jason/access23.C (test for errors, line 77)
FAIL: g++.old-deja/g++.jason/access23.C (test for errors, line 78)
FAIL: g++.old-deja/g++.jason/access23.C (test for errors, line 79)
FAIL: g++.old-deja/g++.law/profile1.C (test for excess errors)
WARNING: g++.old-deja/g++.law/profile1.C compilation failed to produce executable
FAIL: g++.old-deja/g++.law/visibility5.C (test for errors, line 16)
WARNING: g++.old-deja/g++.mike/p10769a.C compilation failed to produce executable
FAIL: g++.old-deja/g++.mike/p700.C (test for errors, line 298)
FAIL: g++.old-deja/g++.mike/p700.C (test for errors, line 299)
FAIL: g++.old-deja/g++.mike/p700.C (test for errors, line 301)
FAIL: g++.old-deja/g++.mike/p700.C (test for errors, line 302)
FAIL: g++.old-deja/g++.mike/p700.C (test for errors, line 303)
FAIL: g++.old-deja/g++.mike/p700.C (test for errors, line 304)
FAIL: g++.old-deja/g++.mike/p700.C (test for errors, line 305)
FAIL: g++.old-deja/g++.mike/p700.C (test for errors, line 306)
FAIL: g++.old-deja/g++.mike/p700.C (test for errors, line 307)
FAIL: g++.old-deja/g++.mike/p700.C (test for errors, line 308)
FAIL: g++.old-deja/g++.mike/p700.C (test for errors, line 309)
FAIL: g++.old-deja/g++.mike/p700.C (test for errors, line 310)
FAIL: g++.old-deja/g++.mike/p700.C (test for errors, line 311)
FAIL: g++.old-deja/g++.mike/p700.C (test for errors, line 312)
FAIL: g++.old-deja/g++.mike/p700.C (test for errors, line 313)
FAIL: g++.old-deja/g++.mike/p700.C (test for errors, line 314)
FAIL: g++.old-deja/g++.mike/p700.C (test for errors, line 315)
FAIL: g++.old-deja/g++.mike/p700.C (test for errors, line 316)
FAIL: g++.old-deja/g++.mike/p700.C (test for errors, line 317)
FAIL: g++.old-deja/g++.mike/p700.C (test for errors, line 318)
FAIL: g++.old-deja/g++.mike/p700.C (test for errors, line 319)
FAIL: g++.old-deja/g++.mike/p700.C (test for errors, line 320)
FAIL: g++.old-deja/g++.mike/p700.C (test for warnings, line 565)
FAIL: g++.old-deja/g++.mike/p700.C (test for errors, line 593)
FAIL: g++.old-deja/g++.mike/p700.C (test for errors, line 594)
FAIL: g++.old-deja/g++.mike/p700.C (test for errors, line 595)
FAIL: g++.old-deja/g++.mike/p700.C (test for errors, line 596)
FAIL: g++.old-deja/g++.mike/p700.C (test for errors, line 598)
FAIL: g++.old-deja/g++.mike/p700.C (test for errors, line 599)
FAIL: g++.old-deja/g++.mike/p700.C (test for errors, line 600)
FAIL: g++.old-deja/g++.mike/p700.C (test for errors, line 601)
FAIL: g++.old-deja/g++.mike/p700.C (test for errors, line 602)
FAIL: g++.old-deja/g++.mike/p700.C (test for errors, line 603)
FAIL: g++.old-deja/g++.mike/p700.C (test for errors, line 604)
FAIL: g++.old-deja/g++.mike/p700.C (test for errors, line 605)
FAIL: g++.old-deja/g++.mike/p700.C (test for errors, line 606)
FAIL: g++.old-deja/g++.mike/p700.C (test for errors, line 607)
FAIL: g++.old-deja/g++.mike/p700.C (test for errors, line 608)
FAIL: g++.old-deja/g++.mike/p700.C (test for errors, line 609)
FAIL: g++.old-deja/g++.mike/p700.C (test for errors, line 610)
FAIL: g++.old-deja/g++.mike/p700.C (test for errors, line 611)
FAIL: g++.old-deja/g++.mike/p700.C (test for errors, line 612)
FAIL: g++.old-deja/g++.mike/p700.C (test for errors, line 613)
FAIL: g++.old-deja/g++.mike/p700.C (test for errors, line 614)
FAIL: g++.old-deja/g++.mike/p700.C (test for errors, line 615)
FAIL: g++.old-deja/g++.mike/p700.C (test for errors, line 616)
FAIL: g++.old-deja/g++.mike/p700.C (test for errors, line 617)
FAIL: g++.old-deja/g++.mike/p700.C (test for errors, line 619)
FAIL: g++.old-deja/g++.mike/p700.C (test for errors, line 620)
FAIL: g++.old-deja/g++.mike/p700.C (test for errors, line 621)
FAIL: g++.old-deja/g++.mike/p700.C (test for errors, line 622)
FAIL: g++.old-deja/g++.mike/p700.C (test for errors, line 623)
FAIL: g++.old-deja/g++.mike/p700.C (test for errors, line 624)
FAIL: g++.old-deja/g++.mike/p700.C (test for errors, line 625)
FAIL: g++.old-deja/g++.mike/p700.C (test for errors, line 626)
FAIL: g++.old-deja/g++.mike/p700.C (test for errors, line 627)
FAIL: g++.old-deja/g++.mike/p700.C (test for errors, line 628)
FAIL: g++.old-deja/g++.mike/p700.C (test for errors, line 629)
FAIL: g++.old-deja/g++.mike/p700.C (test for errors, line 630)
FAIL: g++.old-deja/g++.mike/p700.C (test for errors, line 631)
FAIL: g++.old-deja/g++.mike/p700.C (test for errors, line 632)
FAIL: g++.old-deja/g++.mike/p700.C (test for errors, line 633)
FAIL: g++.old-deja/g++.mike/p700.C (test for errors, line 634)
FAIL: g++.old-deja/g++.mike/p700.C (test for errors, line 635)
FAIL: g++.old-deja/g++.mike/p700.C (test for errors, line 636)
FAIL: g++.old-deja/g++.mike/p700.C (test for errors, line 637)
FAIL: g++.old-deja/g++.mike/p700.C (test for errors, line 638)
FAIL: g++.old-deja/g++.mike/p700.C (test for errors, line 640)
FAIL: g++.old-deja/g++.mike/p700.C (test for errors, line 641)
FAIL: g++.old-deja/g++.mike/p700.C (test for errors, line 642)
FAIL: g++.old-deja/g++.mike/p700.C (test for errors, line 643)
FAIL: g++.old-deja/g++.mike/p700.C (test for errors, line 644)
FAIL: g++.old-deja/g++.mike/p700.C (test for errors, line 645)
FAIL: g++.old-deja/g++.mike/p700.C (test for errors, line 646)
FAIL: g++.old-deja/g++.mike/p700.C (test for errors, line 647)
FAIL: g++.old-deja/g++.mike/p700.C (test for errors, line 648)
FAIL: g++.old-deja/g++.mike/p700.C (test for errors, line 649)
FAIL: g++.old-deja/g++.mike/p700.C (test for errors, line 650)
FAIL: g++.old-deja/g++.mike/p700.C (test for errors, line 651)
FAIL: g++.old-deja/g++.mike/p700.C (test for errors, line 652)
FAIL: g++.old-deja/g++.mike/p700.C (test for errors, line 653)
FAIL: g++.old-deja/g++.mike/p700.C (test for errors, line 654)
FAIL: g++.old-deja/g++.mike/p700.C (test for errors, line 655)
FAIL: g++.old-deja/g++.mike/p700.C (test for errors, line 656)
FAIL: g++.old-deja/g++.mike/p700.C (test for errors, line 657)
FAIL: g++.old-deja/g++.mike/p700.C (test for errors, line 658)
FAIL: g++.old-deja/g++.mike/p700.C (test for errors, line 659)
=== g++ Summary ===
# of expected passes 9932
# of unexpected failures 150
# of expected failures 73
# of unsupported tests 90
/export/gates/pinskia/src/gnu/gcc/src/objdir.openbsd/gcc/testsuite/../g++ version 4.0.0 20041106 (experimental)
=== gcc tests ===
Running target unix
FAIL: gcc.c-torture/execute/conversion.c execution, -O0
FAIL: gcc.c-torture/execute/conversion.c execution, -O1
FAIL: gcc.c-torture/execute/conversion.c execution, -O2
FAIL: gcc.c-torture/execute/conversion.c execution, -Os
FAIL: gcc.c-torture/execute/ieee/rbug.c execution, -O0
FAIL: gcc.c-torture/execute/ieee/rbug.c execution, -O1
FAIL: gcc.c-torture/execute/ieee/rbug.c execution, -O2
FAIL: tmpdir-gcc.dg-struct-layout-1/t001 c_compat_x_tst.o-c_compat_y_tst.o execute
FAIL: tmpdir-gcc.dg-struct-layout-1/t025 c_compat_x_tst.o-c_compat_y_tst.o execute
FAIL: tmpdir-gcc.dg-struct-layout-1/t027 c_compat_x_tst.o-c_compat_y_tst.o execute
FAIL: tmpdir-gcc.dg-struct-layout-1/t028 c_compat_x_tst.o-c_compat_y_tst.o execute
FAIL: gcc.dg/20021014-1.c (test for excess errors)
WARNING: gcc.dg/20021014-1.c compilation failed to produce executable
FAIL: gcc.dg/i386-3dnow-1.c (test for excess errors)
FAIL: gcc.dg/i386-3dnow-2.c (test for excess errors)
FAIL: gcc.dg/i386-3dnowA-1.c (test for excess errors)
FAIL: gcc.dg/i386-3dnowA-2.c (test for excess errors)
FAIL: gcc.dg/i386-mmx-4.c (test for excess errors)
WARNING: gcc.dg/i386-mmx-4.c compilation failed to produce executable
FAIL: gcc.dg/i386-sse-6.c (test for excess errors)
WARNING: gcc.dg/i386-sse-6.c compilation failed to produce executable
FAIL: gcc.dg/i386-sse-7.c (test for excess errors)
WARNING: gcc.dg/i386-sse-7.c compilation failed to produce executable
FAIL: gcc.dg/intmax_t-1.c (test for excess errors)
FAIL: gcc.dg/nest.c (test for excess errors)
WARNING: gcc.dg/nest.c compilation failed to produce executable
FAIL: gcc.dg/wchar_t-1.c (test for excess errors)
FAIL: gcc.dg/wint_t-1.c (test for excess errors)
FAIL: largefile.c (test for excess errors)
FAIL: largefile.c (test for excess errors)
FAIL: largefile.c (test for excess errors)
FAIL: largefile.c (test for excess errors)
FAIL: largefile.c (test for excess errors)
FAIL: largefile.c (test for excess errors)
FAIL: largefile.c (test for excess errors)
FAIL: gcc.dg/special/weak-1.c execution test
FAIL: gcc.dg/vect/vect-15.c (test for excess errors)
WARNING: gcc.dg/vect/vect-15.c compilation failed to produce executable
FAIL: gcc.dg/vect/vect-2.c (test for excess errors)
WARNING: gcc.dg/vect/vect-2.c compilation failed to produce executable
FAIL: gcc.dg/vect/vect-25.c (test for excess errors)
WARNING: gcc.dg/vect/vect-25.c compilation failed to produce executable
FAIL: gcc.dg/vect/vect-26.c (test for excess errors)
WARNING: gcc.dg/vect/vect-26.c compilation failed to produce executable
FAIL: gcc.dg/vect/vect-27a.c (test for excess errors)
WARNING: gcc.dg/vect/vect-27a.c compilation failed to produce executable
FAIL: gcc.dg/vect/vect-28.c (test for excess errors)
WARNING: gcc.dg/vect/vect-28.c compilation failed to produce executable
FAIL: gcc.dg/vect/vect-29a.c (test for excess errors)
WARNING: gcc.dg/vect/vect-29a.c compilation failed to produce executable
FAIL: gcc.dg/vect/vect-3.c (test for excess errors)
WARNING: gcc.dg/vect/vect-3.c compilation failed to produce executable
FAIL: gcc.dg/vect/vect-30.c (test for excess errors)
WARNING: gcc.dg/vect/vect-30.c compilation failed to produce executable
FAIL: gcc.dg/vect/vect-31.c (test for excess errors)
WARNING: gcc.dg/vect/vect-31.c compilation failed to produce executable
FAIL: gcc.dg/vect/vect-32.c (test for excess errors)
WARNING: gcc.dg/vect/vect-32.c compilation failed to produce executable
FAIL: gcc.dg/vect/vect-34.c (test for excess errors)
WARNING: gcc.dg/vect/vect-34.c compilation failed to produce executable
FAIL: gcc.dg/vect/vect-36.c (test for excess errors)
WARNING: gcc.dg/vect/vect-36.c compilation failed to produce executable
FAIL: gcc.dg/vect/vect-38.c (test for excess errors)
WARNING: gcc.dg/vect/vect-38.c compilation failed to produce executable
FAIL: gcc.dg/vect/vect-4.c (test for excess errors)
WARNING: gcc.dg/vect/vect-4.c compilation failed to produce executable
FAIL: gcc.dg/vect/vect-40.c (test for excess errors)
WARNING: gcc.dg/vect/vect-40.c compilation failed to produce executable
FAIL: gcc.dg/vect/vect-42.c (test for excess errors)
WARNING: gcc.dg/vect/vect-42.c compilation failed to produce executable
FAIL: gcc.dg/vect/vect-43.c (test for excess errors)
WARNING: gcc.dg/vect/vect-43.c compilation failed to produce executable
FAIL: gcc.dg/vect/vect-46.c (test for excess errors)
WARNING: gcc.dg/vect/vect-46.c compilation failed to produce executable
FAIL: gcc.dg/vect/vect-48a.c (test for excess errors)
WARNING: gcc.dg/vect/vect-48a.c compilation failed to produce executable
FAIL: gcc.dg/vect/vect-5.c (test for excess errors)
WARNING: gcc.dg/vect/vect-5.c compilation failed to produce executable
FAIL: gcc.dg/vect/vect-56a.c (test for excess errors)
WARNING: gcc.dg/vect/vect-56a.c compilation failed to produce executable
FAIL: gcc.dg/vect/vect-6.c (test for excess errors)
WARNING: gcc.dg/vect/vect-6.c compilation failed to produce executable
FAIL: gcc.dg/vect/vect-62.c (test for excess errors)
WARNING: gcc.dg/vect/vect-62.c compilation failed to produce executable
FAIL: gcc.dg/vect/vect-64.c (test for excess errors)
WARNING: gcc.dg/vect/vect-64.c compilation failed to produce executable
FAIL: gcc.dg/vect/vect-65.c (test for excess errors)
WARNING: gcc.dg/vect/vect-65.c compilation failed to produce executable
FAIL: gcc.dg/vect/vect-66.c (test for excess errors)
WARNING: gcc.dg/vect/vect-66.c compilation failed to produce executable
FAIL: gcc.dg/vect/vect-68.c (test for excess errors)
WARNING: gcc.dg/vect/vect-68.c compilation failed to produce executable
FAIL: gcc.dg/vect/vect-69.c (test for excess errors)
WARNING: gcc.dg/vect/vect-69.c compilation failed to produce executable
FAIL: gcc.dg/vect/vect-7.c (test for excess errors)
WARNING: gcc.dg/vect/vect-7.c compilation failed to produce executable
FAIL: gcc.dg/vect/vect-72a.c (test for excess errors)
WARNING: gcc.dg/vect/vect-72a.c compilation failed to produce executable
FAIL: gcc.dg/vect/vect-73.c (test for excess errors)
WARNING: gcc.dg/vect/vect-73.c compilation failed to produce executable
FAIL: gcc.dg/vect/vect-74.c (test for excess errors)
WARNING: gcc.dg/vect/vect-74.c compilation failed to produce executable
FAIL: gcc.dg/vect/vect-75.c (test for excess errors)
WARNING: gcc.dg/vect/vect-75.c compilation failed to produce executable
FAIL: gcc.dg/vect/vect-76.c (test for excess errors)
WARNING: gcc.dg/vect/vect-76.c compilation failed to produce executable
FAIL: gcc.dg/vect/vect-77a.c (test for excess errors)
WARNING: gcc.dg/vect/vect-77a.c compilation failed to produce executable
FAIL: gcc.dg/vect/vect-8.c (test for excess errors)
WARNING: gcc.dg/vect/vect-8.c compilation failed to produce executable
FAIL: gcc.dg/vect/vect-all.c (test for excess errors)
WARNING: gcc.dg/vect/vect-all.c compilation failed to produce executable
=== gcc Summary ===
# of expected passes 31089
# of unexpected failures 69
# of expected failures 114
# of untested testcases 35
# of unsupported tests 312
/export/gates/pinskia/src/gnu/gcc/src/objdir.openbsd/gcc/xgcc version 4.0.0 20041106 (experimental)
=== objc tests ===
Running target unix
FAIL: objc.dg/method-6.m (test for warnings, line 21)
FAIL: objc.dg/method-6.m (test for warnings, line 9)
FAIL: objc.dg/method-6.m (test for warnings, line 14)
FAIL: objc.dg/method-6.m (test for warnings, line 25)
FAIL: objc.dg/method-6.m (test for warnings, line 25)
FAIL: objc.dg/method-6.m (test for warnings, line 25)
FAIL: objc.dg/method-6.m (test for warnings, line 25)
FAIL: objc.dg/method-6.m (test for errors, line 30)
FAIL: objc.dg/proto-lossage-4.m (test for warnings, line 28)
FAIL: objc.dg/proto-lossage-4.m (test for warnings, line 34)
FAIL: objc.dg/proto-lossage-4.m (test for warnings, line 34)
FAIL: objc.dg/proto-lossage-4.m (test for warnings, line 42)
FAIL: objc.dg/proto-lossage-4.m (test for warnings, line 42)
FAIL: objc.dg/proto-lossage-4.m (test for warnings, line )
FAIL: objc.dg/proto-lossage-4.m (test for warnings, line )
=== objc Summary ===
# of expected passes 1499
# of unexpected failures 15
# of unsupported tests 8
/export/gates/pinskia/src/gnu/gcc/src/objdir.openbsd/gcc/xgcc version 4.0.0 20041106 (experimental)
=== libstdc++ tests ===
Running target unix
FAIL: 26_numerics/complex/13450.cc (test for excess errors)
WARNING: 26_numerics/complex/13450.cc compilation failed to produce executable
FAIL: 26_numerics/complex/complex_value.cc (test for excess errors)
WARNING: 26_numerics/complex/complex_value.cc compilation failed to produce executable
FAIL: 26_numerics/complex/pow.cc (test for excess errors)
WARNING: 26_numerics/complex/pow.cc compilation failed to produce executable
FAIL: 27_io/basic_filebuf/close/12790-1.cc execution test
FAIL: 27_io/basic_filebuf/close/char/1.cc execution test
WARNING: program timed out.
FAIL: 27_io/basic_filebuf/close/char/9964.cc execution test
FAIL: 27_io/basic_filebuf/imbue/char/2.cc execution test
FAIL: 27_io/basic_filebuf/is_open/char/1.cc execution test
FAIL: 27_io/basic_filebuf/open/char/1.cc execution test
WARNING: program timed out.
FAIL: 27_io/basic_filebuf/open/char/9507.cc execution test
FAIL: 27_io/basic_filebuf/sbumpc/char/9825.cc execution test
FAIL: 27_io/basic_filebuf/seekoff/12790-1.cc execution test
FAIL: 27_io/basic_filebuf/seekoff/12790-2.cc execution test
FAIL: 27_io/basic_filebuf/seekoff/12790-3.cc execution test
FAIL: 27_io/basic_filebuf/seekoff/12790-4.cc execution test
FAIL: 27_io/basic_filebuf/seekoff/char/1-in.cc execution test
FAIL: 27_io/basic_filebuf/seekoff/char/1-io.cc execution test
FAIL: 27_io/basic_filebuf/seekoff/char/1-out.cc execution test
FAIL: 27_io/basic_filebuf/seekoff/char/11543.cc execution test
FAIL: 27_io/basic_filebuf/seekoff/char/2-in.cc execution test
FAIL: 27_io/basic_filebuf/seekoff/char/2-io.cc execution test
FAIL: 27_io/basic_filebuf/seekoff/char/2-out.cc execution test
FAIL: 27_io/basic_filebuf/seekoff/char/3-in.cc execution test
FAIL: 27_io/basic_filebuf/seekoff/char/3-io.cc execution test
FAIL: 27_io/basic_filebuf/seekoff/char/3-out.cc execution test
FAIL: 27_io/basic_filebuf/seekpos/12790-1.cc execution test
FAIL: 27_io/basic_filebuf/seekpos/12790-2.cc execution test
FAIL: 27_io/basic_filebuf/seekpos/12790-3.cc execution test
FAIL: 27_io/basic_filebuf/seekpos/char/1-in.cc execution test
FAIL: 27_io/basic_filebuf/seekpos/char/1-io.cc execution test
FAIL: 27_io/basic_filebuf/seekpos/char/1-out.cc execution test
FAIL: 27_io/basic_filebuf/seekpos/char/2-in.cc execution test
FAIL: 27_io/basic_filebuf/seekpos/char/2-io.cc execution test
FAIL: 27_io/basic_filebuf/seekpos/char/2-out.cc execution test
FAIL: 27_io/basic_filebuf/seekpos/char/3-in.cc execution test
FAIL: 27_io/basic_filebuf/seekpos/char/3-io.cc execution test
FAIL: 27_io/basic_filebuf/seekpos/char/3-out.cc execution test
WARNING: program timed out.
FAIL: 27_io/basic_filebuf/showmanyc/char/9533-1.cc execution test
FAIL: 27_io/basic_filebuf/sputbackc/char/1-in.cc execution test
FAIL: 27_io/basic_filebuf/sputbackc/char/1-io.cc execution test
FAIL: 27_io/basic_filebuf/sputbackc/char/2-in.cc execution test
FAIL: 27_io/basic_filebuf/sputbackc/char/2-io.cc execution test
FAIL: 27_io/basic_filebuf/sungetc/char/1-in.cc execution test
FAIL: 27_io/basic_filebuf/sungetc/char/1-io.cc execution test
FAIL: 27_io/basic_filebuf/sungetc/char/2-in.cc execution test
FAIL: 27_io/basic_filebuf/sungetc/char/2-io.cc execution test
WARNING: program timed out.
FAIL: 27_io/basic_filebuf/underflow/char/10097.cc execution test
FAIL: 27_io/basic_istream/seekg/char/fstream.cc execution test
FAIL: 27_io/basic_istream/tellg/char/1.cc execution test
FAIL: 27_io/basic_istream/tellg/char/fstream.cc execution test
FAIL: 27_io/basic_ostream/seekp/char/2346-fstream.cc execution test
FAIL: 27_io/basic_ostream/tellp/char/1.cc execution test
FAIL: 27_io/basic_streambuf/in_avail/char/9701-3.cc execution test
WARNING: program timed out.
FAIL: 27_io/objects/char/7.cc execution test
WARNING: program timed out.
FAIL: 27_io/objects/char/9661-1.cc execution test
=== libstdc++ Summary ===
# of expected passes 2166
# of unexpected failures 55
# of expected failures 4
Compiler version: 4.0.0 20041106 (experimental)
Platform: i686-unknown-openbsd3.1
configure flags: --target=i686-unknown-openbsd3.1 --host=i686-unknown-openbsd3.1 --build=i686-unknown-openbsd3.1 --disable-nls --verbose --enable-cpp --prefix=/home/gates/pinskia/openbsd --enable-shared --disable-libmudflap --enable-languages=c,c++,objc