This is the mail archive of the gcc-testresults@gcc.gnu.org mailing list for the GCC project.
Index Nav: | [Date Index] [Subject Index] [Author Index] [Thread Index] | |
---|---|---|
Message Nav: | [Date Prev] [Date Next] | [Thread Prev] [Thread Next] |
Other format: | [Raw text] |
LAST_UPDATED: Native configuration is sparc-sun-solaris2.9 === g++ tests === Running target unix UNRESOLVED: g++.dg/ext/visibility/assign1.C UNRESOLVED: g++.dg/ext/visibility/fvisibility-inlines-hidden.C UNRESOLVED: g++.dg/ext/visibility/fvisibility-override1.C UNRESOLVED: g++.dg/ext/visibility/fvisibility-override2.C UNRESOLVED: g++.dg/ext/visibility/fvisibility.C UNRESOLVED: g++.dg/ext/visibility/memfuncts.C UNRESOLVED: g++.dg/ext/visibility/new1.C UNRESOLVED: g++.dg/ext/visibility/noPLT.C UNRESOLVED: g++.dg/ext/visibility/pragma-override1.C UNRESOLVED: g++.dg/ext/visibility/pragma-override2.C UNRESOLVED: g++.dg/ext/visibility/pragma.C UNRESOLVED: g++.dg/ext/visibility/staticmemfuncts.C UNRESOLVED: g++.dg/ext/visibility/virtual.C UNRESOLVED: g++.dg/ext/visibility/visibility-1.C UNRESOLVED: g++.dg/ext/visibility/visibility-2.C UNRESOLVED: g++.dg/ext/visibility/visibility-3.C UNRESOLVED: g++.dg/ext/visibility/visibility-4.C UNRESOLVED: g++.dg/ext/visibility/visibility-5.C UNRESOLVED: g++.dg/ext/visibility/visibility-6.C UNRESOLVED: g++.dg/ext/visibility/visibility-7.C UNRESOLVED: g++.dg/ext/visibility/visibility-8.C XPASS: g++.dg/other/packed1.C execution test FAIL: g++.dg/other/pragma-re-1.C (test for excess errors) XPASS: g++.dg/rtti/tinfo1.C scan-assembler _ZTIP9CTemplateIhE: XPASS: g++.dg/rtti/tinfo1.C scan-assembler-not .globl[ \\t]+_ZTIP9CTemplateIhE XPASS: g++.dg/rtti/tinfo1.C scan-assembler-not .section[^\\n\\r]*_ZTIP9CTemplateIhE[^\\n\\r]* WARNING: g++.old-deja/g++.mike/p10769a.C compilation failed to produce executable XPASS: g++.old-deja/g++.other/enum5.C (test for bogus messages, line 9) XPASS: g++.old-deja/g++.other/enum5.C (test for bogus messages, line 10) WARNING: g++.old-deja/g++.other/enum5.C compilation failed to produce executable === g++ Summary === # of expected passes 10187 # of unexpected failures 1 # of unexpected successes 6 # of expected failures 74 # of unresolved testcases 21 # of unsupported tests 108 /tmp/kg/40/build/gcc/testsuite/../g++ version 4.0.0 20041101 (experimental) === gcc tests === Running target unix FAIL: gcc.c-torture/execute/stdarg-2.c execution, -O0 FAIL: gcc.c-torture/execute/stdarg-2.c execution, -O1 FAIL: gcc.c-torture/execute/stdarg-2.c execution, -O2 FAIL: gcc.c-torture/execute/stdarg-2.c execution, -O3 -fomit-frame-pointer FAIL: gcc.c-torture/execute/stdarg-2.c execution, -O3 -g FAIL: gcc.c-torture/execute/stdarg-2.c execution, -Os WARNING: Could not compile gcc.dg/compat/struct-layout-1 generator FAIL: gcc.dg/debug/dwarf2/dwarf-die7.c scan-assembler 1.*DW_AT_inline FAIL: gcc.dg/uninit-C.c (test for excess errors) FAIL: gcc.dg/uninit-H.c (test for bogus messages, line 20) FAIL: gcc.dg/uninit-H.c (test for excess errors) UNRESOLVED: gcc.dg/visibility-1.c UNRESOLVED: gcc.dg/visibility-10.c UNRESOLVED: gcc.dg/visibility-2.c UNRESOLVED: gcc.dg/visibility-3.c UNRESOLVED: gcc.dg/visibility-4.c UNRESOLVED: gcc.dg/visibility-5.c UNRESOLVED: gcc.dg/visibility-6.c UNRESOLVED: gcc.dg/visibility-7.c UNRESOLVED: gcc.dg/visibility-8.c UNRESOLVED: gcc.dg/visibility-9.c UNRESOLVED: gcc.dg/visibility-a.c === gcc Summary === # of expected passes 30691 # of unexpected failures 10 # of expected failures 78 # of unresolved testcases 11 # of untested testcases 28 # of unsupported tests 521 /tmp/kg/40/build/gcc/xgcc version 4.0.0 20041101 (experimental) === objc tests === Running target unix === objc Summary === # of expected passes 1514 # of unsupported tests 8 /tmp/kg/40/build/gcc/xgcc version 4.0.0 20041101 (experimental) === libffi tests === Running target unix === libffi Summary === # of expected passes 216 # of unsupported tests 2 === libjava tests === Running target unix FAIL: PR4766 compilation from source FAIL: PR4766 -O3 compilation from source FAIL: Array_3 execution - gij test FAIL: Array_3 execution - gij test FAIL: FileHandleGcTest execution - source compiled test FAIL: FileHandleGcTest execution - gij test FAIL: FileHandleGcTest execution - bytecode->native test FAIL: FileHandleGcTest -O3 execution - source compiled test FAIL: FileHandleGcTest execution - gij test FAIL: FileHandleGcTest -O3 execution - bytecode->native test WARNING: program timed out. FAIL: Process_2 execution - source compiled test WARNING: program timed out. FAIL: Process_2 execution - gij test WARNING: program timed out. FAIL: Process_3 execution - source compiled test WARNING: program timed out. FAIL: Process_3 execution - bytecode->native test WARNING: program timed out. FAIL: Process_3 -O3 execution - source compiled test WARNING: program timed out. FAIL: Process_3 execution - gij test WARNING: program timed out. FAIL: Process_3 -O3 execution - bytecode->native test WARNING: program timed out. FAIL: Process_4 execution - source compiled test WARNING: program timed out. FAIL: Process_4 execution - gij test WARNING: program timed out. FAIL: Process_4 execution - bytecode->native test WARNING: program timed out. FAIL: Process_4 -O3 execution - source compiled test WARNING: program timed out. FAIL: Process_4 execution - gij test WARNING: program timed out. FAIL: Process_4 -O3 execution - bytecode->native test WARNING: program timed out. FAIL: Process_5 execution - source compiled test WARNING: program timed out. FAIL: Process_5 execution - gij test WARNING: program timed out. FAIL: Process_5 execution - bytecode->native test WARNING: program timed out. FAIL: Process_5 -O3 execution - source compiled test WARNING: program timed out. FAIL: Process_5 execution - gij test WARNING: program timed out. FAIL: Process_5 -O3 execution - bytecode->native test FAIL: Thread_HoldsLock execution - source compiled test FAIL: Thread_HoldsLock execution - gij test FAIL: Thread_HoldsLock execution - bytecode->native test FAIL: Thread_HoldsLock -O3 execution - source compiled test FAIL: Thread_HoldsLock execution - gij test FAIL: Thread_HoldsLock -O3 execution - bytecode->native test FAIL: md5test output - source compiled test FAIL: md5test output - gij test FAIL: md5test output - bytecode->native test FAIL: md5test -O3 output - source compiled test FAIL: md5test output - gij test FAIL: md5test -O3 output - bytecode->native test FAIL: pr16789 execution - source compiled test FAIL: pr16789 execution - gij test FAIL: pr16789 execution - bytecode->native test FAIL: pr16789 -O3 execution - source compiled test FAIL: pr16789 execution - gij test FAIL: pr16789 -O3 execution - bytecode->native test FAIL: shatest output - source compiled test FAIL: shatest output - gij test FAIL: shatest output - bytecode->native test FAIL: shatest -O3 output - source compiled test FAIL: shatest output - gij test FAIL: shatest -O3 output - bytecode->native test === libjava Summary === # of expected passes 3557 # of unexpected failures 53 # of expected failures 14 # of untested testcases 55 === libstdc++ tests === Running target unix FAIL: 26_numerics/complex/13450.cc (test for excess errors) WARNING: 26_numerics/complex/13450.cc compilation failed to produce executable FAIL: 26_numerics/complex/complex_value.cc (test for excess errors) WARNING: 26_numerics/complex/complex_value.cc compilation failed to produce executable FAIL: 26_numerics/complex/pow.cc (test for excess errors) WARNING: 26_numerics/complex/pow.cc compilation failed to produce executable WARNING: program timed out. FAIL: thread/pthread7-rope.cc execution test === libstdc++ Summary === # of expected passes 3068 # of unexpected failures 4 # of expected failures 6 Compiler version: 4.0.0 20041101 (experimental) Platform: sparc-sun-solaris2.9 configure flags: --verbose --enable-languages=c,c++,java,objc
Index Nav: | [Date Index] [Subject Index] [Author Index] [Thread Index] | |
---|---|---|
Message Nav: | [Date Prev] [Date Next] | [Thread Prev] [Thread Next] |