This is the mail archive of the
gcc-testresults@gcc.gnu.org
mailing list for the GCC project.
Results for 4.0.0 20041027 (experimental) testsuite on sparc-sun-solaris2.8
- From: Rainer Orth <ro at TechFak dot Uni-Bielefeld dot DE>
- To: gcc-testresults at gcc dot gnu dot org
- Date: Fri, 29 Oct 2004 19:00:02 +0200 (MEST)
- Subject: Results for 4.0.0 20041027 (experimental) testsuite on sparc-sun-solaris2.8
LAST_UPDATED: Wed Oct 27 18:31:11 UTC 2004
Native configuration is sparc-sun-solaris2.8
=== g++ tests ===
Running target unix
FAIL: g++.dg/expr/cast2.C (test for errors, line 4)
UNRESOLVED: g++.dg/ext/visibility/assign1.C
UNRESOLVED: g++.dg/ext/visibility/fvisibility-inlines-hidden.C
UNRESOLVED: g++.dg/ext/visibility/fvisibility-override1.C
UNRESOLVED: g++.dg/ext/visibility/fvisibility-override2.C
UNRESOLVED: g++.dg/ext/visibility/fvisibility.C
UNRESOLVED: g++.dg/ext/visibility/memfuncts.C
UNRESOLVED: g++.dg/ext/visibility/new1.C
UNRESOLVED: g++.dg/ext/visibility/noPLT.C
UNRESOLVED: g++.dg/ext/visibility/pragma-override1.C
UNRESOLVED: g++.dg/ext/visibility/pragma-override2.C
UNRESOLVED: g++.dg/ext/visibility/pragma.C
UNRESOLVED: g++.dg/ext/visibility/staticmemfuncts.C
UNRESOLVED: g++.dg/ext/visibility/virtual.C
UNRESOLVED: g++.dg/ext/visibility/visibility-1.C
UNRESOLVED: g++.dg/ext/visibility/visibility-2.C
UNRESOLVED: g++.dg/ext/visibility/visibility-3.C
UNRESOLVED: g++.dg/ext/visibility/visibility-4.C
UNRESOLVED: g++.dg/ext/visibility/visibility-5.C
UNRESOLVED: g++.dg/ext/visibility/visibility-6.C
UNRESOLVED: g++.dg/ext/visibility/visibility-7.C
UNRESOLVED: g++.dg/ext/visibility/visibility-8.C
XPASS: g++.dg/other/packed1.C execution test
XPASS: g++.dg/rtti/tinfo1.C scan-assembler _ZTIP9CTemplateIhE:
XPASS: g++.dg/rtti/tinfo1.C scan-assembler-not .globl[ \\t]+_ZTIP9CTemplateIhE
XPASS: g++.dg/rtti/tinfo1.C scan-assembler-not .section[^\\n\\r]*_ZTIP9CTemplateIhE[^\\n\\r]*
WARNING: g++.old-deja/g++.mike/p10769a.C compilation failed to produce executable
WARNING: g++.old-deja/g++.other/enum5.C compilation failed to produce executable
=== g++ Summary for unix ===
# of expected passes 10143
# of unexpected failures 1
# of unexpected successes 4
# of expected failures 76
# of unresolved testcases 21
# of unsupported tests 108
Running target unix/-m64
FAIL: g++.dg/debug/namespace1.C (test for excess errors)
FAIL: g++.dg/expr/cast2.C (test for errors, line 4)
UNRESOLVED: g++.dg/ext/visibility/assign1.C
UNRESOLVED: g++.dg/ext/visibility/fvisibility-inlines-hidden.C
UNRESOLVED: g++.dg/ext/visibility/fvisibility-override1.C
UNRESOLVED: g++.dg/ext/visibility/fvisibility-override2.C
UNRESOLVED: g++.dg/ext/visibility/fvisibility.C
UNRESOLVED: g++.dg/ext/visibility/memfuncts.C
UNRESOLVED: g++.dg/ext/visibility/new1.C
UNRESOLVED: g++.dg/ext/visibility/noPLT.C
UNRESOLVED: g++.dg/ext/visibility/pragma-override1.C
UNRESOLVED: g++.dg/ext/visibility/pragma-override2.C
UNRESOLVED: g++.dg/ext/visibility/pragma.C
UNRESOLVED: g++.dg/ext/visibility/staticmemfuncts.C
UNRESOLVED: g++.dg/ext/visibility/virtual.C
UNRESOLVED: g++.dg/ext/visibility/visibility-1.C
UNRESOLVED: g++.dg/ext/visibility/visibility-2.C
UNRESOLVED: g++.dg/ext/visibility/visibility-3.C
UNRESOLVED: g++.dg/ext/visibility/visibility-4.C
UNRESOLVED: g++.dg/ext/visibility/visibility-5.C
UNRESOLVED: g++.dg/ext/visibility/visibility-6.C
UNRESOLVED: g++.dg/ext/visibility/visibility-7.C
UNRESOLVED: g++.dg/ext/visibility/visibility-8.C
FAIL: g++.dg/opt/nothrow1.C scan-tree-dump-times 42 0
XPASS: g++.dg/other/packed1.C execution test
FAIL: g++.dg/parse/cast1.C (test for excess errors)
XPASS: g++.dg/rtti/tinfo1.C scan-assembler _ZTIP9CTemplateIhE:
XPASS: g++.dg/rtti/tinfo1.C scan-assembler-not .globl[ \\t]+_ZTIP9CTemplateIhE
XPASS: g++.dg/rtti/tinfo1.C scan-assembler-not .section[^\\n\\r]*_ZTIP9CTemplateIhE[^\\n\\r]*
WARNING: g++.old-deja/g++.mike/p10769a.C compilation failed to produce executable
FAIL: g++.old-deja/g++.mike/p784.C (test for excess errors)
WARNING: g++.old-deja/g++.other/enum5.C compilation failed to produce executable
=== g++ Summary for unix/-m64 ===
# of expected passes 10139
# of unexpected failures 5
# of unexpected successes 4
# of expected failures 76
# of unresolved testcases 21
# of unsupported tests 108
=== g++ Summary ===
# of expected passes 20282
# of unexpected failures 6
# of unexpected successes 8
# of expected failures 152
# of unresolved testcases 42
# of unsupported tests 216
/amnt/figaro/volumes/obj-gcc/gcc/obj.sol2/gcc-4.0.0-20041027/8-gcc/gcc/testsuite/../g++ version 4.0.0 20041027 (experimental)
=== gcc tests ===
Running target unix
WARNING: program timed out.
FAIL: gcc.c-torture/compile/20001226-1.c (test for excess errors)
WARNING: program timed out.
FAIL: gcc.c-torture/compile/20001226-1.c (test for excess errors)
WARNING: program timed out.
FAIL: gcc.c-torture/compile/20001226-1.c (test for excess errors)
WARNING: program timed out.
FAIL: gcc.c-torture/compile/20001226-1.c (test for excess errors)
XPASS: gcc.c-torture/compile/pr17529.c (test for excess errors)
FAIL: gcc.c-torture/execute/stdarg-2.c execution, -O0
FAIL: gcc.c-torture/execute/stdarg-2.c execution, -O1
FAIL: gcc.c-torture/execute/stdarg-2.c execution, -O2
FAIL: gcc.c-torture/execute/stdarg-2.c execution, -O3 -fomit-frame-pointer
FAIL: gcc.c-torture/execute/stdarg-2.c execution, -O3 -g
FAIL: gcc.c-torture/execute/stdarg-2.c execution, -Os
WARNING: Could not compile gcc.dg/compat/struct-layout-1 generator
FAIL: gcc.dg/debug/dwarf2/dwarf-die7.c scan-assembler 1.*DW_AT_inline
FAIL: gcc.dg/uninit-C.c (test for excess errors)
FAIL: gcc.dg/uninit-H.c (test for bogus messages, line 20)
FAIL: gcc.dg/uninit-H.c (test for excess errors)
UNRESOLVED: gcc.dg/visibility-1.c
UNRESOLVED: gcc.dg/visibility-10.c
UNRESOLVED: gcc.dg/visibility-2.c
UNRESOLVED: gcc.dg/visibility-3.c
UNRESOLVED: gcc.dg/visibility-4.c
UNRESOLVED: gcc.dg/visibility-5.c
UNRESOLVED: gcc.dg/visibility-6.c
UNRESOLVED: gcc.dg/visibility-7.c
UNRESOLVED: gcc.dg/visibility-8.c
UNRESOLVED: gcc.dg/visibility-9.c
UNRESOLVED: gcc.dg/visibility-a.c
=== gcc Summary for unix ===
# of expected passes 30660
# of unexpected failures 14
# of unexpected successes 1
# of expected failures 83
# of unresolved testcases 11
# of untested testcases 28
# of unsupported tests 518
Running target unix/-m64
WARNING: program timed out.
FAIL: gcc.c-torture/compile/20001226-1.c (test for excess errors)
XPASS: gcc.c-torture/compile/pr17529.c (test for excess errors)
XPASS: gcc.c-torture/compile/simd-5.c (test for excess errors)
XPASS: gcc.c-torture/compile/simd-5.c (test for excess errors)
FAIL: gcc.c-torture/execute/20010605-2.c execution, -O0
FAIL: gcc.c-torture/execute/20010605-2.c execution, -O1
FAIL: gcc.c-torture/execute/20010605-2.c execution, -O2
FAIL: gcc.c-torture/execute/20010605-2.c execution, -Os
XPASS: gcc.c-torture/execute/20020227-1.c execution, -O3 -fomit-frame-pointer
XPASS: gcc.c-torture/execute/20020227-1.c execution, -O3 -g
FAIL: gcc.c-torture/execute/20040629-1.c execution, -O3 -g
XPASS: gcc.c-torture/execute/simd-5.c compilation, -O0
FAIL: gcc.c-torture/execute/stdarg-2.c execution, -O0
FAIL: gcc.c-torture/execute/stdarg-2.c execution, -O1
FAIL: gcc.c-torture/execute/stdarg-2.c execution, -O2
FAIL: gcc.c-torture/execute/stdarg-2.c execution, -O3 -fomit-frame-pointer
FAIL: gcc.c-torture/execute/stdarg-2.c execution, -O3 -g
FAIL: gcc.c-torture/execute/stdarg-2.c execution, -Os
FAIL: gcc.dg/compat/struct-by-value-11 c_compat_x_tst.o-c_compat_y_tst.o execute
FAIL: gcc.dg/compat/struct-by-value-12 c_compat_x_tst.o-c_compat_y_tst.o execute
FAIL: gcc.dg/compat/struct-by-value-13 c_compat_x_tst.o-c_compat_y_tst.o execute
FAIL: gcc.dg/compat/struct-by-value-16 c_compat_x_tst.o compile
UNRESOLVED: gcc.dg/compat/struct-by-value-16 c_compat_x_tst.o-c_compat_y_tst.o link
UNRESOLVED: gcc.dg/compat/struct-by-value-16 c_compat_x_tst.o-c_compat_y_tst.o execute
FAIL: gcc.dg/compat/vector-1 c_compat_x_tst.o compile
FAIL: gcc.dg/compat/vector-1 c_compat_y_tst.o compile
UNRESOLVED: gcc.dg/compat/vector-1 c_compat_x_tst.o-c_compat_y_tst.o link
UNRESOLVED: gcc.dg/compat/vector-1 c_compat_x_tst.o-c_compat_y_tst.o execute
FAIL: gcc.dg/compat/vector-2 c_compat_x_tst.o compile
FAIL: gcc.dg/compat/vector-2 c_compat_y_tst.o compile
UNRESOLVED: gcc.dg/compat/vector-2 c_compat_x_tst.o-c_compat_y_tst.o link
UNRESOLVED: gcc.dg/compat/vector-2 c_compat_x_tst.o-c_compat_y_tst.o execute
WARNING: Could not compile gcc.dg/compat/struct-layout-1 generator
FAIL: gcc.dg/debug/dwarf2/dwarf-die7.c scan-assembler 1.*DW_AT_inline
FAIL: gcc.dg/pragma-align.c execution test
FAIL: gcc.dg/uninit-H.c (test for bogus messages, line 20)
FAIL: gcc.dg/uninit-H.c (test for excess errors)
UNRESOLVED: gcc.dg/visibility-1.c
UNRESOLVED: gcc.dg/visibility-10.c
UNRESOLVED: gcc.dg/visibility-2.c
UNRESOLVED: gcc.dg/visibility-3.c
UNRESOLVED: gcc.dg/visibility-4.c
UNRESOLVED: gcc.dg/visibility-5.c
UNRESOLVED: gcc.dg/visibility-6.c
UNRESOLVED: gcc.dg/visibility-7.c
UNRESOLVED: gcc.dg/visibility-8.c
UNRESOLVED: gcc.dg/visibility-9.c
UNRESOLVED: gcc.dg/visibility-a.c
=== gcc Summary for unix/-m64 ===
# of expected passes 30635
# of unexpected failures 24
# of unexpected successes 6
# of expected failures 85
# of unresolved testcases 17
# of untested testcases 28
# of unsupported tests 518
=== gcc Summary ===
# of expected passes 61295
# of unexpected failures 38
# of unexpected successes 7
# of expected failures 168
# of unresolved testcases 28
# of untested testcases 56
# of unsupported tests 1036
/amnt/figaro/volumes/obj-gcc/gcc/obj.sol2/gcc-4.0.0-20041027/8-gcc/gcc/xgcc version 4.0.0 20041027 (experimental)
=== objc tests ===
Running target unix
=== objc Summary for unix ===
# of expected passes 1510
# of unsupported tests 8
Running target unix/-m64
=== objc Summary for unix/-m64 ===
# of expected passes 1510
# of unsupported tests 8
=== objc Summary ===
# of expected passes 3020
# of unsupported tests 16
/amnt/figaro/volumes/obj-gcc/gcc/obj.sol2/gcc-4.0.0-20041027/8-gcc/gcc/xgcc version 4.0.0 20041027 (experimental)
=== libffi tests ===
Running target unix
=== libffi Summary for unix ===
# of expected passes 216
# of unsupported tests 2
Running target unix/-m64
=== libffi Summary for unix/-m64 ===
# of expected passes 216
# of unsupported tests 2
=== libffi Summary ===
# of expected passes 432
# of unsupported tests 4
=== libjava tests ===
Running target unix
FAIL: PR4766 compilation from source
FAIL: PR4766 -O3 compilation from source
FAIL: Array_3 execution - gij test
FAIL: Array_3 execution - gij test
FAIL: FileHandleGcTest execution - source compiled test
FAIL: FileHandleGcTest execution - gij test
FAIL: FileHandleGcTest execution - bytecode->native test
FAIL: FileHandleGcTest -O3 execution - source compiled test
FAIL: FileHandleGcTest execution - gij test
FAIL: FileHandleGcTest -O3 execution - bytecode->native test
FAIL: TLtest execution - gij test
FAIL: Thread_HoldsLock execution - source compiled test
FAIL: Thread_HoldsLock execution - gij test
FAIL: Thread_HoldsLock execution - bytecode->native test
FAIL: Thread_HoldsLock -O3 execution - source compiled test
FAIL: Thread_HoldsLock execution - gij test
FAIL: Thread_HoldsLock -O3 execution - bytecode->native test
FAIL: md5test output - source compiled test
FAIL: md5test output - gij test
FAIL: md5test output - bytecode->native test
FAIL: md5test -O3 output - source compiled test
FAIL: md5test output - gij test
FAIL: md5test -O3 output - bytecode->native test
FAIL: pr16789 execution - source compiled test
FAIL: pr16789 execution - gij test
FAIL: pr16789 execution - bytecode->native test
FAIL: pr16789 -O3 execution - source compiled test
FAIL: pr16789 execution - gij test
FAIL: pr16789 -O3 execution - bytecode->native test
FAIL: shatest output - source compiled test
FAIL: shatest output - gij test
FAIL: shatest output - bytecode->native test
FAIL: shatest -O3 output - source compiled test
FAIL: shatest output - gij test
FAIL: shatest -O3 output - bytecode->native test
=== libjava Summary for unix ===
# of expected passes 3593
# of unexpected failures 35
# of expected failures 14
# of untested testcases 37
Running target unix/-m64
FAIL: PR4766 compilation from source
FAIL: PR4766 -O3 compilation from source
FAIL: Array_3 execution - gij test
FAIL: Array_3 execution - gij test
FAIL: FileHandleGcTest execution - source compiled test
FAIL: FileHandleGcTest execution - gij test
FAIL: FileHandleGcTest execution - bytecode->native test
FAIL: FileHandleGcTest -O3 execution - source compiled test
FAIL: FileHandleGcTest execution - gij test
FAIL: FileHandleGcTest -O3 execution - bytecode->native test
FAIL: Process_6 -O3 execution - source compiled test
FAIL: Thread_HoldsLock execution - source compiled test
FAIL: Thread_HoldsLock execution - gij test
FAIL: Thread_HoldsLock execution - bytecode->native test
FAIL: Thread_HoldsLock -O3 execution - source compiled test
FAIL: Thread_HoldsLock execution - gij test
FAIL: Thread_HoldsLock -O3 execution - bytecode->native test
FAIL: Throw_2 execution - gij test
FAIL: Throw_2 execution - gij test
FAIL: md5test output - source compiled test
FAIL: md5test output - gij test
FAIL: md5test output - bytecode->native test
FAIL: md5test -O3 output - source compiled test
FAIL: md5test output - gij test
FAIL: md5test -O3 output - bytecode->native test
FAIL: pr16789 execution - source compiled test
FAIL: pr16789 execution - gij test
FAIL: pr16789 execution - bytecode->native test
FAIL: pr16789 -O3 execution - source compiled test
FAIL: pr16789 execution - gij test
FAIL: pr16789 -O3 execution - bytecode->native test
FAIL: shatest output - source compiled test
FAIL: shatest output - gij test
FAIL: shatest output - bytecode->native test
FAIL: shatest -O3 output - source compiled test
FAIL: shatest output - gij test
FAIL: shatest -O3 output - bytecode->native test
=== libjava Summary for unix/-m64 ===
# of expected passes 3589
# of unexpected failures 37
# of expected failures 14
# of untested testcases 39
=== libjava Summary ===
# of expected passes 7182
# of unexpected failures 72
# of expected failures 28
# of untested testcases 76
=== libstdc++ tests ===
Running target unix
XPASS: 22_locale/locale/cons/12658_thread-1.cc execution test
FAIL: 23_containers/list/cons/5.cc (test for excess errors)
WARNING: 23_containers/list/cons/5.cc compilation failed to produce executable
FAIL: 26_numerics/complex/13450.cc (test for excess errors)
WARNING: 26_numerics/complex/13450.cc compilation failed to produce executable
FAIL: 26_numerics/complex/complex_value.cc (test for excess errors)
WARNING: 26_numerics/complex/complex_value.cc compilation failed to produce executable
FAIL: 26_numerics/complex/pow.cc (test for excess errors)
WARNING: 26_numerics/complex/pow.cc compilation failed to produce executable
FAIL: ext/concept_checks.cc (test for excess errors)
WARNING: ext/concept_checks.cc compilation failed to produce executable
WARNING: program timed out.
FAIL: thread/pthread7-rope.cc execution test
FAIL: tr1/6_containers/tuple/comparison_operators/comparisons.cc (test for excess errors)
WARNING: tr1/6_containers/tuple/comparison_operators/comparisons.cc compilation failed to produce executable
FAIL: tr1/6_containers/tuple/cons/assignment.cc (test for excess errors)
WARNING: tr1/6_containers/tuple/cons/assignment.cc compilation failed to produce executable
FAIL: tr1/6_containers/tuple/cons/big_tuples.cc (test for excess errors)
WARNING: tr1/6_containers/tuple/cons/big_tuples.cc compilation failed to produce executable
FAIL: tr1/6_containers/tuple/cons/constructor.cc (test for excess errors)
WARNING: tr1/6_containers/tuple/cons/constructor.cc compilation failed to produce executable
FAIL: tr1/6_containers/tuple/creation_functions/make_tuple.cc (test for excess errors)
WARNING: tr1/6_containers/tuple/creation_functions/make_tuple.cc compilation failed to produce executable
FAIL: tr1/6_containers/tuple/creation_functions/tie.cc (test for excess errors)
WARNING: tr1/6_containers/tuple/creation_functions/tie.cc compilation failed to produce executable
FAIL: tr1/6_containers/tuple/element_access/get.cc (test for excess errors)
WARNING: tr1/6_containers/tuple/element_access/get.cc compilation failed to produce executable
FAIL: tr1/6_containers/tuple/tuple_element.cc (test for excess errors)
WARNING: tr1/6_containers/tuple/tuple_element.cc compilation failed to produce executable
FAIL: tr1/6_containers/tuple/tuple_size.cc (test for excess errors)
WARNING: tr1/6_containers/tuple/tuple_size.cc compilation failed to produce executable
=== libstdc++ Summary for unix ===
# of expected passes 3026
# of unexpected failures 15
# of unexpected successes 1
# of expected failures 6
Running target unix/-m64
XPASS: 22_locale/locale/cons/12658_thread-1.cc execution test
FAIL: 23_containers/list/cons/5.cc (test for excess errors)
WARNING: 23_containers/list/cons/5.cc compilation failed to produce executable
FAIL: 26_numerics/complex/13450.cc (test for excess errors)
WARNING: 26_numerics/complex/13450.cc compilation failed to produce executable
FAIL: 26_numerics/complex/complex_value.cc (test for excess errors)
WARNING: 26_numerics/complex/complex_value.cc compilation failed to produce executable
FAIL: 26_numerics/complex/pow.cc (test for excess errors)
WARNING: 26_numerics/complex/pow.cc compilation failed to produce executable
FAIL: ext/concept_checks.cc (test for excess errors)
WARNING: ext/concept_checks.cc compilation failed to produce executable
FAIL: tr1/6_containers/tuple/comparison_operators/comparisons.cc (test for excess errors)
WARNING: tr1/6_containers/tuple/comparison_operators/comparisons.cc compilation failed to produce executable
FAIL: tr1/6_containers/tuple/cons/assignment.cc (test for excess errors)
WARNING: tr1/6_containers/tuple/cons/assignment.cc compilation failed to produce executable
FAIL: tr1/6_containers/tuple/cons/big_tuples.cc (test for excess errors)
WARNING: tr1/6_containers/tuple/cons/big_tuples.cc compilation failed to produce executable
FAIL: tr1/6_containers/tuple/cons/constructor.cc (test for excess errors)
WARNING: tr1/6_containers/tuple/cons/constructor.cc compilation failed to produce executable
FAIL: tr1/6_containers/tuple/creation_functions/make_tuple.cc (test for excess errors)
WARNING: tr1/6_containers/tuple/creation_functions/make_tuple.cc compilation failed to produce executable
FAIL: tr1/6_containers/tuple/creation_functions/tie.cc (test for excess errors)
WARNING: tr1/6_containers/tuple/creation_functions/tie.cc compilation failed to produce executable
FAIL: tr1/6_containers/tuple/element_access/get.cc (test for excess errors)
WARNING: tr1/6_containers/tuple/element_access/get.cc compilation failed to produce executable
FAIL: tr1/6_containers/tuple/tuple_element.cc (test for excess errors)
WARNING: tr1/6_containers/tuple/tuple_element.cc compilation failed to produce executable
FAIL: tr1/6_containers/tuple/tuple_size.cc (test for excess errors)
WARNING: tr1/6_containers/tuple/tuple_size.cc compilation failed to produce executable
=== libstdc++ Summary for unix/-m64 ===
# of expected passes 3027
# of unexpected failures 14
# of unexpected successes 1
# of expected failures 6
=== libstdc++ Summary ===
# of expected passes 6053
# of unexpected failures 29
# of unexpected successes 2
# of expected failures 12
Compiler version: 4.0.0 20041027 (experimental)
Platform: sparc-sun-solaris2.8
configure flags: --prefix=/vol/gcc --with-local-prefix=/vol/gcc --disable-nls --disable-libmudflap --enable-languages=c,c++,java,objc
BOOT_CFLAGS=-g -O2