This is the mail archive of the
gcc-testresults@gcc.gnu.org
mailing list for the GCC project.
Results for 4.0.0 20041026 (experimental) testsuite on sparc-sun-solaris2.9
- From: "Kaveh R. Ghazi" <ghazi at caip dot rutgers dot edu>
- To: gcc-testresults at gcc dot gnu dot org
- Date: Wed, 27 Oct 2004 00:31:27 -0400 (EDT)
- Subject: Results for 4.0.0 20041026 (experimental) testsuite on sparc-sun-solaris2.9
LAST_UPDATED:
Native configuration is sparc-sun-solaris2.9
=== g++ tests ===
Running target unix
FAIL: g++.dg/expr/cast2.C (test for errors, line 4)
UNRESOLVED: g++.dg/ext/visibility/assign1.C
UNRESOLVED: g++.dg/ext/visibility/fvisibility-inlines-hidden.C
UNRESOLVED: g++.dg/ext/visibility/fvisibility-override1.C
UNRESOLVED: g++.dg/ext/visibility/fvisibility-override2.C
UNRESOLVED: g++.dg/ext/visibility/fvisibility.C
UNRESOLVED: g++.dg/ext/visibility/memfuncts.C
UNRESOLVED: g++.dg/ext/visibility/new1.C
UNRESOLVED: g++.dg/ext/visibility/noPLT.C
UNRESOLVED: g++.dg/ext/visibility/pragma-override1.C
UNRESOLVED: g++.dg/ext/visibility/pragma-override2.C
UNRESOLVED: g++.dg/ext/visibility/pragma.C
UNRESOLVED: g++.dg/ext/visibility/staticmemfuncts.C
UNRESOLVED: g++.dg/ext/visibility/virtual.C
UNRESOLVED: g++.dg/ext/visibility/visibility-1.C
UNRESOLVED: g++.dg/ext/visibility/visibility-2.C
UNRESOLVED: g++.dg/ext/visibility/visibility-3.C
UNRESOLVED: g++.dg/ext/visibility/visibility-4.C
UNRESOLVED: g++.dg/ext/visibility/visibility-5.C
UNRESOLVED: g++.dg/ext/visibility/visibility-6.C
UNRESOLVED: g++.dg/ext/visibility/visibility-7.C
UNRESOLVED: g++.dg/ext/visibility/visibility-8.C
XPASS: g++.dg/other/packed1.C execution test
XPASS: g++.dg/rtti/tinfo1.C scan-assembler _ZTIP9CTemplateIhE:
XPASS: g++.dg/rtti/tinfo1.C scan-assembler-not .globl[ \\t]+_ZTIP9CTemplateIhE
XPASS: g++.dg/rtti/tinfo1.C scan-assembler-not .section[^\\n\\r]*_ZTIP9CTemplateIhE[^\\n\\r]*
WARNING: g++.old-deja/g++.mike/p10769a.C compilation failed to produce executable
WARNING: g++.old-deja/g++.other/enum5.C compilation failed to produce executable
=== g++ Summary ===
# of expected passes 10140
# of unexpected failures 1
# of unexpected successes 4
# of expected failures 76
# of unresolved testcases 21
# of unsupported tests 108
/tmp/kg/40/build/gcc/testsuite/../g++ version 4.0.0 20041026 (experimental)
=== gcc tests ===
Running target unix
XPASS: gcc.c-torture/compile/pr17529.c -O0 (test for excess errors)
FAIL: gcc.c-torture/execute/stdarg-2.c execution, -O0
FAIL: gcc.c-torture/execute/stdarg-2.c execution, -O1
FAIL: gcc.c-torture/execute/stdarg-2.c execution, -O2
FAIL: gcc.c-torture/execute/stdarg-2.c execution, -O3 -fomit-frame-pointer
FAIL: gcc.c-torture/execute/stdarg-2.c execution, -O3 -g
FAIL: gcc.c-torture/execute/stdarg-2.c execution, -Os
WARNING: Could not compile gcc.dg/compat/struct-layout-1 generator
FAIL: gcc.dg/debug/dwarf2/dwarf-die7.c scan-assembler 1.*DW_AT_inline
FAIL: gcc.dg/uninit-C.c (test for excess errors)
FAIL: gcc.dg/uninit-H.c (test for bogus messages, line 20)
FAIL: gcc.dg/uninit-H.c (test for excess errors)
UNRESOLVED: gcc.dg/visibility-1.c
UNRESOLVED: gcc.dg/visibility-10.c
UNRESOLVED: gcc.dg/visibility-2.c
UNRESOLVED: gcc.dg/visibility-3.c
UNRESOLVED: gcc.dg/visibility-4.c
UNRESOLVED: gcc.dg/visibility-5.c
UNRESOLVED: gcc.dg/visibility-6.c
UNRESOLVED: gcc.dg/visibility-7.c
UNRESOLVED: gcc.dg/visibility-8.c
UNRESOLVED: gcc.dg/visibility-9.c
UNRESOLVED: gcc.dg/visibility-a.c
=== gcc Summary ===
# of expected passes 30658
# of unexpected failures 10
# of unexpected successes 1
# of expected failures 83
# of unresolved testcases 11
# of untested testcases 28
# of unsupported tests 518
/tmp/kg/40/build/gcc/xgcc version 4.0.0 20041026 (experimental)
=== objc tests ===
Running target unix
=== objc Summary ===
# of expected passes 1510
# of unsupported tests 8
/tmp/kg/40/build/gcc/xgcc version 4.0.0 20041026 (experimental)
=== libstdc++ tests ===
Running target unix
XPASS: 22_locale/locale/cons/12658_thread-1.cc execution test
FAIL: 22_locale/time_put/put/wchar_t/1.cc execution test
FAIL: 22_locale/time_put/put/wchar_t/10.cc execution test
FAIL: 22_locale/time_put/put/wchar_t/5.cc execution test
FAIL: 22_locale/time_put/put/wchar_t/9.cc execution test
FAIL: 26_numerics/complex/13450.cc (test for excess errors)
WARNING: 26_numerics/complex/13450.cc compilation failed to produce executable
FAIL: 26_numerics/complex/complex_value.cc (test for excess errors)
WARNING: 26_numerics/complex/complex_value.cc compilation failed to produce executable
FAIL: 26_numerics/complex/pow.cc (test for excess errors)
WARNING: 26_numerics/complex/pow.cc compilation failed to produce executable
WARNING: program timed out.
FAIL: thread/pthread7-rope.cc execution test
FAIL: tr1/6_containers/tuple/comparison_operators/comparisons.cc (test for excess errors)
WARNING: tr1/6_containers/tuple/comparison_operators/comparisons.cc compilation failed to produce executable
FAIL: tr1/6_containers/tuple/cons/assignment.cc (test for excess errors)
WARNING: tr1/6_containers/tuple/cons/assignment.cc compilation failed to produce executable
FAIL: tr1/6_containers/tuple/cons/big_tuples.cc (test for excess errors)
WARNING: tr1/6_containers/tuple/cons/big_tuples.cc compilation failed to produce executable
FAIL: tr1/6_containers/tuple/cons/constructor.cc (test for excess errors)
WARNING: tr1/6_containers/tuple/cons/constructor.cc compilation failed to produce executable
FAIL: tr1/6_containers/tuple/creation_functions/make_tuple.cc (test for excess errors)
WARNING: tr1/6_containers/tuple/creation_functions/make_tuple.cc compilation failed to produce executable
FAIL: tr1/6_containers/tuple/creation_functions/tie.cc (test for excess errors)
WARNING: tr1/6_containers/tuple/creation_functions/tie.cc compilation failed to produce executable
FAIL: tr1/6_containers/tuple/element_access/get.cc (test for excess errors)
WARNING: tr1/6_containers/tuple/element_access/get.cc compilation failed to produce executable
FAIL: tr1/6_containers/tuple/tuple_element.cc (test for excess errors)
WARNING: tr1/6_containers/tuple/tuple_element.cc compilation failed to produce executable
FAIL: tr1/6_containers/tuple/tuple_size.cc (test for excess errors)
WARNING: tr1/6_containers/tuple/tuple_size.cc compilation failed to produce executable
=== libstdc++ Summary ===
# of expected passes 3026
# of unexpected failures 17
# of unexpected successes 1
# of expected failures 6
Compiler version: 4.0.0 20041026 (experimental)
Platform: sparc-sun-solaris2.9
configure flags: --verbose --disable-libgcj --enable-languages=c,c++,java,objc