This is the mail archive of the
gcc-testresults@gcc.gnu.org
mailing list for the GCC project.
Results for [trunk] 4.0.020041026(experimental) testsuite on i686-pc-linux-gnu
- From: "Autocrasher" <autocrasher at devphil dot com>
- To: gcc-testresults at gcc dot gnu dot org
- Date: 26 Oct 2004 21:59:01 -0000
- Subject: Results for [trunk] 4.0.020041026(experimental) testsuite on i686-pc-linux-gnu
The configure/build/test log and regression plots can be
found at http://www.devphil.com/build/
Host was an x86-type system.
This particular run used standard (previously installed) binutils.
- The Autocrasher (Phil's Builder Bot, version 2.1)
LAST_UPDATED: Tue Oct 26 20:11:29 UTC 2004
Native configuration is i686-pc-linux-gnu
=== g++ tests ===
Running target unix
FAIL: g++.dg/expr/cast2.C (test for errors, line 4)
XPASS: g++.dg/rtti/tinfo1.C scan-assembler _ZTIP9CTemplateIhE:
XPASS: g++.dg/rtti/tinfo1.C scan-assembler-not .globl[ \\t]+_ZTIP9CTemplateIhE
XPASS: g++.dg/rtti/tinfo1.C scan-assembler-not .section[^\\n\\r]*_ZTIP9CTemplateIhE[^\\n\\r]*
WARNING: g++.old-deja/g++.mike/p10769a.C compilation failed to produce executable
WARNING: g++.old-deja/g++.other/enum5.C compilation failed to produce executable
XPASS: g++.old-deja/g++.other/init5.C execution test
=== g++ Summary ===
# of expected passes 10289
# of unexpected failures 1
# of unexpected successes 4
# of expected failures 75
# of unsupported tests 49
/mnt/build/build-2004-10-26-161001-trunk/gcc/testsuite/../g++ version 4.0.0 20041026 (experimental)
=== gcc tests ===
Running target unix
XPASS: gcc.c-torture/compile/pr17529.c -O0 (test for excess errors)
FAIL: gcc.dg/cpp/direct2.c (test for errors, line 15)
FAIL: gcc.dg/cpp/direct2.c (test for excess errors)
FAIL: gcc.dg/cpp/direct2s.c (test for errors, line 17)
FAIL: gcc.dg/cpp/direct2s.c (test for excess errors)
FAIL: gcc.dg/debug/dwarf2/dwarf-die7.c scan-assembler 1.*DW_AT_inline
XPASS: gcc.dg/tree-ssa/20030922-2.c scan-tree-dump-times if 2
=== gcc Summary ===
# of expected passes 31492
# of unexpected failures 5
# of unexpected successes 2
# of expected failures 120
# of untested testcases 28
# of unsupported tests 280
/mnt/build/build-2004-10-26-161001-trunk/gcc/xgcc version 4.0.0 20041026 (experimental)
=== libstdc++-v3 check-abi Summary ===
# of added symbols: 99
# of missing symbols: 46
# of incompatible symbols: 46
using: /home/pme/src/trunk/libstdc++-v3/config/abi/i486-linux-gnu/baseline_symbols.txt
=== libstdc++ tests ===
Running target unix
XPASS: 22_locale/locale/cons/12658_thread-1.cc execution test
XPASS: 26_numerics/cmath/c99_classification_macros_c.cc (test for excess errors)
=== libstdc++ Summary ===
# of expected passes 3008
# of unexpected successes 2
# of expected failures 5
Compiler version: 4.0.020041026(experimental)
Platform: i686-pc-linux-gnu
configure flags: --prefix=/mnt/build/install-2004-10-26-161001-trunk --enable-threads=posix --enable-__cxa_atexit --with-dwarf2 --enable-languages=c++,f95 --enable-languages=c,c++,f95