This is the mail archive of the
gcc-testresults@gcc.gnu.org
mailing list for the GCC project.
Results for 4.0.0 20041025 (experimental) testsuite on powerpc64-unknown-linux-gnu
- From: Jon Grimm <jgrimm at pluto dot ltc dot austin dot ibm dot com>
- To: gcc-testresults at gcc dot gnu dot org
- Date: Mon, 25 Oct 2004 18:47:33 -0500
- Subject: Results for 4.0.0 20041025 (experimental) testsuite on powerpc64-unknown-linux-gnu
Linux 2.6.5-7.97-pseries64 ppc64
GNU C Library stable release version 2.3.3 (20040412)
GNU ld version 2.15.92 20041007
GNU assembler 2.15.92 20041007
GNU Make 3.80
DejaGnu:
Expect version is 5.40.0
Tcl version is 8.4
Framework version is 1.4.4
Linux 2.6.5-7.97-pseries64 ppc64
GNU C Library stable release version 2.3.3 (20040412)
GNU ld version 2.15.92 20041007
GNU assembler 2.15.92 20041007
GNU Make 3.80
DejaGnu:
Expect version is 5.40.0
Tcl version is 8.4
Framework version is 1.4.4
CVS branch: mainline
LAST_UPDATED: Mon Oct 25 20:19:35 UTC 2004
Native configuration is powerpc64-unknown-linux-gnu
=== gcc tests ===
Running target unix/-m32
WARNING: program timed out.
FAIL: gcc.c-torture/compile/20001226-1.c -O3 -g (test for excess errors)
XPASS: gcc.c-torture/compile/pr17529.c -O0 (test for excess errors)
FAIL: gcc.dg/compat/vector-2 c_compat_x_tst.o compile
FAIL: gcc.dg/compat/vector-2 c_compat_y_tst.o compile
UNRESOLVED: gcc.dg/compat/vector-2 c_compat_x_tst.o-c_compat_y_tst.o link
UNRESOLVED: gcc.dg/compat/vector-2 c_compat_x_tst.o-c_compat_y_tst.o execute
FAIL: gcc.dg/debug/dwarf2/dwarf-die7.c scan-assembler 1.*DW_AT_inline
FAIL: gcc.dg/20040920-1.c (test for errors, line 10)
FAIL: gcc.dg/20040920-1.c (test for errors, line 11)
FAIL: gcc.dg/20040920-1.c (test for excess errors)
FAIL: gcc.dg/Wbad-function-cast-1.c (test for warnings, line 41)
FAIL: gcc.dg/Wbad-function-cast-1.c (test for warnings, line 42)
FAIL: gcc.dg/Wbad-function-cast-1.c (test for warnings, line 43)
FAIL: gcc.dg/Wbad-function-cast-1.c (test for warnings, line 44)
FAIL: gcc.dg/Wbad-function-cast-1.c (test for warnings, line 45)
FAIL: gcc.dg/Wbad-function-cast-1.c (test for warnings, line 46)
FAIL: gcc.dg/Wbad-function-cast-1.c (test for warnings, line 47)
FAIL: gcc.dg/Wbad-function-cast-1.c (test for warnings, line 48)
FAIL: gcc.dg/Wbad-function-cast-1.c (test for warnings, line 49)
FAIL: gcc.dg/Wbad-function-cast-1.c (test for warnings, line 50)
FAIL: gcc.dg/Wbad-function-cast-1.c (test for excess errors)
FAIL: gcc.dg/Wconversion-2.c (test for warnings, line 42)
FAIL: gcc.dg/Wconversion-2.c (test for warnings, line 43)
FAIL: gcc.dg/Wconversion-2.c (test for warnings, line 44)
FAIL: gcc.dg/Wconversion-2.c (test for warnings, line 45)
FAIL: gcc.dg/Wconversion-2.c (test for warnings, line 46)
FAIL: gcc.dg/Wconversion-2.c (test for warnings, line 47)
FAIL: gcc.dg/Wconversion-2.c (test for warnings, line 48)
FAIL: gcc.dg/Wconversion-2.c (test for warnings, line 49)
FAIL: gcc.dg/Wconversion-2.c (test for warnings, line 50)
FAIL: gcc.dg/Wconversion-2.c (test for warnings, line 51)
FAIL: gcc.dg/Wconversion-2.c (test for warnings, line 52)
FAIL: gcc.dg/Wconversion-2.c (test for warnings, line 53)
FAIL: gcc.dg/Wconversion-2.c (test for warnings, line 54)
FAIL: gcc.dg/Wconversion-2.c (test for warnings, line 55)
FAIL: gcc.dg/Wconversion-2.c (test for warnings, line 56)
FAIL: gcc.dg/Wconversion-2.c (test for warnings, line 57)
FAIL: gcc.dg/Wconversion-2.c (test for warnings, line 58)
FAIL: gcc.dg/Wconversion-2.c (test for warnings, line 59)
FAIL: gcc.dg/Wconversion-2.c (test for warnings, line 60)
FAIL: gcc.dg/Wconversion-2.c (test for warnings, line 61)
FAIL: gcc.dg/Wconversion-2.c (test for warnings, line 62)
FAIL: gcc.dg/Wconversion-2.c (test for warnings, line 63)
FAIL: gcc.dg/Wconversion-2.c (test for excess errors)
FAIL: gcc.dg/Wswitch-2.c enum e4 (test for warnings, line 16)
FAIL: gcc.dg/Wswitch-2.c enum e1 (test for warnings, line 25)
FAIL: gcc.dg/Wswitch-2.c (test for excess errors)
FAIL: gcc.dg/Wswitch-enum.c enum e1 (test for warnings, line 22)
FAIL: gcc.dg/Wswitch-enum.c enum e2 (test for warnings, line 22)
FAIL: gcc.dg/Wswitch-enum.c enum e1 (test for warnings, line 25)
FAIL: gcc.dg/Wswitch-enum.c enum e2 (test for warnings, line 25)
FAIL: gcc.dg/Wswitch-enum.c enum e2 (test for warnings, line 29)
FAIL: gcc.dg/Wswitch-enum.c enum e2 (test for warnings, line 33)
FAIL: gcc.dg/Wswitch-enum.c excess 3 (test for warnings, line 53)
FAIL: gcc.dg/Wswitch-enum.c excess 3 (test for warnings, line 59)
FAIL: gcc.dg/Wswitch-enum.c (test for excess errors)
FAIL: gcc.dg/Wswitch.c enum e1 (test for warnings, line 22)
FAIL: gcc.dg/Wswitch.c enum e2 (test for warnings, line 22)
FAIL: gcc.dg/Wswitch.c enum e2 (test for warnings, line 29)
FAIL: gcc.dg/Wswitch.c excess 3 (test for warnings, line 53)
FAIL: gcc.dg/Wswitch.c (test for excess errors)
FAIL: gcc.dg/assign-warn-1.c (test for warnings, line 15)
FAIL: gcc.dg/assign-warn-1.c (test for warnings, line 16)
FAIL: gcc.dg/assign-warn-1.c (test for warnings, line 27)
FAIL: gcc.dg/assign-warn-1.c (test for warnings, line 28)
FAIL: gcc.dg/assign-warn-1.c (test for warnings, line 39)
FAIL: gcc.dg/assign-warn-1.c (test for warnings, line 40)
FAIL: gcc.dg/assign-warn-1.c (test for warnings, line 41)
FAIL: gcc.dg/assign-warn-1.c (test for warnings, line 42)
FAIL: gcc.dg/assign-warn-1.c (test for warnings, line 43)
FAIL: gcc.dg/assign-warn-1.c (test for warnings, line 45)
FAIL: gcc.dg/assign-warn-1.c (test for warnings, line 46)
FAIL: gcc.dg/assign-warn-1.c (test for warnings, line 47)
FAIL: gcc.dg/assign-warn-1.c (test for warnings, line 48)
FAIL: gcc.dg/assign-warn-1.c (test for warnings, line 49)
FAIL: gcc.dg/assign-warn-1.c (test for warnings, line 51)
FAIL: gcc.dg/assign-warn-1.c (test for warnings, line 52)
FAIL: gcc.dg/assign-warn-1.c (test for warnings, line 57)
FAIL: gcc.dg/assign-warn-1.c (test for warnings, line 58)
FAIL: gcc.dg/assign-warn-1.c (test for warnings, line 63)
FAIL: gcc.dg/assign-warn-1.c (test for warnings, line 64)
FAIL: gcc.dg/assign-warn-1.c (test for warnings, line 69)
FAIL: gcc.dg/assign-warn-1.c (test for warnings, line 70)
FAIL: gcc.dg/assign-warn-1.c (test for warnings, line 75)
FAIL: gcc.dg/assign-warn-1.c (test for warnings, line 76)
FAIL: gcc.dg/assign-warn-1.c (test for warnings, line 81)
FAIL: gcc.dg/assign-warn-1.c (test for warnings, line 82)
FAIL: gcc.dg/assign-warn-1.c (test for warnings, line 87)
FAIL: gcc.dg/assign-warn-1.c (test for warnings, line 88)
FAIL: gcc.dg/assign-warn-1.c (test for warnings, line 93)
FAIL: gcc.dg/assign-warn-1.c (test for warnings, line 94)
FAIL: gcc.dg/assign-warn-1.c (test for warnings, line 99)
FAIL: gcc.dg/assign-warn-1.c (test for warnings, line 100)
FAIL: gcc.dg/assign-warn-1.c (test for warnings, line 105)
FAIL: gcc.dg/assign-warn-1.c (test for warnings, line 106)
FAIL: gcc.dg/assign-warn-1.c (test for errors, line 113)
FAIL: gcc.dg/assign-warn-1.c (test for errors, line 114)
FAIL: gcc.dg/assign-warn-1.c (test for errors, line 119)
FAIL: gcc.dg/assign-warn-1.c (test for errors, line 120)
FAIL: gcc.dg/assign-warn-1.c (test for excess errors)
FAIL: gcc.dg/assign-warn-2.c (test for errors, line 16)
FAIL: gcc.dg/assign-warn-2.c (test for errors, line 17)
FAIL: gcc.dg/assign-warn-2.c (test for errors, line 28)
FAIL: gcc.dg/assign-warn-2.c (test for errors, line 29)
FAIL: gcc.dg/assign-warn-2.c (test for errors, line 40)
FAIL: gcc.dg/assign-warn-2.c (test for errors, line 41)
FAIL: gcc.dg/assign-warn-2.c (test for errors, line 42)
FAIL: gcc.dg/assign-warn-2.c (test for errors, line 43)
FAIL: gcc.dg/assign-warn-2.c (test for errors, line 44)
FAIL: gcc.dg/assign-warn-2.c (test for errors, line 46)
FAIL: gcc.dg/assign-warn-2.c (test for errors, line 47)
FAIL: gcc.dg/assign-warn-2.c (test for errors, line 48)
FAIL: gcc.dg/assign-warn-2.c (test for errors, line 49)
FAIL: gcc.dg/assign-warn-2.c (test for errors, line 50)
FAIL: gcc.dg/assign-warn-2.c (test for errors, line 52)
FAIL: gcc.dg/assign-warn-2.c (test for errors, line 53)
FAIL: gcc.dg/assign-warn-2.c (test for errors, line 58)
FAIL: gcc.dg/assign-warn-2.c (test for errors, line 59)
FAIL: gcc.dg/assign-warn-2.c (test for errors, line 64)
FAIL: gcc.dg/assign-warn-2.c (test for errors, line 65)
FAIL: gcc.dg/assign-warn-2.c (test for errors, line 70)
FAIL: gcc.dg/assign-warn-2.c (test for errors, line 71)
FAIL: gcc.dg/assign-warn-2.c (test for errors, line 76)
FAIL: gcc.dg/assign-warn-2.c (test for errors, line 77)
FAIL: gcc.dg/assign-warn-2.c (test for errors, line 82)
FAIL: gcc.dg/assign-warn-2.c (test for errors, line 83)
FAIL: gcc.dg/assign-warn-2.c (test for errors, line 88)
FAIL: gcc.dg/assign-warn-2.c (test for errors, line 89)
FAIL: gcc.dg/assign-warn-2.c (test for errors, line 94)
FAIL: gcc.dg/assign-warn-2.c (test for errors, line 95)
FAIL: gcc.dg/assign-warn-2.c (test for errors, line 100)
FAIL: gcc.dg/assign-warn-2.c (test for errors, line 101)
FAIL: gcc.dg/assign-warn-2.c (test for errors, line 106)
FAIL: gcc.dg/assign-warn-2.c (test for errors, line 107)
FAIL: gcc.dg/assign-warn-2.c (test for errors, line 114)
FAIL: gcc.dg/assign-warn-2.c (test for errors, line 115)
FAIL: gcc.dg/assign-warn-2.c (test for errors, line 120)
FAIL: gcc.dg/assign-warn-2.c (test for errors, line 121)
FAIL: gcc.dg/assign-warn-2.c (test for excess errors)
FAIL: gcc.dg/assign-warn-3.c (test for warnings, line 9)
FAIL: gcc.dg/assign-warn-3.c (test for warnings, line 13)
FAIL: gcc.dg/assign-warn-3.c (test for excess errors)
FAIL: gcc.dg/c99-tag-3.c (test for errors, line 42)
FAIL: gcc.dg/c99-tag-3.c (test for excess errors)
FAIL: gcc.dg/declspec-10.c (test for warnings, line 8)
FAIL: gcc.dg/declspec-10.c (test for errors, line 9)
FAIL: gcc.dg/declspec-10.c (test for errors, line 10)
FAIL: gcc.dg/declspec-10.c (test for errors, line 12)
FAIL: gcc.dg/declspec-10.c (test for errors, line 13)
FAIL: gcc.dg/declspec-10.c (test for errors, line 15)
FAIL: gcc.dg/declspec-10.c (test for errors, line 16)
FAIL: gcc.dg/declspec-10.c (test for errors, line 18)
FAIL: gcc.dg/declspec-10.c (test for warnings, line 19)
FAIL: gcc.dg/declspec-10.c (test for errors, line 21)
FAIL: gcc.dg/declspec-10.c (test for errors, line 27)
FAIL: gcc.dg/declspec-10.c (test for errors, line 28)
FAIL: gcc.dg/declspec-10.c (test for errors, line 29)
FAIL: gcc.dg/declspec-10.c (test for errors, line 36)
FAIL: gcc.dg/declspec-10.c (test for errors, line 37)
FAIL: gcc.dg/declspec-10.c (test for errors, line 39)
FAIL: gcc.dg/declspec-10.c register function (test for warnings, line 39)
FAIL: gcc.dg/declspec-10.c nested (test for warnings, line 42)
FAIL: gcc.dg/declspec-10.c (test for warnings, line 45)
FAIL: gcc.dg/declspec-10.c (test for excess errors)
FAIL: gcc.dg/declspec-11.c (test for errors, line 8)
FAIL: gcc.dg/declspec-11.c (test for errors, line 9)
FAIL: gcc.dg/declspec-11.c (test for errors, line 10)
FAIL: gcc.dg/declspec-11.c (test for errors, line 12)
FAIL: gcc.dg/declspec-11.c (test for errors, line 13)
FAIL: gcc.dg/declspec-11.c (test for errors, line 15)
FAIL: gcc.dg/declspec-11.c (test for errors, line 16)
FAIL: gcc.dg/declspec-11.c (test for errors, line 18)
FAIL: gcc.dg/declspec-11.c (test for errors, line 19)
FAIL: gcc.dg/declspec-11.c (test for errors, line 21)
FAIL: gcc.dg/declspec-11.c (test for errors, line 27)
FAIL: gcc.dg/declspec-11.c (test for errors, line 28)
FAIL: gcc.dg/declspec-11.c (test for errors, line 29)
FAIL: gcc.dg/declspec-11.c (test for errors, line 36)
FAIL: gcc.dg/declspec-11.c (test for errors, line 37)
FAIL: gcc.dg/declspec-11.c (test for errors, line 39)
FAIL: gcc.dg/declspec-11.c register function (test for errors, line 39)
FAIL: gcc.dg/declspec-11.c nested (test for errors, line 42)
FAIL: gcc.dg/declspec-11.c (test for errors, line 45)
FAIL: gcc.dg/declspec-11.c (test for excess errors)
FAIL: gcc.dg/declspec-13.c (test for errors, line 20)
FAIL: gcc.dg/declspec-13.c ISO C (test for warnings, line 24)
FAIL: gcc.dg/declspec-13.c (test for errors, line 35)
FAIL: gcc.dg/declspec-13.c (test for errors, line 36)
FAIL: gcc.dg/declspec-13.c (test for errors, line 37)
FAIL: gcc.dg/declspec-13.c (test for errors, line 38)
FAIL: gcc.dg/declspec-13.c (test for errors, line 39)
FAIL: gcc.dg/declspec-13.c (test for errors, line 40)
FAIL: gcc.dg/declspec-13.c (test for errors, line 41)
FAIL: gcc.dg/declspec-13.c (test for errors, line 42)
FAIL: gcc.dg/declspec-13.c (test for errors, line 43)
FAIL: gcc.dg/declspec-13.c (test for errors, line 44)
FAIL: gcc.dg/declspec-13.c (test for errors, line 45)
FAIL: gcc.dg/declspec-13.c (test for errors, line 46)
FAIL: gcc.dg/declspec-13.c (test for errors, line 47)
FAIL: gcc.dg/declspec-13.c (test for errors, line 48)
FAIL: gcc.dg/declspec-13.c (test for errors, line 49)
FAIL: gcc.dg/declspec-13.c (test for errors, line 50)
FAIL: gcc.dg/declspec-13.c (test for errors, line 51)
FAIL: gcc.dg/declspec-13.c (test for errors, line 52)
FAIL: gcc.dg/declspec-13.c (test for errors, line 53)
FAIL: gcc.dg/declspec-13.c (test for errors, line 54)
FAIL: gcc.dg/declspec-13.c (test for errors, line 55)
FAIL: gcc.dg/declspec-13.c (test for errors, line 56)
FAIL: gcc.dg/declspec-13.c (test for errors, line 57)
FAIL: gcc.dg/declspec-13.c (test for errors, line 59)
FAIL: gcc.dg/declspec-13.c (test for errors, line 62)
FAIL: gcc.dg/declspec-13.c (test for errors, line 63)
FAIL: gcc.dg/declspec-13.c (test for errors, line 64)
FAIL: gcc.dg/declspec-13.c (test for errors, line 65)
FAIL: gcc.dg/declspec-13.c (test for errors, line 66)
FAIL: gcc.dg/declspec-13.c complex (test for warnings, line 66)
FAIL: gcc.dg/declspec-13.c (test for errors, line 69)
FAIL: gcc.dg/declspec-13.c (test for errors, line 70)
FAIL: gcc.dg/declspec-13.c (test for errors, line 71)
FAIL: gcc.dg/declspec-13.c (test for errors, line 72)
FAIL: gcc.dg/declspec-13.c (test for errors, line 73)
FAIL: gcc.dg/declspec-13.c complex (test for warnings, line 73)
FAIL: gcc.dg/declspec-13.c (test for errors, line 76)
FAIL: gcc.dg/declspec-13.c (test for errors, line 77)
FAIL: gcc.dg/declspec-13.c (test for errors, line 78)
FAIL: gcc.dg/declspec-13.c (test for errors, line 79)
FAIL: gcc.dg/declspec-13.c (test for errors, line 80)
FAIL: gcc.dg/declspec-13.c (test for errors, line 81)
FAIL: gcc.dg/declspec-13.c (test for errors, line 82)
FAIL: gcc.dg/declspec-13.c C90 (test for warnings, line 82)
FAIL: gcc.dg/declspec-13.c (test for errors, line 84)
FAIL: gcc.dg/declspec-13.c (test for errors, line 85)
FAIL: gcc.dg/declspec-13.c (test for errors, line 86)
FAIL: gcc.dg/declspec-13.c (test for excess errors)
FAIL: gcc.dg/declspec-5.c ISO C (test for warnings, line 42)
FAIL: gcc.dg/declspec-5.c (test for excess errors)
FAIL: gcc.dg/declspec-6.c ISO C (test for errors, line 42)
FAIL: gcc.dg/declspec-6.c (test for excess errors)
FAIL: gcc.dg/declspec-7.c (test for errors, line 14)
FAIL: gcc.dg/declspec-7.c (test for errors, line 17)
FAIL: gcc.dg/declspec-7.c (test for errors, line 20)
FAIL: gcc.dg/declspec-7.c (test for errors, line 26)
FAIL: gcc.dg/declspec-7.c (test for errors, line 29)
FAIL: gcc.dg/declspec-7.c (test for excess errors)
FAIL: gcc.dg/declspec-8.c (test for errors, line 15)
FAIL: gcc.dg/declspec-8.c (test for errors, line 21)
FAIL: gcc.dg/declspec-8.c (test for errors, line 23)
FAIL: gcc.dg/declspec-8.c (test for errors, line 25)
FAIL: gcc.dg/declspec-8.c (test for excess errors)
FAIL: gcc.dg/declspec-9.c (test for warnings, line 9)
FAIL: gcc.dg/declspec-9.c (test for errors, line 10)
FAIL: gcc.dg/declspec-9.c (test for errors, line 11)
FAIL: gcc.dg/declspec-9.c (test for errors, line 13)
FAIL: gcc.dg/declspec-9.c (test for errors, line 14)
FAIL: gcc.dg/declspec-9.c (test for errors, line 16)
FAIL: gcc.dg/declspec-9.c (test for errors, line 17)
FAIL: gcc.dg/declspec-9.c (test for errors, line 19)
FAIL: gcc.dg/declspec-9.c (test for errors, line 22)
FAIL: gcc.dg/declspec-9.c (test for errors, line 27)
FAIL: gcc.dg/declspec-9.c (test for errors, line 28)
FAIL: gcc.dg/declspec-9.c (test for errors, line 29)
FAIL: gcc.dg/declspec-9.c (test for errors, line 36)
FAIL: gcc.dg/declspec-9.c (test for errors, line 37)
FAIL: gcc.dg/declspec-9.c (test for errors, line 39)
FAIL: gcc.dg/declspec-9.c (test for warnings, line 43)
FAIL: gcc.dg/declspec-9.c (test for excess errors)
FAIL: gcc.dg/deprecated-3.c (test for warnings, line 10)
FAIL: gcc.dg/deprecated-3.c (test for excess errors)
FAIL: gcc.dg/deprecated.c (test for warnings, line 9)
FAIL: gcc.dg/deprecated.c (test for warnings, line 12)
FAIL: gcc.dg/deprecated.c (test for warnings, line 16)
FAIL: gcc.dg/deprecated.c (test for warnings, line 19)
FAIL: gcc.dg/deprecated.c (test for warnings, line 20)
FAIL: gcc.dg/deprecated.c (test for warnings, line 21)
FAIL: gcc.dg/deprecated.c (test for warnings, line 28)
FAIL: gcc.dg/deprecated.c (test for warnings, line 49)
FAIL: gcc.dg/deprecated.c (test for warnings, line 53)
FAIL: gcc.dg/deprecated.c (test for warnings, line 55)
FAIL: gcc.dg/deprecated.c (test for warnings, line 55)
FAIL: gcc.dg/deprecated.c (test for warnings, line 55)
FAIL: gcc.dg/deprecated.c (test for warnings, line 55)
FAIL: gcc.dg/deprecated.c (test for warnings, line 59)
FAIL: gcc.dg/deprecated.c (test for warnings, line 67)
FAIL: gcc.dg/deprecated.c (test for warnings, line 68)
FAIL: gcc.dg/deprecated.c (test for warnings, line 72)
FAIL: gcc.dg/deprecated.c (test for warnings, line 73)
FAIL: gcc.dg/deprecated.c (test for warnings, line 73)
FAIL: gcc.dg/deprecated.c (test for warnings, line 79)
FAIL: gcc.dg/deprecated.c (test for warnings, line 82)
FAIL: gcc.dg/deprecated.c (test for warnings, line 86)
FAIL: gcc.dg/deprecated.c (test for warnings, line 89)
FAIL: gcc.dg/deprecated.c (test for excess errors)
FAIL: gcc.dg/enum-compat-1.c error at defn (test for errors, line 16)
FAIL: gcc.dg/enum-compat-1.c (test for excess errors)
FAIL: gcc.dg/float-range-1.c (test for errors, line 10)
FAIL: gcc.dg/float-range-1.c (test for errors, line 11)
FAIL: gcc.dg/float-range-1.c (test for errors, line 12)
FAIL: gcc.dg/float-range-1.c (test for excess errors)
FAIL: gcc.dg/func-args-1.c (test for errors, line 25)
FAIL: gcc.dg/func-args-1.c (test for errors, line 26)
FAIL: gcc.dg/func-args-1.c (test for errors, line 27)
FAIL: gcc.dg/func-args-1.c (test for errors, line 28)
FAIL: gcc.dg/func-args-1.c (test for errors, line 29)
FAIL: gcc.dg/func-args-1.c (test for errors, line 30)
FAIL: gcc.dg/func-args-1.c (test for errors, line 33)
FAIL: gcc.dg/func-args-1.c (test for errors, line 34)
FAIL: gcc.dg/func-args-1.c (test for errors, line 35)
FAIL: gcc.dg/func-args-1.c (test for errors, line 36)
FAIL: gcc.dg/func-args-1.c (test for errors, line 41)
FAIL: gcc.dg/func-args-1.c (test for errors, line 42)
FAIL: gcc.dg/func-args-1.c (test for errors, line 45)
FAIL: gcc.dg/func-args-1.c (test for errors, line 46)
FAIL: gcc.dg/func-args-1.c (test for errors, line 47)
FAIL: gcc.dg/func-args-1.c (test for errors, line 48)
FAIL: gcc.dg/func-args-1.c (test for excess errors)
FAIL: gcc.dg/inline-11.c (test for warnings, line 9)
FAIL: gcc.dg/inline-11.c (test for warnings, line 10)
FAIL: gcc.dg/inline-11.c (test for warnings, line 11)
FAIL: gcc.dg/inline-11.c (test for warnings, line 12)
FAIL: gcc.dg/inline-11.c (test for warnings, line 13)
FAIL: gcc.dg/inline-11.c (test for warnings, line 14)
FAIL: gcc.dg/inline-11.c (test for excess errors)
FAIL: gcc.dg/inline-12.c (test for errors, line 9)
FAIL: gcc.dg/inline-12.c (test for errors, line 10)
FAIL: gcc.dg/inline-12.c (test for errors, line 11)
FAIL: gcc.dg/inline-12.c (test for errors, line 12)
FAIL: gcc.dg/inline-12.c (test for errors, line 13)
FAIL: gcc.dg/inline-12.c (test for errors, line 14)
FAIL: gcc.dg/inline-12.c (test for excess errors)
FAIL: gcc.dg/inline-8.c (test for warnings, line 6)
FAIL: gcc.dg/inline-8.c (test for excess errors)
FAIL: gcc.dg/inline-9.c (test for errors, line 6)
FAIL: gcc.dg/inline-9.c (test for excess errors)
FAIL: gcc.dg/lvalue-2.c (test for errors, line 17)
FAIL: gcc.dg/lvalue-2.c (test for errors, line 28)
FAIL: gcc.dg/lvalue-2.c (test for errors, line 29)
FAIL: gcc.dg/lvalue-2.c (test for errors, line 30)
FAIL: gcc.dg/lvalue-2.c (test for errors, line 32)
FAIL: gcc.dg/lvalue-2.c (test for errors, line 33)
FAIL: gcc.dg/lvalue-2.c (test for errors, line 34)
FAIL: gcc.dg/lvalue-2.c (test for errors, line 36)
FAIL: gcc.dg/lvalue-2.c (test for errors, line 37)
FAIL: gcc.dg/lvalue-2.c (test for errors, line 38)
FAIL: gcc.dg/lvalue-2.c (test for errors, line 40)
FAIL: gcc.dg/lvalue-2.c (test for errors, line 41)
FAIL: gcc.dg/lvalue-2.c (test for errors, line 42)
FAIL: gcc.dg/lvalue-2.c (test for errors, line 44)
FAIL: gcc.dg/lvalue-2.c (test for errors, line 45)
FAIL: gcc.dg/lvalue-2.c (test for errors, line 46)
FAIL: gcc.dg/lvalue-2.c (test for excess errors)
FAIL: gcc.dg/m-un-2.c warning regression (test for warnings, line 18)
FAIL: gcc.dg/m-un-2.c (test for excess errors)
FAIL: gcc.dg/nested-redef-1.c (test for errors, line 7)
FAIL: gcc.dg/nested-redef-1.c (test for errors, line 11)
FAIL: gcc.dg/nested-redef-1.c (test for errors, line 15)
FAIL: gcc.dg/nested-redef-1.c (test for errors, line 21)
FAIL: gcc.dg/nested-redef-1.c (test for errors, line 30)
FAIL: gcc.dg/nested-redef-1.c (test for errors, line 34)
FAIL: gcc.dg/nested-redef-1.c (test for errors, line 38)
FAIL: gcc.dg/nested-redef-1.c (test for excess errors)
FAIL: gcc.dg/noreturn-1.c detect falling off end of noreturn (test for warnings, line 11)
FAIL: gcc.dg/noreturn-1.c detect noreturn candidate (test for warnings, line 29)
FAIL: gcc.dg/noreturn-1.c detect invalid return (test for warnings, line 37)
FAIL: gcc.dg/noreturn-1.c detect return from tail call (test for warnings, line 59)
FAIL: gcc.dg/noreturn-1.c (test for excess errors)
FAIL: gcc.dg/noreturn-4.c warn for main (test for warnings, line 8)
FAIL: gcc.dg/noreturn-4.c (test for excess errors)
FAIL: gcc.dg/parm-incomplete-1.c (test for warnings, line 19)
FAIL: gcc.dg/parm-incomplete-1.c (test for errors, line 24)
FAIL: gcc.dg/parm-incomplete-1.c (test for warnings, line 26)
FAIL: gcc.dg/parm-incomplete-1.c (test for warnings, line 28)
FAIL: gcc.dg/parm-incomplete-1.c (test for excess errors)
FAIL: gcc.dg/ppc64-abi-1.c execution test
FAIL: gcc.dg/ppc64-abi-2.c (test for excess errors)
WARNING: gcc.dg/ppc64-abi-2.c compilation failed to produce executable
FAIL: gcc.dg/ppc64-abi-3.c (test for errors, line 11)
FAIL: gcc.dg/ppc64-abi-3.c (test for errors, line 26)
FAIL: gcc.dg/ppc64-abi-3.c (test for excess errors)
FAIL: gcc.dg/pr13804-1.c (test for errors, line 22)
FAIL: gcc.dg/pr13804-1.c (test for errors, line 23)
FAIL: gcc.dg/pr13804-1.c (test for errors, line 24)
FAIL: gcc.dg/pr13804-1.c (test for errors, line 25)
FAIL: gcc.dg/pr13804-1.c (test for errors, line 26)
FAIL: gcc.dg/pr13804-1.c (test for errors, line 27)
FAIL: gcc.dg/pr13804-1.c (test for excess errors)
FAIL: gcc.dg/pr17055-1.c (test for excess errors)
FAIL: gcc.dg/pr17188-1.c (test for errors, line 10)
FAIL: gcc.dg/pr17188-1.c (test for errors, line 13)
FAIL: gcc.dg/pr17188-1.c (test for errors, line 16)
FAIL: gcc.dg/pr17188-1.c (test for errors, line 19)
FAIL: gcc.dg/pr17188-1.c (test for errors, line 22)
FAIL: gcc.dg/pr17188-1.c (test for excess errors)
FAIL: gcc.dg/pr17301-1.c (test for errors, line 10)
FAIL: gcc.dg/pr17301-1.c (test for excess errors)
FAIL: gcc.dg/pr17301-2.c (test for errors, line 8)
FAIL: gcc.dg/pr17301-2.c (test for excess errors)
FAIL: gcc.dg/pr17424-1.c (test for errors, line 5)
FAIL: gcc.dg/pr17424-1.c (test for excess errors)
FAIL: gcc.dg/pr17730-1.c (test for errors, line 5)
FAIL: gcc.dg/pr17730-1.c (test for excess errors)
FAIL: gcc.dg/vla-init-2.c extra error (test for errors, line 9)
FAIL: gcc.dg/vla-init-2.c (test for excess errors)
FAIL: gcc.dg/vla-init-3.c extra error (test for errors, line 8)
FAIL: gcc.dg/vla-init-3.c (test for excess errors)
FAIL: gcc.dg/wtr-conversion-1.c prototype conversion warning (test for warnings, line 26)
FAIL: gcc.dg/wtr-conversion-1.c prototype conversion warning (test for warnings, line 27)
FAIL: gcc.dg/wtr-conversion-1.c (test for excess errors)
FAIL: gcc.dg/tls/diag-2.c (test for errors, line 3)
FAIL: gcc.dg/tls/diag-2.c (test for errors, line 4)
FAIL: gcc.dg/tls/diag-2.c (test for errors, line 5)
FAIL: gcc.dg/tls/diag-2.c (test for errors, line 6)
FAIL: gcc.dg/tls/diag-2.c (test for errors, line 10)
FAIL: gcc.dg/tls/diag-2.c (test for errors, line 11)
FAIL: gcc.dg/tls/diag-2.c (test for errors, line 12)
FAIL: gcc.dg/tls/diag-2.c (test for errors, line 13)
FAIL: gcc.dg/tls/diag-2.c (test for errors, line 19)
FAIL: gcc.dg/tls/diag-2.c (test for excess errors)
FAIL: gcc.dg/tls/diag-4.c (test for errors, line 4)
FAIL: gcc.dg/tls/diag-4.c (test for errors, line 8)
FAIL: gcc.dg/tls/diag-4.c (test for errors, line 9)
FAIL: gcc.dg/tls/diag-4.c (test for excess errors)
FAIL: gcc.dg/tls/diag-5.c (test for warnings, line 3)
FAIL: gcc.dg/tls/diag-5.c (test for excess errors)
XPASS: gcc.dg/tree-ssa/20030922-2.c scan-tree-dump-times if 2
FAIL: gcc.dg/tree-ssa/sra-1.c scan-tree-dump-times link_error 0
FAIL: gcc.dg/vect/vect-20.c execution test
FAIL: gcc.dg/vect/vect-20.c scan-tree-dump-times vectorized 3 loops 1
FAIL: gcc.dg/vect/vect-22.c execution test
FAIL: gcc.dg/vect/vect-30.c execution test
FAIL: gcc.dg/vect/vect-8.c execution test
=== gcc Summary for unix/-m32 ===
# of expected passes 31831
# of unexpected failures 425
# of unexpected successes 2
# of expected failures 104
# of unresolved testcases 2
# of untested testcases 28
# of unsupported tests 402
Running target unix/-m64
XPASS: gcc.c-torture/compile/pr17529.c -O0 (test for excess errors)
FAIL: gcc.c-torture/execute/930718-1.c execution, -O2
FAIL: gcc.c-torture/execute/930718-1.c execution, -O3 -fomit-frame-pointer
FAIL: gcc.c-torture/execute/930718-1.c execution, -O3 -g
FAIL: gcc.c-torture/execute/930718-1.c execution, -Os
FAIL: gcc.dg/compat/vector-2 c_compat_x_tst.o compile
FAIL: gcc.dg/compat/vector-2 c_compat_y_tst.o compile
UNRESOLVED: gcc.dg/compat/vector-2 c_compat_x_tst.o-c_compat_y_tst.o link
UNRESOLVED: gcc.dg/compat/vector-2 c_compat_x_tst.o-c_compat_y_tst.o execute
FAIL: gcc.dg/debug/dwarf2/dwarf-die7.c scan-assembler 1.*DW_AT_inline
FAIL: gcc.dg/20040920-1.c (test for errors, line 10)
FAIL: gcc.dg/20040920-1.c (test for errors, line 11)
FAIL: gcc.dg/20040920-1.c (test for excess errors)
FAIL: gcc.dg/Wbad-function-cast-1.c (test for warnings, line 41)
FAIL: gcc.dg/Wbad-function-cast-1.c (test for warnings, line 42)
FAIL: gcc.dg/Wbad-function-cast-1.c (test for warnings, line 43)
FAIL: gcc.dg/Wbad-function-cast-1.c (test for warnings, line 44)
FAIL: gcc.dg/Wbad-function-cast-1.c (test for warnings, line 45)
FAIL: gcc.dg/Wbad-function-cast-1.c (test for warnings, line 46)
FAIL: gcc.dg/Wbad-function-cast-1.c (test for warnings, line 47)
FAIL: gcc.dg/Wbad-function-cast-1.c (test for warnings, line 48)
FAIL: gcc.dg/Wbad-function-cast-1.c (test for warnings, line 49)
FAIL: gcc.dg/Wbad-function-cast-1.c (test for warnings, line 50)
FAIL: gcc.dg/Wbad-function-cast-1.c (test for excess errors)
FAIL: gcc.dg/Wconversion-2.c (test for warnings, line 42)
FAIL: gcc.dg/Wconversion-2.c (test for warnings, line 43)
FAIL: gcc.dg/Wconversion-2.c (test for warnings, line 44)
FAIL: gcc.dg/Wconversion-2.c (test for warnings, line 45)
FAIL: gcc.dg/Wconversion-2.c (test for warnings, line 46)
FAIL: gcc.dg/Wconversion-2.c (test for warnings, line 47)
FAIL: gcc.dg/Wconversion-2.c (test for warnings, line 48)
FAIL: gcc.dg/Wconversion-2.c (test for warnings, line 49)
FAIL: gcc.dg/Wconversion-2.c (test for warnings, line 50)
FAIL: gcc.dg/Wconversion-2.c (test for warnings, line 51)
FAIL: gcc.dg/Wconversion-2.c (test for warnings, line 52)
FAIL: gcc.dg/Wconversion-2.c (test for warnings, line 53)
FAIL: gcc.dg/Wconversion-2.c (test for warnings, line 54)
FAIL: gcc.dg/Wconversion-2.c (test for warnings, line 55)
FAIL: gcc.dg/Wconversion-2.c (test for warnings, line 56)
FAIL: gcc.dg/Wconversion-2.c (test for warnings, line 57)
FAIL: gcc.dg/Wconversion-2.c (test for warnings, line 58)
FAIL: gcc.dg/Wconversion-2.c (test for warnings, line 59)
FAIL: gcc.dg/Wconversion-2.c (test for warnings, line 60)
FAIL: gcc.dg/Wconversion-2.c (test for warnings, line 61)
FAIL: gcc.dg/Wconversion-2.c (test for warnings, line 62)
FAIL: gcc.dg/Wconversion-2.c (test for warnings, line 63)
FAIL: gcc.dg/Wconversion-2.c (test for excess errors)
FAIL: gcc.dg/Wswitch-2.c enum e4 (test for warnings, line 16)
FAIL: gcc.dg/Wswitch-2.c enum e1 (test for warnings, line 25)
FAIL: gcc.dg/Wswitch-2.c (test for excess errors)
FAIL: gcc.dg/Wswitch-enum.c enum e1 (test for warnings, line 22)
FAIL: gcc.dg/Wswitch-enum.c enum e2 (test for warnings, line 22)
FAIL: gcc.dg/Wswitch-enum.c enum e1 (test for warnings, line 25)
FAIL: gcc.dg/Wswitch-enum.c enum e2 (test for warnings, line 25)
FAIL: gcc.dg/Wswitch-enum.c enum e2 (test for warnings, line 29)
FAIL: gcc.dg/Wswitch-enum.c enum e2 (test for warnings, line 33)
FAIL: gcc.dg/Wswitch-enum.c excess 3 (test for warnings, line 53)
FAIL: gcc.dg/Wswitch-enum.c excess 3 (test for warnings, line 59)
FAIL: gcc.dg/Wswitch-enum.c (test for excess errors)
FAIL: gcc.dg/Wswitch.c enum e1 (test for warnings, line 22)
FAIL: gcc.dg/Wswitch.c enum e2 (test for warnings, line 22)
FAIL: gcc.dg/Wswitch.c enum e2 (test for warnings, line 29)
FAIL: gcc.dg/Wswitch.c excess 3 (test for warnings, line 53)
FAIL: gcc.dg/Wswitch.c (test for excess errors)
FAIL: gcc.dg/assign-warn-1.c (test for warnings, line 15)
FAIL: gcc.dg/assign-warn-1.c (test for warnings, line 16)
FAIL: gcc.dg/assign-warn-1.c (test for warnings, line 27)
FAIL: gcc.dg/assign-warn-1.c (test for warnings, line 28)
FAIL: gcc.dg/assign-warn-1.c (test for warnings, line 39)
FAIL: gcc.dg/assign-warn-1.c (test for warnings, line 40)
FAIL: gcc.dg/assign-warn-1.c (test for warnings, line 41)
FAIL: gcc.dg/assign-warn-1.c (test for warnings, line 42)
FAIL: gcc.dg/assign-warn-1.c (test for warnings, line 43)
FAIL: gcc.dg/assign-warn-1.c (test for warnings, line 45)
FAIL: gcc.dg/assign-warn-1.c (test for warnings, line 46)
FAIL: gcc.dg/assign-warn-1.c (test for warnings, line 47)
FAIL: gcc.dg/assign-warn-1.c (test for warnings, line 48)
FAIL: gcc.dg/assign-warn-1.c (test for warnings, line 49)
FAIL: gcc.dg/assign-warn-1.c (test for warnings, line 51)
FAIL: gcc.dg/assign-warn-1.c (test for warnings, line 52)
FAIL: gcc.dg/assign-warn-1.c (test for warnings, line 57)
FAIL: gcc.dg/assign-warn-1.c (test for warnings, line 58)
FAIL: gcc.dg/assign-warn-1.c (test for warnings, line 63)
FAIL: gcc.dg/assign-warn-1.c (test for warnings, line 64)
FAIL: gcc.dg/assign-warn-1.c (test for warnings, line 69)
FAIL: gcc.dg/assign-warn-1.c (test for warnings, line 70)
FAIL: gcc.dg/assign-warn-1.c (test for warnings, line 75)
FAIL: gcc.dg/assign-warn-1.c (test for warnings, line 76)
FAIL: gcc.dg/assign-warn-1.c (test for warnings, line 81)
FAIL: gcc.dg/assign-warn-1.c (test for warnings, line 82)
FAIL: gcc.dg/assign-warn-1.c (test for warnings, line 87)
FAIL: gcc.dg/assign-warn-1.c (test for warnings, line 88)
FAIL: gcc.dg/assign-warn-1.c (test for warnings, line 93)
FAIL: gcc.dg/assign-warn-1.c (test for warnings, line 94)
FAIL: gcc.dg/assign-warn-1.c (test for warnings, line 99)
FAIL: gcc.dg/assign-warn-1.c (test for warnings, line 100)
FAIL: gcc.dg/assign-warn-1.c (test for warnings, line 105)
FAIL: gcc.dg/assign-warn-1.c (test for warnings, line 106)
FAIL: gcc.dg/assign-warn-1.c (test for errors, line 113)
FAIL: gcc.dg/assign-warn-1.c (test for errors, line 114)
FAIL: gcc.dg/assign-warn-1.c (test for errors, line 119)
FAIL: gcc.dg/assign-warn-1.c (test for errors, line 120)
FAIL: gcc.dg/assign-warn-1.c (test for excess errors)
FAIL: gcc.dg/assign-warn-2.c (test for errors, line 16)
FAIL: gcc.dg/assign-warn-2.c (test for errors, line 17)
FAIL: gcc.dg/assign-warn-2.c (test for errors, line 28)
FAIL: gcc.dg/assign-warn-2.c (test for errors, line 29)
FAIL: gcc.dg/assign-warn-2.c (test for errors, line 40)
FAIL: gcc.dg/assign-warn-2.c (test for errors, line 41)
FAIL: gcc.dg/assign-warn-2.c (test for errors, line 42)
FAIL: gcc.dg/assign-warn-2.c (test for errors, line 43)
FAIL: gcc.dg/assign-warn-2.c (test for errors, line 44)
FAIL: gcc.dg/assign-warn-2.c (test for errors, line 46)
FAIL: gcc.dg/assign-warn-2.c (test for errors, line 47)
FAIL: gcc.dg/assign-warn-2.c (test for errors, line 48)
FAIL: gcc.dg/assign-warn-2.c (test for errors, line 49)
FAIL: gcc.dg/assign-warn-2.c (test for errors, line 50)
FAIL: gcc.dg/assign-warn-2.c (test for errors, line 52)
FAIL: gcc.dg/assign-warn-2.c (test for errors, line 53)
FAIL: gcc.dg/assign-warn-2.c (test for errors, line 58)
FAIL: gcc.dg/assign-warn-2.c (test for errors, line 59)
FAIL: gcc.dg/assign-warn-2.c (test for errors, line 64)
FAIL: gcc.dg/assign-warn-2.c (test for errors, line 65)
FAIL: gcc.dg/assign-warn-2.c (test for errors, line 70)
FAIL: gcc.dg/assign-warn-2.c (test for errors, line 71)
FAIL: gcc.dg/assign-warn-2.c (test for errors, line 76)
FAIL: gcc.dg/assign-warn-2.c (test for errors, line 77)
FAIL: gcc.dg/assign-warn-2.c (test for errors, line 82)
FAIL: gcc.dg/assign-warn-2.c (test for errors, line 83)
FAIL: gcc.dg/assign-warn-2.c (test for errors, line 88)
FAIL: gcc.dg/assign-warn-2.c (test for errors, line 89)
FAIL: gcc.dg/assign-warn-2.c (test for errors, line 94)
FAIL: gcc.dg/assign-warn-2.c (test for errors, line 95)
FAIL: gcc.dg/assign-warn-2.c (test for errors, line 100)
FAIL: gcc.dg/assign-warn-2.c (test for errors, line 101)
FAIL: gcc.dg/assign-warn-2.c (test for errors, line 106)
FAIL: gcc.dg/assign-warn-2.c (test for errors, line 107)
FAIL: gcc.dg/assign-warn-2.c (test for errors, line 114)
FAIL: gcc.dg/assign-warn-2.c (test for errors, line 115)
FAIL: gcc.dg/assign-warn-2.c (test for errors, line 120)
FAIL: gcc.dg/assign-warn-2.c (test for errors, line 121)
FAIL: gcc.dg/assign-warn-2.c (test for excess errors)
FAIL: gcc.dg/assign-warn-3.c (test for warnings, line 9)
FAIL: gcc.dg/assign-warn-3.c (test for warnings, line 13)
FAIL: gcc.dg/assign-warn-3.c (test for excess errors)
FAIL: gcc.dg/c99-tag-3.c (test for errors, line 42)
FAIL: gcc.dg/c99-tag-3.c (test for excess errors)
FAIL: gcc.dg/declspec-10.c (test for warnings, line 8)
FAIL: gcc.dg/declspec-10.c (test for errors, line 9)
FAIL: gcc.dg/declspec-10.c (test for errors, line 10)
FAIL: gcc.dg/declspec-10.c (test for errors, line 12)
FAIL: gcc.dg/declspec-10.c (test for errors, line 13)
FAIL: gcc.dg/declspec-10.c (test for errors, line 15)
FAIL: gcc.dg/declspec-10.c (test for errors, line 16)
FAIL: gcc.dg/declspec-10.c (test for errors, line 18)
FAIL: gcc.dg/declspec-10.c (test for warnings, line 19)
FAIL: gcc.dg/declspec-10.c (test for errors, line 21)
FAIL: gcc.dg/declspec-10.c (test for errors, line 27)
FAIL: gcc.dg/declspec-10.c (test for errors, line 28)
FAIL: gcc.dg/declspec-10.c (test for errors, line 29)
FAIL: gcc.dg/declspec-10.c (test for errors, line 36)
FAIL: gcc.dg/declspec-10.c (test for errors, line 37)
FAIL: gcc.dg/declspec-10.c (test for errors, line 39)
FAIL: gcc.dg/declspec-10.c register function (test for warnings, line 39)
FAIL: gcc.dg/declspec-10.c nested (test for warnings, line 42)
FAIL: gcc.dg/declspec-10.c (test for warnings, line 45)
FAIL: gcc.dg/declspec-10.c (test for excess errors)
FAIL: gcc.dg/declspec-11.c (test for errors, line 8)
FAIL: gcc.dg/declspec-11.c (test for errors, line 9)
FAIL: gcc.dg/declspec-11.c (test for errors, line 10)
FAIL: gcc.dg/declspec-11.c (test for errors, line 12)
FAIL: gcc.dg/declspec-11.c (test for errors, line 13)
FAIL: gcc.dg/declspec-11.c (test for errors, line 15)
FAIL: gcc.dg/declspec-11.c (test for errors, line 16)
FAIL: gcc.dg/declspec-11.c (test for errors, line 18)
FAIL: gcc.dg/declspec-11.c (test for errors, line 19)
FAIL: gcc.dg/declspec-11.c (test for errors, line 21)
FAIL: gcc.dg/declspec-11.c (test for errors, line 27)
FAIL: gcc.dg/declspec-11.c (test for errors, line 28)
FAIL: gcc.dg/declspec-11.c (test for errors, line 29)
FAIL: gcc.dg/declspec-11.c (test for errors, line 36)
FAIL: gcc.dg/declspec-11.c (test for errors, line 37)
FAIL: gcc.dg/declspec-11.c (test for errors, line 39)
FAIL: gcc.dg/declspec-11.c register function (test for errors, line 39)
FAIL: gcc.dg/declspec-11.c nested (test for errors, line 42)
FAIL: gcc.dg/declspec-11.c (test for errors, line 45)
FAIL: gcc.dg/declspec-11.c (test for excess errors)
FAIL: gcc.dg/declspec-13.c (test for errors, line 20)
FAIL: gcc.dg/declspec-13.c ISO C (test for warnings, line 24)
FAIL: gcc.dg/declspec-13.c (test for errors, line 35)
FAIL: gcc.dg/declspec-13.c (test for errors, line 36)
FAIL: gcc.dg/declspec-13.c (test for errors, line 37)
FAIL: gcc.dg/declspec-13.c (test for errors, line 38)
FAIL: gcc.dg/declspec-13.c (test for errors, line 39)
FAIL: gcc.dg/declspec-13.c (test for errors, line 40)
FAIL: gcc.dg/declspec-13.c (test for errors, line 41)
FAIL: gcc.dg/declspec-13.c (test for errors, line 42)
FAIL: gcc.dg/declspec-13.c (test for errors, line 43)
FAIL: gcc.dg/declspec-13.c (test for errors, line 44)
FAIL: gcc.dg/declspec-13.c (test for errors, line 45)
FAIL: gcc.dg/declspec-13.c (test for errors, line 46)
FAIL: gcc.dg/declspec-13.c (test for errors, line 47)
FAIL: gcc.dg/declspec-13.c (test for errors, line 48)
FAIL: gcc.dg/declspec-13.c (test for errors, line 49)
FAIL: gcc.dg/declspec-13.c (test for errors, line 50)
FAIL: gcc.dg/declspec-13.c (test for errors, line 51)
FAIL: gcc.dg/declspec-13.c (test for errors, line 52)
FAIL: gcc.dg/declspec-13.c (test for errors, line 53)
FAIL: gcc.dg/declspec-13.c (test for errors, line 54)
FAIL: gcc.dg/declspec-13.c (test for errors, line 55)
FAIL: gcc.dg/declspec-13.c (test for errors, line 56)
FAIL: gcc.dg/declspec-13.c (test for errors, line 57)
FAIL: gcc.dg/declspec-13.c (test for errors, line 59)
FAIL: gcc.dg/declspec-13.c (test for errors, line 62)
FAIL: gcc.dg/declspec-13.c (test for errors, line 63)
FAIL: gcc.dg/declspec-13.c (test for errors, line 64)
FAIL: gcc.dg/declspec-13.c (test for errors, line 65)
FAIL: gcc.dg/declspec-13.c (test for errors, line 66)
FAIL: gcc.dg/declspec-13.c complex (test for warnings, line 66)
FAIL: gcc.dg/declspec-13.c (test for errors, line 69)
FAIL: gcc.dg/declspec-13.c (test for errors, line 70)
FAIL: gcc.dg/declspec-13.c (test for errors, line 71)
FAIL: gcc.dg/declspec-13.c (test for errors, line 72)
FAIL: gcc.dg/declspec-13.c (test for errors, line 73)
FAIL: gcc.dg/declspec-13.c complex (test for warnings, line 73)
FAIL: gcc.dg/declspec-13.c (test for errors, line 76)
FAIL: gcc.dg/declspec-13.c (test for errors, line 77)
FAIL: gcc.dg/declspec-13.c (test for errors, line 78)
FAIL: gcc.dg/declspec-13.c (test for errors, line 79)
FAIL: gcc.dg/declspec-13.c (test for errors, line 80)
FAIL: gcc.dg/declspec-13.c (test for errors, line 81)
FAIL: gcc.dg/declspec-13.c (test for errors, line 82)
FAIL: gcc.dg/declspec-13.c C90 (test for warnings, line 82)
FAIL: gcc.dg/declspec-13.c (test for errors, line 84)
FAIL: gcc.dg/declspec-13.c (test for errors, line 85)
FAIL: gcc.dg/declspec-13.c (test for errors, line 86)
FAIL: gcc.dg/declspec-13.c (test for excess errors)
FAIL: gcc.dg/declspec-5.c ISO C (test for warnings, line 42)
FAIL: gcc.dg/declspec-5.c (test for excess errors)
FAIL: gcc.dg/declspec-6.c ISO C (test for errors, line 42)
FAIL: gcc.dg/declspec-6.c (test for excess errors)
FAIL: gcc.dg/declspec-7.c (test for errors, line 14)
FAIL: gcc.dg/declspec-7.c (test for errors, line 17)
FAIL: gcc.dg/declspec-7.c (test for errors, line 20)
FAIL: gcc.dg/declspec-7.c (test for errors, line 26)
FAIL: gcc.dg/declspec-7.c (test for errors, line 29)
FAIL: gcc.dg/declspec-7.c (test for excess errors)
FAIL: gcc.dg/declspec-8.c (test for errors, line 15)
FAIL: gcc.dg/declspec-8.c (test for errors, line 21)
FAIL: gcc.dg/declspec-8.c (test for errors, line 23)
FAIL: gcc.dg/declspec-8.c (test for errors, line 25)
FAIL: gcc.dg/declspec-8.c (test for excess errors)
FAIL: gcc.dg/declspec-9.c (test for warnings, line 9)
FAIL: gcc.dg/declspec-9.c (test for errors, line 10)
FAIL: gcc.dg/declspec-9.c (test for errors, line 11)
FAIL: gcc.dg/declspec-9.c (test for errors, line 13)
FAIL: gcc.dg/declspec-9.c (test for errors, line 14)
FAIL: gcc.dg/declspec-9.c (test for errors, line 16)
FAIL: gcc.dg/declspec-9.c (test for errors, line 17)
FAIL: gcc.dg/declspec-9.c (test for errors, line 19)
FAIL: gcc.dg/declspec-9.c (test for errors, line 22)
FAIL: gcc.dg/declspec-9.c (test for errors, line 27)
FAIL: gcc.dg/declspec-9.c (test for errors, line 28)
FAIL: gcc.dg/declspec-9.c (test for errors, line 29)
FAIL: gcc.dg/declspec-9.c (test for errors, line 36)
FAIL: gcc.dg/declspec-9.c (test for errors, line 37)
FAIL: gcc.dg/declspec-9.c (test for errors, line 39)
FAIL: gcc.dg/declspec-9.c (test for warnings, line 43)
FAIL: gcc.dg/declspec-9.c (test for excess errors)
FAIL: gcc.dg/deprecated-3.c (test for warnings, line 10)
FAIL: gcc.dg/deprecated-3.c (test for excess errors)
FAIL: gcc.dg/deprecated.c (test for warnings, line 9)
FAIL: gcc.dg/deprecated.c (test for warnings, line 12)
FAIL: gcc.dg/deprecated.c (test for warnings, line 16)
FAIL: gcc.dg/deprecated.c (test for warnings, line 19)
FAIL: gcc.dg/deprecated.c (test for warnings, line 20)
FAIL: gcc.dg/deprecated.c (test for warnings, line 21)
FAIL: gcc.dg/deprecated.c (test for warnings, line 28)
FAIL: gcc.dg/deprecated.c (test for warnings, line 49)
FAIL: gcc.dg/deprecated.c (test for warnings, line 53)
FAIL: gcc.dg/deprecated.c (test for warnings, line 55)
FAIL: gcc.dg/deprecated.c (test for warnings, line 55)
FAIL: gcc.dg/deprecated.c (test for warnings, line 55)
FAIL: gcc.dg/deprecated.c (test for warnings, line 55)
FAIL: gcc.dg/deprecated.c (test for warnings, line 59)
FAIL: gcc.dg/deprecated.c (test for warnings, line 67)
FAIL: gcc.dg/deprecated.c (test for warnings, line 68)
FAIL: gcc.dg/deprecated.c (test for warnings, line 72)
FAIL: gcc.dg/deprecated.c (test for warnings, line 73)
FAIL: gcc.dg/deprecated.c (test for warnings, line 73)
FAIL: gcc.dg/deprecated.c (test for warnings, line 79)
FAIL: gcc.dg/deprecated.c (test for warnings, line 82)
FAIL: gcc.dg/deprecated.c (test for warnings, line 86)
FAIL: gcc.dg/deprecated.c (test for warnings, line 89)
FAIL: gcc.dg/deprecated.c (test for excess errors)
FAIL: gcc.dg/enum-compat-1.c error at defn (test for errors, line 16)
FAIL: gcc.dg/enum-compat-1.c (test for excess errors)
FAIL: gcc.dg/float-range-1.c (test for errors, line 10)
FAIL: gcc.dg/float-range-1.c (test for errors, line 11)
FAIL: gcc.dg/float-range-1.c (test for errors, line 12)
FAIL: gcc.dg/float-range-1.c (test for excess errors)
FAIL: gcc.dg/func-args-1.c (test for errors, line 25)
FAIL: gcc.dg/func-args-1.c (test for errors, line 26)
FAIL: gcc.dg/func-args-1.c (test for errors, line 27)
FAIL: gcc.dg/func-args-1.c (test for errors, line 28)
FAIL: gcc.dg/func-args-1.c (test for errors, line 29)
FAIL: gcc.dg/func-args-1.c (test for errors, line 30)
FAIL: gcc.dg/func-args-1.c (test for errors, line 33)
FAIL: gcc.dg/func-args-1.c (test for errors, line 34)
FAIL: gcc.dg/func-args-1.c (test for errors, line 35)
FAIL: gcc.dg/func-args-1.c (test for errors, line 36)
FAIL: gcc.dg/func-args-1.c (test for errors, line 41)
FAIL: gcc.dg/func-args-1.c (test for errors, line 42)
FAIL: gcc.dg/func-args-1.c (test for errors, line 45)
FAIL: gcc.dg/func-args-1.c (test for errors, line 46)
FAIL: gcc.dg/func-args-1.c (test for errors, line 47)
FAIL: gcc.dg/func-args-1.c (test for errors, line 48)
FAIL: gcc.dg/func-args-1.c (test for excess errors)
FAIL: gcc.dg/inline-11.c (test for warnings, line 9)
FAIL: gcc.dg/inline-11.c (test for warnings, line 10)
FAIL: gcc.dg/inline-11.c (test for warnings, line 11)
FAIL: gcc.dg/inline-11.c (test for warnings, line 12)
FAIL: gcc.dg/inline-11.c (test for warnings, line 13)
FAIL: gcc.dg/inline-11.c (test for warnings, line 14)
FAIL: gcc.dg/inline-11.c (test for excess errors)
FAIL: gcc.dg/inline-12.c (test for errors, line 9)
FAIL: gcc.dg/inline-12.c (test for errors, line 10)
FAIL: gcc.dg/inline-12.c (test for errors, line 11)
FAIL: gcc.dg/inline-12.c (test for errors, line 12)
FAIL: gcc.dg/inline-12.c (test for errors, line 13)
FAIL: gcc.dg/inline-12.c (test for errors, line 14)
FAIL: gcc.dg/inline-12.c (test for excess errors)
FAIL: gcc.dg/inline-8.c (test for warnings, line 6)
FAIL: gcc.dg/inline-8.c (test for excess errors)
FAIL: gcc.dg/inline-9.c (test for errors, line 6)
FAIL: gcc.dg/inline-9.c (test for excess errors)
FAIL: gcc.dg/lvalue-2.c (test for errors, line 17)
FAIL: gcc.dg/lvalue-2.c (test for errors, line 28)
FAIL: gcc.dg/lvalue-2.c (test for errors, line 29)
FAIL: gcc.dg/lvalue-2.c (test for errors, line 30)
FAIL: gcc.dg/lvalue-2.c (test for errors, line 32)
FAIL: gcc.dg/lvalue-2.c (test for errors, line 33)
FAIL: gcc.dg/lvalue-2.c (test for errors, line 34)
FAIL: gcc.dg/lvalue-2.c (test for errors, line 36)
FAIL: gcc.dg/lvalue-2.c (test for errors, line 37)
FAIL: gcc.dg/lvalue-2.c (test for errors, line 38)
FAIL: gcc.dg/lvalue-2.c (test for errors, line 40)
FAIL: gcc.dg/lvalue-2.c (test for errors, line 41)
FAIL: gcc.dg/lvalue-2.c (test for errors, line 42)
FAIL: gcc.dg/lvalue-2.c (test for errors, line 44)
FAIL: gcc.dg/lvalue-2.c (test for errors, line 45)
FAIL: gcc.dg/lvalue-2.c (test for errors, line 46)
FAIL: gcc.dg/lvalue-2.c (test for excess errors)
FAIL: gcc.dg/m-un-2.c warning regression (test for warnings, line 18)
FAIL: gcc.dg/m-un-2.c (test for excess errors)
FAIL: gcc.dg/nested-redef-1.c (test for errors, line 7)
FAIL: gcc.dg/nested-redef-1.c (test for errors, line 11)
FAIL: gcc.dg/nested-redef-1.c (test for errors, line 15)
FAIL: gcc.dg/nested-redef-1.c (test for errors, line 21)
FAIL: gcc.dg/nested-redef-1.c (test for errors, line 30)
FAIL: gcc.dg/nested-redef-1.c (test for errors, line 34)
FAIL: gcc.dg/nested-redef-1.c (test for errors, line 38)
FAIL: gcc.dg/nested-redef-1.c (test for excess errors)
FAIL: gcc.dg/noreturn-1.c detect falling off end of noreturn (test for warnings, line 11)
FAIL: gcc.dg/noreturn-1.c detect noreturn candidate (test for warnings, line 29)
FAIL: gcc.dg/noreturn-1.c detect invalid return (test for warnings, line 37)
FAIL: gcc.dg/noreturn-1.c detect return from tail call (test for warnings, line 59)
FAIL: gcc.dg/noreturn-1.c (test for excess errors)
FAIL: gcc.dg/noreturn-4.c warn for main (test for warnings, line 8)
FAIL: gcc.dg/noreturn-4.c (test for excess errors)
FAIL: gcc.dg/parm-incomplete-1.c (test for warnings, line 19)
FAIL: gcc.dg/parm-incomplete-1.c (test for errors, line 24)
FAIL: gcc.dg/parm-incomplete-1.c (test for warnings, line 26)
FAIL: gcc.dg/parm-incomplete-1.c (test for warnings, line 28)
FAIL: gcc.dg/parm-incomplete-1.c (test for excess errors)
FAIL: gcc.dg/ppc64-abi-3.c (test for errors, line 11)
FAIL: gcc.dg/ppc64-abi-3.c (test for errors, line 26)
FAIL: gcc.dg/ppc64-abi-3.c (test for excess errors)
FAIL: gcc.dg/pr13804-1.c (test for errors, line 22)
FAIL: gcc.dg/pr13804-1.c (test for errors, line 23)
FAIL: gcc.dg/pr13804-1.c (test for errors, line 24)
FAIL: gcc.dg/pr13804-1.c (test for errors, line 25)
FAIL: gcc.dg/pr13804-1.c (test for errors, line 26)
FAIL: gcc.dg/pr13804-1.c (test for errors, line 27)
FAIL: gcc.dg/pr13804-1.c (test for excess errors)
FAIL: gcc.dg/pr17188-1.c (test for errors, line 10)
FAIL: gcc.dg/pr17188-1.c (test for errors, line 13)
FAIL: gcc.dg/pr17188-1.c (test for errors, line 16)
FAIL: gcc.dg/pr17188-1.c (test for errors, line 19)
FAIL: gcc.dg/pr17188-1.c (test for errors, line 22)
FAIL: gcc.dg/pr17188-1.c (test for excess errors)
FAIL: gcc.dg/pr17301-1.c (test for errors, line 10)
FAIL: gcc.dg/pr17301-1.c (test for excess errors)
FAIL: gcc.dg/pr17301-2.c (test for errors, line 8)
FAIL: gcc.dg/pr17301-2.c (test for excess errors)
FAIL: gcc.dg/pr17424-1.c (test for errors, line 5)
FAIL: gcc.dg/pr17424-1.c (test for excess errors)
FAIL: gcc.dg/pr17730-1.c (test for errors, line 5)
FAIL: gcc.dg/pr17730-1.c (test for excess errors)
FAIL: gcc.dg/vla-init-2.c extra error (test for errors, line 9)
FAIL: gcc.dg/vla-init-2.c (test for excess errors)
FAIL: gcc.dg/vla-init-3.c extra error (test for errors, line 8)
FAIL: gcc.dg/vla-init-3.c (test for excess errors)
FAIL: gcc.dg/wtr-conversion-1.c prototype conversion warning (test for warnings, line 26)
FAIL: gcc.dg/wtr-conversion-1.c prototype conversion warning (test for warnings, line 27)
FAIL: gcc.dg/wtr-conversion-1.c (test for excess errors)
FAIL: gcc.dg/tls/diag-2.c (test for errors, line 3)
FAIL: gcc.dg/tls/diag-2.c (test for errors, line 4)
FAIL: gcc.dg/tls/diag-2.c (test for errors, line 5)
FAIL: gcc.dg/tls/diag-2.c (test for errors, line 6)
FAIL: gcc.dg/tls/diag-2.c (test for errors, line 10)
FAIL: gcc.dg/tls/diag-2.c (test for errors, line 11)
FAIL: gcc.dg/tls/diag-2.c (test for errors, line 12)
FAIL: gcc.dg/tls/diag-2.c (test for errors, line 13)
FAIL: gcc.dg/tls/diag-2.c (test for errors, line 19)
FAIL: gcc.dg/tls/diag-2.c (test for excess errors)
FAIL: gcc.dg/tls/diag-4.c (test for errors, line 4)
FAIL: gcc.dg/tls/diag-4.c (test for errors, line 8)
FAIL: gcc.dg/tls/diag-4.c (test for errors, line 9)
FAIL: gcc.dg/tls/diag-4.c (test for excess errors)
FAIL: gcc.dg/tls/diag-5.c (test for warnings, line 3)
FAIL: gcc.dg/tls/diag-5.c (test for excess errors)
XPASS: gcc.dg/tree-ssa/20030922-2.c scan-tree-dump-times if 2
FAIL: gcc.dg/vect/vect-20.c execution test
FAIL: gcc.dg/vect/vect-20.c scan-tree-dump-times vectorized 3 loops 1
FAIL: gcc.dg/vect/vect-22.c execution test
FAIL: gcc.dg/vect/vect-30.c execution test
FAIL: gcc.dg/vect/vect-46.c scan-tree-dump-times vectorized 1 loops 1
FAIL: gcc.dg/vect/vect-50.c scan-tree-dump-times vectorized 1 loops 1
FAIL: gcc.dg/vect/vect-52.c scan-tree-dump-times vectorized 1 loops 1
FAIL: gcc.dg/vect/vect-58.c scan-tree-dump-times vectorized 1 loops 1
FAIL: gcc.dg/vect/vect-60.c scan-tree-dump-times vectorized 1 loops 1
FAIL: gcc.dg/vect/vect-77.c scan-tree-dump-times vectorized 1 loops 1
FAIL: gcc.dg/vect/vect-77a.c scan-tree-dump-times vectorized 1 loops 1
FAIL: gcc.dg/vect/vect-8.c execution test
FAIL: linkage.c
=== gcc Summary for unix/-m64 ===
# of expected passes 31803
# of unexpected failures 432
# of unexpected successes 2
# of expected failures 104
# of unresolved testcases 2
# of untested testcases 28
# of unsupported tests 412
=== gcc Summary ===
# of expected passes 63634
# of unexpected failures 857
# of unexpected successes 4
# of expected failures 208
# of unresolved testcases 4
# of untested testcases 56
# of unsupported tests 814
/home/jgrimm/build/nightly/build-gcc-mline/gcc/xgcc version 4.0.0 20041025 (experimental)
=== gfortran tests ===
Running target unix/-m32
XPASS: gfortran.dg/ret_pointer_1.f90 -O0 execution test
XPASS: gfortran.dg/ret_pointer_1.f90 -O1 execution test
XPASS: gfortran.dg/ret_pointer_1.f90 -O2 execution test
XPASS: gfortran.dg/ret_pointer_1.f90 -O3 -fomit-frame-pointer execution test
XPASS: gfortran.dg/ret_pointer_1.f90 -O3 -fomit-frame-pointer -funroll-loops execution test
XPASS: gfortran.dg/ret_pointer_1.f90 -O3 -fomit-frame-pointer -funroll-all-loops -finline-functions execution test
XPASS: gfortran.dg/ret_pointer_1.f90 -O3 -g execution test
XPASS: gfortran.dg/ret_pointer_1.f90 -Os execution test
FAIL: gfortran.fortran-torture/execute/emptyif.f90 compilation, -O1
FAIL: gfortran.fortran-torture/execute/emptyif.f90 compilation, -O2
FAIL: gfortran.fortran-torture/execute/emptyif.f90 compilation, -O3 -fomit-frame-pointer
FAIL: gfortran.fortran-torture/execute/emptyif.f90 compilation, -O3 -fomit-frame-pointer -funroll-loops
FAIL: gfortran.fortran-torture/execute/emptyif.f90 compilation, -O3 -fomit-frame-pointer -funroll-all-loops -finline-functions
FAIL: gfortran.fortran-torture/execute/emptyif.f90 compilation, -O3 -g
FAIL: gfortran.fortran-torture/execute/emptyif.f90 compilation, -Os
FAIL: gfortran.fortran-torture/execute/forall_3.f90 execution, -O1
FAIL: gfortran.fortran-torture/execute/forall_3.f90 execution, -O2
FAIL: gfortran.fortran-torture/execute/forall_3.f90 execution, -O3 -fomit-frame-pointer
FAIL: gfortran.fortran-torture/execute/forall_3.f90 execution, -O3 -fomit-frame-pointer -funroll-loops
FAIL: gfortran.fortran-torture/execute/forall_3.f90 execution, -O3 -fomit-frame-pointer -funroll-all-loops -finline-functions
FAIL: gfortran.fortran-torture/execute/forall_3.f90 execution, -O3 -g
FAIL: gfortran.fortran-torture/execute/forall_3.f90 execution, -Os
FAIL: gfortran.fortran-torture/execute/intrinsic_set_exponent.f90 execution, -O0
FAIL: gfortran.fortran-torture/execute/intrinsic_set_exponent.f90 execution, -O1
FAIL: gfortran.fortran-torture/execute/intrinsic_set_exponent.f90 execution, -O2
FAIL: gfortran.fortran-torture/execute/intrinsic_set_exponent.f90 execution, -O3 -fomit-frame-pointer
FAIL: gfortran.fortran-torture/execute/intrinsic_set_exponent.f90 execution, -O3 -fomit-frame-pointer -funroll-loops
FAIL: gfortran.fortran-torture/execute/intrinsic_set_exponent.f90 execution, -O3 -fomit-frame-pointer -funroll-all-loops -finline-functions
FAIL: gfortran.fortran-torture/execute/intrinsic_set_exponent.f90 execution, -O3 -g
FAIL: gfortran.fortran-torture/execute/intrinsic_set_exponent.f90 execution, -Os
=== gfortran Summary for unix/-m32 ===
# of expected passes 4610
# of unexpected failures 22
# of unexpected successes 8
# of expected failures 19
# of untested testcases 7
# of unsupported tests 8
Running target unix/-m64
FAIL: gfortran.dg/der_array_1.f90 -O0 execution test
FAIL: gfortran.dg/der_array_1.f90 -O1 execution test
FAIL: gfortran.dg/der_array_1.f90 -O2 execution test
FAIL: gfortran.dg/der_array_1.f90 -O3 -fomit-frame-pointer execution test
FAIL: gfortran.dg/der_array_1.f90 -O3 -fomit-frame-pointer -funroll-loops execution test
FAIL: gfortran.dg/der_array_1.f90 -O3 -fomit-frame-pointer -funroll-all-loops -finline-functions execution test
FAIL: gfortran.dg/der_array_1.f90 -O3 -g execution test
FAIL: gfortran.dg/der_array_1.f90 -Os execution test
FAIL: gfortran.dg/func_derived_1.f90 -O0 execution test
FAIL: gfortran.dg/func_derived_1.f90 -O1 execution test
FAIL: gfortran.dg/func_derived_1.f90 -O2 execution test
FAIL: gfortran.dg/func_derived_1.f90 -O3 -fomit-frame-pointer execution test
FAIL: gfortran.dg/func_derived_1.f90 -O3 -fomit-frame-pointer -funroll-loops execution test
FAIL: gfortran.dg/func_derived_1.f90 -O3 -fomit-frame-pointer -funroll-all-loops -finline-functions execution test
FAIL: gfortran.dg/func_derived_1.f90 -O3 -g execution test
FAIL: gfortran.dg/func_derived_1.f90 -Os execution test
XPASS: gfortran.dg/ret_pointer_1.f90 -O0 execution test
XPASS: gfortran.dg/ret_pointer_1.f90 -O1 execution test
XPASS: gfortran.dg/ret_pointer_1.f90 -O2 execution test
XPASS: gfortran.dg/ret_pointer_1.f90 -O3 -fomit-frame-pointer execution test
XPASS: gfortran.dg/ret_pointer_1.f90 -O3 -fomit-frame-pointer -funroll-loops execution test
XPASS: gfortran.dg/ret_pointer_1.f90 -O3 -fomit-frame-pointer -funroll-all-loops -finline-functions execution test
XPASS: gfortran.dg/ret_pointer_1.f90 -O3 -g execution test
XPASS: gfortran.dg/ret_pointer_1.f90 -Os execution test
FAIL: gfortran.fortran-torture/execute/direct_io.f90 execution, -O0
FAIL: gfortran.fortran-torture/execute/direct_io.f90 execution, -O1
FAIL: gfortran.fortran-torture/execute/direct_io.f90 execution, -O2
FAIL: gfortran.fortran-torture/execute/direct_io.f90 execution, -O3 -fomit-frame-pointer
FAIL: gfortran.fortran-torture/execute/direct_io.f90 execution, -O3 -fomit-frame-pointer -funroll-loops
FAIL: gfortran.fortran-torture/execute/direct_io.f90 execution, -O3 -fomit-frame-pointer -funroll-all-loops -finline-functions
FAIL: gfortran.fortran-torture/execute/direct_io.f90 execution, -O3 -g
FAIL: gfortran.fortran-torture/execute/direct_io.f90 execution, -Os
FAIL: gfortran.fortran-torture/execute/emptyif.f90 compilation, -O1
FAIL: gfortran.fortran-torture/execute/emptyif.f90 compilation, -O2
FAIL: gfortran.fortran-torture/execute/emptyif.f90 compilation, -O3 -fomit-frame-pointer
FAIL: gfortran.fortran-torture/execute/emptyif.f90 compilation, -O3 -fomit-frame-pointer -funroll-loops
FAIL: gfortran.fortran-torture/execute/emptyif.f90 compilation, -O3 -fomit-frame-pointer -funroll-all-loops -finline-functions
FAIL: gfortran.fortran-torture/execute/emptyif.f90 compilation, -O3 -g
FAIL: gfortran.fortran-torture/execute/emptyif.f90 compilation, -Os
FAIL: gfortran.fortran-torture/execute/forall_3.f90 execution, -O0
FAIL: gfortran.fortran-torture/execute/forall_3.f90 execution, -O1
FAIL: gfortran.fortran-torture/execute/forall_3.f90 execution, -O2
FAIL: gfortran.fortran-torture/execute/forall_3.f90 execution, -O3 -fomit-frame-pointer
FAIL: gfortran.fortran-torture/execute/forall_3.f90 execution, -O3 -fomit-frame-pointer -funroll-loops
FAIL: gfortran.fortran-torture/execute/forall_3.f90 execution, -O3 -fomit-frame-pointer -funroll-all-loops -finline-functions
FAIL: gfortran.fortran-torture/execute/forall_3.f90 execution, -O3 -g
FAIL: gfortran.fortran-torture/execute/forall_3.f90 execution, -Os
FAIL: gfortran.fortran-torture/execute/inquire_3.f90 execution, -O0
FAIL: gfortran.fortran-torture/execute/inquire_3.f90 execution, -O1
FAIL: gfortran.fortran-torture/execute/inquire_3.f90 execution, -O2
FAIL: gfortran.fortran-torture/execute/inquire_3.f90 execution, -O3 -fomit-frame-pointer
FAIL: gfortran.fortran-torture/execute/inquire_3.f90 execution, -O3 -fomit-frame-pointer -funroll-loops
FAIL: gfortran.fortran-torture/execute/inquire_3.f90 execution, -O3 -fomit-frame-pointer -funroll-all-loops -finline-functions
FAIL: gfortran.fortran-torture/execute/inquire_3.f90 execution, -O3 -g
FAIL: gfortran.fortran-torture/execute/inquire_3.f90 execution, -Os
FAIL: gfortran.fortran-torture/execute/inquire_4.f90 execution, -O0
FAIL: gfortran.fortran-torture/execute/inquire_4.f90 execution, -O1
FAIL: gfortran.fortran-torture/execute/inquire_4.f90 execution, -O2
FAIL: gfortran.fortran-torture/execute/inquire_4.f90 execution, -O3 -fomit-frame-pointer
FAIL: gfortran.fortran-torture/execute/inquire_4.f90 execution, -O3 -fomit-frame-pointer -funroll-loops
FAIL: gfortran.fortran-torture/execute/inquire_4.f90 execution, -O3 -fomit-frame-pointer -funroll-all-loops -finline-functions
FAIL: gfortran.fortran-torture/execute/inquire_4.f90 execution, -O3 -g
FAIL: gfortran.fortran-torture/execute/inquire_4.f90 execution, -Os
FAIL: gfortran.fortran-torture/execute/intrinsic_pack.f90 execution, -O0
FAIL: gfortran.fortran-torture/execute/intrinsic_pack.f90 execution, -O1
FAIL: gfortran.fortran-torture/execute/intrinsic_pack.f90 execution, -O2
FAIL: gfortran.fortran-torture/execute/intrinsic_pack.f90 execution, -O3 -fomit-frame-pointer
FAIL: gfortran.fortran-torture/execute/intrinsic_pack.f90 execution, -O3 -fomit-frame-pointer -funroll-loops
FAIL: gfortran.fortran-torture/execute/intrinsic_pack.f90 execution, -O3 -fomit-frame-pointer -funroll-all-loops -finline-functions
FAIL: gfortran.fortran-torture/execute/intrinsic_pack.f90 execution, -O3 -g
FAIL: gfortran.fortran-torture/execute/intrinsic_pack.f90 execution, -Os
=== gfortran Summary for unix/-m64 ===
# of expected passes 4569
# of unexpected failures 63
# of unexpected successes 8
# of expected failures 19
# of untested testcases 7
# of unsupported tests 8
=== gfortran Summary ===
# of expected passes 9179
# of unexpected failures 85
# of unexpected successes 16
# of expected failures 38
# of untested testcases 14
# of unsupported tests 16
/home/jgrimm/build/nightly/build-gcc-mline/gcc/testsuite/../gfortran version 4.0.0 20041025 (experimental)
=== g++ tests ===
Running target unix/-m32
XPASS: g++.dg/eh/simd-2.C execution test
FAIL: g++.dg/expr/cast2.C (test for errors, line 4)
FAIL: g++.dg/ext/member-attr.C (test for errors, line 12)
FAIL: g++.dg/ext/member-attr.C (test for errors, line 13)
FAIL: g++.dg/ext/member-attr.C (test for excess errors)
FAIL: g++.dg/other/classkey1.C (test for errors, line 9)
FAIL: g++.dg/other/classkey1.C (test for errors, line 11)
FAIL: g++.dg/other/classkey1.C (test for errors, line 14)
FAIL: g++.dg/other/classkey1.C (test for errors, line 17)
FAIL: g++.dg/other/classkey1.C (test for excess errors)
FAIL: g++.dg/other/error8.C (test for errors, line 8)
FAIL: g++.dg/other/error8.C duplicate error messages (test for bogus messages, line 8)
FAIL: g++.dg/other/init1.C (test for errors, line 20)
FAIL: g++.dg/other/init1.C (test for excess errors)
FAIL: g++.dg/overload/pmf1.C (test for excess errors)
FAIL: g++.dg/parse/error15.C (test for errors, line 13)
FAIL: g++.dg/parse/error15.C (test for errors, line 14)
FAIL: g++.dg/parse/error15.C (test for errors, line 15)
FAIL: g++.dg/parse/error15.C (test for errors, line 21)
FAIL: g++.dg/parse/error15.C (test for errors, line 22)
FAIL: g++.dg/parse/error15.C (test for errors, line 23)
FAIL: g++.dg/parse/error15.C (test for errors, line 31)
FAIL: g++.dg/parse/error15.C (test for errors, line 32)
FAIL: g++.dg/parse/error15.C (test for errors, line 33)
FAIL: g++.dg/parse/error15.C (test for excess errors)
XPASS: g++.dg/rtti/tinfo1.C scan-assembler _ZTIP9CTemplateIhE:
XPASS: g++.dg/rtti/tinfo1.C scan-assembler-not .globl[ \\t]+_ZTIP9CTemplateIhE
XPASS: g++.dg/rtti/tinfo1.C scan-assembler-not .section[^\\n\\r]*_ZTIP9CTemplateIhE[^\\n\\r]*
FAIL: g++.dg/template/error10.C (test for errors, line 12)
FAIL: g++.dg/template/error10.C (test for errors, line 13)
FAIL: g++.dg/template/error10.C (test for errors, line 69)
FAIL: g++.dg/template/error10.C (test for errors, line 70)
FAIL: g++.dg/template/error10.C (test for excess errors)
FAIL: g++.dg/template/meminit2.C (test for errors, line 10)
FAIL: g++.dg/template/meminit2.C (test for errors, line 11)
FAIL: g++.dg/template/meminit2.C (test for excess errors)
FAIL: g++.dg/template/qualttp20.C (test for errors, line 18)
FAIL: g++.dg/template/qualttp20.C (test for excess errors)
FAIL: g++.dg/warn/Wswitch-1.C enum e1 (test for warnings, line 22)
FAIL: g++.dg/warn/Wswitch-1.C enum e2 (test for warnings, line 22)
FAIL: g++.dg/warn/Wswitch-1.C enum e2 (test for warnings, line 29)
FAIL: g++.dg/warn/Wswitch-1.C excess 3 (test for warnings, line 53)
FAIL: g++.dg/warn/Wswitch-1.C (test for excess errors)
FAIL: g++.dg/warn/Wswitch-2.C enum e4 (test for warnings, line 16)
FAIL: g++.dg/warn/Wswitch-2.C enum e1 (test for warnings, line 25)
FAIL: g++.dg/warn/Wswitch-2.C (test for excess errors)
FAIL: g++.dg/warn/deprecated-2.C (test for warnings, line 10)
FAIL: g++.dg/warn/deprecated-2.C (test for excess errors)
FAIL: g++.dg/warn/deprecated.C (test for warnings, line 9)
FAIL: g++.dg/warn/deprecated.C (test for warnings, line 12)
FAIL: g++.dg/warn/deprecated.C (test for warnings, line 16)
FAIL: g++.dg/warn/deprecated.C (test for warnings, line 19)
FAIL: g++.dg/warn/deprecated.C (test for warnings, line 20)
FAIL: g++.dg/warn/deprecated.C (test for warnings, line 28)
FAIL: g++.dg/warn/deprecated.C (test for warnings, line 49)
FAIL: g++.dg/warn/deprecated.C (test for warnings, line 53)
FAIL: g++.dg/warn/deprecated.C (test for warnings, line 55)
FAIL: g++.dg/warn/deprecated.C (test for warnings, line 55)
FAIL: g++.dg/warn/deprecated.C (test for warnings, line 55)
FAIL: g++.dg/warn/deprecated.C (test for warnings, line 55)
FAIL: g++.dg/warn/deprecated.C (test for warnings, line 59)
FAIL: g++.dg/warn/deprecated.C (test for warnings, line 67)
FAIL: g++.dg/warn/deprecated.C (test for warnings, line 68)
FAIL: g++.dg/warn/deprecated.C (test for warnings, line 72)
FAIL: g++.dg/warn/deprecated.C (test for warnings, line 73)
FAIL: g++.dg/warn/deprecated.C (test for warnings, line 73)
FAIL: g++.dg/warn/deprecated.C (test for warnings, line 79)
FAIL: g++.dg/warn/deprecated.C (test for warnings, line 82)
FAIL: g++.dg/warn/deprecated.C (test for warnings, line 86)
FAIL: g++.dg/warn/deprecated.C (test for warnings, line 89)
FAIL: g++.dg/warn/deprecated.C (test for warnings, line 96)
FAIL: g++.dg/warn/deprecated.C (test for warnings, line 107)
FAIL: g++.dg/warn/deprecated.C (test for warnings, line 108)
FAIL: g++.dg/warn/deprecated.C (test for warnings, line 109)
FAIL: g++.dg/warn/deprecated.C (test for warnings, line 110)
FAIL: g++.dg/warn/deprecated.C (test for warnings, line 113)
FAIL: g++.dg/warn/deprecated.C (test for excess errors)
FAIL: g++.dg/warn/incomplete1.C (test for warnings, line 12)
FAIL: g++.dg/warn/incomplete1.C (test for warnings, line 14)
FAIL: g++.dg/warn/incomplete1.C (test for excess errors)
FAIL: g++.dg/tls/diag-2.C (test for errors, line 3)
FAIL: g++.dg/tls/diag-2.C (test for errors, line 4)
FAIL: g++.dg/tls/diag-2.C (test for errors, line 5)
FAIL: g++.dg/tls/diag-2.C (test for errors, line 10)
FAIL: g++.dg/tls/diag-2.C (test for errors, line 12)
FAIL: g++.dg/tls/diag-2.C (test for excess errors)
FAIL: g++.old-deja/g++.bugs/900404_04.C (test for errors, line 16)
FAIL: g++.old-deja/g++.bugs/900404_04.C (test for excess errors)
WARNING: g++.old-deja/g++.mike/p10769a.C compilation failed to produce executable
WARNING: g++.old-deja/g++.other/enum5.C compilation failed to produce executable
XPASS: g++.old-deja/g++.other/init5.C execution test
=== g++ Summary for unix/-m32 ===
# of expected passes 10165
# of unexpected failures 84
# of unexpected successes 5
# of expected failures 75
# of unsupported tests 71
Running target unix/-m64
FAIL: g++.dg/expr/cast2.C (test for errors, line 4)
FAIL: g++.dg/ext/altivec-3.C execution test
FAIL: g++.dg/ext/member-attr.C (test for errors, line 12)
FAIL: g++.dg/ext/member-attr.C (test for errors, line 13)
FAIL: g++.dg/ext/member-attr.C (test for excess errors)
FAIL: g++.dg/other/classkey1.C (test for errors, line 9)
FAIL: g++.dg/other/classkey1.C (test for errors, line 11)
FAIL: g++.dg/other/classkey1.C (test for errors, line 14)
FAIL: g++.dg/other/classkey1.C (test for errors, line 17)
FAIL: g++.dg/other/classkey1.C (test for excess errors)
FAIL: g++.dg/other/error8.C (test for errors, line 8)
FAIL: g++.dg/other/error8.C duplicate error messages (test for bogus messages, line 8)
FAIL: g++.dg/other/init1.C (test for errors, line 20)
FAIL: g++.dg/other/init1.C (test for excess errors)
FAIL: g++.dg/overload/pmf1.C (test for excess errors)
FAIL: g++.dg/parse/cast1.C (test for excess errors)
FAIL: g++.dg/parse/error15.C (test for errors, line 13)
FAIL: g++.dg/parse/error15.C (test for errors, line 14)
FAIL: g++.dg/parse/error15.C (test for errors, line 15)
FAIL: g++.dg/parse/error15.C (test for errors, line 21)
FAIL: g++.dg/parse/error15.C (test for errors, line 22)
FAIL: g++.dg/parse/error15.C (test for errors, line 23)
FAIL: g++.dg/parse/error15.C (test for errors, line 31)
FAIL: g++.dg/parse/error15.C (test for errors, line 32)
FAIL: g++.dg/parse/error15.C (test for errors, line 33)
FAIL: g++.dg/parse/error15.C (test for excess errors)
XPASS: g++.dg/rtti/tinfo1.C scan-assembler _ZTIP9CTemplateIhE:
XPASS: g++.dg/rtti/tinfo1.C scan-assembler-not .globl[ \\t]+_ZTIP9CTemplateIhE
XPASS: g++.dg/rtti/tinfo1.C scan-assembler-not .section[^\\n\\r]*_ZTIP9CTemplateIhE[^\\n\\r]*
FAIL: g++.dg/template/error10.C (test for errors, line 12)
FAIL: g++.dg/template/error10.C (test for errors, line 13)
FAIL: g++.dg/template/error10.C (test for errors, line 69)
FAIL: g++.dg/template/error10.C (test for errors, line 70)
FAIL: g++.dg/template/error10.C (test for excess errors)
FAIL: g++.dg/template/meminit2.C (test for errors, line 10)
FAIL: g++.dg/template/meminit2.C (test for errors, line 11)
FAIL: g++.dg/template/meminit2.C (test for excess errors)
FAIL: g++.dg/template/qualttp20.C (test for errors, line 18)
FAIL: g++.dg/template/qualttp20.C (test for excess errors)
FAIL: g++.dg/warn/Wswitch-1.C enum e1 (test for warnings, line 22)
FAIL: g++.dg/warn/Wswitch-1.C enum e2 (test for warnings, line 22)
FAIL: g++.dg/warn/Wswitch-1.C enum e2 (test for warnings, line 29)
FAIL: g++.dg/warn/Wswitch-1.C excess 3 (test for warnings, line 53)
FAIL: g++.dg/warn/Wswitch-1.C (test for excess errors)
FAIL: g++.dg/warn/Wswitch-2.C enum e4 (test for warnings, line 16)
FAIL: g++.dg/warn/Wswitch-2.C enum e1 (test for warnings, line 25)
FAIL: g++.dg/warn/Wswitch-2.C (test for excess errors)
FAIL: g++.dg/warn/deprecated-2.C (test for warnings, line 10)
FAIL: g++.dg/warn/deprecated-2.C (test for excess errors)
FAIL: g++.dg/warn/deprecated.C (test for warnings, line 9)
FAIL: g++.dg/warn/deprecated.C (test for warnings, line 12)
FAIL: g++.dg/warn/deprecated.C (test for warnings, line 16)
FAIL: g++.dg/warn/deprecated.C (test for warnings, line 19)
FAIL: g++.dg/warn/deprecated.C (test for warnings, line 20)
FAIL: g++.dg/warn/deprecated.C (test for warnings, line 28)
FAIL: g++.dg/warn/deprecated.C (test for warnings, line 49)
FAIL: g++.dg/warn/deprecated.C (test for warnings, line 53)
FAIL: g++.dg/warn/deprecated.C (test for warnings, line 55)
FAIL: g++.dg/warn/deprecated.C (test for warnings, line 55)
FAIL: g++.dg/warn/deprecated.C (test for warnings, line 55)
FAIL: g++.dg/warn/deprecated.C (test for warnings, line 55)
FAIL: g++.dg/warn/deprecated.C (test for warnings, line 59)
FAIL: g++.dg/warn/deprecated.C (test for warnings, line 67)
FAIL: g++.dg/warn/deprecated.C (test for warnings, line 68)
FAIL: g++.dg/warn/deprecated.C (test for warnings, line 72)
FAIL: g++.dg/warn/deprecated.C (test for warnings, line 73)
FAIL: g++.dg/warn/deprecated.C (test for warnings, line 73)
FAIL: g++.dg/warn/deprecated.C (test for warnings, line 79)
FAIL: g++.dg/warn/deprecated.C (test for warnings, line 82)
FAIL: g++.dg/warn/deprecated.C (test for warnings, line 86)
FAIL: g++.dg/warn/deprecated.C (test for warnings, line 89)
FAIL: g++.dg/warn/deprecated.C (test for warnings, line 96)
FAIL: g++.dg/warn/deprecated.C (test for warnings, line 107)
FAIL: g++.dg/warn/deprecated.C (test for warnings, line 108)
FAIL: g++.dg/warn/deprecated.C (test for warnings, line 109)
FAIL: g++.dg/warn/deprecated.C (test for warnings, line 110)
FAIL: g++.dg/warn/deprecated.C (test for warnings, line 113)
FAIL: g++.dg/warn/deprecated.C (test for excess errors)
FAIL: g++.dg/warn/incomplete1.C (test for warnings, line 12)
FAIL: g++.dg/warn/incomplete1.C (test for warnings, line 14)
FAIL: g++.dg/warn/incomplete1.C (test for excess errors)
FAIL: g++.dg/tls/diag-2.C (test for errors, line 3)
FAIL: g++.dg/tls/diag-2.C (test for errors, line 4)
FAIL: g++.dg/tls/diag-2.C (test for errors, line 5)
FAIL: g++.dg/tls/diag-2.C (test for errors, line 10)
FAIL: g++.dg/tls/diag-2.C (test for errors, line 12)
FAIL: g++.dg/tls/diag-2.C (test for excess errors)
FAIL: g++.old-deja/g++.bugs/900404_04.C (test for errors, line 16)
FAIL: g++.old-deja/g++.bugs/900404_04.C (test for excess errors)
WARNING: g++.old-deja/g++.mike/p10769a.C compilation failed to produce executable
FAIL: g++.old-deja/g++.mike/p784.C (test for excess errors)
FAIL: g++.old-deja/g++.other/comdat4.C (test for excess errors)
WARNING: g++.old-deja/g++.other/enum5.C compilation failed to produce executable
XPASS: g++.old-deja/g++.other/init5.C execution test
=== g++ Summary for unix/-m64 ===
# of expected passes 10139
# of unexpected failures 88
# of unexpected successes 4
# of expected failures 76
# of unsupported tests 82
=== g++ Summary ===
# of expected passes 20304
# of unexpected failures 172
# of unexpected successes 9
# of expected failures 151
# of unsupported tests 153
/home/jgrimm/build/nightly/build-gcc-mline/gcc/testsuite/../g++ version 4.0.0 20041025 (experimental)
=== objc tests ===
Running target unix/-m32
=== objc Summary for unix/-m32 ===
# of expected passes 1424
# of unsupported tests 8
Running target unix/-m64
=== objc Summary for unix/-m64 ===
# of expected passes 1424
# of unsupported tests 8
=== objc Summary ===
# of expected passes 2848
# of unsupported tests 16
/home/jgrimm/build/nightly/build-gcc-mline/gcc/xgcc version 4.0.0 20041025 (experimental)
=== libmudflap tests ===
Running target unix/-m32
FAIL: libmudflap.c/pass35-frag.c cannot track unknown size extern (test for warnings, line )
FAIL: libmudflap.c/pass35-frag.c (test for excess errors)
FAIL: libmudflap.c/pass35-frag.c (-static) cannot track unknown size extern (test for warnings, line )
FAIL: libmudflap.c/pass35-frag.c (-static) (test for excess errors)
FAIL: libmudflap.c/pass35-frag.c (-O2) cannot track unknown size extern (test for warnings, line )
FAIL: libmudflap.c/pass35-frag.c (-O2) (test for excess errors)
FAIL: libmudflap.c/pass35-frag.c (-O3) cannot track unknown size extern (test for warnings, line )
FAIL: libmudflap.c/pass35-frag.c (-O3) (test for excess errors)
WARNING: program timed out.
FAIL: libmudflap.cth/pass37-frag.c execution test
FAIL: libmudflap.cth/pass37-frag.c output pattern test
WARNING: program timed out.
FAIL: libmudflap.cth/pass37-frag.c (rerun 1) execution test
FAIL: libmudflap.cth/pass37-frag.c (rerun 1) output pattern test
WARNING: program timed out.
FAIL: libmudflap.cth/pass37-frag.c (rerun 3) execution test
FAIL: libmudflap.cth/pass37-frag.c (rerun 3) output pattern test
WARNING: program timed out.
FAIL: libmudflap.cth/pass37-frag.c (rerun 4) execution test
FAIL: libmudflap.cth/pass37-frag.c (rerun 4) output pattern test
WARNING: program timed out.
FAIL: libmudflap.cth/pass37-frag.c (rerun 5) execution test
FAIL: libmudflap.cth/pass37-frag.c (rerun 5) output pattern test
WARNING: program timed out.
FAIL: libmudflap.cth/pass37-frag.c (rerun 6) execution test
FAIL: libmudflap.cth/pass37-frag.c (rerun 6) output pattern test
WARNING: program timed out.
FAIL: libmudflap.cth/pass37-frag.c (rerun 7) execution test
FAIL: libmudflap.cth/pass37-frag.c (rerun 7) output pattern test
WARNING: program timed out.
FAIL: libmudflap.cth/pass37-frag.c (rerun 8) execution test
FAIL: libmudflap.cth/pass37-frag.c (rerun 8) output pattern test
WARNING: program timed out.
FAIL: libmudflap.cth/pass37-frag.c (rerun 9) execution test
FAIL: libmudflap.cth/pass37-frag.c (rerun 9) output pattern test
WARNING: program timed out.
FAIL: libmudflap.cth/pass37-frag.c (rerun 10) execution test
WARNING: program timed out.
FAIL: libmudflap.cth/pass37-frag.c (rerun 11) execution test
FAIL: libmudflap.cth/pass37-frag.c (rerun 11) output pattern test
WARNING: program timed out.
FAIL: libmudflap.cth/pass37-frag.c (rerun 12) execution test
FAIL: libmudflap.cth/pass37-frag.c (rerun 12) output pattern test
WARNING: program timed out.
FAIL: libmudflap.cth/pass37-frag.c (rerun 13) execution test
FAIL: libmudflap.cth/pass37-frag.c (rerun 13) output pattern test
WARNING: program timed out.
FAIL: libmudflap.cth/pass37-frag.c (rerun 14) execution test
FAIL: libmudflap.cth/pass37-frag.c (rerun 14) output pattern test
WARNING: program timed out.
FAIL: libmudflap.cth/pass37-frag.c (rerun 15) execution test
FAIL: libmudflap.cth/pass37-frag.c (rerun 15) output pattern test
WARNING: program timed out.
FAIL: libmudflap.cth/pass37-frag.c (rerun 19) execution test
FAIL: libmudflap.cth/pass37-frag.c (rerun 19) output pattern test
WARNING: program timed out.
FAIL: libmudflap.cth/pass39-frag.c (rerun 1) execution test
WARNING: program timed out.
FAIL: libmudflap.cth/pass39-frag.c (rerun 2) execution test
FAIL: libmudflap.cth/pass39-frag.c (rerun 2) output pattern test
WARNING: program timed out.
FAIL: libmudflap.cth/pass39-frag.c (rerun 3) execution test
FAIL: libmudflap.cth/pass39-frag.c (rerun 3) output pattern test
WARNING: program timed out.
FAIL: libmudflap.cth/pass39-frag.c (rerun 4) execution test
FAIL: libmudflap.cth/pass39-frag.c (rerun 4) output pattern test
WARNING: program timed out.
FAIL: libmudflap.cth/pass39-frag.c (rerun 5) execution test
FAIL: libmudflap.cth/pass39-frag.c (rerun 5) output pattern test
WARNING: program timed out.
FAIL: libmudflap.cth/pass39-frag.c (rerun 6) execution test
FAIL: libmudflap.cth/pass39-frag.c (rerun 6) output pattern test
WARNING: program timed out.
FAIL: libmudflap.cth/pass39-frag.c (rerun 7) execution test
FAIL: libmudflap.cth/pass39-frag.c (rerun 7) output pattern test
WARNING: program timed out.
FAIL: libmudflap.cth/pass39-frag.c (rerun 8) execution test
FAIL: libmudflap.cth/pass39-frag.c (rerun 8) output pattern test
WARNING: program timed out.
FAIL: libmudflap.cth/pass39-frag.c (rerun 9) execution test
FAIL: libmudflap.cth/pass39-frag.c (rerun 9) output pattern test
WARNING: program timed out.
FAIL: libmudflap.cth/pass39-frag.c (rerun 10) execution test
FAIL: libmudflap.cth/pass39-frag.c (rerun 10) output pattern test
WARNING: program timed out.
FAIL: libmudflap.cth/pass39-frag.c (rerun 11) execution test
FAIL: libmudflap.cth/pass39-frag.c (rerun 11) output pattern test
WARNING: program timed out.
FAIL: libmudflap.cth/pass39-frag.c (rerun 14) execution test
FAIL: libmudflap.cth/pass39-frag.c (rerun 14) output pattern test
WARNING: program timed out.
FAIL: libmudflap.cth/pass39-frag.c (rerun 15) execution test
FAIL: libmudflap.cth/pass39-frag.c (rerun 15) output pattern test
WARNING: program timed out.
FAIL: libmudflap.cth/pass39-frag.c (rerun 16) execution test
FAIL: libmudflap.cth/pass39-frag.c (rerun 16) output pattern test
WARNING: program timed out.
FAIL: libmudflap.cth/pass39-frag.c (rerun 17) execution test
FAIL: libmudflap.cth/pass39-frag.c (rerun 17) output pattern test
WARNING: program timed out.
FAIL: libmudflap.cth/pass39-frag.c (rerun 18) execution test
FAIL: libmudflap.cth/pass39-frag.c (rerun 18) output pattern test
WARNING: program timed out.
FAIL: libmudflap.cth/pass39-frag.c (rerun 19) execution test
FAIL: libmudflap.cth/pass39-frag.c (rerun 19) output pattern test
FAIL: libmudflap.cth/pass40-frag.c execution test
FAIL: libmudflap.cth/pass40-frag.c output pattern test
WARNING: program timed out.
FAIL: libmudflap.cth/pass37-frag.c (-static -DSTATIC) execution test
FAIL: libmudflap.cth/pass37-frag.c (-static -DSTATIC) output pattern test
WARNING: program timed out.
FAIL: libmudflap.cth/pass37-frag.c (-static -DSTATIC) (rerun 1) execution test
FAIL: libmudflap.cth/pass37-frag.c (-static -DSTATIC) (rerun 1) output pattern test
WARNING: program timed out.
FAIL: libmudflap.cth/pass37-frag.c (-static -DSTATIC) (rerun 2) execution test
FAIL: libmudflap.cth/pass37-frag.c (-static -DSTATIC) (rerun 2) output pattern test
WARNING: program timed out.
FAIL: libmudflap.cth/pass37-frag.c (-static -DSTATIC) (rerun 3) execution test
FAIL: libmudflap.cth/pass37-frag.c (-static -DSTATIC) (rerun 3) output pattern test
WARNING: program timed out.
FAIL: libmudflap.cth/pass37-frag.c (-static -DSTATIC) (rerun 4) execution test
FAIL: libmudflap.cth/pass37-frag.c (-static -DSTATIC) (rerun 4) output pattern test
WARNING: program timed out.
FAIL: libmudflap.cth/pass37-frag.c (-static -DSTATIC) (rerun 6) execution test
FAIL: libmudflap.cth/pass37-frag.c (-static -DSTATIC) (rerun 6) output pattern test
WARNING: program timed out.
FAIL: libmudflap.cth/pass37-frag.c (-static -DSTATIC) (rerun 7) execution test
FAIL: libmudflap.cth/pass37-frag.c (-static -DSTATIC) (rerun 7) output pattern test
WARNING: program timed out.
FAIL: libmudflap.cth/pass37-frag.c (-static -DSTATIC) (rerun 8) execution test
FAIL: libmudflap.cth/pass37-frag.c (-static -DSTATIC) (rerun 8) output pattern test
WARNING: program timed out.
FAIL: libmudflap.cth/pass37-frag.c (-static -DSTATIC) (rerun 9) execution test
FAIL: libmudflap.cth/pass37-frag.c (-static -DSTATIC) (rerun 9) output pattern test
WARNING: program timed out.
FAIL: libmudflap.cth/pass37-frag.c (-static -DSTATIC) (rerun 12) execution test
FAIL: libmudflap.cth/pass37-frag.c (-static -DSTATIC) (rerun 12) output pattern test
WARNING: program timed out.
FAIL: libmudflap.cth/pass37-frag.c (-static -DSTATIC) (rerun 13) execution test
FAIL: libmudflap.cth/pass37-frag.c (-static -DSTATIC) (rerun 13) output pattern test
WARNING: program timed out.
FAIL: libmudflap.cth/pass37-frag.c (-static -DSTATIC) (rerun 15) execution test
FAIL: libmudflap.cth/pass37-frag.c (-static -DSTATIC) (rerun 15) output pattern test
WARNING: program timed out.
FAIL: libmudflap.cth/pass37-frag.c (-static -DSTATIC) (rerun 16) execution test
FAIL: libmudflap.cth/pass37-frag.c (-static -DSTATIC) (rerun 16) output pattern test
WARNING: program timed out.
FAIL: libmudflap.cth/pass39-frag.c (-static -DSTATIC) execution test
FAIL: libmudflap.cth/pass39-frag.c (-static -DSTATIC) output pattern test
WARNING: program timed out.
FAIL: libmudflap.cth/pass39-frag.c (-static -DSTATIC) (rerun 1) execution test
FAIL: libmudflap.cth/pass39-frag.c (-static -DSTATIC) (rerun 1) output pattern test
WARNING: program timed out.
FAIL: libmudflap.cth/pass39-frag.c (-static -DSTATIC) (rerun 2) execution test
FAIL: libmudflap.cth/pass39-frag.c (-static -DSTATIC) (rerun 2) output pattern test
WARNING: program timed out.
FAIL: libmudflap.cth/pass39-frag.c (-static -DSTATIC) (rerun 3) execution test
FAIL: libmudflap.cth/pass39-frag.c (-static -DSTATIC) (rerun 3) output pattern test
WARNING: program timed out.
FAIL: libmudflap.cth/pass39-frag.c (-static -DSTATIC) (rerun 4) execution test
FAIL: libmudflap.cth/pass39-frag.c (-static -DSTATIC) (rerun 4) output pattern test
WARNING: program timed out.
FAIL: libmudflap.cth/pass39-frag.c (-static -DSTATIC) (rerun 5) execution test
FAIL: libmudflap.cth/pass39-frag.c (-static -DSTATIC) (rerun 5) output pattern test
WARNING: program timed out.
FAIL: libmudflap.cth/pass39-frag.c (-static -DSTATIC) (rerun 6) execution test
FAIL: libmudflap.cth/pass39-frag.c (-static -DSTATIC) (rerun 6) output pattern test
WARNING: program timed out.
FAIL: libmudflap.cth/pass39-frag.c (-static -DSTATIC) (rerun 11) execution test
FAIL: libmudflap.cth/pass39-frag.c (-static -DSTATIC) (rerun 11) output pattern test
WARNING: program timed out.
FAIL: libmudflap.cth/pass39-frag.c (-static -DSTATIC) (rerun 15) execution test
FAIL: libmudflap.cth/pass39-frag.c (-static -DSTATIC) (rerun 15) output pattern test
WARNING: program timed out.
FAIL: libmudflap.cth/pass39-frag.c (-static -DSTATIC) (rerun 16) execution test
FAIL: libmudflap.cth/pass39-frag.c (-static -DSTATIC) (rerun 16) output pattern test
WARNING: program timed out.
FAIL: libmudflap.cth/pass39-frag.c (-static -DSTATIC) (rerun 18) execution test
FAIL: libmudflap.cth/pass39-frag.c (-static -DSTATIC) (rerun 18) output pattern test
WARNING: program timed out.
FAIL: libmudflap.cth/pass37-frag.c (-O2) execution test
FAIL: libmudflap.cth/pass37-frag.c (-O2) output pattern test
WARNING: program timed out.
FAIL: libmudflap.cth/pass37-frag.c (-O2) (rerun 1) execution test
FAIL: libmudflap.cth/pass37-frag.c (-O2) (rerun 1) output pattern test
WARNING: program timed out.
FAIL: libmudflap.cth/pass37-frag.c (-O2) (rerun 2) execution test
FAIL: libmudflap.cth/pass37-frag.c (-O2) (rerun 2) output pattern test
WARNING: program timed out.
FAIL: libmudflap.cth/pass37-frag.c (-O2) (rerun 7) execution test
FAIL: libmudflap.cth/pass37-frag.c (-O2) (rerun 7) output pattern test
WARNING: program timed out.
FAIL: libmudflap.cth/pass37-frag.c (-O2) (rerun 8) execution test
FAIL: libmudflap.cth/pass37-frag.c (-O2) (rerun 8) output pattern test
WARNING: program timed out.
FAIL: libmudflap.cth/pass37-frag.c (-O2) (rerun 11) execution test
FAIL: libmudflap.cth/pass37-frag.c (-O2) (rerun 11) output pattern test
WARNING: program timed out.
FAIL: libmudflap.cth/pass37-frag.c (-O2) (rerun 12) execution test
FAIL: libmudflap.cth/pass37-frag.c (-O2) (rerun 12) output pattern test
WARNING: program timed out.
FAIL: libmudflap.cth/pass37-frag.c (-O2) (rerun 13) execution test
FAIL: libmudflap.cth/pass37-frag.c (-O2) (rerun 13) output pattern test
WARNING: program timed out.
FAIL: libmudflap.cth/pass37-frag.c (-O2) (rerun 15) execution test
FAIL: libmudflap.cth/pass37-frag.c (-O2) (rerun 15) output pattern test
WARNING: program timed out.
FAIL: libmudflap.cth/pass37-frag.c (-O2) (rerun 16) execution test
FAIL: libmudflap.cth/pass37-frag.c (-O2) (rerun 16) output pattern test
WARNING: program timed out.
FAIL: libmudflap.cth/pass37-frag.c (-O2) (rerun 18) execution test
FAIL: libmudflap.cth/pass37-frag.c (-O2) (rerun 18) output pattern test
WARNING: program timed out.
FAIL: libmudflap.cth/pass37-frag.c (-O2) (rerun 19) execution test
FAIL: libmudflap.cth/pass37-frag.c (-O2) (rerun 19) output pattern test
WARNING: program timed out.
FAIL: libmudflap.cth/pass39-frag.c (-O2) (rerun 7) execution test
FAIL: libmudflap.cth/pass39-frag.c (-O2) (rerun 7) output pattern test
WARNING: program timed out.
FAIL: libmudflap.cth/pass39-frag.c (-O2) (rerun 19) execution test
FAIL: libmudflap.cth/pass40-frag.c (-O2) execution test
FAIL: libmudflap.cth/pass40-frag.c (-O2) output pattern test
WARNING: program timed out.
FAIL: libmudflap.cth/pass37-frag.c (-O3) execution test
FAIL: libmudflap.cth/pass37-frag.c (-O3) output pattern test
WARNING: program timed out.
FAIL: libmudflap.cth/pass37-frag.c (-O3) (rerun 1) execution test
FAIL: libmudflap.cth/pass37-frag.c (-O3) (rerun 1) output pattern test
WARNING: program timed out.
FAIL: libmudflap.cth/pass37-frag.c (-O3) (rerun 6) execution test
FAIL: libmudflap.cth/pass37-frag.c (-O3) (rerun 6) output pattern test
WARNING: program timed out.
FAIL: libmudflap.cth/pass37-frag.c (-O3) (rerun 11) execution test
FAIL: libmudflap.cth/pass37-frag.c (-O3) (rerun 11) output pattern test
WARNING: program timed out.
FAIL: libmudflap.cth/pass37-frag.c (-O3) (rerun 15) execution test
FAIL: libmudflap.cth/pass37-frag.c (-O3) (rerun 15) output pattern test
WARNING: program timed out.
FAIL: libmudflap.cth/pass37-frag.c (-O3) (rerun 16) execution test
FAIL: libmudflap.cth/pass37-frag.c (-O3) (rerun 16) output pattern test
WARNING: program timed out.
FAIL: libmudflap.cth/pass37-frag.c (-O3) (rerun 19) execution test
FAIL: libmudflap.cth/pass37-frag.c (-O3) (rerun 19) output pattern test
WARNING: program timed out.
FAIL: libmudflap.cth/pass39-frag.c (-O3) execution test
FAIL: libmudflap.cth/pass39-frag.c (-O3) output pattern test
WARNING: program timed out.
FAIL: libmudflap.cth/pass39-frag.c (-O3) (rerun 2) execution test
FAIL: libmudflap.cth/pass39-frag.c (-O3) (rerun 2) output pattern test
FAIL: libmudflap.cth/pass40-frag.c (-O3) execution test
FAIL: libmudflap.cth/pass40-frag.c (-O3) output pattern test
=== libmudflap Summary for unix/-m32 ===
# of expected passes 1045
# of unexpected failures 171
Running target unix/-m64
FAIL: libmudflap.c/fail27-frag.c output pattern test
FAIL: libmudflap.c/pass35-frag.c cannot track unknown size extern (test for warnings, line )
FAIL: libmudflap.c/pass35-frag.c (test for excess errors)
FAIL: libmudflap.c/pass35-frag.c (-static) cannot track unknown size extern (test for warnings, line )
FAIL: libmudflap.c/pass35-frag.c (-static) (test for excess errors)
FAIL: libmudflap.c/fail27-frag.c (-O2) output pattern test
FAIL: libmudflap.c/pass35-frag.c (-O2) cannot track unknown size extern (test for warnings, line )
FAIL: libmudflap.c/pass35-frag.c (-O2) (test for excess errors)
FAIL: libmudflap.c/fail27-frag.c (-O3) output pattern test
FAIL: libmudflap.c/pass35-frag.c (-O3) cannot track unknown size extern (test for warnings, line )
FAIL: libmudflap.c/pass35-frag.c (-O3) (test for excess errors)
WARNING: program timed out.
FAIL: libmudflap.cth/pass37-frag.c (rerun 2) execution test
WARNING: program timed out.
FAIL: libmudflap.cth/pass39-frag.c (rerun 8) execution test
WARNING: program timed out.
FAIL: libmudflap.cth/pass39-frag.c (-static -DSTATIC) (rerun 7) execution test
FAIL: libmudflap.cth/pass39-frag.c (-static -DSTATIC) (rerun 7) output pattern test
WARNING: program timed out.
FAIL: libmudflap.cth/pass39-frag.c (-static -DSTATIC) (rerun 8) execution test
FAIL: libmudflap.cth/pass39-frag.c (-static -DSTATIC) (rerun 8) output pattern test
WARNING: program timed out.
FAIL: libmudflap.cth/pass37-frag.c (-O2) (rerun 4) execution test
WARNING: program timed out.
FAIL: libmudflap.cth/pass37-frag.c (-O2) (rerun 13) execution test
FAIL: libmudflap.cth/pass37-frag.c (-O2) (rerun 13) output pattern test
WARNING: program timed out.
FAIL: libmudflap.cth/pass37-frag.c (-O2) (rerun 18) execution test
FAIL: libmudflap.cth/pass37-frag.c (-O2) (rerun 18) output pattern test
WARNING: program timed out.
FAIL: libmudflap.cth/pass39-frag.c (-O2) (rerun 2) execution test
FAIL: libmudflap.cth/pass39-frag.c (-O2) (rerun 2) output pattern test
WARNING: program timed out.
FAIL: libmudflap.cth/pass39-frag.c (-O2) (rerun 4) execution test
FAIL: libmudflap.cth/pass39-frag.c (-O2) (rerun 4) output pattern test
WARNING: program timed out.
FAIL: libmudflap.cth/pass37-frag.c (-O3) (rerun 4) execution test
FAIL: libmudflap.cth/pass37-frag.c (-O3) (rerun 4) output pattern test
WARNING: program timed out.
FAIL: libmudflap.cth/pass39-frag.c (-O3) (rerun 17) execution test
FAIL: libmudflap.cth/pass39-frag.c (-O3) (rerun 17) output pattern test
=== libmudflap Summary for unix/-m64 ===
# of expected passes 1186
# of unexpected failures 30
=== libmudflap Summary ===
# of expected passes 2231
# of unexpected failures 201
=== libstdc++ tests ===
Running target unix/-m32
XPASS: 22_locale/locale/cons/12658_thread-1.cc execution test
XPASS: 26_numerics/cmath/c99_classification_macros_c.cc (test for excess errors)
FAIL: ext/array_allocator/2.cc execution test
=== libstdc++ Summary for unix/-m32 ===
# of expected passes 3052
# of unexpected failures 1
# of unexpected successes 2
# of expected failures 5
Running target unix/-m64
FAIL: 22_locale/codecvt/in/wchar_t/2.cc execution test
FAIL: 22_locale/codecvt/in/wchar_t/3.cc execution test
FAIL: 22_locale/codecvt/length/wchar_t/2.cc execution test
FAIL: 22_locale/codecvt/length/wchar_t/3.cc execution test
FAIL: 22_locale/codecvt/out/wchar_t/2.cc execution test
FAIL: 22_locale/codecvt/out/wchar_t/3.cc execution test
FAIL: 22_locale/codecvt/unicode/1.cc execution test
FAIL: 22_locale/codecvt/unicode/char.cc execution test
FAIL: 22_locale/ctype/widen/wchar_t/2.cc execution test
XPASS: 22_locale/locale/cons/12658_thread-1.cc execution test
FAIL: 22_locale/messages/members/char/1.cc execution test
FAIL: 22_locale/messages/members/char/2.cc execution test
FAIL: 22_locale/messages/members/char/wrapped_env.cc execution test
FAIL: 22_locale/messages_byname/named_equivalence.cc execution test
FAIL: 22_locale/money_get/get/wchar_t/1.cc execution test
FAIL: 22_locale/money_get/get/wchar_t/wrapped_env.cc execution test
FAIL: 22_locale/money_put/put/wchar_t/1.cc execution test
FAIL: 22_locale/money_put/put/wchar_t/3.cc execution test
FAIL: 22_locale/money_put/put/wchar_t/wrapped_env.cc execution test
XPASS: 26_numerics/cmath/c99_classification_macros_c.cc (test for excess errors)
FAIL: 27_io/basic_filebuf/underflow/wchar_t/9520.cc execution test
XPASS: 27_io/fpos/14320-1.cc execution test
FAIL: 27_io/objects/wchar_t/9520.cc execution test
FAIL: ext/array_allocator/2.cc execution test
FAIL: ext/enc_filebuf/char/13598.cc execution test
=== libstdc++ Summary for unix/-m64 ===
# of expected passes 3013
# of unexpected failures 22
# of unexpected successes 3
# of expected failures 4
# of unsupported tests 9
=== libstdc++ Summary ===
# of expected passes 6065
# of unexpected failures 23
# of unexpected successes 5
# of expected failures 9
# of unsupported tests 9
Compiler version: 4.0.0 20041025 (experimental)
Platform: powerpc64-unknown-linux-gnu
configure flags: --prefix=/home/jgrimm/tools/mline-20041025 --build=powerpc64-linux --host=powerpc64-linux --target=powerpc64-linux --with-cpu=default32 --with-as=/home/jgrimm/tools/binutils/bin/as --with-ld=/home/jgrimm/tools/binutils/bin/ld --enable-threads=posix --enable-shared --enable-__cxa_atexit --with-mpfr=/usr/lib --with-mpfr=/usr/lib --enable-languages=c,c++,f95,objc