This is the mail archive of the
gcc-testresults@gcc.gnu.org
mailing list for the GCC project.
Results for 4.0.0 20041025 (experimental) testsuite on i686-unknown-openbsd3.1
- From: Andrew Thomas Pinski <pinskia at physics dot uc dot edu>
- To: gcc-testresults at gcc dot gnu dot org
- Date: Mon, 25 Oct 2004 05:08:44 -0400 (EDT)
- Subject: Results for 4.0.0 20041025 (experimental) testsuite on i686-unknown-openbsd3.1
LAST_UPDATED: Mon Oct 25 04:01:53 UTC 2004
Native configuration is i686-unknown-openbsd3.1
=== g++ tests ===
Running target unix
FAIL: g++.dg/debug/debug4.C (test for excess errors)
FAIL: g++.dg/debug/debug4.C (test for excess errors)
FAIL: g++.dg/debug/debug4.C (test for excess errors)
FAIL: g++.dg/debug/debug4.C (test for excess errors)
FAIL: g++.dg/debug/debug4.C (test for excess errors)
FAIL: g++.dg/debug/debug4.C (test for excess errors)
FAIL: g++.dg/debug/debug4.C (test for excess errors)
FAIL: g++.dg/debug/debug4.C (test for excess errors)
FAIL: g++.dg/debug/debug4.C (test for excess errors)
FAIL: g++.dg/debug/debug4.C (test for excess errors)
FAIL: g++.dg/debug/debug4.C (test for excess errors)
FAIL: g++.dg/debug/debug4.C (test for excess errors)
FAIL: g++.dg/debug/debug4.C (test for excess errors)
FAIL: g++.dg/debug/debug4.C (test for excess errors)
FAIL: g++.dg/debug/debug4.C (test for excess errors)
FAIL: g++.dg/debug/debug4.C (test for excess errors)
FAIL: g++.dg/debug/debug4.C (test for excess errors)
FAIL: g++.dg/debug/debug4.C (test for excess errors)
FAIL: g++.dg/abi/local1.C execution test
FAIL: g++.dg/abi/mangle4.C (test for errors, line 20)
FAIL: g++.dg/expr/cast2.C (test for errors, line 4)
FAIL: g++.dg/init/array6.C (test for excess errors)
FAIL: g++.dg/lookup/scoped5.C (test for errors, line 18)
FAIL: g++.dg/overload/new1.C (test for errors, line 10)
FAIL: g++.dg/overload/new1.C (test for errors, line 14)
FAIL: g++.dg/overload/new1.C (test for errors, line 16)
FAIL: g++.dg/overload/new1.C (test for errors, line 18)
FAIL: g++.dg/overload/new1.C (test for errors, line 0)
FAIL: g++.dg/overload/new1.C (test for errors, line 21)
FAIL: g++.dg/parse/error15.C (test for errors, line 34)
FAIL: g++.dg/parse/non-dependent2.C (test for errors, line 11)
FAIL: g++.dg/parse/non-dependent2.C (test for errors, line 18)
FAIL: g++.dg/parse/ret-type2.C (test for errors, line 3)
FAIL: g++.dg/parse/ret-type2.C (test for errors, line 4)
FAIL: g++.dg/parse/ret-type2.C (test for errors, line 5)
FAIL: g++.dg/parse/template9.C (test for errors, line 4)
XPASS: g++.dg/rtti/tinfo1.C scan-assembler _ZTIP9CTemplateIhE:
XPASS: g++.dg/rtti/tinfo1.C scan-assembler-not .globl[ \\t]+_ZTIP9CTemplateIhE
XPASS: g++.dg/rtti/tinfo1.C scan-assembler-not .section[^\\n\\r]*_ZTIP9CTemplateIhE[^\\n\\r]*
FAIL: g++.dg/tc1/dr166.C (test for errors, line 17)
FAIL: g++.dg/tc1/dr166.C (test for errors, line 22)
FAIL: g++.dg/tc1/dr166.C (test for errors, line 27)
FAIL: g++.dg/tc1/dr166.C (test for errors, line 31)
FAIL: g++.dg/tc1/dr166.C (test for errors, line 35)
FAIL: g++.dg/tc1/dr166.C (test for errors, line 44)
FAIL: g++.dg/tc1/dr166.C (test for errors, line 45)
FAIL: g++.dg/tc1/dr166.C (test for errors, line 50)
FAIL: g++.dg/tc1/dr166.C (test for errors, line 52)
FAIL: g++.dg/tc1/dr166.C (test for errors, line 56)
FAIL: g++.dg/tc1/dr166.C (test for errors, line 59)
XPASS: g++.dg/tc1/dr176.C injected class name in derived classes (test for bogus messages, line 13)
XPASS: g++.dg/tc1/dr176.C injected class name in derived classes (test for bogus messages, line 15)
XPASS: g++.dg/tc1/dr176.C everything should be looked up at parsing time (after DR224) (test for bogus messages, line 18)
XPASS: g++.dg/tc1/dr176.C (test for bogus messages, line 25)
FAIL: g++.dg/tc1/dr52.C (test for errors, line 32)
FAIL: g++.dg/tc1/dr80.C (test for errors, line 32)
FAIL: g++.dg/tc1/dr80.C (test for errors, line 38)
FAIL: g++.dg/tc1/dr80.C (test for errors, line 52)
FAIL: g++.dg/template/access2.C (test for errors, line 7)
FAIL: g++.dg/template/access2.C (test for errors, line 8)
FAIL: g++.dg/template/access2.C (test for errors, line 13)
FAIL: g++.dg/template/access2.C (test for errors, line 19)
FAIL: g++.dg/template/dependent-expr1.C (test for errors, line 25)
FAIL: g++.dg/template/dependent-expr1.C (test for errors, line 26)
FAIL: g++.dg/template/error15.C (test for errors, line 21)
FAIL: g++.dg/template/error5.C (test for errors, line 6)
FAIL: g++.dg/template/instantiate3.C (test for errors, line 7)
FAIL: g++.dg/template/instantiate3.C (test for errors, line 13)
FAIL: g++.dg/template/instantiate3.C (test for errors, line 14)
FAIL: g++.dg/template/instantiate3.C (test for errors, line 17)
FAIL: g++.dg/template/instantiate3.C (test for excess errors)
FAIL: g++.dg/template/lookup2.C (test for errors, line 12)
FAIL: g++.dg/template/lookup2.C (test for errors, line 17)
FAIL: g++.dg/template/lookup2.C (test for excess errors)
FAIL: g++.dg/template/memfriend6.C (test for errors, line 11)
FAIL: g++.dg/template/memfriend6.C (test for errors, line 12)
FAIL: g++.dg/template/memfriend6.C (test for errors, line 13)
FAIL: g++.dg/template/memfriend6.C (test for errors, line 21)
FAIL: g++.dg/template/memfriend6.C (test for errors, line 22)
FAIL: g++.dg/template/memfriend7.C (test for errors, line 51)
FAIL: g++.dg/template/memfriend7.C (test for errors, line 57)
FAIL: g++.dg/template/memfriend7.C (test for errors, line 63)
FAIL: g++.dg/template/memfriend7.C (test for errors, line 123)
FAIL: g++.dg/template/memfriend7.C (test for errors, line 124)
FAIL: g++.dg/template/nontype3.C integral or enumeration (test for errors, line 24)
FAIL: g++.dg/template/nontype3.C integral or enumeration (test for errors, line 30)
FAIL: g++.dg/template/nontype3.C constant-expression (test for errors, line 33)
FAIL: g++.dg/template/nontype3.C constant-expression (test for errors, line 36)
FAIL: g++.dg/template/nontype4.C (test for errors, line 14)
FAIL: g++.dg/template/qualified-id1.C (test for errors, line 20)
FAIL: g++.dg/template/qualttp15.C (test for errors, line 16)
FAIL: g++.dg/template/spec15.C (test for errors, line 30)
FAIL: g++.dg/template/spec15.C (test for errors, line 31)
FAIL: g++.dg/template/using2.C (test for errors, line 10)
FAIL: g++.dg/warn/deprecated.C (test for warnings, line 72)
FAIL: g++.dg/warn/deprecated.C (test for warnings, line 73)
FAIL: g++.dg/warn/deprecated.C (test for warnings, line 73)
FAIL: g++.dg/warn/deprecated.C (test for warnings, line 79)
FAIL: g++.dg/warn/deprecated.C (test for warnings, line 82)
FAIL: g++.dg/warn/deprecated.C (test for warnings, line 86)
FAIL: g++.dg/warn/deprecated.C (test for warnings, line 89)
FAIL: g++.dg/warn/deprecated.C (test for warnings, line 96)
FAIL: g++.dg/warn/deprecated.C (test for warnings, line 107)
FAIL: g++.dg/warn/deprecated.C (test for warnings, line 108)
FAIL: g++.dg/warn/deprecated.C (test for warnings, line 109)
FAIL: g++.dg/warn/deprecated.C (test for warnings, line 110)
FAIL: g++.dg/warn/deprecated.C (test for warnings, line 113)
FAIL: g++.dg/warn/deprecated.C (test for excess errors)
FAIL: g++.dg/warn/format2.C nested 2 (test for warnings, line 31)
FAIL: g++.dg/warn/format2.C (test for excess errors)
FAIL: g++.dg/warn/pedantic1.C (test for errors, line 7)
FAIL: ./wchar-1.H (test for excess errors)
FAIL: ./wchar-1.H (test for excess errors)
FAIL: ./wchar-1.H (test for excess errors)
FAIL: g++.old-deja/g++.benjamin/tem03.C (test for errors, line 119)
FAIL: g++.old-deja/g++.benjamin/tem03.C (test for errors, line 121)
FAIL: g++.old-deja/g++.benjamin/tem03.C (test for errors, line 129)
FAIL: g++.old-deja/g++.benjamin/tem03.C (test for errors, line 130)
FAIL: g++.old-deja/g++.benjamin/warn02.C (test for errors, line 35)
FAIL: g++.old-deja/g++.benjamin/warn02.C (test for errors, line 43)
FAIL: g++.old-deja/g++.benjamin/warn02.C (test for warnings, line 47)
FAIL: g++.old-deja/g++.benjamin/warn02.C (test for warnings, line 48)
FAIL: g++.old-deja/g++.brendan/crash11.C (test for excess errors)
FAIL: g++.old-deja/g++.brendan/crash18.C (test for errors, line 10)
FAIL: g++.old-deja/g++.brendan/crash18.C (test for errors, line 11)
FAIL: g++.old-deja/g++.brendan/crash18.C (test for errors, line 17)
FAIL: g++.old-deja/g++.brendan/crash29.C (test for errors, line 10)
FAIL: g++.old-deja/g++.brendan/crash29.C (test for errors, line 11)
FAIL: g++.old-deja/g++.brendan/err-msg8.C (test for errors, line 3)
FAIL: g++.old-deja/g++.brendan/err-msg8.C (test for excess errors)
FAIL: g++.old-deja/g++.brendan/misc6.C (test for errors, line 5)
FAIL: g++.old-deja/g++.brendan/misc6.C (test for errors, line 6)
FAIL: g++.old-deja/g++.brendan/misc6.C (test for errors, line 7)
FAIL: g++.old-deja/g++.brendan/misc6.C (test for errors, line 8)
FAIL: g++.old-deja/g++.brendan/misc6.C (test for errors, line 9)
FAIL: g++.old-deja/g++.brendan/nest4.C (test for errors, line 8)
FAIL: g++.old-deja/g++.bugs/900119_01.C (test for errors, line 16)
FAIL: g++.old-deja/g++.bugs/900119_01.C (test for errors, line 17)
FAIL: g++.old-deja/g++.bugs/900119_01.C (test for errors, line 19)
FAIL: g++.old-deja/g++.bugs/900119_01.C (test for errors, line 24)
FAIL: g++.old-deja/g++.bugs/900119_01.C (test for errors, line 25)
FAIL: g++.old-deja/g++.bugs/900119_01.C (test for errors, line 26)
FAIL: g++.old-deja/g++.bugs/900119_01.C (test for errors, line 28)
FAIL: g++.old-deja/g++.bugs/900119_01.C (test for errors, line 34)
FAIL: g++.old-deja/g++.bugs/900119_01.C (test for errors, line 42)
FAIL: g++.old-deja/g++.bugs/900119_01.C (test for errors, line 44)
FAIL: g++.old-deja/g++.bugs/900210_02.C (test for errors, line 50)
FAIL: g++.old-deja/g++.bugs/900210_02.C (test for errors, line 51)
FAIL: g++.old-deja/g++.bugs/900210_02.C (test for errors, line 52)
FAIL: g++.old-deja/g++.bugs/900210_02.C (test for errors, line 53)
FAIL: g++.old-deja/g++.bugs/900210_02.C (test for errors, line 54)
FAIL: g++.old-deja/g++.bugs/900210_02.C (test for errors, line 55)
FAIL: g++.old-deja/g++.bugs/900210_02.C (test for errors, line 56)
FAIL: g++.old-deja/g++.bugs/900210_02.C (test for errors, line 101)
FAIL: g++.old-deja/g++.bugs/900210_02.C (test for errors, line 102)
FAIL: g++.old-deja/g++.bugs/900210_02.C (test for errors, line 111)
FAIL: g++.old-deja/g++.bugs/900211_04.C (test for errors, line 21)
FAIL: g++.old-deja/g++.bugs/900211_04.C (test for errors, line 22)
FAIL: g++.old-deja/g++.bugs/900211_04.C (test for errors, line 23)
FAIL: g++.old-deja/g++.bugs/900211_04.C (test for errors, line 24)
FAIL: g++.old-deja/g++.bugs/900211_04.C (test for errors, line 25)
FAIL: g++.old-deja/g++.bugs/900212_01.C (test for errors, line 26)
FAIL: g++.old-deja/g++.bugs/900212_01.C (test for errors, line 27)
FAIL: g++.old-deja/g++.bugs/900212_01.C (test for errors, line 28)
FAIL: g++.old-deja/g++.bugs/900212_01.C (test for errors, line 29)
FAIL: g++.old-deja/g++.bugs/900212_01.C (test for errors, line 31)
FAIL: g++.old-deja/g++.bugs/900212_01.C (test for errors, line 32)
FAIL: g++.old-deja/g++.bugs/900212_01.C (test for errors, line 33)
FAIL: g++.old-deja/g++.bugs/900212_01.C (test for errors, line 34)
FAIL: g++.old-deja/g++.bugs/900212_01.C (test for errors, line 35)
FAIL: g++.old-deja/g++.bugs/900212_01.C (test for errors, line 36)
FAIL: g++.old-deja/g++.bugs/900330_02.C (test for errors, line 22)
FAIL: g++.old-deja/g++.bugs/900428_01.C (test for warnings, line 97)
FAIL: g++.old-deja/g++.bugs/900428_01.C (test for warnings, line 99)
FAIL: g++.old-deja/g++.bugs/900428_01.C (test for warnings, line 140)
FAIL: g++.old-deja/g++.bugs/900519_02.C (test for errors, line 27)
FAIL: g++.old-deja/g++.bugs/900519_02.C (test for errors, line 29)
FAIL: g++.old-deja/g++.bugs/900519_02.C (test for errors, line 30)
FAIL: g++.old-deja/g++.bugs/900519_13.C (test for errors, line 15)
FAIL: g++.old-deja/g++.bugs/900519_13.C (test for errors, line 19)
FAIL: g++.old-deja/g++.bugs/900519_13.C (test for errors, line 23)
FAIL: g++.old-deja/g++.bugs/900519_13.C (test for errors, line 31)
FAIL: g++.old-deja/g++.bugs/900519_13.C (test for errors, line 35)
FAIL: g++.old-deja/g++.bugs/900520_02.C (test for errors, line 12)
FAIL: g++.old-deja/g++.eh/spec6.C (test for errors, line 53)
FAIL: g++.old-deja/g++.eh/spec6.C (test for errors, line 54)
FAIL: g++.old-deja/g++.eh/spec6.C (test for errors, line 56)
FAIL: g++.old-deja/g++.eh/spec6.C (test for errors, line 57)
FAIL: g++.old-deja/g++.eh/spec6.C (test for errors, line 59)
FAIL: g++.old-deja/g++.eh/spec6.C (test for errors, line 60)
FAIL: g++.old-deja/g++.eh/spec6.C (test for errors, line 62)
FAIL: g++.old-deja/g++.eh/spec6.C (test for errors, line 63)
FAIL: g++.old-deja/g++.eh/spec6.C (test for errors, line 65)
FAIL: g++.old-deja/g++.eh/spec6.C (test for errors, line 66)
FAIL: g++.old-deja/g++.eh/spec6.C (test for errors, line 68)
FAIL: g++.old-deja/g++.eh/spec6.C (test for errors, line 69)
FAIL: g++.old-deja/g++.eh/spec6.C (test for errors, line 89)
FAIL: g++.old-deja/g++.eh/spec6.C (test for errors, line 90)
FAIL: g++.old-deja/g++.eh/spec6.C (test for errors, line 91)
FAIL: g++.old-deja/g++.eh/spec6.C (test for errors, line 92)
FAIL: g++.old-deja/g++.eh/spec6.C (test for errors, line 106)
FAIL: g++.old-deja/g++.eh/spec6.C (test for errors, line 107)
FAIL: g++.old-deja/g++.eh/spec6.C (test for errors, line 108)
FAIL: g++.old-deja/g++.eh/spec6.C (test for errors, line 109)
FAIL: g++.old-deja/g++.ext/return1.C (test for errors, line 13)
FAIL: g++.old-deja/g++.jason/rfg14.C (test for errors, line 14)
FAIL: g++.old-deja/g++.jason/rfg14.C (test for errors, line 15)
FAIL: g++.old-deja/g++.jason/rfg6.C (test for excess errors)
FAIL: g++.old-deja/g++.jason/rfg7.C (test for bogus messages, line 6)
FAIL: g++.old-deja/g++.jason/scoping10.C (test for errors, line 11)
FAIL: g++.old-deja/g++.jason/scoping10.C (test for errors, line 13)
FAIL: g++.old-deja/g++.jason/scoping7.C (test for errors, line 5)
FAIL: g++.old-deja/g++.jason/template30.C (test for errors, line 3)
FAIL: g++.old-deja/g++.jason/template30.C (test for errors, line 6)
FAIL: g++.old-deja/g++.law/init1.C (test for errors, line 16)
FAIL: g++.old-deja/g++.law/profile1.C (test for excess errors)
WARNING: g++.old-deja/g++.law/profile1.C compilation failed to produce executable
FAIL: g++.old-deja/g++.law/union2.C (test for errors, line 15)
FAIL: g++.old-deja/g++.law/union2.C (test for errors, line 23)
FAIL: g++.old-deja/g++.law/union2.C (test for errors, line 24)
FAIL: g++.old-deja/g++.law/visibility16.C (test for errors, line 20)
FAIL: g++.old-deja/g++.mike/misc3.C (test for errors, line 3)
FAIL: g++.old-deja/g++.mike/net2.C (test for errors, line 6)
FAIL: g++.old-deja/g++.mike/net2.C (test for errors, line 8)
FAIL: g++.old-deja/g++.mike/net8.C (test for errors, line 21)
FAIL: g++.old-deja/g++.mike/net8.C (test for errors, line 29)
FAIL: g++.old-deja/g++.mike/net8.C (test for errors, line 30)
FAIL: g++.old-deja/g++.mike/net9.C (test for errors, line 13)
FAIL: g++.old-deja/g++.mike/net9.C (test for errors, line 14)
WARNING: g++.old-deja/g++.mike/p10769a.C compilation failed to produce executable
FAIL: g++.old-deja/g++.mike/p2573.C (test for errors, line 13)
FAIL: g++.old-deja/g++.mike/p700.C (test for errors, line 261)
FAIL: g++.old-deja/g++.mike/p700.C (test for errors, line 262)
FAIL: g++.old-deja/g++.mike/p700.C (test for errors, line 263)
FAIL: g++.old-deja/g++.mike/p700.C (test for errors, line 264)
FAIL: g++.old-deja/g++.mike/p700.C (test for errors, line 265)
FAIL: g++.old-deja/g++.mike/p700.C (test for errors, line 266)
FAIL: g++.old-deja/g++.mike/p700.C (test for errors, line 272)
FAIL: g++.old-deja/g++.mike/p700.C (test for errors, line 273)
FAIL: g++.old-deja/g++.mike/p700.C (test for errors, line 274)
FAIL: g++.old-deja/g++.mike/p700.C (test for errors, line 275)
FAIL: g++.old-deja/g++.mike/p700.C (test for errors, line 276)
FAIL: g++.old-deja/g++.mike/p700.C (test for errors, line 277)
FAIL: g++.old-deja/g++.mike/p700.C (test for errors, line 278)
FAIL: g++.old-deja/g++.mike/p700.C (test for errors, line 280)
FAIL: g++.old-deja/g++.mike/p700.C (test for errors, line 281)
FAIL: g++.old-deja/g++.mike/p700.C (test for errors, line 293)
FAIL: g++.old-deja/g++.mike/p700.C (test for errors, line 294)
FAIL: g++.old-deja/g++.mike/p700.C (test for errors, line 295)
FAIL: g++.old-deja/g++.mike/p700.C (test for errors, line 296)
FAIL: g++.old-deja/g++.mike/p700.C (test for errors, line 297)
FAIL: g++.old-deja/g++.mike/p700.C (test for errors, line 298)
FAIL: g++.old-deja/g++.mike/p700.C (test for errors, line 299)
FAIL: g++.old-deja/g++.mike/p700.C (test for errors, line 301)
FAIL: g++.old-deja/g++.mike/p700.C (test for errors, line 302)
FAIL: g++.old-deja/g++.mike/p700.C (test for errors, line 303)
FAIL: g++.old-deja/g++.mike/p700.C (test for errors, line 304)
FAIL: g++.old-deja/g++.mike/p700.C (test for errors, line 305)
FAIL: g++.old-deja/g++.mike/p700.C (test for errors, line 306)
FAIL: g++.old-deja/g++.mike/p700.C (test for errors, line 307)
FAIL: g++.old-deja/g++.mike/p700.C (test for errors, line 308)
FAIL: g++.old-deja/g++.mike/p700.C (test for errors, line 309)
FAIL: g++.old-deja/g++.mike/p700.C (test for errors, line 310)
FAIL: g++.old-deja/g++.mike/p700.C (test for errors, line 311)
FAIL: g++.old-deja/g++.mike/p700.C (test for errors, line 312)
FAIL: g++.old-deja/g++.mike/p700.C (test for errors, line 600)
FAIL: g++.old-deja/g++.mike/p700.C (test for errors, line 601)
FAIL: g++.old-deja/g++.mike/p700.C (test for errors, line 602)
FAIL: g++.old-deja/g++.mike/p700.C (test for errors, line 603)
FAIL: g++.old-deja/g++.mike/p700.C (test for errors, line 604)
FAIL: g++.old-deja/g++.mike/p700.C (test for errors, line 605)
FAIL: g++.old-deja/g++.mike/p700.C (test for errors, line 611)
FAIL: g++.old-deja/g++.mike/p700.C (test for errors, line 612)
FAIL: g++.old-deja/g++.mike/p700.C (test for errors, line 613)
FAIL: g++.old-deja/g++.mike/p700.C (test for errors, line 635)
FAIL: g++.old-deja/g++.mike/p700.C (test for errors, line 636)
FAIL: g++.old-deja/g++.mike/p700.C (test for errors, line 637)
FAIL: g++.old-deja/g++.mike/p700.C (test for errors, line 638)
FAIL: g++.old-deja/g++.mike/p700.C (test for errors, line 640)
FAIL: g++.old-deja/g++.mike/p700.C (test for errors, line 641)
FAIL: g++.old-deja/g++.mike/p700.C (test for errors, line 642)
FAIL: g++.old-deja/g++.mike/p700.C (test for errors, line 643)
FAIL: g++.old-deja/g++.mike/p700.C (test for errors, line 644)
FAIL: g++.old-deja/g++.mike/p700.C (test for errors, line 645)
FAIL: g++.old-deja/g++.mike/p700.C (test for errors, line 646)
FAIL: g++.old-deja/g++.mike/p700.C (test for errors, line 647)
FAIL: g++.old-deja/g++.mike/p700.C (test for errors, line 648)
FAIL: g++.old-deja/g++.mike/p700.C (test for errors, line 649)
FAIL: g++.old-deja/g++.mike/p700.C (test for errors, line 650)
FAIL: g++.old-deja/g++.mike/p700.C (test for errors, line 651)
FAIL: g++.old-deja/g++.mike/p700.C (test for errors, line 652)
FAIL: g++.old-deja/g++.mike/p700.C (test for errors, line 653)
FAIL: g++.old-deja/g++.mike/p700.C (test for errors, line 654)
FAIL: g++.old-deja/g++.mike/p700.C (test for errors, line 655)
FAIL: g++.old-deja/g++.mike/p700.C (test for errors, line 656)
FAIL: g++.old-deja/g++.mike/p700.C (test for errors, line 657)
FAIL: g++.old-deja/g++.mike/p700.C (test for errors, line 658)
FAIL: g++.old-deja/g++.mike/p700.C (test for errors, line 659)
FAIL: g++.old-deja/g++.mike/p7868.C (test for errors, line 13)
FAIL: g++.old-deja/g++.mike/p7868.C (test for errors, line 15)
FAIL: g++.old-deja/g++.mike/p9068.C (test for errors, line 5)
FAIL: g++.old-deja/g++.mike/warn8.C (test for warnings, line 16)
FAIL: g++.old-deja/g++.ns/ns11.C (test for errors, line 8)
FAIL: g++.old-deja/g++.ns/ns11.C (test for errors, line 11)
FAIL: g++.old-deja/g++.ns/ns11.C (test for errors, line 14)
FAIL: g++.old-deja/g++.ns/ns11.C (test for errors, line 17)
FAIL: g++.old-deja/g++.ns/ns11.C (test for excess errors)
FAIL: g++.old-deja/g++.other/anon9.C (test for errors, line 5)
FAIL: g++.old-deja/g++.other/anon9.C (test for errors, line 6)
FAIL: g++.old-deja/g++.other/anon9.C (test for excess errors)
FAIL: g++.old-deja/g++.other/crash41.C (test for errors, line 10)
FAIL: g++.old-deja/g++.other/crash41.C (test for errors, line 11)
FAIL: g++.old-deja/g++.other/crash41.C (test for errors, line 12)
FAIL: g++.old-deja/g++.other/crash41.C (test for errors, line 13)
FAIL: g++.old-deja/g++.other/decl2.C (test for errors, line 6)
FAIL: g++.old-deja/g++.other/decl2.C (test for errors, line 7)
FAIL: g++.old-deja/g++.other/decl5.C (test for errors, line 34)
FAIL: g++.old-deja/g++.other/decl5.C (test for errors, line 37)
FAIL: g++.old-deja/g++.other/decl5.C (test for errors, line 41)
FAIL: g++.old-deja/g++.other/decl5.C (test for warnings, line 44)
FAIL: g++.old-deja/g++.other/decl5.C (test for warnings, line 57)
FAIL: g++.old-deja/g++.other/decl5.C (test for errors, line 60)
FAIL: g++.old-deja/g++.other/decl5.C (test for errors, line 63)
FAIL: g++.old-deja/g++.other/decl5.C (test for errors, line 66)
FAIL: g++.old-deja/g++.other/decl5.C (test for errors, line 69)
FAIL: g++.old-deja/g++.other/decl6.C (test for errors, line 19)
FAIL: g++.old-deja/g++.other/decl6.C (test for errors, line 21)
FAIL: g++.old-deja/g++.other/decl6.C (test for errors, line 24)
FAIL: g++.old-deja/g++.other/decl6.C (test for errors, line 25)
WARNING: g++.old-deja/g++.other/enum5.C compilation failed to produce executable
FAIL: g++.old-deja/g++.other/friend1.C (test for errors, line 82)
FAIL: g++.old-deja/g++.other/goto3.C (test for errors, line 7)
FAIL: g++.old-deja/g++.other/goto3.C (test for errors, line 8)
FAIL: g++.old-deja/g++.other/goto3.C (test for errors, line 9)
FAIL: g++.old-deja/g++.other/goto3.C (test for errors, line 10)
FAIL: g++.old-deja/g++.other/goto3.C (test for errors, line 11)
FAIL: g++.old-deja/g++.other/goto3.C (test for errors, line 12)
FAIL: g++.old-deja/g++.other/goto3.C (test for errors, line 14)
FAIL: g++.old-deja/g++.other/goto3.C (test for errors, line 15)
FAIL: g++.old-deja/g++.other/goto3.C (test for errors, line 16)
FAIL: g++.old-deja/g++.other/goto3.C (test for errors, line 17)
FAIL: g++.old-deja/g++.other/goto3.C (test for errors, line 18)
FAIL: g++.old-deja/g++.other/goto3.C (test for errors, line 19)
FAIL: g++.old-deja/g++.other/goto3.C (test for excess errors)
FAIL: g++.old-deja/g++.other/linkage1.C (test for errors, line 7)
FAIL: g++.old-deja/g++.other/linkage1.C (test for errors, line 11)
FAIL: g++.old-deja/g++.other/linkage1.C (test for errors, line 13)
FAIL: g++.old-deja/g++.other/linkage1.C (test for errors, line 14)
FAIL: g++.old-deja/g++.other/null1.C (test for warnings, line 36)
FAIL: g++.old-deja/g++.other/null1.C (test for warnings, line 37)
FAIL: g++.old-deja/g++.other/null1.C (test for warnings, line 38)
FAIL: g++.old-deja/g++.other/null1.C (test for warnings, line 39)
FAIL: g++.old-deja/g++.other/null1.C (test for warnings, line 40)
FAIL: g++.old-deja/g++.other/null1.C (test for warnings, line 41)
FAIL: g++.old-deja/g++.other/null1.C (test for warnings, line 42)
FAIL: g++.old-deja/g++.other/overload11.C (test for errors, line 41)
FAIL: g++.old-deja/g++.other/overload11.C (test for errors, line 42)
FAIL: g++.old-deja/g++.other/overload11.C (test for errors, line 43)
FAIL: g++.old-deja/g++.other/overload11.C (test for errors, line 44)
XPASS: g++.old-deja/g++.other/overload11.C (test for bogus messages, line 56)
XPASS: g++.old-deja/g++.other/overload11.C (test for bogus messages, line 57)
XPASS: g++.old-deja/g++.other/overload11.C (test for bogus messages, line 58)
XPASS: g++.old-deja/g++.other/overload11.C (test for bogus messages, line 59)
FAIL: g++.old-deja/g++.other/overload11.C (test for errors, line 61)
FAIL: g++.old-deja/g++.other/overload11.C (test for errors, line 62)
FAIL: g++.old-deja/g++.other/overload11.C (test for errors, line 63)
FAIL: g++.old-deja/g++.other/overload11.C (test for errors, line 64)
FAIL: g++.old-deja/g++.other/overload11.C (test for errors, line 65)
FAIL: g++.old-deja/g++.other/overload11.C (test for errors, line 66)
FAIL: g++.old-deja/g++.other/overload11.C (test for warnings, line 75)
FAIL: g++.old-deja/g++.other/overload11.C (test for errors, line 76)
FAIL: g++.old-deja/g++.other/overload11.C (test for errors, line 77)
FAIL: g++.old-deja/g++.other/overload11.C (test for errors, line 79)
FAIL: g++.old-deja/g++.other/overload11.C (test for errors, line 80)
FAIL: g++.old-deja/g++.other/overload11.C (test for errors, line 82)
FAIL: g++.old-deja/g++.other/overload11.C (test for errors, line 83)
FAIL: g++.old-deja/g++.other/overload11.C (test for errors, line 85)
FAIL: g++.old-deja/g++.other/overload11.C (test for errors, line 86)
FAIL: g++.old-deja/g++.other/overload11.C (test for errors, line 88)
FAIL: g++.old-deja/g++.other/overload11.C (test for errors, line 89)
FAIL: g++.old-deja/g++.other/redecl2.C (test for errors, line 8)
FAIL: g++.old-deja/g++.other/refinit2.C (test for errors, line 13)
FAIL: g++.old-deja/g++.other/refinit2.C (test for errors, line 16)
FAIL: g++.old-deja/g++.other/refinit2.C (test for errors, line 17)
FAIL: g++.old-deja/g++.other/union4.C (test for errors, line 20)
FAIL: g++.old-deja/g++.other/vaarg3.C (test for errors, line 24)
FAIL: g++.old-deja/g++.other/vaarg3.C (test for errors, line 26)
FAIL: g++.old-deja/g++.pt/crash43.C (test for errors, line 23)
FAIL: g++.old-deja/g++.pt/defarg8.C (test for errors, line 10)
FAIL: g++.old-deja/g++.pt/explicit39.C (test for errors, line 7)
FAIL: g++.old-deja/g++.pt/explicit39.C (test for excess errors)
FAIL: g++.old-deja/g++.pt/explicit71.C (test for errors, line 15)
FAIL: g++.old-deja/g++.pt/friend37.C (test for errors, line 6)
FAIL: g++.old-deja/g++.pt/memtemp71.C (test for errors, line 5)
FAIL: g++.old-deja/g++.pt/memtemp71.C (test for excess errors)
FAIL: g++.old-deja/g++.pt/memtemp78.C (test for errors, line 54)
FAIL: g++.old-deja/g++.pt/ptrmem6.C (test for errors, line 27)
FAIL: g++.old-deja/g++.pt/ptrmem6.C (test for errors, line 28)
FAIL: g++.old-deja/g++.pt/ptrmem6.C (test for errors, line 29)
FAIL: g++.old-deja/g++.pt/ptrmem6.C (test for errors, line 30)
FAIL: g++.old-deja/g++.pt/ptrmem6.C (test for errors, line 31)
FAIL: g++.old-deja/g++.pt/spec21.C (test for errors, line 7)
FAIL: g++.old-deja/g++.pt/spec21.C (test for errors, line 10)
FAIL: g++.old-deja/g++.pt/spec21.C (test for errors, line 12)
FAIL: g++.old-deja/g++.pt/spec21.C (test for errors, line 16)
FAIL: g++.old-deja/g++.pt/spec35.C (test for errors, line 14)
FAIL: g++.old-deja/g++.pt/spec35.C (test for errors, line 15)
FAIL: g++.old-deja/g++.pt/spec6.C (test for errors, line 30)
FAIL: g++.old-deja/g++.pt/syntax1.C (test for errors, line 24)
FAIL: g++.old-deja/g++.pt/ttp10.C (test for errors, line 23)
FAIL: g++.old-deja/g++.pt/typename6.C (test for errors, line 17)
FAIL: g++.old-deja/g++.robertl/eb103.C (test for errors, line 7)
FAIL: g++.old-deja/g++.robertl/eb103.C (test for excess errors)
=== g++ Summary ===
# of expected passes 9615
# of unexpected failures 399
# of unexpected successes 11
# of expected failures 68
# of untested testcases 6
# of unsupported tests 89
/export/gates/pinskia/src/gnu/gcc/src/objdir.openbsd/gcc/testsuite/../g++ version 4.0.0 20041025 (experimental)
=== gcc tests ===
Running target unix
FAIL: gcc.c-torture/compile/930927-1.c (test for excess errors)
FAIL: gcc.c-torture/compile/930927-1.c (test for excess errors)
FAIL: gcc.c-torture/compile/930927-1.c (test for excess errors)
FAIL: gcc.c-torture/compile/930927-1.c (test for excess errors)
FAIL: gcc.c-torture/compile/930927-1.c (test for excess errors)
FAIL: gcc.c-torture/compile/930927-1.c (test for excess errors)
FAIL: gcc.c-torture/compile/970214-1.c (test for excess errors)
FAIL: gcc.c-torture/compile/970214-1.c (test for excess errors)
FAIL: gcc.c-torture/compile/970214-1.c (test for excess errors)
FAIL: gcc.c-torture/compile/970214-1.c (test for excess errors)
FAIL: gcc.c-torture/compile/970214-1.c (test for excess errors)
FAIL: gcc.c-torture/compile/970214-1.c (test for excess errors)
XPASS: gcc.c-torture/compile/pr17529.c (test for excess errors)
FAIL: gcc.c-torture/compile/widechar-1.c (test for excess errors)
FAIL: gcc.c-torture/compile/widechar-1.c (test for excess errors)
FAIL: gcc.c-torture/compile/widechar-1.c (test for excess errors)
FAIL: gcc.c-torture/compile/widechar-1.c (test for excess errors)
FAIL: gcc.c-torture/compile/widechar-1.c (test for excess errors)
FAIL: gcc.c-torture/compile/widechar-1.c (test for excess errors)
FAIL: gcc.c-torture/execute/20010325-1.c compilation, -O0
UNRESOLVED: gcc.c-torture/execute/20010325-1.c execution, -O0
FAIL: gcc.c-torture/execute/20010325-1.c compilation, -O1
UNRESOLVED: gcc.c-torture/execute/20010325-1.c execution, -O1
FAIL: gcc.c-torture/execute/20010325-1.c compilation, -O2
UNRESOLVED: gcc.c-torture/execute/20010325-1.c execution, -O2
FAIL: gcc.c-torture/execute/20010325-1.c compilation, -O3 -fomit-frame-pointer
UNRESOLVED: gcc.c-torture/execute/20010325-1.c execution, -O3 -fomit-frame-pointer
FAIL: gcc.c-torture/execute/20010325-1.c compilation, -O3 -g
UNRESOLVED: gcc.c-torture/execute/20010325-1.c execution, -O3 -g
FAIL: gcc.c-torture/execute/20010325-1.c compilation, -Os
UNRESOLVED: gcc.c-torture/execute/20010325-1.c execution, -Os
FAIL: gcc.c-torture/execute/970214-1.c compilation, -O0
UNRESOLVED: gcc.c-torture/execute/970214-1.c execution, -O0
FAIL: gcc.c-torture/execute/970214-1.c compilation, -O1
UNRESOLVED: gcc.c-torture/execute/970214-1.c execution, -O1
FAIL: gcc.c-torture/execute/970214-1.c compilation, -O2
UNRESOLVED: gcc.c-torture/execute/970214-1.c execution, -O2
FAIL: gcc.c-torture/execute/970214-1.c compilation, -O3 -fomit-frame-pointer
UNRESOLVED: gcc.c-torture/execute/970214-1.c execution, -O3 -fomit-frame-pointer
FAIL: gcc.c-torture/execute/970214-1.c compilation, -O3 -g
UNRESOLVED: gcc.c-torture/execute/970214-1.c execution, -O3 -g
FAIL: gcc.c-torture/execute/970214-1.c compilation, -Os
UNRESOLVED: gcc.c-torture/execute/970214-1.c execution, -Os
FAIL: gcc.c-torture/execute/970214-2.c compilation, -O0
UNRESOLVED: gcc.c-torture/execute/970214-2.c execution, -O0
FAIL: gcc.c-torture/execute/970214-2.c compilation, -O1
UNRESOLVED: gcc.c-torture/execute/970214-2.c execution, -O1
FAIL: gcc.c-torture/execute/970214-2.c compilation, -O2
UNRESOLVED: gcc.c-torture/execute/970214-2.c execution, -O2
FAIL: gcc.c-torture/execute/970214-2.c compilation, -O3 -fomit-frame-pointer
UNRESOLVED: gcc.c-torture/execute/970214-2.c execution, -O3 -fomit-frame-pointer
FAIL: gcc.c-torture/execute/970214-2.c compilation, -O3 -g
UNRESOLVED: gcc.c-torture/execute/970214-2.c execution, -O3 -g
FAIL: gcc.c-torture/execute/970214-2.c compilation, -Os
UNRESOLVED: gcc.c-torture/execute/970214-2.c execution, -Os
FAIL: gcc.c-torture/execute/conversion.c execution, -O0
FAIL: gcc.c-torture/execute/conversion.c execution, -O1
FAIL: gcc.c-torture/execute/conversion.c execution, -O2
FAIL: gcc.c-torture/execute/conversion.c execution, -Os
FAIL: gcc.c-torture/execute/wchar_t-1.c compilation, -O0
UNRESOLVED: gcc.c-torture/execute/wchar_t-1.c execution, -O0
FAIL: gcc.c-torture/execute/wchar_t-1.c compilation, -O1
UNRESOLVED: gcc.c-torture/execute/wchar_t-1.c execution, -O1
FAIL: gcc.c-torture/execute/wchar_t-1.c compilation, -O2
UNRESOLVED: gcc.c-torture/execute/wchar_t-1.c execution, -O2
FAIL: gcc.c-torture/execute/wchar_t-1.c compilation, -O3 -fomit-frame-pointer
UNRESOLVED: gcc.c-torture/execute/wchar_t-1.c execution, -O3 -fomit-frame-pointer
FAIL: gcc.c-torture/execute/wchar_t-1.c compilation, -O3 -g
UNRESOLVED: gcc.c-torture/execute/wchar_t-1.c execution, -O3 -g
FAIL: gcc.c-torture/execute/wchar_t-1.c compilation, -Os
UNRESOLVED: gcc.c-torture/execute/wchar_t-1.c execution, -Os
FAIL: gcc.c-torture/execute/widechar-2.c compilation, -O0
UNRESOLVED: gcc.c-torture/execute/widechar-2.c execution, -O0
FAIL: gcc.c-torture/execute/widechar-2.c compilation, -O1
UNRESOLVED: gcc.c-torture/execute/widechar-2.c execution, -O1
FAIL: gcc.c-torture/execute/widechar-2.c compilation, -O2
UNRESOLVED: gcc.c-torture/execute/widechar-2.c execution, -O2
FAIL: gcc.c-torture/execute/widechar-2.c compilation, -O3 -fomit-frame-pointer
UNRESOLVED: gcc.c-torture/execute/widechar-2.c execution, -O3 -fomit-frame-pointer
FAIL: gcc.c-torture/execute/widechar-2.c compilation, -O3 -g
UNRESOLVED: gcc.c-torture/execute/widechar-2.c execution, -O3 -g
FAIL: gcc.c-torture/execute/widechar-2.c compilation, -Os
UNRESOLVED: gcc.c-torture/execute/widechar-2.c execution, -Os
FAIL: gcc.c-torture/execute/ieee/rbug.c execution, -O0
FAIL: gcc.c-torture/execute/ieee/rbug.c execution, -O1
FAIL: gcc.c-torture/execute/ieee/rbug.c execution, -O2
FAIL: tmpdir-gcc.dg-struct-layout-1/t001 c_compat_x_tst.o-c_compat_y_tst.o execute
FAIL: tmpdir-gcc.dg-struct-layout-1/t002 c_compat_x_tst.o-c_compat_y_tst.o execute
FAIL: tmpdir-gcc.dg-struct-layout-1/t003 c_compat_x_tst.o-c_compat_y_tst.o execute
FAIL: tmpdir-gcc.dg-struct-layout-1/t004 c_compat_x_tst.o-c_compat_y_tst.o execute
FAIL: tmpdir-gcc.dg-struct-layout-1/t005 c_compat_x_tst.o-c_compat_y_tst.o execute
FAIL: tmpdir-gcc.dg-struct-layout-1/t006 c_compat_x_tst.o-c_compat_y_tst.o execute
FAIL: tmpdir-gcc.dg-struct-layout-1/t007 c_compat_x_tst.o-c_compat_y_tst.o execute
FAIL: tmpdir-gcc.dg-struct-layout-1/t008 c_compat_x_tst.o-c_compat_y_tst.o execute
FAIL: tmpdir-gcc.dg-struct-layout-1/t009 c_compat_x_tst.o-c_compat_y_tst.o execute
FAIL: tmpdir-gcc.dg-struct-layout-1/t010 c_compat_x_tst.o-c_compat_y_tst.o execute
FAIL: tmpdir-gcc.dg-struct-layout-1/t011 c_compat_x_tst.o-c_compat_y_tst.o execute
FAIL: tmpdir-gcc.dg-struct-layout-1/t012 c_compat_x_tst.o-c_compat_y_tst.o execute
FAIL: tmpdir-gcc.dg-struct-layout-1/t013 c_compat_x_tst.o-c_compat_y_tst.o execute
FAIL: tmpdir-gcc.dg-struct-layout-1/t014 c_compat_x_tst.o-c_compat_y_tst.o execute
FAIL: tmpdir-gcc.dg-struct-layout-1/t015 c_compat_x_tst.o-c_compat_y_tst.o execute
FAIL: tmpdir-gcc.dg-struct-layout-1/t016 c_compat_x_tst.o-c_compat_y_tst.o execute
FAIL: tmpdir-gcc.dg-struct-layout-1/t017 c_compat_x_tst.o-c_compat_y_tst.o execute
FAIL: tmpdir-gcc.dg-struct-layout-1/t018 c_compat_x_tst.o-c_compat_y_tst.o execute
FAIL: tmpdir-gcc.dg-struct-layout-1/t019 c_compat_x_tst.o-c_compat_y_tst.o execute
FAIL: tmpdir-gcc.dg-struct-layout-1/t020 c_compat_x_tst.o-c_compat_y_tst.o execute
FAIL: tmpdir-gcc.dg-struct-layout-1/t021 c_compat_x_tst.o-c_compat_y_tst.o execute
FAIL: tmpdir-gcc.dg-struct-layout-1/t022 c_compat_x_tst.o-c_compat_y_tst.o execute
FAIL: tmpdir-gcc.dg-struct-layout-1/t023 c_compat_x_tst.o-c_compat_y_tst.o execute
FAIL: tmpdir-gcc.dg-struct-layout-1/t024 c_compat_x_tst.o-c_compat_y_tst.o execute
FAIL: tmpdir-gcc.dg-struct-layout-1/t025 c_compat_x_tst.o-c_compat_y_tst.o execute
FAIL: tmpdir-gcc.dg-struct-layout-1/t026 c_compat_x_tst.o-c_compat_y_tst.o execute
FAIL: tmpdir-gcc.dg-struct-layout-1/t027 c_compat_x_tst.o-c_compat_y_tst.o execute
FAIL: tmpdir-gcc.dg-struct-layout-1/t028 c_compat_x_tst.o-c_compat_y_tst.o execute
FAIL: gcc.dg/cpp/charconst.c long wide charconst (test for warnings, line 16)
FAIL: gcc.dg/cpp/charconst.c multi-character (test for warnings, line 19)
FAIL: gcc.dg/cpp/charconst.c empty charconst (test for warnings, line 27)
FAIL: gcc.dg/cpp/charconst.c empty wide charconst (test for warnings, line 28)
FAIL: gcc.dg/cpp/charconst.c long charconst (test for warnings, line 30)
FAIL: gcc.dg/cpp/charconst.c long wide charconst (test for warnings, line 31)
FAIL: gcc.dg/cpp/charconst.c multi-char (test for warnings, line 33)
FAIL: gcc.dg/cpp/charconst.c multi-char wide (test for warnings, line 35)
FAIL: gcc.dg/cpp/charconst.c (test for excess errors)
FAIL: gcc.dg/cpp/escape-2.c non-ISO \\E (test for warnings, line 18)
FAIL: gcc.dg/cpp/escape-2.c (test for excess errors)
FAIL: gcc.dg/cpp/escape.c traditional bell (test for warnings, line 21)
FAIL: gcc.dg/cpp/escape.c traditional hex (test for warnings, line 23)
FAIL: gcc.dg/cpp/escape.c u is unknown in C89 (test for warnings, line 24)
FAIL: gcc.dg/cpp/escape.c (test for excess errors)
FAIL: gcc.dg/cpp/if-2.c multi-character charconst (test for warnings, line 20)
FAIL: gcc.dg/cpp/if-2.c charconst too long (test for errors, line 23)
FAIL: gcc.dg/cpp/if-2.c empty charconst (test for errors, line 26)
FAIL: gcc.dg/cpp/if-2.c (test for excess errors)
FAIL: gcc.dg/cpp/lexstrng.c (test for excess errors)
WARNING: gcc.dg/cpp/lexstrng.c compilation failed to produce executable
FAIL: gcc.dg/cpp/paste2.c (test for excess errors)
WARNING: gcc.dg/cpp/paste2.c compilation failed to produce executable
FAIL: gcc.dg/cpp/ucs.c incomplete UCN 1 (test for errors, line 51)
FAIL: gcc.dg/cpp/ucs.c incompete UCN 2 (test for errors, line 52)
FAIL: gcc.dg/cpp/ucs.c non-hex digit in UCN (test for errors, line 54)
FAIL: gcc.dg/cpp/ucs.c (test for warnings, line 54)
FAIL: gcc.dg/cpp/ucs.c 0025 invalid UCN (test for errors, line 64)
FAIL: gcc.dg/cpp/ucs.c D800 invalid UCN (test for errors, line 65)
FAIL: gcc.dg/cpp/ucs.c DFFF invalid UCN (test for errors, line 66)
FAIL: gcc.dg/cpp/ucs.c (test for excess errors)
FAIL: gcc.dg/20021014-1.c (test for excess errors)
WARNING: gcc.dg/20021014-1.c compilation failed to produce executable
FAIL: gcc.dg/c99-init-1.c (test for excess errors)
WARNING: gcc.dg/c99-init-1.c compilation failed to produce executable
FAIL: gcc.dg/i386-3dnow-1.c (test for excess errors)
FAIL: gcc.dg/i386-3dnow-2.c (test for excess errors)
FAIL: gcc.dg/i386-3dnowA-1.c (test for excess errors)
FAIL: gcc.dg/i386-3dnowA-2.c (test for excess errors)
FAIL: gcc.dg/i386-mmx-4.c (test for excess errors)
WARNING: gcc.dg/i386-mmx-4.c compilation failed to produce executable
FAIL: gcc.dg/i386-sse-6.c (test for excess errors)
WARNING: gcc.dg/i386-sse-6.c compilation failed to produce executable
FAIL: gcc.dg/i386-sse-7.c (test for excess errors)
WARNING: gcc.dg/i386-sse-7.c compilation failed to produce executable
FAIL: gcc.dg/init-string-1.c paren array (test for errors, line 32)
FAIL: gcc.dg/init-string-1.c paren array (test for errors, line 35)
FAIL: gcc.dg/init-string-1.c paren array (test for errors, line 42)
FAIL: gcc.dg/init-string-1.c paren array (test for errors, line 50)
FAIL: gcc.dg/init-string-1.c paren array (test for errors, line 55)
FAIL: gcc.dg/init-string-1.c paren array (test for errors, line 58)
FAIL: gcc.dg/init-string-1.c (test for excess errors)
FAIL: gcc.dg/init-string-2.c a7 (test for errors, line 25)
FAIL: gcc.dg/init-string-2.c a8 (test for errors, line 26)
FAIL: gcc.dg/init-string-2.c a9 (test for errors, line 27)
FAIL: gcc.dg/init-string-2.c a10 (test for errors, line 28)
FAIL: gcc.dg/init-string-2.c a11 (test for errors, line 29)
FAIL: gcc.dg/init-string-2.c a12 (test for errors, line 30)
FAIL: gcc.dg/init-string-2.c a13 (test for errors, line 31)
FAIL: gcc.dg/init-string-2.c b7 (test for errors, line 40)
FAIL: gcc.dg/init-string-2.c b8 (test for errors, line 41)
FAIL: gcc.dg/init-string-2.c b9 (test for errors, line 42)
FAIL: gcc.dg/init-string-2.c b10 (test for errors, line 43)
FAIL: gcc.dg/init-string-2.c b11 (test for errors, line 44)
FAIL: gcc.dg/init-string-2.c b12 (test for errors, line 45)
FAIL: gcc.dg/init-string-2.c b13 (test for errors, line 46)
FAIL: gcc.dg/init-string-2.c (test for excess errors)
FAIL: gcc.dg/intmax_t-1.c (test for excess errors)
FAIL: gcc.dg/nest.c (test for excess errors)
WARNING: gcc.dg/nest.c compilation failed to produce executable
FAIL: gcc.dg/wchar_t-1.c (test for excess errors)
FAIL: gcc.dg/wchar_t-2.c (test for excess errors)
FAIL: gcc.dg/wint_t-1.c (test for excess errors)
FAIL: gcc.dg/format/asm_fprintf-1.c wide string (test for warnings, line 75)
FAIL: gcc.dg/format/asm_fprintf-1.c %s with NULL (test for warnings, line 76)
FAIL: gcc.dg/format/asm_fprintf-1.c bad argument types (test for warnings, line 79)
FAIL: gcc.dg/format/asm_fprintf-1.c (test for excess errors)
FAIL: gcc.dg/format/asm_fprintf-1.c wide string (test for warnings, line 75)
FAIL: gcc.dg/format/asm_fprintf-1.c %s with NULL (test for warnings, line 76)
FAIL: gcc.dg/format/asm_fprintf-1.c bad argument types (test for warnings, line 79)
FAIL: gcc.dg/format/asm_fprintf-1.c (test for excess errors)
FAIL: gcc.dg/format/c90-printf-1.c wide string (test for warnings, line 234)
FAIL: gcc.dg/format/c90-printf-1.c %n with NULL (test for warnings, line 235)
FAIL: gcc.dg/format/c90-printf-1.c %s with NULL (test for warnings, line 236)
FAIL: gcc.dg/format/c90-printf-1.c (test for excess errors)
FAIL: gcc.dg/format/c90-printf-1.c wide string (test for warnings, line 234)
FAIL: gcc.dg/format/c90-printf-1.c %n with NULL (test for warnings, line 235)
FAIL: gcc.dg/format/c90-printf-1.c %s with NULL (test for warnings, line 236)
FAIL: gcc.dg/format/c90-printf-1.c (test for excess errors)
FAIL: gcc.dg/format/gcc_diag-1.c wide string (test for warnings, line 189)
FAIL: gcc.dg/format/gcc_diag-1.c %s with NULL (test for warnings, line 190)
FAIL: gcc.dg/format/gcc_diag-1.c bad argument types (test for warnings, line 193)
FAIL: gcc.dg/format/gcc_diag-1.c (test for excess errors)
FAIL: gcc.dg/format/gcc_diag-1.c wide string (test for warnings, line 189)
FAIL: gcc.dg/format/gcc_diag-1.c %s with NULL (test for warnings, line 190)
FAIL: gcc.dg/format/gcc_diag-1.c bad argument types (test for warnings, line 193)
FAIL: gcc.dg/format/gcc_diag-1.c (test for excess errors)
FAIL: largefile.c (test for excess errors)
FAIL: largefile.c (test for excess errors)
FAIL: largefile.c (test for excess errors)
FAIL: largefile.c (test for excess errors)
FAIL: largefile.c (test for excess errors)
FAIL: largefile.c (test for excess errors)
FAIL: largefile.c (test for excess errors)
FAIL: gcc.dg/special/weak-1.c execution test
XPASS: gcc.dg/tree-ssa/20030922-2.c scan-tree-dump-times if 2
FAIL: gcc.dg/vect/vect-15.c (test for excess errors)
WARNING: gcc.dg/vect/vect-15.c compilation failed to produce executable
FAIL: gcc.dg/vect/vect-2.c (test for excess errors)
WARNING: gcc.dg/vect/vect-2.c compilation failed to produce executable
FAIL: gcc.dg/vect/vect-25.c (test for excess errors)
WARNING: gcc.dg/vect/vect-25.c compilation failed to produce executable
FAIL: gcc.dg/vect/vect-26.c (test for excess errors)
WARNING: gcc.dg/vect/vect-26.c compilation failed to produce executable
FAIL: gcc.dg/vect/vect-27a.c (test for excess errors)
WARNING: gcc.dg/vect/vect-27a.c compilation failed to produce executable
FAIL: gcc.dg/vect/vect-28.c (test for excess errors)
WARNING: gcc.dg/vect/vect-28.c compilation failed to produce executable
FAIL: gcc.dg/vect/vect-29a.c (test for excess errors)
WARNING: gcc.dg/vect/vect-29a.c compilation failed to produce executable
FAIL: gcc.dg/vect/vect-3.c (test for excess errors)
WARNING: gcc.dg/vect/vect-3.c compilation failed to produce executable
FAIL: gcc.dg/vect/vect-30.c (test for excess errors)
WARNING: gcc.dg/vect/vect-30.c compilation failed to produce executable
FAIL: gcc.dg/vect/vect-31.c (test for excess errors)
WARNING: gcc.dg/vect/vect-31.c compilation failed to produce executable
FAIL: gcc.dg/vect/vect-32.c (test for excess errors)
WARNING: gcc.dg/vect/vect-32.c compilation failed to produce executable
FAIL: gcc.dg/vect/vect-34.c (test for excess errors)
WARNING: gcc.dg/vect/vect-34.c compilation failed to produce executable
FAIL: gcc.dg/vect/vect-36.c (test for excess errors)
WARNING: gcc.dg/vect/vect-36.c compilation failed to produce executable
FAIL: gcc.dg/vect/vect-38.c (test for excess errors)
WARNING: gcc.dg/vect/vect-38.c compilation failed to produce executable
FAIL: gcc.dg/vect/vect-4.c (test for excess errors)
WARNING: gcc.dg/vect/vect-4.c compilation failed to produce executable
FAIL: gcc.dg/vect/vect-40.c (test for excess errors)
WARNING: gcc.dg/vect/vect-40.c compilation failed to produce executable
FAIL: gcc.dg/vect/vect-42.c (test for excess errors)
WARNING: gcc.dg/vect/vect-42.c compilation failed to produce executable
FAIL: gcc.dg/vect/vect-43.c (test for excess errors)
WARNING: gcc.dg/vect/vect-43.c compilation failed to produce executable
FAIL: gcc.dg/vect/vect-46.c (test for excess errors)
WARNING: gcc.dg/vect/vect-46.c compilation failed to produce executable
FAIL: gcc.dg/vect/vect-48a.c (test for excess errors)
WARNING: gcc.dg/vect/vect-48a.c compilation failed to produce executable
FAIL: gcc.dg/vect/vect-5.c (test for excess errors)
WARNING: gcc.dg/vect/vect-5.c compilation failed to produce executable
FAIL: gcc.dg/vect/vect-56a.c (test for excess errors)
WARNING: gcc.dg/vect/vect-56a.c compilation failed to produce executable
FAIL: gcc.dg/vect/vect-6.c (test for excess errors)
WARNING: gcc.dg/vect/vect-6.c compilation failed to produce executable
FAIL: gcc.dg/vect/vect-62.c (test for excess errors)
WARNING: gcc.dg/vect/vect-62.c compilation failed to produce executable
FAIL: gcc.dg/vect/vect-63.c (test for excess errors)
WARNING: gcc.dg/vect/vect-63.c compilation failed to produce executable
FAIL: gcc.dg/vect/vect-64.c (test for excess errors)
WARNING: gcc.dg/vect/vect-64.c compilation failed to produce executable
FAIL: gcc.dg/vect/vect-65.c (test for excess errors)
WARNING: gcc.dg/vect/vect-65.c compilation failed to produce executable
FAIL: gcc.dg/vect/vect-66.c (test for excess errors)
WARNING: gcc.dg/vect/vect-66.c compilation failed to produce executable
FAIL: gcc.dg/vect/vect-67.c (test for excess errors)
WARNING: gcc.dg/vect/vect-67.c compilation failed to produce executable
FAIL: gcc.dg/vect/vect-68.c (test for excess errors)
WARNING: gcc.dg/vect/vect-68.c compilation failed to produce executable
FAIL: gcc.dg/vect/vect-69.c (test for excess errors)
WARNING: gcc.dg/vect/vect-69.c compilation failed to produce executable
FAIL: gcc.dg/vect/vect-7.c (test for excess errors)
WARNING: gcc.dg/vect/vect-7.c compilation failed to produce executable
FAIL: gcc.dg/vect/vect-72a.c (test for excess errors)
WARNING: gcc.dg/vect/vect-72a.c compilation failed to produce executable
FAIL: gcc.dg/vect/vect-73.c (test for excess errors)
WARNING: gcc.dg/vect/vect-73.c compilation failed to produce executable
FAIL: gcc.dg/vect/vect-74.c (test for excess errors)
WARNING: gcc.dg/vect/vect-74.c compilation failed to produce executable
FAIL: gcc.dg/vect/vect-75.c (test for excess errors)
WARNING: gcc.dg/vect/vect-75.c compilation failed to produce executable
FAIL: gcc.dg/vect/vect-76.c (test for excess errors)
WARNING: gcc.dg/vect/vect-76.c compilation failed to produce executable
FAIL: gcc.dg/vect/vect-77a.c (test for excess errors)
WARNING: gcc.dg/vect/vect-77a.c compilation failed to produce executable
FAIL: gcc.dg/vect/vect-8.c (test for excess errors)
WARNING: gcc.dg/vect/vect-8.c compilation failed to produce executable
FAIL: gcc.dg/vect/vect-9.c (test for excess errors)
WARNING: gcc.dg/vect/vect-9.c compilation failed to produce executable
FAIL: gcc.dg/vect/vect-all.c (test for excess errors)
WARNING: gcc.dg/vect/vect-all.c compilation failed to produce executable
=== gcc Summary ===
# of expected passes 30734
# of unexpected failures 221
# of unexpected successes 2
# of expected failures 119
# of unresolved testcases 30
# of untested testcases 35
# of unsupported tests 309
/export/gates/pinskia/src/gnu/gcc/src/objdir.openbsd/gcc/xgcc version 4.0.0 20041025 (experimental)
=== objc tests ===
Running target unix
FAIL: objc.dg/bitfield-4.m (test for errors, line 13)
FAIL: objc.dg/bitfield-4.m (test for errors, line 25)
FAIL: objc.dg/bitfield-4.m (test for errors, line 15)
FAIL: objc.dg/comp-types-4.m (test for warnings, line 40)
FAIL: objc.dg/comp-types-4.m (test for warnings, line 42)
FAIL: objc.dg/comp-types-4.m (test for warnings, line 43)
FAIL: objc.dg/comp-types-4.m (test for warnings, line 44)
FAIL: objc.dg/comp-types-4.m (test for warnings, line 45)
FAIL: objc.dg/comp-types-4.m (test for warnings, line 47)
FAIL: objc.dg/comp-types-4.m (test for warnings, line 48)
FAIL: objc.dg/comp-types-4.m (test for warnings, line 49)
FAIL: objc.dg/comp-types-4.m (test for warnings, line 50)
FAIL: objc.dg/comp-types-4.m (test for warnings, line 52)
FAIL: objc.dg/comp-types-4.m (test for warnings, line 53)
FAIL: objc.dg/comp-types-4.m (test for warnings, line 54)
FAIL: objc.dg/comp-types-4.m (test for warnings, line 55)
FAIL: objc.dg/comp-types-4.m (test for warnings, line 57)
FAIL: objc.dg/comp-types-4.m (test for warnings, line 58)
FAIL: objc.dg/comp-types-4.m (test for warnings, line 59)
FAIL: objc.dg/comp-types-4.m (test for warnings, line 60)
FAIL: objc.dg/comp-types-4.m (test for warnings, line 62)
FAIL: objc.dg/comp-types-4.m (test for warnings, line 63)
FAIL: objc.dg/comp-types-4.m (test for warnings, line 64)
FAIL: objc.dg/comp-types-4.m (test for warnings, line 65)
FAIL: objc.dg/comp-types-4.m (test for warnings, line 67)
FAIL: objc.dg/comp-types-4.m (test for warnings, line 68)
FAIL: objc.dg/comp-types-4.m (test for warnings, line 69)
FAIL: objc.dg/naming-1.m (test for errors, line 18)
FAIL: objc.dg/static-1.m (test for errors, line 33)
FAIL: objc.dg/static-1.m (test for excess errors)
=== objc Summary ===
# of expected passes 1394
# of unexpected failures 30
# of unsupported tests 8
/export/gates/pinskia/src/gnu/gcc/src/objdir.openbsd/gcc/xgcc version 4.0.0 20041025 (experimental)
=== libstdc++ tests ===
Running target unix
FAIL: 23_containers/map/operators/1_neg.cc (test for errors, line 208)
FAIL: 26_numerics/complex/13450.cc (test for excess errors)
WARNING: 26_numerics/complex/13450.cc compilation failed to produce executable
FAIL: 26_numerics/complex/complex_value.cc (test for excess errors)
WARNING: 26_numerics/complex/complex_value.cc compilation failed to produce executable
FAIL: 26_numerics/complex/pow.cc (test for excess errors)
WARNING: 26_numerics/complex/pow.cc compilation failed to produce executable
FAIL: 27_io/basic_filebuf/close/12790-1.cc execution test
FAIL: 27_io/basic_filebuf/close/char/1.cc execution test
WARNING: program timed out.
FAIL: 27_io/basic_filebuf/close/char/9964.cc execution test
FAIL: 27_io/basic_filebuf/imbue/char/2.cc execution test
FAIL: 27_io/basic_filebuf/is_open/char/1.cc execution test
FAIL: 27_io/basic_filebuf/open/char/1.cc execution test
WARNING: program timed out.
FAIL: 27_io/basic_filebuf/open/char/9507.cc execution test
FAIL: 27_io/basic_filebuf/sbumpc/char/9825.cc execution test
FAIL: 27_io/basic_filebuf/seekoff/12790-1.cc execution test
FAIL: 27_io/basic_filebuf/seekoff/12790-2.cc execution test
FAIL: 27_io/basic_filebuf/seekoff/12790-3.cc execution test
FAIL: 27_io/basic_filebuf/seekoff/12790-4.cc execution test
FAIL: 27_io/basic_filebuf/seekoff/char/1-in.cc execution test
FAIL: 27_io/basic_filebuf/seekoff/char/1-io.cc execution test
FAIL: 27_io/basic_filebuf/seekoff/char/1-out.cc execution test
FAIL: 27_io/basic_filebuf/seekoff/char/11543.cc execution test
FAIL: 27_io/basic_filebuf/seekoff/char/2-in.cc execution test
FAIL: 27_io/basic_filebuf/seekoff/char/2-io.cc execution test
FAIL: 27_io/basic_filebuf/seekoff/char/2-out.cc execution test
FAIL: 27_io/basic_filebuf/seekoff/char/3-in.cc execution test
FAIL: 27_io/basic_filebuf/seekoff/char/3-io.cc execution test
FAIL: 27_io/basic_filebuf/seekoff/char/3-out.cc execution test
FAIL: 27_io/basic_filebuf/seekpos/12790-1.cc execution test
FAIL: 27_io/basic_filebuf/seekpos/12790-2.cc execution test
FAIL: 27_io/basic_filebuf/seekpos/12790-3.cc execution test
FAIL: 27_io/basic_filebuf/seekpos/char/1-in.cc execution test
FAIL: 27_io/basic_filebuf/seekpos/char/1-io.cc execution test
FAIL: 27_io/basic_filebuf/seekpos/char/1-out.cc execution test
FAIL: 27_io/basic_filebuf/seekpos/char/2-in.cc execution test
FAIL: 27_io/basic_filebuf/seekpos/char/2-io.cc execution test
FAIL: 27_io/basic_filebuf/seekpos/char/2-out.cc execution test
FAIL: 27_io/basic_filebuf/seekpos/char/3-in.cc execution test
FAIL: 27_io/basic_filebuf/seekpos/char/3-io.cc execution test
FAIL: 27_io/basic_filebuf/seekpos/char/3-out.cc execution test
WARNING: program timed out.
FAIL: 27_io/basic_filebuf/showmanyc/char/9533-1.cc execution test
FAIL: 27_io/basic_filebuf/sputbackc/char/1-in.cc execution test
FAIL: 27_io/basic_filebuf/sputbackc/char/1-io.cc execution test
FAIL: 27_io/basic_filebuf/sputbackc/char/2-in.cc execution test
FAIL: 27_io/basic_filebuf/sputbackc/char/2-io.cc execution test
FAIL: 27_io/basic_filebuf/sungetc/char/1-in.cc execution test
FAIL: 27_io/basic_filebuf/sungetc/char/1-io.cc execution test
FAIL: 27_io/basic_filebuf/sungetc/char/2-in.cc execution test
FAIL: 27_io/basic_filebuf/sungetc/char/2-io.cc execution test
WARNING: program timed out.
FAIL: 27_io/basic_filebuf/underflow/char/10097.cc execution test
FAIL: 27_io/basic_istream/seekg/char/fstream.cc execution test
FAIL: 27_io/basic_istream/tellg/char/1.cc execution test
FAIL: 27_io/basic_istream/tellg/char/fstream.cc execution test
FAIL: 27_io/basic_ostream/seekp/char/2346-fstream.cc execution test
FAIL: 27_io/basic_ostream/tellp/char/1.cc execution test
FAIL: 27_io/basic_streambuf/in_avail/char/9701-3.cc execution test
WARNING: program timed out.
FAIL: 27_io/objects/char/7.cc execution test
WARNING: program timed out.
FAIL: 27_io/objects/char/9661-1.cc execution test
=== libstdc++ Summary ===
# of expected passes 2115
# of unexpected failures 56
# of expected failures 4
Compiler version: 4.0.0 20041025 (experimental)
Platform: i686-unknown-openbsd3.1
configure flags: --target=i686-unknown-openbsd3.1 --host=i686-unknown-openbsd3.1 --build=i686-unknown-openbsd3.1 --disable-nls --verbose --enable-cpp --prefix=/home/gates/pinskia/openbsd --enable-shared --disable-libmudflap --enable-languages=c,c++,objc