This is the mail archive of the
gcc-testresults@gcc.gnu.org
mailing list for the GCC project.
Results for 4.0.0 20041019 (experimental) testsuite on sparc64-sun-solaris2.9
- From: eric at localhost dot localhost (Eric Botcazou)
- To: gcc-testresults at gcc dot gnu dot org
- Date: Tue, 19 Oct 2004 23:54:06 +0200 (CEST)
- Subject: Results for 4.0.0 20041019 (experimental) testsuite on sparc64-sun-solaris2.9
LAST_UPDATED: Tue Oct 19 08:53:03 UTC 2004
Native configuration is sparc64-sun-solaris2.9
=== g++ tests ===
Running target unix
UNRESOLVED: g++.dg/ext/visibility/assign1.C
UNRESOLVED: g++.dg/ext/visibility/fvisibility-inlines-hidden.C
UNRESOLVED: g++.dg/ext/visibility/fvisibility-override1.C
UNRESOLVED: g++.dg/ext/visibility/fvisibility-override2.C
UNRESOLVED: g++.dg/ext/visibility/fvisibility.C
UNRESOLVED: g++.dg/ext/visibility/memfuncts.C
UNRESOLVED: g++.dg/ext/visibility/new1.C
UNRESOLVED: g++.dg/ext/visibility/noPLT.C
UNRESOLVED: g++.dg/ext/visibility/pragma-override1.C
UNRESOLVED: g++.dg/ext/visibility/pragma-override2.C
UNRESOLVED: g++.dg/ext/visibility/pragma.C
UNRESOLVED: g++.dg/ext/visibility/staticmemfuncts.C
UNRESOLVED: g++.dg/ext/visibility/virtual.C
UNRESOLVED: g++.dg/ext/visibility/visibility-1.C
UNRESOLVED: g++.dg/ext/visibility/visibility-2.C
UNRESOLVED: g++.dg/ext/visibility/visibility-3.C
UNRESOLVED: g++.dg/ext/visibility/visibility-4.C
UNRESOLVED: g++.dg/ext/visibility/visibility-5.C
UNRESOLVED: g++.dg/ext/visibility/visibility-6.C
UNRESOLVED: g++.dg/ext/visibility/visibility-7.C
UNRESOLVED: g++.dg/ext/visibility/visibility-8.C
FAIL: g++.dg/opt/nothrow1.C scan-tree-dump-times 42 0
XPASS: g++.dg/other/packed1.C execution test
XPASS: g++.dg/rtti/tinfo1.C scan-assembler _ZTIP9CTemplateIhE:
XPASS: g++.dg/rtti/tinfo1.C scan-assembler-not .globl[ \\t]+_ZTIP9CTemplateIhE
XPASS: g++.dg/rtti/tinfo1.C scan-assembler-not .section[^\\n\\r]*_ZTIP9CTemplateIhE[^\\n\\r]*
WARNING: g++.old-deja/g++.mike/p10769a.C compilation failed to produce executable
WARNING: g++.old-deja/g++.other/enum5.C compilation failed to produce executable
WARNING: g++.old-deja/g++.pt/friend44.C compilation failed to produce executable
=== g++ Summary ===
# of expected passes 10099
# of unexpected failures 1
# of unexpected successes 4
# of expected failures 78
# of unresolved testcases 21
# of unsupported tests 110
/opt/build/eric/gcc/gcc/testsuite/../g++ version 4.0.0 20041019 (experimental)
=== gcc tests ===
Running target unix
XPASS: gcc.c-torture/compile/pr17529.c -O0 (test for excess errors)
XPASS: gcc.c-torture/compile/simd-5.c -O0 (test for excess errors)
XPASS: gcc.c-torture/compile/simd-5.c -O1 (test for excess errors)
XPASS: gcc.c-torture/execute/20020227-1.c execution, -O3 -fomit-frame-pointer
XPASS: gcc.c-torture/execute/20020227-1.c execution, -O3 -g
WARNING: program timed out.
FAIL: gcc.c-torture/execute/20040307-1.c compilation, -O1
UNRESOLVED: gcc.c-torture/execute/20040307-1.c execution, -O1
WARNING: program timed out.
FAIL: gcc.c-torture/execute/20040307-1.c compilation, -O2
UNRESOLVED: gcc.c-torture/execute/20040307-1.c execution, -O2
WARNING: program timed out.
FAIL: gcc.c-torture/execute/20040307-1.c compilation, -O3 -fomit-frame-pointer
UNRESOLVED: gcc.c-torture/execute/20040307-1.c execution, -O3 -fomit-frame-pointer
WARNING: program timed out.
FAIL: gcc.c-torture/execute/20040307-1.c compilation, -O3 -fomit-frame-pointer -funroll-loops
UNRESOLVED: gcc.c-torture/execute/20040307-1.c execution, -O3 -fomit-frame-pointer -funroll-loops
WARNING: program timed out.
FAIL: gcc.c-torture/execute/20040307-1.c compilation, -O3 -fomit-frame-pointer -funroll-all-loops -finline-functions
UNRESOLVED: gcc.c-torture/execute/20040307-1.c execution, -O3 -fomit-frame-pointer -funroll-all-loops -finline-functions
WARNING: program timed out.
FAIL: gcc.c-torture/execute/20040307-1.c compilation, -O3 -g
UNRESOLVED: gcc.c-torture/execute/20040307-1.c execution, -O3 -g
WARNING: program timed out.
FAIL: gcc.c-torture/execute/20040307-1.c compilation, -Os
UNRESOLVED: gcc.c-torture/execute/20040307-1.c execution, -Os
XPASS: gcc.c-torture/execute/simd-5.c compilation, -O0
FAIL: gcc.c-torture/execute/stdarg-2.c execution, -O0
FAIL: gcc.c-torture/execute/stdarg-2.c execution, -O1
FAIL: gcc.c-torture/execute/stdarg-2.c execution, -O2
FAIL: gcc.c-torture/execute/stdarg-2.c execution, -O3 -fomit-frame-pointer
FAIL: gcc.c-torture/execute/stdarg-2.c execution, -O3 -g
FAIL: gcc.c-torture/execute/stdarg-2.c execution, -Os
FAIL: gcc.dg/compat/vector-1 c_compat_x_tst.o compile
FAIL: gcc.dg/compat/vector-1 c_compat_y_tst.o compile
UNRESOLVED: gcc.dg/compat/vector-1 c_compat_x_tst.o-c_compat_y_tst.o link
UNRESOLVED: gcc.dg/compat/vector-1 c_compat_x_tst.o-c_compat_y_tst.o execute
FAIL: gcc.dg/compat/vector-2 c_compat_x_tst.o compile
FAIL: gcc.dg/compat/vector-2 c_compat_y_tst.o compile
UNRESOLVED: gcc.dg/compat/vector-2 c_compat_x_tst.o-c_compat_y_tst.o link
UNRESOLVED: gcc.dg/compat/vector-2 c_compat_x_tst.o-c_compat_y_tst.o execute
WARNING: Could not compile gcc.dg/compat/struct-layout-1 generator
XPASS: gcc.dg/cpp/cmdlne-dI-M.c scan-file (^|\\\\n)cmdlne-dI-M.*:[^\\\\n]*cmdlne-dI-M.c
XPASS: gcc.dg/cpp/cmdlne-dM-M.c scan-file (^|\\\\n)cmdlne-dM-M[^\\\\n]*:[^\\\\n]*cmdlne-dM-M.c
FAIL: gcc.dg/debug/dwarf2/dwarf-die7.c scan-assembler 1.*DW_AT_inline
FAIL: gcc.dg/c90-const-expr-3.c (test for excess errors)
FAIL: gcc.dg/c99-const-expr-3.c (test for excess errors)
FAIL: gcc.dg/pragma-align.c execution test
FAIL: gcc.dg/uninit-H.c (test for bogus messages, line 20)
FAIL: gcc.dg/uninit-H.c (test for excess errors)
UNRESOLVED: gcc.dg/visibility-1.c
UNRESOLVED: gcc.dg/visibility-10.c
UNRESOLVED: gcc.dg/visibility-2.c
UNRESOLVED: gcc.dg/visibility-3.c
UNRESOLVED: gcc.dg/visibility-4.c
UNRESOLVED: gcc.dg/visibility-5.c
UNRESOLVED: gcc.dg/visibility-6.c
UNRESOLVED: gcc.dg/visibility-7.c
UNRESOLVED: gcc.dg/visibility-8.c
UNRESOLVED: gcc.dg/visibility-9.c
UNRESOLVED: gcc.dg/visibility-a.c
FAIL: largefile.c -O0 -g (test for excess errors)
FAIL: largefile.c -O0 (test for excess errors)
FAIL: largefile.c -O1 (test for excess errors)
FAIL: largefile.c -O2 (test for excess errors)
FAIL: largefile.c -O3 -fomit-frame-pointer (test for excess errors)
FAIL: largefile.c -O3 -g (test for excess errors)
FAIL: largefile.c -Os (test for excess errors)
FAIL: gcc.dg/tree-ssa/ifc-20040816-2.c scan-tree-dump-times Applying if-conversion 1
=== gcc Summary ===
# of expected passes 30539
# of unexpected failures 31
# of unexpected successes 8
# of expected failures 76
# of unresolved testcases 22
# of untested testcases 35
# of unsupported tests 523
/opt/build/eric/gcc/gcc/xgcc version 4.0.0 20041019 (experimental)
=== gfortran tests ===
Running target unix
FAIL: gfortran.dg/der_array_1.f90 -O0 execution test
FAIL: gfortran.dg/der_array_1.f90 -O1 execution test
FAIL: gfortran.dg/der_array_1.f90 -O2 execution test
FAIL: gfortran.dg/der_array_1.f90 -O3 -fomit-frame-pointer execution test
FAIL: gfortran.dg/der_array_1.f90 -O3 -fomit-frame-pointer -funroll-loops execution test
FAIL: gfortran.dg/der_array_1.f90 -O3 -fomit-frame-pointer -funroll-all-loops -finline-functions execution test
FAIL: gfortran.dg/der_array_1.f90 -O3 -g execution test
FAIL: gfortran.dg/der_array_1.f90 -Os execution test
FAIL: gfortran.dg/func_derived_1.f90 -O0 execution test
FAIL: gfortran.dg/func_derived_1.f90 -O1 execution test
FAIL: gfortran.dg/func_derived_1.f90 -O2 execution test
FAIL: gfortran.dg/func_derived_1.f90 -O3 -fomit-frame-pointer execution test
FAIL: gfortran.dg/func_derived_1.f90 -O3 -fomit-frame-pointer -funroll-loops execution test
FAIL: gfortran.dg/func_derived_1.f90 -O3 -fomit-frame-pointer -funroll-all-loops -finline-functions execution test
FAIL: gfortran.dg/func_derived_1.f90 -O3 -g execution test
FAIL: gfortran.dg/func_derived_1.f90 -Os execution test
XPASS: gfortran.dg/ret_pointer_1.f90 -O0 execution test
XPASS: gfortran.dg/ret_pointer_1.f90 -O1 execution test
XPASS: gfortran.dg/ret_pointer_1.f90 -O2 execution test
XPASS: gfortran.dg/ret_pointer_1.f90 -O3 -fomit-frame-pointer execution test
XPASS: gfortran.dg/ret_pointer_1.f90 -O3 -fomit-frame-pointer -funroll-loops execution test
XPASS: gfortran.dg/ret_pointer_1.f90 -O3 -fomit-frame-pointer -funroll-all-loops -finline-functions execution test
XPASS: gfortran.dg/ret_pointer_1.f90 -O3 -g execution test
XPASS: gfortran.dg/ret_pointer_1.f90 -Os execution test
FAIL: gfortran.dg/g77/980628-10.f -O0 execution test
FAIL: gfortran.dg/g77/980628-10.f -O1 execution test
FAIL: gfortran.dg/g77/980628-10.f -O2 execution test
FAIL: gfortran.dg/g77/980628-10.f -O3 -fomit-frame-pointer execution test
FAIL: gfortran.dg/g77/980628-10.f -O3 -fomit-frame-pointer -funroll-loops execution test
FAIL: gfortran.dg/g77/980628-10.f -O3 -fomit-frame-pointer -funroll-all-loops -finline-functions execution test
FAIL: gfortran.dg/g77/980628-10.f -O3 -g execution test
FAIL: gfortran.dg/g77/980628-10.f -Os execution test
FAIL: gfortran.dg/g77/980628-2.f -O0 execution test
FAIL: gfortran.dg/g77/980628-2.f -O1 execution test
FAIL: gfortran.dg/g77/980628-2.f -O2 execution test
FAIL: gfortran.dg/g77/980628-2.f -O3 -fomit-frame-pointer execution test
FAIL: gfortran.dg/g77/980628-2.f -O3 -fomit-frame-pointer -funroll-loops execution test
FAIL: gfortran.dg/g77/980628-2.f -O3 -fomit-frame-pointer -funroll-all-loops -finline-functions execution test
FAIL: gfortran.dg/g77/980628-2.f -O3 -g execution test
FAIL: gfortran.dg/g77/980628-2.f -Os execution test
FAIL: gfortran.dg/g77/980628-3.f -O0 execution test
FAIL: gfortran.dg/g77/980628-3.f -O1 execution test
FAIL: gfortran.dg/g77/980628-3.f -O2 execution test
FAIL: gfortran.dg/g77/980628-3.f -O3 -fomit-frame-pointer execution test
FAIL: gfortran.dg/g77/980628-3.f -O3 -fomit-frame-pointer -funroll-loops execution test
FAIL: gfortran.dg/g77/980628-3.f -O3 -fomit-frame-pointer -funroll-all-loops -finline-functions execution test
FAIL: gfortran.dg/g77/980628-3.f -O3 -g execution test
FAIL: gfortran.dg/g77/980628-3.f -Os execution test
FAIL: gfortran.dg/g77/980628-9.f -O0 execution test
FAIL: gfortran.dg/g77/980628-9.f -O1 execution test
FAIL: gfortran.dg/g77/980628-9.f -O2 execution test
FAIL: gfortran.dg/g77/980628-9.f -O3 -fomit-frame-pointer execution test
FAIL: gfortran.dg/g77/980628-9.f -O3 -fomit-frame-pointer -funroll-loops execution test
FAIL: gfortran.dg/g77/980628-9.f -O3 -fomit-frame-pointer -funroll-all-loops -finline-functions execution test
FAIL: gfortran.dg/g77/980628-9.f -O3 -g execution test
FAIL: gfortran.dg/g77/980628-9.f -Os execution test
FAIL: gfortran.fortran-torture/execute/direct_io.f90 execution, -O0
FAIL: gfortran.fortran-torture/execute/direct_io.f90 execution, -O1
FAIL: gfortran.fortran-torture/execute/direct_io.f90 execution, -O2
FAIL: gfortran.fortran-torture/execute/direct_io.f90 execution, -O3 -fomit-frame-pointer
FAIL: gfortran.fortran-torture/execute/direct_io.f90 execution, -O3 -fomit-frame-pointer -funroll-loops
FAIL: gfortran.fortran-torture/execute/direct_io.f90 execution, -O3 -fomit-frame-pointer -funroll-all-loops -finline-functions
FAIL: gfortran.fortran-torture/execute/direct_io.f90 execution, -O3 -g
FAIL: gfortran.fortran-torture/execute/direct_io.f90 execution, -Os
FAIL: gfortran.fortran-torture/execute/emptyif.f90 compilation, -O1
FAIL: gfortran.fortran-torture/execute/emptyif.f90 compilation, -O2
FAIL: gfortran.fortran-torture/execute/emptyif.f90 compilation, -O3 -fomit-frame-pointer
FAIL: gfortran.fortran-torture/execute/emptyif.f90 compilation, -O3 -fomit-frame-pointer -funroll-loops
FAIL: gfortran.fortran-torture/execute/emptyif.f90 compilation, -O3 -fomit-frame-pointer -funroll-all-loops -finline-functions
FAIL: gfortran.fortran-torture/execute/emptyif.f90 compilation, -O3 -g
FAIL: gfortran.fortran-torture/execute/emptyif.f90 compilation, -Os
FAIL: gfortran.fortran-torture/execute/forall_3.f90 execution, -O0
FAIL: gfortran.fortran-torture/execute/forall_3.f90 execution, -O1
FAIL: gfortran.fortran-torture/execute/inquire_3.f90 execution, -O0
FAIL: gfortran.fortran-torture/execute/inquire_3.f90 execution, -O1
FAIL: gfortran.fortran-torture/execute/inquire_3.f90 execution, -O2
FAIL: gfortran.fortran-torture/execute/inquire_3.f90 execution, -O3 -fomit-frame-pointer
FAIL: gfortran.fortran-torture/execute/inquire_3.f90 execution, -O3 -fomit-frame-pointer -funroll-loops
FAIL: gfortran.fortran-torture/execute/inquire_3.f90 execution, -O3 -fomit-frame-pointer -funroll-all-loops -finline-functions
FAIL: gfortran.fortran-torture/execute/inquire_3.f90 execution, -O3 -g
FAIL: gfortran.fortran-torture/execute/inquire_3.f90 execution, -Os
FAIL: gfortran.fortran-torture/execute/inquire_4.f90 execution, -O0
FAIL: gfortran.fortran-torture/execute/inquire_4.f90 execution, -O1
FAIL: gfortran.fortran-torture/execute/inquire_4.f90 execution, -O2
FAIL: gfortran.fortran-torture/execute/inquire_4.f90 execution, -O3 -fomit-frame-pointer
FAIL: gfortran.fortran-torture/execute/inquire_4.f90 execution, -O3 -fomit-frame-pointer -funroll-loops
FAIL: gfortran.fortran-torture/execute/inquire_4.f90 execution, -O3 -fomit-frame-pointer -funroll-all-loops -finline-functions
FAIL: gfortran.fortran-torture/execute/inquire_4.f90 execution, -O3 -g
FAIL: gfortran.fortran-torture/execute/inquire_4.f90 execution, -Os
FAIL: gfortran.fortran-torture/execute/intrinsic_dotprod.f90 execution, -O1
FAIL: gfortran.fortran-torture/execute/intrinsic_dotprod.f90 execution, -O2
FAIL: gfortran.fortran-torture/execute/intrinsic_dotprod.f90 execution, -O3 -fomit-frame-pointer
FAIL: gfortran.fortran-torture/execute/intrinsic_dotprod.f90 execution, -O3 -fomit-frame-pointer -funroll-loops
FAIL: gfortran.fortran-torture/execute/intrinsic_dotprod.f90 execution, -O3 -fomit-frame-pointer -funroll-all-loops -finline-functions
FAIL: gfortran.fortran-torture/execute/intrinsic_dotprod.f90 execution, -O3 -g
FAIL: gfortran.fortran-torture/execute/intrinsic_dotprod.f90 execution, -Os
FAIL: gfortran.fortran-torture/execute/intrinsic_nearest.f90 execution, -O0
FAIL: gfortran.fortran-torture/execute/intrinsic_nearest.f90 execution, -O1
FAIL: gfortran.fortran-torture/execute/intrinsic_nearest.f90 execution, -O2
FAIL: gfortran.fortran-torture/execute/intrinsic_nearest.f90 execution, -O3 -fomit-frame-pointer
FAIL: gfortran.fortran-torture/execute/intrinsic_nearest.f90 execution, -O3 -fomit-frame-pointer -funroll-loops
FAIL: gfortran.fortran-torture/execute/intrinsic_nearest.f90 execution, -O3 -fomit-frame-pointer -funroll-all-loops -finline-functions
FAIL: gfortran.fortran-torture/execute/intrinsic_nearest.f90 execution, -O3 -g
FAIL: gfortran.fortran-torture/execute/intrinsic_nearest.f90 execution, -Os
FAIL: gfortran.fortran-torture/execute/intrinsic_pack.f90 execution, -O0
FAIL: gfortran.fortran-torture/execute/intrinsic_pack.f90 execution, -O1
FAIL: gfortran.fortran-torture/execute/intrinsic_pack.f90 execution, -O2
FAIL: gfortran.fortran-torture/execute/intrinsic_pack.f90 execution, -O3 -fomit-frame-pointer
FAIL: gfortran.fortran-torture/execute/intrinsic_pack.f90 execution, -O3 -fomit-frame-pointer -funroll-loops
FAIL: gfortran.fortran-torture/execute/intrinsic_pack.f90 execution, -O3 -fomit-frame-pointer -funroll-all-loops -finline-functions
FAIL: gfortran.fortran-torture/execute/intrinsic_pack.f90 execution, -O3 -g
FAIL: gfortran.fortran-torture/execute/intrinsic_pack.f90 execution, -Os
FAIL: gfortran.fortran-torture/execute/power.f90 execution, -O1
FAIL: gfortran.fortran-torture/execute/power.f90 execution, -O2
FAIL: gfortran.fortran-torture/execute/power.f90 execution, -O3 -fomit-frame-pointer
FAIL: gfortran.fortran-torture/execute/power.f90 execution, -O3 -fomit-frame-pointer -funroll-loops
FAIL: gfortran.fortran-torture/execute/power.f90 execution, -O3 -fomit-frame-pointer -funroll-all-loops -finline-functions
FAIL: gfortran.fortran-torture/execute/power.f90 execution, -O3 -g
FAIL: gfortran.fortran-torture/execute/power.f90 execution, -Os
FAIL: gfortran.fortran-torture/execute/read_eof.f90 execution, -O0
FAIL: gfortran.fortran-torture/execute/read_eof.f90 execution, -O1
FAIL: gfortran.fortran-torture/execute/read_eof.f90 execution, -O2
FAIL: gfortran.fortran-torture/execute/read_eof.f90 execution, -O3 -fomit-frame-pointer
FAIL: gfortran.fortran-torture/execute/read_eof.f90 execution, -O3 -fomit-frame-pointer -funroll-loops
FAIL: gfortran.fortran-torture/execute/read_eof.f90 execution, -O3 -fomit-frame-pointer -funroll-all-loops -finline-functions
FAIL: gfortran.fortran-torture/execute/read_eof.f90 execution, -O3 -g
FAIL: gfortran.fortran-torture/execute/read_eof.f90 execution, -Os
FAIL: gfortran.fortran-torture/execute/seq_io.f90 execution, -O0
FAIL: gfortran.fortran-torture/execute/seq_io.f90 execution, -O1
FAIL: gfortran.fortran-torture/execute/seq_io.f90 execution, -O2
FAIL: gfortran.fortran-torture/execute/seq_io.f90 execution, -O3 -fomit-frame-pointer
FAIL: gfortran.fortran-torture/execute/seq_io.f90 execution, -O3 -fomit-frame-pointer -funroll-loops
FAIL: gfortran.fortran-torture/execute/seq_io.f90 execution, -O3 -fomit-frame-pointer -funroll-all-loops -finline-functions
FAIL: gfortran.fortran-torture/execute/seq_io.f90 execution, -O3 -g
FAIL: gfortran.fortran-torture/execute/seq_io.f90 execution, -Os
=== gfortran Summary ===
# of expected passes 4505
# of unexpected failures 127
# of unexpected successes 8
# of expected failures 19
# of untested testcases 7
# of unsupported tests 8
/opt/build/eric/gcc/gcc/testsuite/../gfortran version 4.0.0 20041019 (experimental)
=== objc tests ===
Running target unix
=== objc Summary ===
# of expected passes 1424
# of unsupported tests 7
/opt/build/eric/gcc/gcc/xgcc version 4.0.0 20041019 (experimental)
=== libffi tests ===
Running target unix
=== libffi Summary ===
# of expected passes 214
# of unsupported tests 2
=== libstdc++ tests ===
Running target unix
XPASS: 22_locale/locale/cons/12658_thread-1.cc execution test
FAIL: 22_locale/time_put/put/wchar_t/1.cc execution test
FAIL: 22_locale/time_put/put/wchar_t/10.cc execution test
FAIL: 22_locale/time_put/put/wchar_t/5.cc execution test
FAIL: 22_locale/time_put/put/wchar_t/9.cc execution test
FAIL: 26_numerics/complex/13450.cc (test for excess errors)
WARNING: 26_numerics/complex/13450.cc compilation failed to produce executable
FAIL: 26_numerics/complex/complex_value.cc (test for excess errors)
WARNING: 26_numerics/complex/complex_value.cc compilation failed to produce executable
FAIL: 26_numerics/complex/pow.cc (test for excess errors)
WARNING: 26_numerics/complex/pow.cc compilation failed to produce executable
WARNING: program timed out.
FAIL: thread/pthread7-rope.cc execution test
=== libstdc++ Summary ===
# of expected passes 2973
# of unexpected failures 8
# of unexpected successes 1
# of expected failures 6
Compiler version: 4.0.0 20041019 (experimental)
Platform: sparc64-sun-solaris2.9
configure flags: sparc64-sun-solaris2.9 --prefix=/opt/build/eric/local/gcc-4.0 --with-gmp=/opt/build/eric/local --with-mpfr=/opt/build/eric/local --enable-checking=assert,misc,tree,rtlflag --disable-multilib --enable-languages=c,c++,f95,java,objc
BOOT_CFLAGS=-g -O2