This is the mail archive of the
gcc-testresults@gcc.gnu.org
mailing list for the GCC project.
Results for 4.0.0 20041015 (experimental) testsuite on mips-sgi-irix6.5
- From: <David dot Billinghurst at riotinto dot com>
- To: <gcc-testresults at gcc dot gnu dot org>
- Date: 16 Oct 2004 07:43:35 +1000
- Subject: Results for 4.0.0 20041015 (experimental) testsuite on mips-sgi-irix6.5
This run on SGI Origin 300 cru300 running IRIX 6.5.22m
Bootstrap compiler gcc (GCC) 3.3.1
Using GNU binutils with -mabi=32 multilib disabled
dejagnu version:
Expect version is 5.40.0
Tcl version is 8.4
Framework version is 1.4.4
LAST_UPDATED: Fri Oct 15 13:07:29 GMT 2004
Native configuration is mips-sgi-irix6.5
=== g++ tests ===
Running target unix
FAIL: g++.dg/abi/inline1.C scan-assembler-not _ZTV1S
UNRESOLVED: g++.dg/ext/visibility/assign1.C
UNRESOLVED: g++.dg/ext/visibility/fvisibility-inlines-hidden.C
UNRESOLVED: g++.dg/ext/visibility/fvisibility-override1.C
UNRESOLVED: g++.dg/ext/visibility/fvisibility-override2.C
UNRESOLVED: g++.dg/ext/visibility/fvisibility.C
UNRESOLVED: g++.dg/ext/visibility/memfuncts.C
UNRESOLVED: g++.dg/ext/visibility/new1.C
UNRESOLVED: g++.dg/ext/visibility/noPLT.C
UNRESOLVED: g++.dg/ext/visibility/pragma-override1.C
UNRESOLVED: g++.dg/ext/visibility/pragma-override2.C
UNRESOLVED: g++.dg/ext/visibility/pragma.C
UNRESOLVED: g++.dg/ext/visibility/staticmemfuncts.C
UNRESOLVED: g++.dg/ext/visibility/virtual.C
UNRESOLVED: g++.dg/ext/visibility/visibility-1.C
UNRESOLVED: g++.dg/ext/visibility/visibility-2.C
UNRESOLVED: g++.dg/ext/visibility/visibility-3.C
UNRESOLVED: g++.dg/ext/visibility/visibility-4.C
UNRESOLVED: g++.dg/ext/visibility/visibility-5.C
UNRESOLVED: g++.dg/ext/visibility/visibility-6.C
UNRESOLVED: g++.dg/ext/visibility/visibility-7.C
UNRESOLVED: g++.dg/ext/visibility/visibility-8.C
XPASS: g++.dg/other/packed1.C execution test
XPASS: g++.dg/rtti/tinfo1.C scan-assembler _ZTIP9CTemplateIhE:
XPASS: g++.dg/rtti/tinfo1.C scan-assembler-not .globl[
\\t]+_ZTIP9CTemplateIhE
XPASS: g++.dg/rtti/tinfo1.C scan-assembler-not
.section[^\\n\\r]*_ZTIP9CTemplateIhE[^\\n\\r]*
FAIL: 102:is -:should be 1
FAIL: g++.dg/gcov/gcov-1.C gcov: 1 failures in line counts, 0 in branch
percentages, 0 in return percentages
FAIL: g++.dg/special/conpr-1.C execution test
FAIL: g++.dg/special/conpr-2.C execution test
FAIL: g++.dg/special/conpr-3.C execution test
FAIL: g++.dg/special/conpr-4.C execution test
FAIL: g++.dg/special/initp1.C execution test
XPASS: g++.old-deja/g++.jason/thunk3.C execution test
WARNING: g++.old-deja/g++.mike/p10769a.C compilation failed to produce
executable
WARNING: g++.old-deja/g++.other/enum5.C compilation failed to produce
executable
WARNING: g++.old-deja/g++.pt/friend44.C compilation failed to produce
executable
=== g++ Summary for unix ===
# of expected passes 10076
# of unexpected failures 8
# of unexpected successes 5
# of expected failures 78
# of unresolved testcases 21
# of unsupported tests 115
Running target unix/-mabi=64
FAIL: g++.dg/abi/inline1.C scan-assembler-not _ZTV1S
UNRESOLVED: g++.dg/ext/visibility/assign1.C
UNRESOLVED: g++.dg/ext/visibility/fvisibility-inlines-hidden.C
UNRESOLVED: g++.dg/ext/visibility/fvisibility-override1.C
UNRESOLVED: g++.dg/ext/visibility/fvisibility-override2.C
UNRESOLVED: g++.dg/ext/visibility/fvisibility.C
UNRESOLVED: g++.dg/ext/visibility/memfuncts.C
UNRESOLVED: g++.dg/ext/visibility/new1.C
UNRESOLVED: g++.dg/ext/visibility/noPLT.C
UNRESOLVED: g++.dg/ext/visibility/pragma-override1.C
UNRESOLVED: g++.dg/ext/visibility/pragma-override2.C
UNRESOLVED: g++.dg/ext/visibility/pragma.C
UNRESOLVED: g++.dg/ext/visibility/staticmemfuncts.C
UNRESOLVED: g++.dg/ext/visibility/virtual.C
UNRESOLVED: g++.dg/ext/visibility/visibility-1.C
UNRESOLVED: g++.dg/ext/visibility/visibility-2.C
UNRESOLVED: g++.dg/ext/visibility/visibility-3.C
UNRESOLVED: g++.dg/ext/visibility/visibility-4.C
UNRESOLVED: g++.dg/ext/visibility/visibility-5.C
UNRESOLVED: g++.dg/ext/visibility/visibility-6.C
UNRESOLVED: g++.dg/ext/visibility/visibility-7.C
UNRESOLVED: g++.dg/ext/visibility/visibility-8.C
XPASS: g++.dg/other/packed1.C execution test
XPASS: g++.dg/rtti/tinfo1.C scan-assembler _ZTIP9CTemplateIhE:
XPASS: g++.dg/rtti/tinfo1.C scan-assembler-not .globl[
\\t]+_ZTIP9CTemplateIhE
XPASS: g++.dg/rtti/tinfo1.C scan-assembler-not
.section[^\\n\\r]*_ZTIP9CTemplateIhE[^\\n\\r]*
FAIL: 102:is -:should be 1
FAIL: g++.dg/gcov/gcov-1.C gcov: 1 failures in line counts, 0 in branch
percentages, 0 in return percentages
FAIL: g++.dg/special/conpr-1.C execution test
FAIL: g++.dg/special/conpr-2.C execution test
FAIL: g++.dg/special/conpr-3.C execution test
FAIL: g++.dg/special/conpr-4.C execution test
FAIL: g++.dg/special/initp1.C execution test
XPASS: g++.old-deja/g++.jason/thunk3.C execution test
WARNING: g++.old-deja/g++.mike/p10769a.C compilation failed to produce
executable
WARNING: g++.old-deja/g++.other/enum5.C compilation failed to produce
executable
WARNING: g++.old-deja/g++.pt/friend44.C compilation failed to produce
executable
=== g++ Summary for unix/-mabi=64 ===
# of expected passes 10076
# of unexpected failures 8
# of unexpected successes 5
# of expected failures 78
# of unresolved testcases 21
# of unsupported tests 115
=== g++ Summary ===
# of expected passes 20152
# of unexpected failures 16
# of unexpected successes 10
# of expected failures 156
# of unresolved testcases 42
# of unsupported tests 230
/disk4/billingd/obj/gcc/gcc/testsuite/../g++ version 4.0.0 20041015
(experimental)
=== gcc tests ===
Running target unix
WARNING: program timed out.
FAIL: gcc.c-torture/compile/20001226-1.c -O3 -g (test for excess errors)
WARNING: program timed out.
FAIL: gcc.c-torture/compile/20001226-1.c -Os (test for excess errors)
XPASS: gcc.c-torture/execute/20020227-1.c
execution, -O3 -fomit-frame-pointer
XPASS: gcc.c-torture/execute/20020227-1.c execution, -O3 -g
WARNING: program timed out.
FAIL: gcc.c-torture/execute/20040307-1.c compilation, -O1
UNRESOLVED: gcc.c-torture/execute/20040307-1.c execution, -O1
WARNING: program timed out.
FAIL: gcc.c-torture/execute/20040307-1.c compilation, -O2
UNRESOLVED: gcc.c-torture/execute/20040307-1.c execution, -O2
WARNING: program timed out.
FAIL: gcc.c-torture/execute/20040307-1.c
compilation, -O3 -fomit-frame-pointer
UNRESOLVED: gcc.c-torture/execute/20040307-1.c
execution, -O3 -fomit-frame-pointer
WARNING: program timed out.
FAIL: gcc.c-torture/execute/20040307-1.c
compilation, -O3 -fomit-frame-pointer -funroll-loops
UNRESOLVED: gcc.c-torture/execute/20040307-1.c
execution, -O3 -fomit-frame-pointer -funroll-loops
WARNING: program timed out.
FAIL: gcc.c-torture/execute/20040307-1.c
compilation, -O3 -fomit-frame-pointer -funroll-all-loops -finline-functio
ns
UNRESOLVED: gcc.c-torture/execute/20040307-1.c
execution, -O3 -fomit-frame-pointer -funroll-all-loops -finline-functions
WARNING: program timed out.
FAIL: gcc.c-torture/execute/20040307-1.c compilation, -O3 -g
UNRESOLVED: gcc.c-torture/execute/20040307-1.c execution, -O3 -g
WARNING: program timed out.
FAIL: gcc.c-torture/execute/20040307-1.c compilation, -Os
UNRESOLVED: gcc.c-torture/execute/20040307-1.c execution, -Os
FAIL: gcc.c-torture/execute/930622-2.c compilation, -O1
UNRESOLVED: gcc.c-torture/execute/930622-2.c execution, -O1
FAIL: gcc.c-torture/execute/930622-2.c compilation, -O2
UNRESOLVED: gcc.c-torture/execute/930622-2.c execution, -O2
FAIL: gcc.c-torture/execute/930622-2.c compilation, -Os
UNRESOLVED: gcc.c-torture/execute/930622-2.c execution, -Os
FAIL: gcc.c-torture/execute/960513-1.c compilation, -O1
UNRESOLVED: gcc.c-torture/execute/960513-1.c execution, -O1
FAIL: gcc.c-torture/execute/960513-1.c compilation, -O2
UNRESOLVED: gcc.c-torture/execute/960513-1.c execution, -O2
FAIL: gcc.c-torture/execute/960513-1.c compilation, -Os
UNRESOLVED: gcc.c-torture/execute/960513-1.c execution, -Os
FAIL: gcc.c-torture/execute/conversion.c compilation, -O1
UNRESOLVED: gcc.c-torture/execute/conversion.c execution, -O1
FAIL: gcc.c-torture/execute/conversion.c compilation, -O2
UNRESOLVED: gcc.c-torture/execute/conversion.c execution, -O2
FAIL: gcc.c-torture/execute/conversion.c compilation, -Os
UNRESOLVED: gcc.c-torture/execute/conversion.c execution, -Os
FAIL: gcc.c-torture/execute/strct-pack-3.c execution, -O1
FAIL: gcc.c-torture/execute/strct-pack-3.c execution, -O2
FAIL: gcc.c-torture/execute/strct-pack-3.c
execution, -O3 -fomit-frame-pointer
FAIL: gcc.c-torture/execute/strct-pack-3.c execution, -O3 -g
FAIL: gcc.c-torture/execute/strct-pack-3.c execution, -Os
FAIL: gcc.c-torture/execute/ieee/mul-subnormal-single-1.c execution, -O0
FAIL: gcc.c-torture/execute/ieee/mul-subnormal-single-1.c execution, -O1
FAIL: gcc.c-torture/execute/ieee/mul-subnormal-single-1.c execution, -O2
FAIL: gcc.c-torture/execute/ieee/mul-subnormal-single-1.c
execution, -O3 -fomit-frame-pointer
FAIL: gcc.c-torture/execute/ieee/mul-subnormal-single-1.c
execution, -O3 -fomit-frame-pointer -funroll-loops
FAIL: gcc.c-torture/execute/ieee/mul-subnormal-single-1.c
execution, -O3 -fomit-frame-pointer -funroll-all-loops -finline-functions
FAIL: gcc.c-torture/execute/ieee/mul-subnormal-single-1.c
execution, -O3 -g
FAIL: gcc.c-torture/execute/ieee/mul-subnormal-single-1.c execution, -Os
FAIL: gcc.dg/compat/struct-layout-1 c_compat_main_tst.o compile
FAIL: gcc.dg/compat/struct-layout-1 c_compat_x_tst.o compile
FAIL: gcc.dg/compat/struct-layout-1 c_compat_y_tst.o compile
UNRESOLVED: gcc.dg/compat/struct-layout-1
c_compat_x_tst.o-c_compat_y_tst.o link
UNRESOLVED: gcc.dg/compat/struct-layout-1
c_compat_x_tst.o-c_compat_y_tst.o execute
WARNING: Could not compile gcc.dg/compat/struct-layout-1 generator
FAIL: gcc.dg/debug/dwarf2/dwarf-die7.c scan-assembler 1.*DW_AT_inline
FAIL: gcc.dg/builtins-2.c (test for excess errors)
FAIL: gcc.dg/builtins-21.c (test for excess errors)
FAIL: gcc.dg/builtins-36.c (test for excess errors)
FAIL: gcc.dg/builtins-40.c (test for excess errors)
FAIL: gcc.dg/builtins-9.c (test for excess errors)
FAIL: gcc.dg/c90-const-expr-3.c (test for excess errors)
FAIL: gcc.dg/c99-const-expr-3.c (test for excess errors)
XPASS: gcc.dg/sibcall-3.c execution test
XPASS: gcc.dg/sibcall-4.c execution test
FAIL: gcc.dg/uninit-H.c (test for bogus messages, line 20)
FAIL: gcc.dg/uninit-H.c (test for excess errors)
UNRESOLVED: gcc.dg/visibility-1.c
UNRESOLVED: gcc.dg/visibility-10.c
UNRESOLVED: gcc.dg/visibility-2.c
UNRESOLVED: gcc.dg/visibility-3.c
UNRESOLVED: gcc.dg/visibility-4.c
UNRESOLVED: gcc.dg/visibility-5.c
UNRESOLVED: gcc.dg/visibility-6.c
UNRESOLVED: gcc.dg/visibility-7.c
UNRESOLVED: gcc.dg/visibility-8.c
UNRESOLVED: gcc.dg/visibility-9.c
UNRESOLVED: gcc.dg/visibility-a.c
FAIL: gcc.dg/noncompile/920507-1.c -O1 (test for excess errors)
FAIL: gcc.dg/noncompile/920507-1.c -O2 (test for excess errors)
FAIL: gcc.dg/noncompile/920507-1.c -O3 -fomit-frame-pointer (test for
excess errors)
FAIL: gcc.dg/noncompile/920507-1.c -O3 -g (test for excess errors)
FAIL: gcc.dg/noncompile/920507-1.c -Os (test for excess errors)
FAIL: gcc.dg/tree-ssa/20040703-1.c scan-tree-dump-times 0.0 0
FAIL: gcc.dg/tree-ssa/ifc-20040816-2.c scan-tree-dump-times Applying
if-conversion 1
FAIL: 96:is -:should be 1
FAIL: gcc.misc-tests/gcov-4.c gcov: 1 failures in line counts, 0 in branch
percentages, 0 in return percentages
=== gcc Summary for unix ===
# of expected passes 30584
# of unexpected failures 53
# of unexpected successes 4
# of expected failures 69
# of unresolved testcases 29
# of untested testcases 28
# of unsupported tests 501
Running target unix/-mabi=64
WARNING: program timed out.
FAIL: gcc.c-torture/compile/20001226-1.c -O2 (test for excess errors)
WARNING: program timed out.
FAIL: gcc.c-torture/compile/20001226-1.c -O3 -fomit-frame-pointer (test
for excess errors)
WARNING: program timed out.
FAIL: gcc.c-torture/compile/20001226-1.c -O3 -g (test for excess errors)
WARNING: program timed out.
FAIL: gcc.c-torture/compile/20001226-1.c -Os (test for excess errors)
XPASS: gcc.c-torture/execute/20020227-1.c
execution, -O3 -fomit-frame-pointer
XPASS: gcc.c-torture/execute/20020227-1.c execution, -O3 -g
WARNING: program timed out.
FAIL: gcc.c-torture/execute/20040307-1.c compilation, -O1
UNRESOLVED: gcc.c-torture/execute/20040307-1.c execution, -O1
WARNING: program timed out.
FAIL: gcc.c-torture/execute/20040307-1.c compilation, -O2
UNRESOLVED: gcc.c-torture/execute/20040307-1.c execution, -O2
WARNING: program timed out.
FAIL: gcc.c-torture/execute/20040307-1.c
compilation, -O3 -fomit-frame-pointer
UNRESOLVED: gcc.c-torture/execute/20040307-1.c
execution, -O3 -fomit-frame-pointer
WARNING: program timed out.
FAIL: gcc.c-torture/execute/20040307-1.c
compilation, -O3 -fomit-frame-pointer -funroll-loops
UNRESOLVED: gcc.c-torture/execute/20040307-1.c
execution, -O3 -fomit-frame-pointer -funroll-loops
WARNING: program timed out.
FAIL: gcc.c-torture/execute/20040307-1.c
compilation, -O3 -fomit-frame-pointer -funroll-all-loops -finline-functio
ns
UNRESOLVED: gcc.c-torture/execute/20040307-1.c
execution, -O3 -fomit-frame-pointer -funroll-all-loops -finline-functions
WARNING: program timed out.
FAIL: gcc.c-torture/execute/20040307-1.c compilation, -O3 -g
UNRESOLVED: gcc.c-torture/execute/20040307-1.c execution, -O3 -g
WARNING: program timed out.
FAIL: gcc.c-torture/execute/20040307-1.c compilation, -Os
UNRESOLVED: gcc.c-torture/execute/20040307-1.c execution, -Os
FAIL: gcc.c-torture/execute/930622-2.c compilation, -O1
UNRESOLVED: gcc.c-torture/execute/930622-2.c execution, -O1
FAIL: gcc.c-torture/execute/930622-2.c compilation, -O2
UNRESOLVED: gcc.c-torture/execute/930622-2.c execution, -O2
FAIL: gcc.c-torture/execute/930622-2.c compilation, -Os
UNRESOLVED: gcc.c-torture/execute/930622-2.c execution, -Os
FAIL: gcc.c-torture/execute/960513-1.c compilation, -O1
UNRESOLVED: gcc.c-torture/execute/960513-1.c execution, -O1
FAIL: gcc.c-torture/execute/960513-1.c compilation, -O2
UNRESOLVED: gcc.c-torture/execute/960513-1.c execution, -O2
FAIL: gcc.c-torture/execute/960513-1.c compilation, -Os
UNRESOLVED: gcc.c-torture/execute/960513-1.c execution, -Os
FAIL: gcc.c-torture/execute/conversion.c compilation, -O1
UNRESOLVED: gcc.c-torture/execute/conversion.c execution, -O1
FAIL: gcc.c-torture/execute/conversion.c compilation, -O2
UNRESOLVED: gcc.c-torture/execute/conversion.c execution, -O2
FAIL: gcc.c-torture/execute/conversion.c compilation, -Os
UNRESOLVED: gcc.c-torture/execute/conversion.c execution, -Os
FAIL: gcc.c-torture/execute/strct-pack-3.c execution, -O1
FAIL: gcc.c-torture/execute/strct-pack-3.c execution, -O2
FAIL: gcc.c-torture/execute/strct-pack-3.c
execution, -O3 -fomit-frame-pointer
FAIL: gcc.c-torture/execute/strct-pack-3.c execution, -O3 -g
FAIL: gcc.c-torture/execute/strct-pack-3.c execution, -Os
FAIL: gcc.c-torture/execute/ieee/mul-subnormal-single-1.c execution, -O0
FAIL: gcc.c-torture/execute/ieee/mul-subnormal-single-1.c execution, -O1
FAIL: gcc.c-torture/execute/ieee/mul-subnormal-single-1.c execution, -O2
FAIL: gcc.c-torture/execute/ieee/mul-subnormal-single-1.c
execution, -O3 -fomit-frame-pointer
FAIL: gcc.c-torture/execute/ieee/mul-subnormal-single-1.c
execution, -O3 -fomit-frame-pointer -funroll-loops
FAIL: gcc.c-torture/execute/ieee/mul-subnormal-single-1.c
execution, -O3 -fomit-frame-pointer -funroll-all-loops -finline-functions
FAIL: gcc.c-torture/execute/ieee/mul-subnormal-single-1.c
execution, -O3 -g
FAIL: gcc.c-torture/execute/ieee/mul-subnormal-single-1.c execution, -Os
FAIL: gcc.dg/compat/struct-layout-1 c_compat_main_tst.o compile
FAIL: gcc.dg/compat/struct-layout-1 c_compat_x_tst.o compile
FAIL: gcc.dg/compat/struct-layout-1 c_compat_y_tst.o compile
UNRESOLVED: gcc.dg/compat/struct-layout-1
c_compat_x_tst.o-c_compat_y_tst.o link
UNRESOLVED: gcc.dg/compat/struct-layout-1
c_compat_x_tst.o-c_compat_y_tst.o execute
WARNING: Could not compile gcc.dg/compat/struct-layout-1 generator
FAIL: gcc.dg/debug/dwarf2/dwarf-die7.c scan-assembler 1.*DW_AT_inline
FAIL: gcc.dg/builtins-2.c (test for excess errors)
FAIL: gcc.dg/builtins-21.c (test for excess errors)
FAIL: gcc.dg/builtins-36.c (test for excess errors)
FAIL: gcc.dg/builtins-40.c (test for excess errors)
FAIL: gcc.dg/builtins-9.c (test for excess errors)
FAIL: gcc.dg/c90-const-expr-3.c (test for excess errors)
FAIL: gcc.dg/c99-const-expr-3.c (test for excess errors)
XPASS: gcc.dg/sibcall-3.c execution test
XPASS: gcc.dg/sibcall-4.c execution test
FAIL: gcc.dg/uninit-H.c (test for bogus messages, line 20)
FAIL: gcc.dg/uninit-H.c (test for excess errors)
UNRESOLVED: gcc.dg/visibility-1.c
UNRESOLVED: gcc.dg/visibility-10.c
UNRESOLVED: gcc.dg/visibility-2.c
UNRESOLVED: gcc.dg/visibility-3.c
UNRESOLVED: gcc.dg/visibility-4.c
UNRESOLVED: gcc.dg/visibility-5.c
UNRESOLVED: gcc.dg/visibility-6.c
UNRESOLVED: gcc.dg/visibility-7.c
UNRESOLVED: gcc.dg/visibility-8.c
UNRESOLVED: gcc.dg/visibility-9.c
UNRESOLVED: gcc.dg/visibility-a.c
FAIL: gcc.dg/tree-ssa/20040703-1.c scan-tree-dump-times 0.0 0
FAIL: gcc.dg/tree-ssa/ifc-20040816-2.c scan-tree-dump-times Applying
if-conversion 1
FAIL: 96:is -:should be 1
FAIL: gcc.misc-tests/gcov-4.c gcov: 1 failures in line counts, 0 in branch
percentages, 0 in return percentages
=== gcc Summary for unix/-mabi=64 ===
# of expected passes 30587
# of unexpected failures 50
# of unexpected successes 4
# of expected failures 69
# of unresolved testcases 29
# of untested testcases 28
# of unsupported tests 501
=== gcc Summary ===
# of expected passes 61171
# of unexpected failures 103
# of unexpected successes 8
# of expected failures 138
# of unresolved testcases 58
# of untested testcases 56
# of unsupported tests 1002
/disk4/billingd/obj/gcc/gcc/xgcc version 4.0.0 20041015 (experimental)
=== gfortran tests ===
Running target unix
XPASS: gfortran.dg/ret_pointer_1.f90 -O0 execution test
XPASS: gfortran.dg/ret_pointer_1.f90 -O1 execution test
XPASS: gfortran.dg/ret_pointer_1.f90 -O2 execution test
XPASS: gfortran.dg/ret_pointer_1.f90 -O3 -fomit-frame-pointer execution
test
XPASS:
gfortran.dg/ret_pointer_1.f90 -O3 -fomit-frame-pointer -funroll-loops
execution test
XPASS:
gfortran.dg/ret_pointer_1.f90 -O3 -fomit-frame-pointer -funroll-all-loops
-finline-functions execution test
XPASS: gfortran.dg/ret_pointer_1.f90 -O3 -g execution test
XPASS: gfortran.dg/ret_pointer_1.f90 -Os execution test
FAIL: gfortran.dg/g77/980628-0.f -O0 execution test
FAIL: gfortran.dg/g77/980628-0.f -O1 execution test
FAIL: gfortran.dg/g77/980628-0.f -O2 execution test
FAIL: gfortran.dg/g77/980628-0.f -O3 -fomit-frame-pointer execution test
FAIL: gfortran.dg/g77/980628-0.f -O3 -fomit-frame-pointer -funroll-loops
execution test
FAIL:
gfortran.dg/g77/980628-0.f -O3 -fomit-frame-pointer -funroll-all-loops -f
inline-functions execution test
FAIL: gfortran.dg/g77/980628-0.f -O3 -g execution test
FAIL: gfortran.dg/g77/980628-0.f -Os execution test
FAIL: gfortran.dg/g77/980628-1.f -O0 execution test
FAIL: gfortran.dg/g77/980628-1.f -O1 execution test
FAIL: gfortran.dg/g77/980628-1.f -O2 execution test
FAIL: gfortran.dg/g77/980628-1.f -O3 -fomit-frame-pointer execution test
FAIL: gfortran.dg/g77/980628-1.f -O3 -fomit-frame-pointer -funroll-loops
execution test
FAIL:
gfortran.dg/g77/980628-1.f -O3 -fomit-frame-pointer -funroll-all-loops -f
inline-functions execution test
FAIL: gfortran.dg/g77/980628-1.f -O3 -g execution test
FAIL: gfortran.dg/g77/980628-1.f -Os execution test
FAIL: gfortran.dg/g77/980628-10.f -O0 execution test
FAIL: gfortran.dg/g77/980628-10.f -O1 execution test
FAIL: gfortran.dg/g77/980628-10.f -O2 execution test
FAIL: gfortran.dg/g77/980628-10.f -O3 -fomit-frame-pointer execution
test
FAIL: gfortran.dg/g77/980628-10.f -O3 -fomit-frame-pointer -funroll-loops
execution test
FAIL:
gfortran.dg/g77/980628-10.f -O3 -fomit-frame-pointer -funroll-all-loops -
finline-functions execution test
FAIL: gfortran.dg/g77/980628-10.f -O3 -g execution test
FAIL: gfortran.dg/g77/980628-10.f -Os execution test
FAIL: gfortran.dg/g77/980628-2.f -O0 execution test
FAIL: gfortran.dg/g77/980628-2.f -O1 execution test
FAIL: gfortran.dg/g77/980628-2.f -O2 execution test
FAIL: gfortran.dg/g77/980628-2.f -O3 -fomit-frame-pointer execution test
FAIL: gfortran.dg/g77/980628-2.f -O3 -fomit-frame-pointer -funroll-loops
execution test
FAIL:
gfortran.dg/g77/980628-2.f -O3 -fomit-frame-pointer -funroll-all-loops -f
inline-functions execution test
FAIL: gfortran.dg/g77/980628-2.f -O3 -g execution test
FAIL: gfortran.dg/g77/980628-2.f -Os execution test
FAIL: gfortran.dg/g77/980628-3.f -O0 execution test
FAIL: gfortran.dg/g77/980628-3.f -O1 execution test
FAIL: gfortran.dg/g77/980628-3.f -O2 execution test
FAIL: gfortran.dg/g77/980628-3.f -O3 -fomit-frame-pointer execution test
FAIL: gfortran.dg/g77/980628-3.f -O3 -fomit-frame-pointer -funroll-loops
execution test
FAIL:
gfortran.dg/g77/980628-3.f -O3 -fomit-frame-pointer -funroll-all-loops -f
inline-functions execution test
FAIL: gfortran.dg/g77/980628-3.f -O3 -g execution test
FAIL: gfortran.dg/g77/980628-3.f -Os execution test
FAIL: gfortran.dg/g77/980628-7.f -O0 execution test
FAIL: gfortran.dg/g77/980628-7.f -O1 execution test
FAIL: gfortran.dg/g77/980628-7.f -O2 execution test
FAIL: gfortran.dg/g77/980628-7.f -O3 -fomit-frame-pointer execution test
FAIL: gfortran.dg/g77/980628-7.f -O3 -fomit-frame-pointer -funroll-loops
execution test
FAIL:
gfortran.dg/g77/980628-7.f -O3 -fomit-frame-pointer -funroll-all-loops -f
inline-functions execution test
FAIL: gfortran.dg/g77/980628-7.f -O3 -g execution test
FAIL: gfortran.dg/g77/980628-7.f -Os execution test
FAIL: gfortran.dg/g77/980628-8.f -O0 execution test
FAIL: gfortran.dg/g77/980628-8.f -O1 execution test
FAIL: gfortran.dg/g77/980628-8.f -O2 execution test
FAIL: gfortran.dg/g77/980628-8.f -O3 -fomit-frame-pointer execution test
FAIL: gfortran.dg/g77/980628-8.f -O3 -fomit-frame-pointer -funroll-loops
execution test
FAIL:
gfortran.dg/g77/980628-8.f -O3 -fomit-frame-pointer -funroll-all-loops -f
inline-functions execution test
FAIL: gfortran.dg/g77/980628-8.f -O3 -g execution test
FAIL: gfortran.dg/g77/980628-8.f -Os execution test
FAIL: gfortran.dg/g77/980628-9.f -O0 execution test
FAIL: gfortran.dg/g77/980628-9.f -O1 execution test
FAIL: gfortran.dg/g77/980628-9.f -O2 execution test
FAIL: gfortran.dg/g77/980628-9.f -O3 -fomit-frame-pointer execution test
FAIL: gfortran.dg/g77/980628-9.f -O3 -fomit-frame-pointer -funroll-loops
execution test
FAIL:
gfortran.dg/g77/980628-9.f -O3 -fomit-frame-pointer -funroll-all-loops -f
inline-functions execution test
FAIL: gfortran.dg/g77/980628-9.f -O3 -g execution test
FAIL: gfortran.dg/g77/980628-9.f -Os execution test
FAIL: gfortran.fortran-torture/execute/emptyif.f90 compilation, -O1
FAIL: gfortran.fortran-torture/execute/emptyif.f90 compilation, -O2
FAIL: gfortran.fortran-torture/execute/emptyif.f90
compilation, -O3 -fomit-frame-pointer
FAIL: gfortran.fortran-torture/execute/emptyif.f90
compilation, -O3 -fomit-frame-pointer -funroll-loops
FAIL: gfortran.fortran-torture/execute/emptyif.f90
compilation, -O3 -fomit-frame-pointer -funroll-all-loops -finline-functio
ns
FAIL: gfortran.fortran-torture/execute/emptyif.f90 compilation, -O3 -g
FAIL: gfortran.fortran-torture/execute/emptyif.f90 compilation, -Os
FAIL: gfortran.fortran-torture/execute/forall_3.f90 execution, -O1
FAIL: gfortran.fortran-torture/execute/forall_3.f90 execution, -O2
FAIL: gfortran.fortran-torture/execute/forall_3.f90
execution, -O3 -fomit-frame-pointer
FAIL: gfortran.fortran-torture/execute/forall_3.f90
execution, -O3 -fomit-frame-pointer -funroll-loops
FAIL: gfortran.fortran-torture/execute/forall_3.f90
execution, -O3 -fomit-frame-pointer -funroll-all-loops -finline-functions
FAIL: gfortran.fortran-torture/execute/forall_3.f90 execution, -O3 -g
FAIL: gfortran.fortran-torture/execute/forall_3.f90 execution, -Os
FAIL: gfortran.fortran-torture/execute/intrinsic_abs.f90 execution, -O0
FAIL: gfortran.fortran-torture/execute/intrinsic_abs.f90 execution, -O1
FAIL: gfortran.fortran-torture/execute/intrinsic_abs.f90 execution, -O2
FAIL: gfortran.fortran-torture/execute/intrinsic_abs.f90
execution, -O3 -fomit-frame-pointer
FAIL: gfortran.fortran-torture/execute/intrinsic_abs.f90
execution, -O3 -fomit-frame-pointer -funroll-loops
FAIL: gfortran.fortran-torture/execute/intrinsic_abs.f90
execution, -O3 -fomit-frame-pointer -funroll-all-loops -finline-functions
FAIL: gfortran.fortran-torture/execute/intrinsic_abs.f90
execution, -O3 -g
FAIL: gfortran.fortran-torture/execute/intrinsic_abs.f90 execution, -Os
FAIL: gfortran.fortran-torture/execute/read_eof.f90 execution, -O0
FAIL: gfortran.fortran-torture/execute/read_eof.f90 execution, -O1
FAIL: gfortran.fortran-torture/execute/read_eof.f90 execution, -O2
FAIL: gfortran.fortran-torture/execute/read_eof.f90
execution, -O3 -fomit-frame-pointer
FAIL: gfortran.fortran-torture/execute/read_eof.f90
execution, -O3 -fomit-frame-pointer -funroll-loops
FAIL: gfortran.fortran-torture/execute/read_eof.f90
execution, -O3 -fomit-frame-pointer -funroll-all-loops -finline-functions
FAIL: gfortran.fortran-torture/execute/read_eof.f90 execution, -O3 -g
FAIL: gfortran.fortran-torture/execute/read_eof.f90 execution, -Os
FAIL: gfortran.fortran-torture/execute/seq_io.f90 execution, -O0
FAIL: gfortran.fortran-torture/execute/seq_io.f90 execution, -O1
FAIL: gfortran.fortran-torture/execute/seq_io.f90 execution, -O2
FAIL: gfortran.fortran-torture/execute/seq_io.f90
execution, -O3 -fomit-frame-pointer
FAIL: gfortran.fortran-torture/execute/seq_io.f90
execution, -O3 -fomit-frame-pointer -funroll-loops
FAIL: gfortran.fortran-torture/execute/seq_io.f90
execution, -O3 -fomit-frame-pointer -funroll-all-loops -finline-functions
FAIL: gfortran.fortran-torture/execute/seq_io.f90 execution, -O3 -g
FAIL: gfortran.fortran-torture/execute/seq_io.f90 execution, -Os
=== gfortran Summary for unix ===
# of expected passes 4522
# of unexpected failures 102
# of unexpected successes 8
# of expected failures 27
# of untested testcases 7
# of unsupported tests 8
Running target unix/-mabi=64
FAIL: gfortran.dg/der_array_1.f90 -O0 execution test
FAIL: gfortran.dg/der_array_1.f90 -O1 execution test
FAIL: gfortran.dg/der_array_1.f90 -O2 execution test
FAIL: gfortran.dg/der_array_1.f90 -O3 -fomit-frame-pointer execution
test
FAIL: gfortran.dg/der_array_1.f90 -O3 -fomit-frame-pointer -funroll-loops
execution test
FAIL:
gfortran.dg/der_array_1.f90 -O3 -fomit-frame-pointer -funroll-all-loops -
finline-functions execution test
FAIL: gfortran.dg/der_array_1.f90 -O3 -g execution test
FAIL: gfortran.dg/der_array_1.f90 -Os execution test
FAIL: gfortran.dg/func_derived_1.f90 -O0 execution test
FAIL: gfortran.dg/func_derived_1.f90 -O1 execution test
FAIL: gfortran.dg/func_derived_1.f90 -O2 execution test
FAIL: gfortran.dg/func_derived_1.f90 -O3 -fomit-frame-pointer execution
test
FAIL:
gfortran.dg/func_derived_1.f90 -O3 -fomit-frame-pointer -funroll-loops
execution test
FAIL:
gfortran.dg/func_derived_1.f90 -O3 -fomit-frame-pointer -funroll-all-loop
s -finline-functions execution test
FAIL: gfortran.dg/func_derived_1.f90 -O3 -g execution test
FAIL: gfortran.dg/func_derived_1.f90 -Os execution test
XPASS: gfortran.dg/ret_pointer_1.f90 -O0 execution test
XPASS: gfortran.dg/ret_pointer_1.f90 -O1 execution test
XPASS: gfortran.dg/ret_pointer_1.f90 -O2 execution test
XPASS: gfortran.dg/ret_pointer_1.f90 -O3 -fomit-frame-pointer execution
test
XPASS:
gfortran.dg/ret_pointer_1.f90 -O3 -fomit-frame-pointer -funroll-loops
execution test
XPASS:
gfortran.dg/ret_pointer_1.f90 -O3 -fomit-frame-pointer -funroll-all-loops
-finline-functions execution test
XPASS: gfortran.dg/ret_pointer_1.f90 -O3 -g execution test
XPASS: gfortran.dg/ret_pointer_1.f90 -Os execution test
FAIL: gfortran.dg/g77/980628-0.f -O0 execution test
FAIL: gfortran.dg/g77/980628-0.f -O1 execution test
FAIL: gfortran.dg/g77/980628-0.f -O2 execution test
FAIL: gfortran.dg/g77/980628-0.f -O3 -fomit-frame-pointer execution test
FAIL: gfortran.dg/g77/980628-0.f -O3 -fomit-frame-pointer -funroll-loops
execution test
FAIL:
gfortran.dg/g77/980628-0.f -O3 -fomit-frame-pointer -funroll-all-loops -f
inline-functions execution test
FAIL: gfortran.dg/g77/980628-0.f -O3 -g execution test
FAIL: gfortran.dg/g77/980628-0.f -Os execution test
FAIL: gfortran.dg/g77/980628-1.f -O0 execution test
FAIL: gfortran.dg/g77/980628-1.f -O1 execution test
FAIL: gfortran.dg/g77/980628-1.f -O2 execution test
FAIL: gfortran.dg/g77/980628-1.f -O3 -fomit-frame-pointer execution test
FAIL: gfortran.dg/g77/980628-1.f -O3 -fomit-frame-pointer -funroll-loops
execution test
FAIL:
gfortran.dg/g77/980628-1.f -O3 -fomit-frame-pointer -funroll-all-loops -f
inline-functions execution test
FAIL: gfortran.dg/g77/980628-1.f -O3 -g execution test
FAIL: gfortran.dg/g77/980628-1.f -Os execution test
FAIL: gfortran.dg/g77/980628-10.f -O0 execution test
FAIL: gfortran.dg/g77/980628-10.f -O1 execution test
FAIL: gfortran.dg/g77/980628-10.f -O2 execution test
FAIL: gfortran.dg/g77/980628-10.f -O3 -fomit-frame-pointer execution
test
FAIL: gfortran.dg/g77/980628-10.f -O3 -fomit-frame-pointer -funroll-loops
execution test
FAIL:
gfortran.dg/g77/980628-10.f -O3 -fomit-frame-pointer -funroll-all-loops -
finline-functions execution test
FAIL: gfortran.dg/g77/980628-10.f -O3 -g execution test
FAIL: gfortran.dg/g77/980628-10.f -Os execution test
FAIL: gfortran.dg/g77/980628-2.f -O0 execution test
FAIL: gfortran.dg/g77/980628-2.f -O1 execution test
FAIL: gfortran.dg/g77/980628-2.f -O2 execution test
FAIL: gfortran.dg/g77/980628-2.f -O3 -fomit-frame-pointer execution test
FAIL: gfortran.dg/g77/980628-2.f -O3 -fomit-frame-pointer -funroll-loops
execution test
FAIL:
gfortran.dg/g77/980628-2.f -O3 -fomit-frame-pointer -funroll-all-loops -f
inline-functions execution test
FAIL: gfortran.dg/g77/980628-2.f -O3 -g execution test
FAIL: gfortran.dg/g77/980628-2.f -Os execution test
FAIL: gfortran.dg/g77/980628-3.f -O0 execution test
FAIL: gfortran.dg/g77/980628-3.f -O1 execution test
FAIL: gfortran.dg/g77/980628-3.f -O2 execution test
FAIL: gfortran.dg/g77/980628-3.f -O3 -fomit-frame-pointer execution test
FAIL: gfortran.dg/g77/980628-3.f -O3 -fomit-frame-pointer -funroll-loops
execution test
FAIL:
gfortran.dg/g77/980628-3.f -O3 -fomit-frame-pointer -funroll-all-loops -f
inline-functions execution test
FAIL: gfortran.dg/g77/980628-3.f -O3 -g execution test
FAIL: gfortran.dg/g77/980628-3.f -Os execution test
FAIL: gfortran.dg/g77/980628-7.f -O0 execution test
FAIL: gfortran.dg/g77/980628-7.f -O1 execution test
FAIL: gfortran.dg/g77/980628-7.f -O2 execution test
FAIL: gfortran.dg/g77/980628-7.f -O3 -fomit-frame-pointer execution test
FAIL: gfortran.dg/g77/980628-7.f -O3 -fomit-frame-pointer -funroll-loops
execution test
FAIL:
gfortran.dg/g77/980628-7.f -O3 -fomit-frame-pointer -funroll-all-loops -f
inline-functions execution test
FAIL: gfortran.dg/g77/980628-7.f -O3 -g execution test
FAIL: gfortran.dg/g77/980628-7.f -Os execution test
FAIL: gfortran.dg/g77/980628-8.f -O0 execution test
FAIL: gfortran.dg/g77/980628-8.f -O1 execution test
FAIL: gfortran.dg/g77/980628-8.f -O2 execution test
FAIL: gfortran.dg/g77/980628-8.f -O3 -fomit-frame-pointer execution test
FAIL: gfortran.dg/g77/980628-8.f -O3 -fomit-frame-pointer -funroll-loops
execution test
FAIL:
gfortran.dg/g77/980628-8.f -O3 -fomit-frame-pointer -funroll-all-loops -f
inline-functions execution test
FAIL: gfortran.dg/g77/980628-8.f -O3 -g execution test
FAIL: gfortran.dg/g77/980628-8.f -Os execution test
FAIL: gfortran.dg/g77/980628-9.f -O0 execution test
FAIL: gfortran.dg/g77/980628-9.f -O1 execution test
FAIL: gfortran.dg/g77/980628-9.f -O2 execution test
FAIL: gfortran.dg/g77/980628-9.f -O3 -fomit-frame-pointer execution test
FAIL: gfortran.dg/g77/980628-9.f -O3 -fomit-frame-pointer -funroll-loops
execution test
FAIL:
gfortran.dg/g77/980628-9.f -O3 -fomit-frame-pointer -funroll-all-loops -f
inline-functions execution test
FAIL: gfortran.dg/g77/980628-9.f -O3 -g execution test
FAIL: gfortran.dg/g77/980628-9.f -Os execution test
FAIL: gfortran.fortran-torture/execute/direct_io.f90 execution, -O0
FAIL: gfortran.fortran-torture/execute/direct_io.f90 execution, -O1
FAIL: gfortran.fortran-torture/execute/direct_io.f90 execution, -O2
FAIL: gfortran.fortran-torture/execute/direct_io.f90
execution, -O3 -fomit-frame-pointer
FAIL: gfortran.fortran-torture/execute/direct_io.f90
execution, -O3 -fomit-frame-pointer -funroll-loops
FAIL: gfortran.fortran-torture/execute/direct_io.f90
execution, -O3 -fomit-frame-pointer -funroll-all-loops -finline-functions
FAIL: gfortran.fortran-torture/execute/direct_io.f90 execution, -O3 -g
FAIL: gfortran.fortran-torture/execute/direct_io.f90 execution, -Os
FAIL: gfortran.fortran-torture/execute/emptyif.f90 compilation, -O1
FAIL: gfortran.fortran-torture/execute/emptyif.f90 compilation, -O2
FAIL: gfortran.fortran-torture/execute/emptyif.f90
compilation, -O3 -fomit-frame-pointer
FAIL: gfortran.fortran-torture/execute/emptyif.f90
compilation, -O3 -fomit-frame-pointer -funroll-loops
FAIL: gfortran.fortran-torture/execute/emptyif.f90
compilation, -O3 -fomit-frame-pointer -funroll-all-loops -finline-functio
ns
FAIL: gfortran.fortran-torture/execute/emptyif.f90 compilation, -O3 -g
FAIL: gfortran.fortran-torture/execute/emptyif.f90 compilation, -Os
FAIL: gfortran.fortran-torture/execute/forall_3.f90 execution, -O0
FAIL: gfortran.fortran-torture/execute/forall_3.f90 execution, -O1
FAIL: gfortran.fortran-torture/execute/forall_3.f90 execution, -O2
FAIL: gfortran.fortran-torture/execute/forall_3.f90
execution, -O3 -fomit-frame-pointer
FAIL: gfortran.fortran-torture/execute/forall_3.f90
execution, -O3 -fomit-frame-pointer -funroll-loops
FAIL: gfortran.fortran-torture/execute/forall_3.f90
execution, -O3 -fomit-frame-pointer -funroll-all-loops -finline-functions
FAIL: gfortran.fortran-torture/execute/forall_3.f90 execution, -O3 -g
FAIL: gfortran.fortran-torture/execute/forall_3.f90 execution, -Os
FAIL: gfortran.fortran-torture/execute/inquire_3.f90 execution, -O0
FAIL: gfortran.fortran-torture/execute/inquire_3.f90 execution, -O1
FAIL: gfortran.fortran-torture/execute/inquire_3.f90 execution, -O2
FAIL: gfortran.fortran-torture/execute/inquire_3.f90
execution, -O3 -fomit-frame-pointer
FAIL: gfortran.fortran-torture/execute/inquire_3.f90
execution, -O3 -fomit-frame-pointer -funroll-loops
FAIL: gfortran.fortran-torture/execute/inquire_3.f90
execution, -O3 -fomit-frame-pointer -funroll-all-loops -finline-functions
FAIL: gfortran.fortran-torture/execute/inquire_3.f90 execution, -O3 -g
FAIL: gfortran.fortran-torture/execute/inquire_3.f90 execution, -Os
FAIL: gfortran.fortran-torture/execute/inquire_4.f90 execution, -O0
FAIL: gfortran.fortran-torture/execute/inquire_4.f90 execution, -O1
FAIL: gfortran.fortran-torture/execute/inquire_4.f90 execution, -O2
FAIL: gfortran.fortran-torture/execute/inquire_4.f90
execution, -O3 -fomit-frame-pointer
FAIL: gfortran.fortran-torture/execute/inquire_4.f90
execution, -O3 -fomit-frame-pointer -funroll-loops
FAIL: gfortran.fortran-torture/execute/inquire_4.f90
execution, -O3 -fomit-frame-pointer -funroll-all-loops -finline-functions
FAIL: gfortran.fortran-torture/execute/inquire_4.f90 execution, -O3 -g
FAIL: gfortran.fortran-torture/execute/inquire_4.f90 execution, -Os
FAIL: gfortran.fortran-torture/execute/intrinsic_abs.f90 execution, -O0
FAIL: gfortran.fortran-torture/execute/intrinsic_abs.f90 execution, -O1
FAIL: gfortran.fortran-torture/execute/intrinsic_abs.f90 execution, -O2
FAIL: gfortran.fortran-torture/execute/intrinsic_abs.f90
execution, -O3 -fomit-frame-pointer
FAIL: gfortran.fortran-torture/execute/intrinsic_abs.f90
execution, -O3 -fomit-frame-pointer -funroll-loops
FAIL: gfortran.fortran-torture/execute/intrinsic_abs.f90
execution, -O3 -fomit-frame-pointer -funroll-all-loops -finline-functions
FAIL: gfortran.fortran-torture/execute/intrinsic_abs.f90
execution, -O3 -g
FAIL: gfortran.fortran-torture/execute/intrinsic_abs.f90 execution, -Os
FAIL: gfortran.fortran-torture/execute/intrinsic_pack.f90 execution, -O0
FAIL: gfortran.fortran-torture/execute/intrinsic_pack.f90 execution, -O1
FAIL: gfortran.fortran-torture/execute/intrinsic_pack.f90 execution, -O2
FAIL: gfortran.fortran-torture/execute/intrinsic_pack.f90
execution, -O3 -fomit-frame-pointer
FAIL: gfortran.fortran-torture/execute/intrinsic_pack.f90
execution, -O3 -fomit-frame-pointer -funroll-loops
FAIL: gfortran.fortran-torture/execute/intrinsic_pack.f90
execution, -O3 -fomit-frame-pointer -funroll-all-loops -finline-functions
FAIL: gfortran.fortran-torture/execute/intrinsic_pack.f90
execution, -O3 -g
FAIL: gfortran.fortran-torture/execute/intrinsic_pack.f90 execution, -Os
FAIL: gfortran.fortran-torture/execute/read_eof.f90 execution, -O0
FAIL: gfortran.fortran-torture/execute/read_eof.f90 execution, -O1
FAIL: gfortran.fortran-torture/execute/read_eof.f90 execution, -O2
FAIL: gfortran.fortran-torture/execute/read_eof.f90
execution, -O3 -fomit-frame-pointer
FAIL: gfortran.fortran-torture/execute/read_eof.f90
execution, -O3 -fomit-frame-pointer -funroll-loops
FAIL: gfortran.fortran-torture/execute/read_eof.f90
execution, -O3 -fomit-frame-pointer -funroll-all-loops -finline-functions
FAIL: gfortran.fortran-torture/execute/read_eof.f90 execution, -O3 -g
FAIL: gfortran.fortran-torture/execute/read_eof.f90 execution, -Os
FAIL: gfortran.fortran-torture/execute/seq_io.f90 execution, -O0
FAIL: gfortran.fortran-torture/execute/seq_io.f90 execution, -O1
FAIL: gfortran.fortran-torture/execute/seq_io.f90 execution, -O2
FAIL: gfortran.fortran-torture/execute/seq_io.f90
execution, -O3 -fomit-frame-pointer
FAIL: gfortran.fortran-torture/execute/seq_io.f90
execution, -O3 -fomit-frame-pointer -funroll-loops
FAIL: gfortran.fortran-torture/execute/seq_io.f90
execution, -O3 -fomit-frame-pointer -funroll-all-loops -finline-functions
FAIL: gfortran.fortran-torture/execute/seq_io.f90 execution, -O3 -g
FAIL: gfortran.fortran-torture/execute/seq_io.f90 execution, -Os
=== gfortran Summary for unix/-mabi=64 ===
# of expected passes 4473
# of unexpected failures 151
# of unexpected successes 8
# of expected failures 27
# of untested testcases 7
# of unsupported tests 8
=== gfortran Summary ===
# of expected passes 8995
# of unexpected failures 253
# of unexpected successes 16
# of expected failures 54
# of untested testcases 14
# of unsupported tests 16
/disk4/billingd/obj/gcc/gcc/testsuite/../gfortran version 4.0.0 20041015
(experimental)
=== objc tests ===
Running target unix
=== objc Summary for unix ===
# of expected passes 1421
# of unsupported tests 7
Running target unix/-mabi=64
=== objc Summary for unix/-mabi=64 ===
# of expected passes 1421
# of unsupported tests 7
=== objc Summary ===
# of expected passes 2842
# of unsupported tests 14
/disk4/billingd/obj/gcc/gcc/xgcc version 4.0.0 20041015 (experimental)
=== libstdc++ tests ===
Running target unix
FAIL: 21_strings/basic_string/inserters_extractors/wchar_t/1.cc execution
test
FAIL: 21_strings/basic_string/inserters_extractors/wchar_t/11.cc execution
test
FAIL: 21_strings/basic_string/inserters_extractors/wchar_t/5.cc execution
test
FAIL: 22_locale/ctype/cons/char/1.cc execution test
FAIL: 22_locale/ctype/is/wchar_t/1.cc execution test
FAIL: 22_locale/ctype/scan/wchar_t/1.cc execution test
FAIL: 22_locale/money_get/get/wchar_t/19.cc execution test
FAIL: 22_locale/money_get/get/wchar_t/8.cc execution test
FAIL: 22_locale/num_put/put/char/14220.cc execution test
FAIL: 22_locale/num_put/put/wchar_t/14220.cc execution test
FAIL: 26_numerics/complex/13450.cc (test for excess errors)
WARNING: 26_numerics/complex/13450.cc compilation failed to produce
executable
FAIL: 27_io/basic_ostream/inserters_arithmetic/char/4402.cc execution test
=== libstdc++ Summary for unix ===
# of expected passes 2945
# of unexpected failures 12
# of expected failures 5
Running target unix/-mabi=64
FAIL: 21_strings/basic_string/inserters_extractors/wchar_t/1.cc execution
test
FAIL: 21_strings/basic_string/inserters_extractors/wchar_t/11.cc execution
test
FAIL: 21_strings/basic_string/inserters_extractors/wchar_t/5.cc execution
test
FAIL: 22_locale/ctype/cons/char/1.cc execution test
FAIL: 22_locale/ctype/is/wchar_t/1.cc execution test
FAIL: 22_locale/ctype/scan/wchar_t/1.cc execution test
FAIL: 22_locale/money_get/get/wchar_t/19.cc execution test
FAIL: 22_locale/money_get/get/wchar_t/8.cc execution test
FAIL: 22_locale/num_put/put/char/14220.cc execution test
FAIL: 22_locale/num_put/put/wchar_t/14220.cc execution test
FAIL: 26_numerics/complex/13450.cc (test for excess errors)
WARNING: 26_numerics/complex/13450.cc compilation failed to produce
executable
FAIL: 27_io/basic_ostream/inserters_arithmetic/char/4402.cc execution test
=== libstdc++ Summary for unix/-mabi=64 ===
# of expected passes 2945
# of unexpected failures 12
# of expected failures 5
=== libstdc++ Summary ===
# of expected passes 5890
# of unexpected failures 24
# of expected failures 10
Compiler version: 4.0.0 20041015 (experimental)
Platform: mips-sgi-irix6.5
configure
flags: --enable-shared --enable-haifa --enable-threads=single --enable-lib
java --with-as=/disk4/billingd/tmp/binutils/bin/as --disable-nls --with-gm
p=/usr/local --disable-libmudflap --prefix=/disk4/billingd/tmp/gcc --enabl
e-languages=c,c++,f95,java,objc
Counting all warnings,
there are 23 warnings in stage3 of this bootstrap.
Number of warnings per file:
13 gcc/config/mips/mips.md
4 /usr/local/share/bison/bison.simple
3 gcc/gcc.c
2 gcc/objc/lang-specs.h
1 gcc/java/jvspec.c
Number of warning types:
7 operand 1 missing mode?
5 operand 0 missing mode?
2 old-style function definition
2 label 'yyoverflowlab' defined but not used
1 string length '844' is greater than the length '509' ISO C89
compilers are required to support
1 string length '829' is greater than the length '509' ISO C89
compilers are required to support
1 string length '819' is greater than the length '509' ISO C89
compilers are required to support
1 string length '783' is greater than the length '509' ISO C89
compilers are required to support
1 string length '608' is greater than the length '509' ISO C89
compilers are required to support
1 string length '603' is greater than the length '509' ISO C89
compilers are required to support
1 source missing a mode?
NOTICE
This e-mail and any attachments are private and confidential and may
contain privileged information. If you are not an authorised recipient,
the copying or distribution of this e-mail and any attachments is
prohibited and you must not read, print or act in reliance on this e-mail
or attachments.
This notice should not be removed.