This is the mail archive of the
gcc-testresults@gcc.gnu.org
mailing list for the GCC project.
Results for 3.3.1 testsuite on hppa2.0-hp-hpux10.20
- From: Rodos <rodos at rodos dot fzk dot de>
- To: gcc-testresults at gcc dot gnu dot org
- Date: Thu, 7 Oct 2004 11:19:32 +0200 (METDST)
- Subject: Results for 3.3.1 testsuite on hppa2.0-hp-hpux10.20
We are porting an application from HP-UX to SuSE Linux.
SuSE Linux:
uname -a
Linux rodoslx4 2.4.21-243-smp4G #1 SMP Thu Aug 12 15:32:27 UTC 2004 i686 i686 i386 GNU/Linux
gcc --version
gcc (GCC) 3.3.1 (SuSE Linux)
Copyright (C) 2003 Free Software Foundation, Inc.
This is free software; see the source for copying conditions. There is NO
warranty; not even for MERCHANTABILITY or FITNESS FOR A PARTICULAR PURPOSE.
as --version
GNU assembler 2.14.90.0.5 20030722 (SuSE Linux)
Copyright 2002 Free Software Foundation, Inc.
This program is free software; you may redistribute it under the terms of
the GNU General Public License. This program has absolutely no warranty.
This assembler was configured for a target of \`i586-suse-linux'.
That's why we installed 3.3.1 on our HP-UX machine.
We first want to replace the compilation process by gcc,
then bring the code to the Linux machine and compile there.
Regards, Christoph
LAST_UPDATED:
Native configuration is hppa2.0-hp-hpux10.20
=== g++ tests ===
Running target unix
FAIL: g++.dg/compat/break/bitfield7 x_tst.o compile
UNRESOLVED: g++.dg/compat/break/bitfield7 x_tst.o-y_tst.o link
UNRESOLVED: g++.dg/compat/break/bitfield7 x_tst.o-y_tst.o execute
FAIL: g++.dg/opt/inline4.C scan-assembler-not _Z1g
FAIL: g++.dg/warn/weak1.C (test for excess errors)
FAIL: g++.ext/attrib5.C (test for excess errors)
FAIL: g++.other/comdat3.C (test for excess errors)
FAIL: g++.other/mangle3.C (test for excess errors)
=== g++ Summary ===
# of expected passes 7904
# of unexpected failures 6
# of expected failures 101
# of unresolved testcases 2
# of untested testcases 23
# of unsupported tests 28
/fdsk3/rodos/robin/gcc-3.3.1/gcc/testsuite/../g++ version 3.3.1
=== g77 tests ===
Running target unix
=== g77 Summary ===
# of expected passes 1686
# of unsupported tests 8
/fdsk3/rodos/robin/gcc-3.3.1/gcc/testsuite/../g77 version 3.3.1
=== gcc tests ===
Running target unix
WARNING: program timed out.
FAIL: gcc.c-torture/compile/20001226-1.c, -O3 -g
FAIL: gcc.dg/duff-2.c (test for excess errors)
FAIL: gcc.dg/uninit-C.c (test for excess errors)
UNRESOLVED: weak-1.c
UNRESOLVED: weak-2.c
UNRESOLVED: wkali-1.c
UNRESOLVED: wkali-2.c
UNRESOLVED: gcc.dg/weak
=== gcc Summary ===
# of expected passes 20587
# of unexpected failures 3
# of expected failures 73
# of unresolved testcases 5
# of unsupported tests 182
/fdsk3/rodos/robin/gcc-3.3.1/gcc/xgcc version 3.3.1
=== objc tests ===
Running target unix
=== objc Summary ===
# of expected passes 1153
/fdsk3/rodos/robin/gcc-3.3.1/gcc/xgcc version 3.3.1
=== libstdc++-v3 tests ===
Running target unix
=== libstdc++-v3 Summary ===
# of expected passes 418
# of expected failures 17
# of unsupported tests 6
Compiler version: 3.3.1
Platform: hppa2.0-hp-hpux10.20
configure flags: --host=hppa2.0-hp-hpux10.20 --prefix=/usr/local/ropub/gcc-3.3.1 --with-libiconv-prefix=/usr/local/ropub/libiconv --with-gnu-as --with-as=/usr/local/ropub/binutils/bin/as