This is the mail archive of the gcc-testresults@gcc.gnu.org mailing list for the GCC project.


Index Nav: [Date Index] [Subject Index] [Author Index] [Thread Index]
Message Nav: [Date Prev] [Date Next] [Thread Prev] [Thread Next]
Other format: [Raw text]

Results for 3.4.2 testsuite on alphaev68-dec-osf5.1


Submited by : Lionel Giraudeau
LAST_UPDATED: 
Native configuration is alphaev68-dec-osf5.1

		=== libstdc++ tests ===


Running target unix
FAIL: 22_locale/collate/compare/wchar_t/2.cc (test for excess errors)
WARNING: 22_locale/collate/compare/wchar_t/2.cc compilation failed to produce executable
FAIL: 22_locale/collate/compare/wchar_t/wrapped_env.cc (test for excess errors)
WARNING: 22_locale/collate/compare/wchar_t/wrapped_env.cc compilation failed to produce executable
FAIL: 22_locale/collate/compare/wchar_t/wrapped_locale.cc (test for excess errors)
WARNING: 22_locale/collate/compare/wchar_t/wrapped_locale.cc compilation failed to produce executable
FAIL: 22_locale/collate/hash/wchar_t/2.cc (test for excess errors)
WARNING: 22_locale/collate/hash/wchar_t/2.cc compilation failed to produce executable
FAIL: 22_locale/collate/hash/wchar_t/wrapped_env.cc (test for excess errors)
WARNING: 22_locale/collate/hash/wchar_t/wrapped_env.cc compilation failed to produce executable
FAIL: 22_locale/collate/hash/wchar_t/wrapped_locale.cc (test for excess errors)
WARNING: 22_locale/collate/hash/wchar_t/wrapped_locale.cc compilation failed to produce executable
FAIL: 22_locale/collate/transform/wchar_t/2.cc (test for excess errors)
WARNING: 22_locale/collate/transform/wchar_t/2.cc compilation failed to produce executable
FAIL: 22_locale/collate/transform/wchar_t/wrapped_env.cc (test for excess errors)
WARNING: 22_locale/collate/transform/wchar_t/wrapped_env.cc compilation failed to produce executable
FAIL: 22_locale/collate/transform/wchar_t/wrapped_locale.cc (test for excess errors)
WARNING: 22_locale/collate/transform/wchar_t/wrapped_locale.cc compilation failed to produce executable
XPASS: 22_locale/locale/cons/12658_thread.cc execution test
FAIL: 27_io/basic_istream/extractors_arithmetic/char/12.cc execution test

		=== libstdc++ Summary ===

# of expected passes		2691
# of unexpected failures	10
# of unexpected successes	1
# of expected failures		5
		=== g++ tests ===


Running target unix
FAIL: g++.dg/opt/range-test-1.C (test for excess errors)
XPASS: g++.dg/rtti/tinfo1.C scan-assembler _ZTIP9CTemplateIhE:
XPASS: g++.dg/rtti/tinfo1.C scan-assembler-not .globl[ \\t]+_ZTIP9CTemplateIhE
XPASS: g++.dg/rtti/tinfo1.C scan-assembler-not .section[^\\n\\r]*_ZTIP9CTemplateIhE[^\\n\\r]*
FAIL: g++.dg/pch/system-1.C -g assembly comparison
FAIL: g++.dg/pch/system-2.C -g assembly comparison
WARNING: g++.old-deja/g++.mike/p10769a.C compilation failed to produce executable
WARNING: g++.old-deja/g++.other/enum5.C compilation failed to produce executable
WARNING: g++.old-deja/g++.pt/friend44.C compilation failed to produce executable

		=== g++ Summary ===

# of expected passes		9606
# of unexpected failures	3
# of unexpected successes	3
# of expected failures		67
# of unsupported tests		83
/usr/local/src/objdir_3.4.2/gcc/testsuite/../g++ version 3.4.2

		=== g77 tests ===


Running target unix

		=== g77 Summary ===

# of expected passes		1800
# of unsupported tests		6
/usr/local/src/objdir_3.4.2/gcc/testsuite/../g77 version 3.4.2

		=== gcc tests ===


Running target unix
FAIL: gcc.c-torture/compile/920625-2.c  -O3 -g  (test for excess errors)
FAIL: gcc.c-torture/compile/labels-3.c  -O0  (test for excess errors)
FAIL: gcc.c-torture/compile/labels-3.c  -O1  (test for excess errors)
FAIL: gcc.c-torture/compile/labels-3.c  -O2  (test for excess errors)
FAIL: gcc.c-torture/compile/labels-3.c  -O3 -fomit-frame-pointer  (test for excess errors)
FAIL: gcc.c-torture/compile/labels-3.c  -O3 -g  (test for excess errors)
FAIL: gcc.c-torture/compile/labels-3.c  -Os  (test for excess errors)
FAIL: gcc.c-torture/execute/regstack-1.c execution,  -O1 
FAIL: gcc.c-torture/execute/ieee/20010226-1.c execution,  -O1 
FAIL: gcc.c-torture/execute/ieee/inf-1.c execution,  -O1 
FAIL: gcc.dg/20040123-1.c scan-assembler abort
FAIL: gcc.dg/array-quals-1.c scan-assembler-not \\\\.data(?!\\\\.rel\\\\.ro)
FAIL: gcc.dg/builtins-18.c (test for excess errors)
ERROR: gcc.dg/const-elim-2.c: error executing dg-final: bad switch "-inline": must be -indices, -nocase, -about, -expanded, -line, -linestop, -lineanchor, or --
UNRESOLVED: gcc.dg/const-elim-2.c: error executing dg-final: bad switch "-inline": must be -indices, -nocase, -about, -expanded, -line, -linestop, -lineanchor, or --
FAIL: gcc.dg/range-test-1.c (test for excess errors)
UNRESOLVED: gcc.dg/visibility-1.c
UNRESOLVED: gcc.dg/visibility-2.c
UNRESOLVED: gcc.dg/visibility-3.c
UNRESOLVED: gcc.dg/visibility-4.c
UNRESOLVED: gcc.dg/visibility-5.c
UNRESOLVED: gcc.dg/visibility-6.c
UNRESOLVED: gcc.dg/visibility-7.c
UNRESOLVED: gcc.dg/visibility-8.c
FAIL: gcc.dg/pch/static-1.c -O0 -g assembly comparison
FAIL: gcc.dg/pch/static-2.c -O0 -g assembly comparison
FAIL: gcc.dg/pch/static-3.c -O0 -g assembly comparison

		=== gcc Summary ===

# of expected passes		24307
# of unexpected failures	17
# of expected failures		78
# of unresolved testcases	9
# of untested testcases		7
# of unsupported tests		349
/usr/local/src/objdir_3.4.2/gcc/xgcc version 3.4.2


Compiler version: 3.4.2 
Platform: alphaev68-dec-osf5.1
configure flags: --enable-languages=c++,f77 --program-suffix=-3.4.2 --prefix=/usr/local/soft/gcc-3.4.2%g


Index Nav: [Date Index] [Subject Index] [Author Index] [Thread Index]
Message Nav: [Date Prev] [Date Next] [Thread Prev] [Thread Next]