This is the mail archive of the
gcc-testresults@gcc.gnu.org
mailing list for the GCC project.
Results for [trunk] 4.0.020041005(experimental) testsuite on i686-pc-linux-gnu
- From: "Autocrasher" <autocrasher at devphil dot com>
- To: gcc-testresults at gcc dot gnu dot org
- Date: 5 Oct 2004 14:00:01 -0000
- Subject: Results for [trunk] 4.0.020041005(experimental) testsuite on i686-pc-linux-gnu
The configure/build/test log and regression plots can be
found at http://www.devphil.com/build/
Host was an x86-type system.
This particular run used standard (previously installed) binutils.
- The Autocrasher (Phil's Builder Bot, version 2.1)
LAST_UPDATED: Tue Oct 5 05:40:36 UTC 2004
Native configuration is i686-pc-linux-gnu
=== g++ tests ===
Running target unix
XPASS: g++.dg/rtti/tinfo1.C scan-assembler _ZTIP9CTemplateIhE:
XPASS: g++.dg/rtti/tinfo1.C scan-assembler-not .globl[ \\t]+_ZTIP9CTemplateIhE
XPASS: g++.dg/rtti/tinfo1.C scan-assembler-not .section[^\\n\\r]*_ZTIP9CTemplateIhE[^\\n\\r]*
FAIL: 102:is -:should be 1
FAIL: g++.dg/gcov/gcov-1.C gcov: 1 failures in line counts, 0 in branch percentages, 0 in return percentages
WARNING: g++.old-deja/g++.mike/p10769a.C compilation failed to produce executable
WARNING: g++.old-deja/g++.other/enum5.C compilation failed to produce executable
XPASS: g++.old-deja/g++.other/init5.C execution test
WARNING: g++.old-deja/g++.pt/friend44.C compilation failed to produce executable
=== g++ Summary ===
# of expected passes 10203
# of unexpected failures 2
# of unexpected successes 4
# of expected failures 77
# of unsupported tests 49
/mnt/build/build-2004-10-05-014001-trunk/gcc/testsuite/../g++ version 4.0.0 20041005 (experimental)
=== gcc tests ===
Running target unix
XPASS: gcc.c-torture/execute/loop-2e.c execution, -Os
FAIL: gcc.dg/debug/dwarf2/dwarf-die7.c scan-assembler 1.*DW_AT_inline
FAIL: gcc.dg/c90-const-expr-3.c (test for excess errors)
FAIL: gcc.dg/c99-const-expr-3.c (test for excess errors)
FAIL: gcc.dg/tree-ssa/ifc-20040816-2.c scan-tree-dump-times Applying if-conversion 1
FAIL: 96:is -:should be 1
FAIL: gcc.misc-tests/gcov-4.c gcov: 1 failures in line counts, 0 in branch percentages, 0 in return percentages
=== gcc Summary ===
# of expected passes 31099
# of unexpected failures 6
# of unexpected successes 1
# of expected failures 114
# of untested testcases 28
# of unsupported tests 271
/mnt/build/build-2004-10-05-014001-trunk/gcc/xgcc version 4.0.0 20041005 (experimental)
=== libstdc++-v3 check-abi Summary ===
# of added symbols: 83
# of missing symbols: 46
# of incompatible symbols: 57
using: /home/pme/src/trunk/libstdc++-v3/config/abi/i486-linux-gnu/baseline_symbols.txt
=== libstdc++ tests ===
Running target unix
XPASS: 22_locale/locale/cons/12658_thread-1.cc execution test
XPASS: 26_numerics/cmath/c99_classification_macros_c.cc (test for excess errors)
=== libstdc++ Summary ===
# of expected passes 2919
# of unexpected successes 2
# of expected failures 5
Compiler version: 4.0.020041005(experimental)
Platform: i686-pc-linux-gnu
configure flags: --prefix=/mnt/build/install-2004-10-05-014001-trunk --enable-threads=posix --enable-__cxa_atexit --with-dwarf2 --enable-languages=c++,f95 --enable-languages=c,c++,f95