This is the mail archive of the
gcc-testresults@gcc.gnu.org
mailing list for the GCC project.
Results for 3.4.2 testsuite on i686-pc-linux-gnu
- From: loose at localhost dot localdomain
- To: gcc-testresults at gcc dot gnu dot org
- Date: Fri, 1 Oct 2004 15:07:05 +0200
- Subject: Results for 3.4.2 testsuite on i686-pc-linux-gnu
Linux version 2.4.20-8smp (bhcompile@porky.devel.redhat.com) (gcc version 3.2.2 20030222 (Red Hat Linux 3.2.2-5)) #1 SMP Thu Mar 13 17:45:54 EST 2003
LAST_UPDATED: Obtained from CVS: -rgcc_3_4_2_release
Native configuration is i686-pc-linux-gnu
=== g77 tests ===
Running target unix
=== g77 Summary ===
# of expected passes 1812
/data/loose/gcc-3.4.2/obj/gcc/testsuite/../g77 version 3.4.2
=== gcc tests ===
Running target unix
FAIL: gcc.c-torture/execute/va-arg-25.c execution, -Os
=== gcc Summary ===
# of expected passes 24837
# of unexpected failures 1
# of expected failures 70
# of untested testcases 7
# of unsupported tests 198
/data/loose/gcc-3.4.2/obj/gcc/xgcc version 3.4.2
=== g++ tests ===
Running target unix
XPASS: g++.dg/rtti/tinfo1.C scan-assembler _ZTIP9CTemplateIhE:
XPASS: g++.dg/rtti/tinfo1.C scan-assembler-not .globl[ \\t]+_ZTIP9CTemplateIhE
WARNING: g++.old-deja/g++.mike/p10769a.C compilation failed to produce executable
WARNING: g++.old-deja/g++.other/enum5.C compilation failed to produce executable
WARNING: g++.old-deja/g++.pt/friend44.C compilation failed to produce executable
=== g++ Summary ===
# of expected passes 9702
# of unexpected successes 2
# of expected failures 68
# of unsupported tests 43
/data/loose/gcc-3.4.2/obj/gcc/testsuite/../g++ version 3.4.2
=== objc tests ===
Running target unix
=== objc Summary ===
# of expected passes 1352
# of unsupported tests 8
/data/loose/gcc-3.4.2/obj/gcc/xgcc version 3.4.2
=== libffi tests ===
Running target unix
=== libffi Summary ===
# of expected passes 212
# of unsupported tests 2
=== libjava tests ===
Running target unix
FAIL: linking simple
=== libjava Summary ===
# of expected passes 3260
# of unexpected failures 1
# of expected failures 11
# of untested testcases 8
=== libstdc++ tests ===
Running target unix
XPASS: 22_locale/locale/cons/12658_thread.cc execution test
XPASS: 26_numerics/c99_classification_macros_c.cc (test for excess errors)
=== libstdc++ Summary ===
# of expected passes 2709
# of unexpected successes 2
# of expected failures 5
Compiler version: 3.4.2
Platform: i686-pc-linux-gnu
configure flags: --prefix=/home/loose/linux/usr/local/gcc-3.4.2 --enable-threads